{"id":8458,"date":"2023-07-14T09:20:00","date_gmt":"2023-07-14T07:20:00","guid":{"rendered":"https:\/\/www.kliinikum.ee\/aikliinik\/?page_id=8458"},"modified":"2023-12-15T09:44:33","modified_gmt":"2023-12-15T07:44:33","slug":"kulastusinfo","status":"publish","type":"page","link":"https:\/\/www.kliinikum.ee\/aikliinik\/patsiendile\/kulastusinfo\/","title":{"rendered":"K\u00fclastusinfo"},"content":{"rendered":"\n<p class=\"has-medium-font-size\"><strong>T\u00e4iskasvanute intensiivravi<\/strong><\/p>\n\n\n\n<ul class=\"wp-block-list\">\n<li class=\"has-medium-font-size\">Soovitame k\u00fclastamise eelnevalt kokku leppida osakonna personaliga, et saaksime Teile pakkuda patsiendi seisundist l\u00e4htuvalt parima ajavahemiku selleks.<\/li>\n\n\n\n<li class=\"has-medium-font-size\">Palume intensiivravi osakonda tulla ainult siis, kui Te olete terve ja tunnete end h\u00e4sti. Intensiivravi patsientide vastuv\u00f5tlikkus haigustekitajatele on suurenenud, mist\u00f5ttu tuleb neid kaitsta.<\/li>\n\n\n\n<li class=\"has-medium-font-size\">Palume Teil palatisse lilli mitte tuua<\/li>\n\n\n\n<li class=\"has-medium-font-size\">Intensiivravis viibiva patsiendi k\u00f5ikide vajaduste eest hoolitsetakse. Te ei pea l\u00e4hedasele tooma toitu v\u00f5i riided.<\/li>\n\n\n\n<li class=\"has-medium-font-size\">K\u00fclastama tohib kaasa v\u00f5tta ainult haigustunnusteta lapsi. Laste kaasav\u00f5tmine r\u00e4\u00e4kige l\u00e4bi osakonna personaliga ja enne lapse toomist intensiivravi osakonda veenduge, kas laps seda soovib. Kui laps soovib kaasa tulla, siis valmistage teda selleks ette. Olge lapsele infot andes aus, kuid proovige j\u00e4\u00e4da positiivseks ja j\u00e4tta alles lootus.<\/li>\n<\/ul>\n\n\n\n<p class=\"has-medium-font-size\"><strong>Lasteintensiivravi<\/strong><\/p>\n\n\n\n<ul class=\"wp-block-list\">\n<li class=\"has-medium-font-size\">Lasteintensiivravi osakonnas on \u00fchel lapsevanemal v\u00f5i eeskostjal v\u00f5imalus olla oma lapse juures \u00f6\u00f6p\u00e4evaringselt. &nbsp;Palume teavitada personali, kui teil esinevad haiguss\u00fcmptomid v\u00f5i olete viibinud koos l\u00e4hedasega, kes on haigestunud. Vastavalt valvearsti juhistele, olete edaspidi kohustatud kasutama isikukaitsevahendeid (mask) v\u00f5i loobuma lapse k\u00fclastamisest, kuni olete tervenenud.<\/li>\n\n\n\n<li class=\"has-medium-font-size\">Teised patsiendi l\u00e4hedased saavad k\u00fclastada last ainult vanemate v\u00f5i eeskostja loal. Soovitame eelnevalt k\u00fclastused kokku leppida osakonna personaliga. Selleks sobilik aeg on&nbsp; soovituslikult 10.00-20.00. Intensiivravi patsientide vastuv\u00f5tlikus haigustekitajatele on suurenenud, mist\u00f5ttu palume tulla k\u00fclastama ainult siis kui olete terve.<\/li>\n\n\n\n<li class=\"has-medium-font-size\">Kui soovite patsiendi juurde v\u00f5tta kaasa pere teisi lapsi, arutage see l\u00e4bi personaliga ja veenduge, et laps on saanud piisava ettevalmistuse ja tuleb omal soovil.<\/li>\n\n\n\n<li class=\"has-medium-font-size\">Nakkusohu minimaliseerimiseks palume t\u00e4ita k\u00e4teh\u00fcgieeni n\u00f5udeid.<\/li>\n\n\n\n<li class=\"has-medium-font-size\">K\u00fclastajatel palume \u00fcleriided j\u00e4tta garderoobi ning kasutada vahetusjalan\u00f5usid v\u00f5i kilesusse. Vanematele ja eeskostjatele on m\u00f5eldud v\u00e4lisriiete ja -jalan\u00f5ude hoiustamiseks osakonna ees olevad kapid, mis avanevad ja lukustuvad k\u00e4epaela abil. K\u00e4epaela saab osakonna personalilt ning haiglast v\u00e4ljakirjutamisel tuleb see tagastada.<\/li>\n\n\n\n<li class=\"has-medium-font-size\">K\u00fclastajatel palume mitte tuua lilli ja suuri pehmeid m\u00e4nguasju.<\/li>\n<\/ul>\n\n\n\n<p class=\"has-medium-font-size\"><strong>EMO<\/strong><\/p>\n\n\n\n<ul class=\"has-medium-font-size wp-block-list\">\n<li>EMO \u00fclerahvastatuse v\u00e4ltimiseks palutakse patsientidel siseneda \u00fcksinda. Saatja on lubatud kaasa s\u00fcnnitajal, alaealisel lapsel ja erivajadusega inimesel.<\/li>\n<\/ul>\n\n\n\n<ul class=\"wp-block-list\">\n<li class=\"has-medium-font-size\">EMO-s viibiva l\u00e4hedase kohta saate infot, kui helistate 731 8183. Palun valige oma perekonnast \u00fcks inimene, kes osakonda helistab, teised l\u00e4hedased saavad informatsiooni tema k\u00e4est. See s\u00e4\u00e4stab osakonna t\u00f6\u00f6tajate aega, mida saab kasutada patsientide eest hoolitsemiseks. Telefoni teel detailset meditsiinilist informatsiooni ei edastata.<\/li>\n<\/ul>\n","protected":false},"excerpt":{"rendered":"<p>T\u00e4iskasvanute intensiivravi Lasteintensiivravi EMO<\/p>\n","protected":false},"author":36,"featured_media":0,"parent":15,"menu_order":3,"comment_status":"closed","ping_status":"closed","template":"","meta":{"_acf_changed":false,"_uag_custom_page_level_css":"","footnotes":""},"class_list":["post-8458","page","type-page","status-publish","hentry"],"acf":[],"yoast_head":"<!-- This site is optimized with the Yoast SEO plugin v27.5 - https:\/\/yoast.com\/product\/yoast-seo-wordpress\/ -->\n<title>K\u00fclastusinfo - Anestesioloogia ja intensiivravi kliinik<\/title>\n<meta name=\"robots\" content=\"index, follow, max-snippet:-1, max-image-preview:large, max-video-preview:-1\" \/>\n<link rel=\"canonical\" href=\"https:\/\/www.kliinikum.ee\/aikliinik\/patsiendile\/kulastusinfo\/\" \/>\n<meta property=\"og:locale\" content=\"et_EE\" \/>\n<meta property=\"og:type\" content=\"article\" \/>\n<meta property=\"og:title\" content=\"K\u00fclastusinfo - Anestesioloogia ja intensiivravi kliinik\" \/>\n<meta property=\"og:description\" content=\"T\u00e4iskasvanute intensiivravi Lasteintensiivravi EMO\" \/>\n<meta property=\"og:url\" content=\"https:\/\/www.kliinikum.ee\/aikliinik\/patsiendile\/kulastusinfo\/\" \/>\n<meta property=\"og:site_name\" content=\"Anestesioloogia ja intensiivravi kliinik\" \/>\n<meta property=\"article:modified_time\" content=\"2023-12-15T07:44:33+00:00\" \/>\n<meta name=\"twitter:card\" content=\"summary_large_image\" \/>\n<meta name=\"twitter:label1\" content=\"Est. reading time\" \/>\n\t<meta name=\"twitter:data1\" content=\"2 minutit\" \/>\n<script type=\"application\/ld+json\" class=\"yoast-schema-graph\">{\"@context\":\"https:\\\/\\\/schema.org\",\"@graph\":[{\"@type\":\"WebPage\",\"@id\":\"https:\\\/\\\/www.kliinikum.ee\\\/aikliinik\\\/patsiendile\\\/kulastusinfo\\\/\",\"url\":\"https:\\\/\\\/www.kliinikum.ee\\\/aikliinik\\\/patsiendile\\\/kulastusinfo\\\/\",\"name\":\"K\u00fclastusinfo - Anestesioloogia ja intensiivravi kliinik\",\"isPartOf\":{\"@id\":\"https:\\\/\\\/www.kliinikum.ee\\\/aikliinik\\\/#website\"},\"datePublished\":\"2023-07-14T07:20:00+00:00\",\"dateModified\":\"2023-12-15T07:44:33+00:00\",\"breadcrumb\":{\"@id\":\"https:\\\/\\\/www.kliinikum.ee\\\/aikliinik\\\/patsiendile\\\/kulastusinfo\\\/#breadcrumb\"},\"inLanguage\":\"et\",\"potentialAction\":[{\"@type\":\"ReadAction\",\"target\":[\"https:\\\/\\\/www.kliinikum.ee\\\/aikliinik\\\/patsiendile\\\/kulastusinfo\\\/\"]}]},{\"@type\":\"BreadcrumbList\",\"@id\":\"https:\\\/\\\/www.kliinikum.ee\\\/aikliinik\\\/patsiendile\\\/kulastusinfo\\\/#breadcrumb\",\"itemListElement\":[{\"@type\":\"ListItem\",\"position\":1,\"name\":\"Home\",\"item\":\"https:\\\/\\\/www.kliinikum.ee\\\/aikliinik\\\/\"},{\"@type\":\"ListItem\",\"position\":2,\"name\":\"Patsiendile ja l\u00e4hedastele\",\"item\":\"https:\\\/\\\/www.kliinikum.ee\\\/aikliinik\\\/patsiendile\\\/\"},{\"@type\":\"ListItem\",\"position\":3,\"name\":\"K\u00fclastusinfo\"}]},{\"@type\":\"WebSite\",\"@id\":\"https:\\\/\\\/www.kliinikum.ee\\\/aikliinik\\\/#website\",\"url\":\"https:\\\/\\\/www.kliinikum.ee\\\/aikliinik\\\/\",\"name\":\"Anestesioloogia ja intensiivravi kliinik\",\"description\":\"Hoolivus, Uuendusmeelsus, P\u00e4devus ja Usaldusv\u00e4\u00e4rsus\",\"potentialAction\":[{\"@type\":\"SearchAction\",\"target\":{\"@type\":\"EntryPoint\",\"urlTemplate\":\"https:\\\/\\\/www.kliinikum.ee\\\/aikliinik\\\/?s={search_term_string}\"},\"query-input\":{\"@type\":\"PropertyValueSpecification\",\"valueRequired\":true,\"valueName\":\"search_term_string\"}}],\"inLanguage\":\"et\"}]}<\/script>\n<!-- \/ Yoast SEO plugin. -->","yoast_head_json":{"title":"K\u00fclastusinfo - Anestesioloogia ja intensiivravi kliinik","robots":{"index":"index","follow":"follow","max-snippet":"max-snippet:-1","max-image-preview":"max-image-preview:large","max-video-preview":"max-video-preview:-1"},"canonical":"https:\/\/www.kliinikum.ee\/aikliinik\/patsiendile\/kulastusinfo\/","og_locale":"et_EE","og_type":"article","og_title":"K\u00fclastusinfo - Anestesioloogia ja intensiivravi kliinik","og_description":"T\u00e4iskasvanute intensiivravi Lasteintensiivravi EMO","og_url":"https:\/\/www.kliinikum.ee\/aikliinik\/patsiendile\/kulastusinfo\/","og_site_name":"Anestesioloogia ja intensiivravi kliinik","article_modified_time":"2023-12-15T07:44:33+00:00","twitter_card":"summary_large_image","twitter_misc":{"Est. reading time":"2 minutit"},"schema":{"@context":"https:\/\/schema.org","@graph":[{"@type":"WebPage","@id":"https:\/\/www.kliinikum.ee\/aikliinik\/patsiendile\/kulastusinfo\/","url":"https:\/\/www.kliinikum.ee\/aikliinik\/patsiendile\/kulastusinfo\/","name":"K\u00fclastusinfo - Anestesioloogia ja intensiivravi kliinik","isPartOf":{"@id":"https:\/\/www.kliinikum.ee\/aikliinik\/#website"},"datePublished":"2023-07-14T07:20:00+00:00","dateModified":"2023-12-15T07:44:33+00:00","breadcrumb":{"@id":"https:\/\/www.kliinikum.ee\/aikliinik\/patsiendile\/kulastusinfo\/#breadcrumb"},"inLanguage":"et","potentialAction":[{"@type":"ReadAction","target":["https:\/\/www.kliinikum.ee\/aikliinik\/patsiendile\/kulastusinfo\/"]}]},{"@type":"BreadcrumbList","@id":"https:\/\/www.kliinikum.ee\/aikliinik\/patsiendile\/kulastusinfo\/#breadcrumb","itemListElement":[{"@type":"ListItem","position":1,"name":"Home","item":"https:\/\/www.kliinikum.ee\/aikliinik\/"},{"@type":"ListItem","position":2,"name":"Patsiendile ja l\u00e4hedastele","item":"https:\/\/www.kliinikum.ee\/aikliinik\/patsiendile\/"},{"@type":"ListItem","position":3,"name":"K\u00fclastusinfo"}]},{"@type":"WebSite","@id":"https:\/\/www.kliinikum.ee\/aikliinik\/#website","url":"https:\/\/www.kliinikum.ee\/aikliinik\/","name":"Anestesioloogia ja intensiivravi kliinik","description":"Hoolivus, Uuendusmeelsus, P\u00e4devus ja Usaldusv\u00e4\u00e4rsus","potentialAction":[{"@type":"SearchAction","target":{"@type":"EntryPoint","urlTemplate":"https:\/\/www.kliinikum.ee\/aikliinik\/?s={search_term_string}"},"query-input":{"@type":"PropertyValueSpecification","valueRequired":true,"valueName":"search_term_string"}}],"inLanguage":"et"}]}},"uagb_featured_image_src":{"full":false,"thumbnail":false,"medium":false,"medium_large":false,"large":false,"1536x1536":false,"2048x2048":false},"uagb_author_info":{"display_name":"Jane Freimann","author_link":"https:\/\/www.kliinikum.ee\/aikliinik\/author\/janef\/"},"uagb_comment_info":0,"uagb_excerpt":"T\u00e4iskasvanute intensiivravi Lasteintensiivravi EMO","_links":{"self":[{"href":"https:\/\/www.kliinikum.ee\/aikliinik\/wp-json\/wp\/v2\/pages\/8458","targetHints":{"allow":["GET"]}}],"collection":[{"href":"https:\/\/www.kliinikum.ee\/aikliinik\/wp-json\/wp\/v2\/pages"}],"about":[{"href":"https:\/\/www.kliinikum.ee\/aikliinik\/wp-json\/wp\/v2\/types\/page"}],"author":[{"embeddable":true,"href":"https:\/\/www.kliinikum.ee\/aikliinik\/wp-json\/wp\/v2\/users\/36"}],"replies":[{"embeddable":true,"href":"https:\/\/www.kliinikum.ee\/aikliinik\/wp-json\/wp\/v2\/comments?post=8458"}],"version-history":[{"count":0,"href":"https:\/\/www.kliinikum.ee\/aikliinik\/wp-json\/wp\/v2\/pages\/8458\/revisions"}],"up":[{"embeddable":true,"href":"https:\/\/www.kliinikum.ee\/aikliinik\/wp-json\/wp\/v2\/pages\/15"}],"wp:attachment":[{"href":"https:\/\/www.kliinikum.ee\/aikliinik\/wp-json\/wp\/v2\/media?parent=8458"}],"curies":[{"name":"wp","href":"https:\/\/api.w.org\/{rel}","templated":true}]}}