{"id":5845,"date":"2023-04-05T12:58:59","date_gmt":"2023-04-05T10:58:59","guid":{"rendered":"https:\/\/www.kliinikum.ee\/diabeet\/?page_id=5845"},"modified":"2023-10-28T13:04:04","modified_gmt":"2023-10-28T11:04:04","slug":"diabeet","status":"publish","type":"page","link":"https:\/\/www.kliinikum.ee\/diabeet\/diabeet\/","title":{"rendered":"Diabeet"},"content":{"rendered":"\n<p>Insuliin on hormoon, mida toodab inimese k\u00f5hun\u00e4\u00e4re ehk pankreas ning mis aitab kontrollida veresuhkru taset. Juhul, kui k\u00f5hun\u00e4\u00e4re t\u00f6\u00f6tab normaalselt ja eritab piisavalt insuliini, siis transporditakse toidu seedimise k\u00e4igus tekkinud gl\u00fckoos verest rakkudesse ning inimese veresuhkru v\u00e4\u00e4rtused p\u00fcsivad stabiilsed. Diabeet ehk suhkurt\u00f5bi ehk suhkruhaigus on grupp ainevahetushaiguseid mille korral on aga insuliini tootmine h\u00e4irunud ja\/v\u00f5i selle toime n\u00f5rgenenud ning seet\u00f5ttu gl\u00fckoosi verest rakkudesse ei transpordita. Selle tulemusena muutub vere gl\u00fckoositase ehk veresuhkur liiga k\u00f5rgeks. Pikaajaline normist k\u00f5rgem veresuhkur kahjustab kogu organismis veresooni ja tekitab n\u00e4rvikiudude kahjustusi, mis viib&nbsp; t\u00fcsistuste tekkeni silmades, neerudes, n\u00e4rvides, s\u00fcdames ja veresoontes.&nbsp; Diabeedi ravi j\u00e4rgides saab veresuhkru v\u00e4\u00e4rtusi hoida kontrolli all, ennetada ja edasi l\u00fckata <a href=\"https:\/\/www.kliinikum.ee\/diabeet\/diabeet\/diabeedi-tusistused\/\">diabeedi t\u00fcsistuste<\/a> teket ning nende s\u00fcvenemist.<\/p>\n\n\n\n<h2 class=\"wp-block-heading\"><strong>Diabeedi s\u00fcmptomid<\/strong><\/h2>\n\n\n\n<p>Esmane diabeedi s\u00fcmptom on veresuhkru t\u00f5us, kuid ilma vereanal\u00fc\u00fcsi tegemata sageli inimene ise sellest teadlik ei ole, sest reeglina tuntakse ennast haiguse alguses h\u00e4sti.<\/p>\n\n\n\n<p>Diabeedi esimesed tundem\u00e4rgid, mida inimene v\u00f5rreldes varasemaga hakkab tajuma on:<\/p>\n\n\n\n<ul class=\"wp-block-list\">\n<li>suu kuivamine;<\/li>\n\n\n\n<li>suurenenud joogijanu;<\/li>\n\n\n\n<li>sage urineerimisvajadus;<\/li>\n\n\n\n<li>j\u00f5uetus, kiire v\u00e4simine;<\/li>\n\n\n\n<li>naha s\u00fcgelemine;<\/li>\n\n\n\n<li>naha infektsioonid;<\/li>\n\n\n\n<li>iiveldus ja\/v\u00f5i oksendamine;<\/li>\n\n\n\n<li>kehakaalu langus.<\/li>\n<\/ul>\n\n\n\n<figure class=\"wp-block-gallery has-nested-images columns-default is-cropped wp-block-gallery-1 is-layout-flex wp-block-gallery-is-layout-flex\">\n<figure class=\"wp-block-image size-large\"><img loading=\"lazy\" decoding=\"async\" width=\"629\" height=\"605\" data-id=\"6672\" src=\"https:\/\/www.kliinikum.ee\/diabeet\/wp-content\/uploads\/2023\/10\/suu-kuivamine-1.jpg\" alt=\"\" class=\"wp-image-6672\" srcset=\"https:\/\/www.kliinikum.ee\/diabeet\/wp-content\/uploads\/2023\/10\/suu-kuivamine-1.jpg 629w, https:\/\/www.kliinikum.ee\/diabeet\/wp-content\/uploads\/2023\/10\/suu-kuivamine-1-300x289.jpg 300w\" sizes=\"auto, (max-width: 629px) 100vw, 629px\" \/><\/figure>\n\n\n\n<figure class=\"wp-block-image size-large\"><img loading=\"lazy\" decoding=\"async\" width=\"396\" height=\"310\" data-id=\"6667\" src=\"https:\/\/www.kliinikum.ee\/diabeet\/wp-content\/uploads\/2023\/10\/suurenenud-joogijanu-1.jpg\" alt=\"\" class=\"wp-image-6667\" srcset=\"https:\/\/www.kliinikum.ee\/diabeet\/wp-content\/uploads\/2023\/10\/suurenenud-joogijanu-1.jpg 396w, https:\/\/www.kliinikum.ee\/diabeet\/wp-content\/uploads\/2023\/10\/suurenenud-joogijanu-1-300x235.jpg 300w\" sizes=\"auto, (max-width: 396px) 100vw, 396px\" \/><\/figure>\n\n\n\n<figure class=\"wp-block-image size-large\"><img loading=\"lazy\" decoding=\"async\" width=\"783\" height=\"649\" data-id=\"6677\" src=\"https:\/\/www.kliinikum.ee\/diabeet\/wp-content\/uploads\/2023\/10\/sage-urineerimisvajadus-1.jpg\" alt=\"\" class=\"wp-image-6677\" srcset=\"https:\/\/www.kliinikum.ee\/diabeet\/wp-content\/uploads\/2023\/10\/sage-urineerimisvajadus-1.jpg 783w, https:\/\/www.kliinikum.ee\/diabeet\/wp-content\/uploads\/2023\/10\/sage-urineerimisvajadus-1-300x249.jpg 300w, https:\/\/www.kliinikum.ee\/diabeet\/wp-content\/uploads\/2023\/10\/sage-urineerimisvajadus-1-768x637.jpg 768w\" sizes=\"auto, (max-width: 783px) 100vw, 783px\" \/><\/figure>\n\n\n\n<figure class=\"wp-block-image size-large\"><img loading=\"lazy\" decoding=\"async\" width=\"675\" height=\"629\" data-id=\"6671\" src=\"https:\/\/www.kliinikum.ee\/diabeet\/wp-content\/uploads\/2023\/10\/jouetus-1.jpg\" alt=\"\" class=\"wp-image-6671\" srcset=\"https:\/\/www.kliinikum.ee\/diabeet\/wp-content\/uploads\/2023\/10\/jouetus-1.jpg 675w, https:\/\/www.kliinikum.ee\/diabeet\/wp-content\/uploads\/2023\/10\/jouetus-1-300x280.jpg 300w\" sizes=\"auto, (max-width: 675px) 100vw, 675px\" \/><\/figure>\n\n\n\n<figure class=\"wp-block-image size-large\"><img loading=\"lazy\" decoding=\"async\" width=\"643\" height=\"679\" data-id=\"6674\" src=\"https:\/\/www.kliinikum.ee\/diabeet\/wp-content\/uploads\/2023\/10\/naha-suglemine-1.jpg\" alt=\"\" class=\"wp-image-6674\" srcset=\"https:\/\/www.kliinikum.ee\/diabeet\/wp-content\/uploads\/2023\/10\/naha-suglemine-1.jpg 643w, https:\/\/www.kliinikum.ee\/diabeet\/wp-content\/uploads\/2023\/10\/naha-suglemine-1-284x300.jpg 284w\" sizes=\"auto, (max-width: 643px) 100vw, 643px\" \/><\/figure>\n\n\n\n<figure class=\"wp-block-image size-large\"><img loading=\"lazy\" decoding=\"async\" width=\"535\" height=\"629\" data-id=\"6668\" src=\"https:\/\/www.kliinikum.ee\/diabeet\/wp-content\/uploads\/2023\/10\/iiveldus-2.jpg\" alt=\"\" class=\"wp-image-6668\" srcset=\"https:\/\/www.kliinikum.ee\/diabeet\/wp-content\/uploads\/2023\/10\/iiveldus-2.jpg 535w, https:\/\/www.kliinikum.ee\/diabeet\/wp-content\/uploads\/2023\/10\/iiveldus-2-255x300.jpg 255w\" sizes=\"auto, (max-width: 535px) 100vw, 535px\" \/><\/figure>\n<\/figure>\n\n\n\n<p>2. t\u00fc\u00fcpi diabeedi korral ei pruugi s\u00fcmptomid olla selgelt v\u00e4ljendunud, mist\u00f5ttu alati ei p\u00f6\u00f6ra inimene enda halvenenud enesetundele k\u00f5rgendatud t\u00e4helepanu. Tihti seostatakse tekkinud kaebusi nt \u00fclekoormusega, pika reisiga, kuumade ilmadega, vahetustega t\u00f6\u00f6ga, n\u00e4rvipingega, nooremas eas eksamiperioodiga jms.\u00a0 Sageli avastatakse diabeet juhuslikult nt perearsti rutiinse kontrolli k\u00e4igus, teise haigusega seoses arsti vaatev\u00e4lja sattumisel v\u00f5i ka juba tekkinud <a href=\"https:\/\/www.kliinikum.ee\/diabeet\/diabeet\/diabeedi-tusistused\/\">t\u00fcsistustega<\/a>, mis panevad inimese arsti poole p\u00f6\u00f6rduma.<\/p>\n","protected":false},"excerpt":{"rendered":"<p>Insuliin on hormoon, mida toodab inimese k\u00f5hun\u00e4\u00e4re ehk pankreas ning mis aitab kontrollida veresuhkru taset. Juhul, kui k\u00f5hun\u00e4\u00e4re t\u00f6\u00f6tab normaalselt ja eritab piisavalt insuliini, siis transporditakse toidu seedimise k\u00e4igus tekkinud gl\u00fckoos verest rakkudesse ning inimese veresuhkru v\u00e4\u00e4rtused p\u00fcsivad stabiilsed. Diabeet ehk suhkurt\u00f5bi ehk suhkruhaigus on grupp ainevahetushaiguseid mille korral on aga insuliini tootmine h\u00e4irunud ja\/v\u00f5i [&hellip;]<\/p>\n","protected":false},"author":34,"featured_media":0,"parent":0,"menu_order":0,"comment_status":"closed","ping_status":"closed","template":"","meta":{"_acf_changed":false,"_uag_custom_page_level_css":"","footnotes":""},"class_list":["post-5845","page","type-page","status-publish","hentry"],"acf":[],"yoast_head":"<!-- This site is optimized with the Yoast SEO plugin v27.3 - https:\/\/yoast.com\/product\/yoast-seo-wordpress\/ -->\n<title>Diabeet - Diabeedikeskus<\/title>\n<meta name=\"robots\" content=\"index, follow, max-snippet:-1, max-image-preview:large, max-video-preview:-1\" \/>\n<link rel=\"canonical\" href=\"https:\/\/www.kliinikum.ee\/diabeet\/diabeet\/\" \/>\n<meta property=\"og:locale\" content=\"et_EE\" \/>\n<meta property=\"og:type\" content=\"article\" \/>\n<meta property=\"og:title\" content=\"Diabeet - Diabeedikeskus\" \/>\n<meta property=\"og:description\" content=\"Insuliin on hormoon, mida toodab inimese k\u00f5hun\u00e4\u00e4re ehk pankreas ning mis aitab kontrollida veresuhkru taset. Juhul, kui k\u00f5hun\u00e4\u00e4re t\u00f6\u00f6tab normaalselt ja eritab piisavalt insuliini, siis transporditakse toidu seedimise k\u00e4igus tekkinud gl\u00fckoos verest rakkudesse ning inimese veresuhkru v\u00e4\u00e4rtused p\u00fcsivad stabiilsed. Diabeet ehk suhkurt\u00f5bi ehk suhkruhaigus on grupp ainevahetushaiguseid mille korral on aga insuliini tootmine h\u00e4irunud ja\/v\u00f5i [&hellip;]\" \/>\n<meta property=\"og:url\" content=\"https:\/\/www.kliinikum.ee\/diabeet\/diabeet\/\" \/>\n<meta property=\"og:site_name\" content=\"Diabeedikeskus\" \/>\n<meta property=\"article:modified_time\" content=\"2023-10-28T11:04:04+00:00\" \/>\n<meta property=\"og:image\" content=\"https:\/\/www.kliinikum.ee\/diabeet\/wp-content\/uploads\/2023\/10\/suu-kuivamine-1.jpg\" \/>\n<meta name=\"twitter:card\" content=\"summary_large_image\" \/>\n<meta name=\"twitter:label1\" content=\"Est. reading time\" \/>\n\t<meta name=\"twitter:data1\" content=\"3 minutit\" \/>\n<script type=\"application\/ld+json\" class=\"yoast-schema-graph\">{\"@context\":\"https:\\\/\\\/schema.org\",\"@graph\":[{\"@type\":\"WebPage\",\"@id\":\"https:\\\/\\\/www.kliinikum.ee\\\/diabeet\\\/diabeet\\\/\",\"url\":\"https:\\\/\\\/www.kliinikum.ee\\\/diabeet\\\/diabeet\\\/\",\"name\":\"Diabeet - Diabeedikeskus\",\"isPartOf\":{\"@id\":\"https:\\\/\\\/www.kliinikum.ee\\\/diabeet\\\/#website\"},\"primaryImageOfPage\":{\"@id\":\"https:\\\/\\\/www.kliinikum.ee\\\/diabeet\\\/diabeet\\\/#primaryimage\"},\"image\":{\"@id\":\"https:\\\/\\\/www.kliinikum.ee\\\/diabeet\\\/diabeet\\\/#primaryimage\"},\"thumbnailUrl\":\"https:\\\/\\\/www.kliinikum.ee\\\/diabeet\\\/wp-content\\\/uploads\\\/2023\\\/10\\\/suu-kuivamine-1.jpg\",\"datePublished\":\"2023-04-05T10:58:59+00:00\",\"dateModified\":\"2023-10-28T11:04:04+00:00\",\"breadcrumb\":{\"@id\":\"https:\\\/\\\/www.kliinikum.ee\\\/diabeet\\\/diabeet\\\/#breadcrumb\"},\"inLanguage\":\"et\",\"potentialAction\":[{\"@type\":\"ReadAction\",\"target\":[\"https:\\\/\\\/www.kliinikum.ee\\\/diabeet\\\/diabeet\\\/\"]}]},{\"@type\":\"ImageObject\",\"inLanguage\":\"et\",\"@id\":\"https:\\\/\\\/www.kliinikum.ee\\\/diabeet\\\/diabeet\\\/#primaryimage\",\"url\":\"https:\\\/\\\/www.kliinikum.ee\\\/diabeet\\\/wp-content\\\/uploads\\\/2023\\\/10\\\/suu-kuivamine-1.jpg\",\"contentUrl\":\"https:\\\/\\\/www.kliinikum.ee\\\/diabeet\\\/wp-content\\\/uploads\\\/2023\\\/10\\\/suu-kuivamine-1.jpg\",\"width\":629,\"height\":605},{\"@type\":\"BreadcrumbList\",\"@id\":\"https:\\\/\\\/www.kliinikum.ee\\\/diabeet\\\/diabeet\\\/#breadcrumb\",\"itemListElement\":[{\"@type\":\"ListItem\",\"position\":1,\"name\":\"Home\",\"item\":\"https:\\\/\\\/www.kliinikum.ee\\\/diabeet\\\/\"},{\"@type\":\"ListItem\",\"position\":2,\"name\":\"Diabeet\"}]},{\"@type\":\"WebSite\",\"@id\":\"https:\\\/\\\/www.kliinikum.ee\\\/diabeet\\\/#website\",\"url\":\"https:\\\/\\\/www.kliinikum.ee\\\/diabeet\\\/\",\"name\":\"Diabeedikeskus\",\"description\":\"\",\"potentialAction\":[{\"@type\":\"SearchAction\",\"target\":{\"@type\":\"EntryPoint\",\"urlTemplate\":\"https:\\\/\\\/www.kliinikum.ee\\\/diabeet\\\/?s={search_term_string}\"},\"query-input\":{\"@type\":\"PropertyValueSpecification\",\"valueRequired\":true,\"valueName\":\"search_term_string\"}}],\"inLanguage\":\"et\"}]}<\/script>\n<!-- \/ Yoast SEO plugin. -->","yoast_head_json":{"title":"Diabeet - Diabeedikeskus","robots":{"index":"index","follow":"follow","max-snippet":"max-snippet:-1","max-image-preview":"max-image-preview:large","max-video-preview":"max-video-preview:-1"},"canonical":"https:\/\/www.kliinikum.ee\/diabeet\/diabeet\/","og_locale":"et_EE","og_type":"article","og_title":"Diabeet - Diabeedikeskus","og_description":"Insuliin on hormoon, mida toodab inimese k\u00f5hun\u00e4\u00e4re ehk pankreas ning mis aitab kontrollida veresuhkru taset. Juhul, kui k\u00f5hun\u00e4\u00e4re t\u00f6\u00f6tab normaalselt ja eritab piisavalt insuliini, siis transporditakse toidu seedimise k\u00e4igus tekkinud gl\u00fckoos verest rakkudesse ning inimese veresuhkru v\u00e4\u00e4rtused p\u00fcsivad stabiilsed. Diabeet ehk suhkurt\u00f5bi ehk suhkruhaigus on grupp ainevahetushaiguseid mille korral on aga insuliini tootmine h\u00e4irunud ja\/v\u00f5i [&hellip;]","og_url":"https:\/\/www.kliinikum.ee\/diabeet\/diabeet\/","og_site_name":"Diabeedikeskus","article_modified_time":"2023-10-28T11:04:04+00:00","og_image":[{"url":"https:\/\/www.kliinikum.ee\/diabeet\/wp-content\/uploads\/2023\/10\/suu-kuivamine-1.jpg","type":"","width":"","height":""}],"twitter_card":"summary_large_image","twitter_misc":{"Est. reading time":"3 minutit"},"schema":{"@context":"https:\/\/schema.org","@graph":[{"@type":"WebPage","@id":"https:\/\/www.kliinikum.ee\/diabeet\/diabeet\/","url":"https:\/\/www.kliinikum.ee\/diabeet\/diabeet\/","name":"Diabeet - Diabeedikeskus","isPartOf":{"@id":"https:\/\/www.kliinikum.ee\/diabeet\/#website"},"primaryImageOfPage":{"@id":"https:\/\/www.kliinikum.ee\/diabeet\/diabeet\/#primaryimage"},"image":{"@id":"https:\/\/www.kliinikum.ee\/diabeet\/diabeet\/#primaryimage"},"thumbnailUrl":"https:\/\/www.kliinikum.ee\/diabeet\/wp-content\/uploads\/2023\/10\/suu-kuivamine-1.jpg","datePublished":"2023-04-05T10:58:59+00:00","dateModified":"2023-10-28T11:04:04+00:00","breadcrumb":{"@id":"https:\/\/www.kliinikum.ee\/diabeet\/diabeet\/#breadcrumb"},"inLanguage":"et","potentialAction":[{"@type":"ReadAction","target":["https:\/\/www.kliinikum.ee\/diabeet\/diabeet\/"]}]},{"@type":"ImageObject","inLanguage":"et","@id":"https:\/\/www.kliinikum.ee\/diabeet\/diabeet\/#primaryimage","url":"https:\/\/www.kliinikum.ee\/diabeet\/wp-content\/uploads\/2023\/10\/suu-kuivamine-1.jpg","contentUrl":"https:\/\/www.kliinikum.ee\/diabeet\/wp-content\/uploads\/2023\/10\/suu-kuivamine-1.jpg","width":629,"height":605},{"@type":"BreadcrumbList","@id":"https:\/\/www.kliinikum.ee\/diabeet\/diabeet\/#breadcrumb","itemListElement":[{"@type":"ListItem","position":1,"name":"Home","item":"https:\/\/www.kliinikum.ee\/diabeet\/"},{"@type":"ListItem","position":2,"name":"Diabeet"}]},{"@type":"WebSite","@id":"https:\/\/www.kliinikum.ee\/diabeet\/#website","url":"https:\/\/www.kliinikum.ee\/diabeet\/","name":"Diabeedikeskus","description":"","potentialAction":[{"@type":"SearchAction","target":{"@type":"EntryPoint","urlTemplate":"https:\/\/www.kliinikum.ee\/diabeet\/?s={search_term_string}"},"query-input":{"@type":"PropertyValueSpecification","valueRequired":true,"valueName":"search_term_string"}}],"inLanguage":"et"}]}},"uagb_featured_image_src":{"full":false,"thumbnail":false,"medium":false,"medium_large":false,"large":false,"1536x1536":false,"2048x2048":false},"uagb_author_info":{"display_name":"Jane Freimann","author_link":"https:\/\/www.kliinikum.ee\/diabeet\/author\/janef\/"},"uagb_comment_info":0,"uagb_excerpt":"Insuliin on hormoon, mida toodab inimese k\u00f5hun\u00e4\u00e4re ehk pankreas ning mis aitab kontrollida veresuhkru taset. Juhul, kui k\u00f5hun\u00e4\u00e4re t\u00f6\u00f6tab normaalselt ja eritab piisavalt insuliini, siis transporditakse toidu seedimise k\u00e4igus tekkinud gl\u00fckoos verest rakkudesse ning inimese veresuhkru v\u00e4\u00e4rtused p\u00fcsivad stabiilsed. Diabeet ehk suhkurt\u00f5bi ehk suhkruhaigus on grupp ainevahetushaiguseid mille korral on aga insuliini tootmine h\u00e4irunud ja\/v\u00f5i&hellip;","_links":{"self":[{"href":"https:\/\/www.kliinikum.ee\/diabeet\/wp-json\/wp\/v2\/pages\/5845","targetHints":{"allow":["GET"]}}],"collection":[{"href":"https:\/\/www.kliinikum.ee\/diabeet\/wp-json\/wp\/v2\/pages"}],"about":[{"href":"https:\/\/www.kliinikum.ee\/diabeet\/wp-json\/wp\/v2\/types\/page"}],"author":[{"embeddable":true,"href":"https:\/\/www.kliinikum.ee\/diabeet\/wp-json\/wp\/v2\/users\/34"}],"replies":[{"embeddable":true,"href":"https:\/\/www.kliinikum.ee\/diabeet\/wp-json\/wp\/v2\/comments?post=5845"}],"version-history":[{"count":0,"href":"https:\/\/www.kliinikum.ee\/diabeet\/wp-json\/wp\/v2\/pages\/5845\/revisions"}],"wp:attachment":[{"href":"https:\/\/www.kliinikum.ee\/diabeet\/wp-json\/wp\/v2\/media?parent=5845"}],"curies":[{"name":"wp","href":"https:\/\/api.w.org\/{rel}","templated":true}]}}