{"id":5881,"date":"2023-04-05T14:10:39","date_gmt":"2023-04-05T12:10:39","guid":{"rendered":"https:\/\/www.kliinikum.ee\/diabeet\/?page_id=5881"},"modified":"2023-11-20T10:34:25","modified_gmt":"2023-11-20T08:34:25","slug":"emotsionaalne-toimetulek","status":"publish","type":"page","link":"https:\/\/www.kliinikum.ee\/diabeet\/elu-diabeediga\/emotsionaalne-toimetulek\/","title":{"rendered":"Emotsionaalne toimetulek"},"content":{"rendered":"\n<p>Vaimne tervis t\u00e4hendab nii vaimset heaolu ja arengut kui ka rahuldavat toimetulekut erinevate eluraskuste ja igap\u00e4evaeluga. Haigustega kaasnevad kohanemish\u00e4ired on tihedalt seotud inimese vaimse ja f\u00fc\u00fcsilise tervisega. Keha reageerib stressiga olukordadele, mis n\u00f5uavad lisapingutust ning kohanemist uue situatsiooniga. V\u00e4heses stressis pole midagi halba, kuna see paneb inimest tegutsema ja millegi nimel pingutama. Pideval pingel v\u00f5ivad aga olla halvad tagaj\u00e4rjed \u2013 mitmed vaimsed v\u00f5i kehalised vaevused, n\u00e4iteks uneh\u00e4ired, \u00e4revus ja n\u00f5rgestunud immuuns\u00fcsteem. Nii f\u00fc\u00fcsiline, kui ka vaimne stress m\u00f5jutab inimese veresuhkru taset, mis v\u00f5ib olla probleemiks diabeediga inimestele. Seet\u00f5ttu lisame siia valiku usaldusv\u00e4\u00e4rseid allikaid, mis aitavad enda emotsionaalset abi vajadust m\u00e4rgata ja vajadusel ps\u00fchholoogi n\u00f5ustamisele p\u00f6\u00f6rduda.<\/p>\n\n\n\n<figure class=\"wp-block-image size-large\"><img loading=\"lazy\" decoding=\"async\" width=\"1024\" height=\"724\" src=\"https:\/\/www.kliinikum.ee\/diabeet\/wp-content\/uploads\/2023\/10\/haiguskoormus-Copy-1024x724.jpg\" alt=\"\" class=\"wp-image-6406\" srcset=\"https:\/\/www.kliinikum.ee\/diabeet\/wp-content\/uploads\/2023\/10\/haiguskoormus-Copy-1024x724.jpg 1024w, https:\/\/www.kliinikum.ee\/diabeet\/wp-content\/uploads\/2023\/10\/haiguskoormus-Copy-300x212.jpg 300w, https:\/\/www.kliinikum.ee\/diabeet\/wp-content\/uploads\/2023\/10\/haiguskoormus-Copy-768x543.jpg 768w, https:\/\/www.kliinikum.ee\/diabeet\/wp-content\/uploads\/2023\/10\/haiguskoormus-Copy.jpg 1123w\" sizes=\"auto, (max-width: 1024px) 100vw, 1024px\" \/><\/figure>\n\n\n\n<p><a href=\"https:\/\/vaikuseminutid.ee\/\" target=\"_blank\" rel=\"noreferrer noopener\">MT\u00dc vaikuseminutid<\/a> missiooniks on \u00f5petada praktilisi ja t\u00f5endusp\u00f5hiseid oskusi enda ps\u00fchholoogilise heaolu toetamiseks, et iga\u00fcks saaks enda t\u00e4helepanu suunamise kaudu tulla paremini toime stressiga, olla hoolivam ja suuta paremini keskenduda. Vaikuseminutite kodulehel on \u00e4ra toodud harjutused, mis sobivad nii lastele kui t\u00e4iskasvanutele, et tulla v\u00e4lja hajevil m\u00f5tetest, segavatest emotsioonidest v\u00f5i pinges olekust. Samal ajal kasvab oskus keskenduda ja enda sees toimuvaga paremini toime tulla.<\/p>\n\n\n\n<p><strong>MT\u00dc Peaasjad<\/strong> pakub noorte n\u00f5ustamist ja e-n\u00f5ustamist 16-26 aastastele noortele, kes otsivad abi teismeea ja noore t\u00e4iskasvanu eaga kaasas k\u00e4ivate vaimse tervise probleemide korral. E-n\u00f5ustamise korral on v\u00f5imalik k\u00fcsida vaimse tervise alase abi v\u00f5imaluste kohta <a href=\"https:\/\/noustamine.peaasi.ee\/kysi-noustajalt\" target=\"_blank\" rel=\"noreferrer noopener\">e-kirja teel kliiniliselt spetsialistilt<\/a>.<\/p>\n\n\n\n<p>MT\u00dc Peaasjad <a href=\"http:\/\/www.peaasi.ee\" target=\"_blank\" rel=\"noreferrer noopener\">kodulehelt<\/a> leitavad asjakohased teemad.<\/p>\n\n\n\n<ul class=\"wp-block-list\">\n<li><a href=\"https:\/\/peaasi.ee\/millal-poorduda-abi-saama\/\" target=\"_blank\" rel=\"noreferrer noopener\">Millal p\u00f6\u00f6rduda spetsialisti poole?<\/a> <\/li>\n\n\n\n<li><a href=\"https:\/\/peaasi.ee\/avaleht\/peaasjade-keskus\/#noorte-noustamine\" target=\"_blank\" rel=\"noreferrer noopener\">N\u00f5ustamisteenust noortele vanuses 16-26 aastat<\/a><\/li>\n\n\n\n<li><a href=\"https:\/\/peaasi.ee\/erinevate-emotsioonidega-toimetulek\/\" target=\"_blank\" rel=\"noreferrer noopener\">Emotsioonidega toimetulek <\/a><\/li>\n\n\n\n<li><a href=\"https:\/\/peaasi.ee\/votted-rahunemiseks\/\" target=\"_blank\" rel=\"noreferrer noopener\">V\u00f5tted rahunemiseks<\/a> <\/li>\n\n\n\n<li><a href=\"https:\/\/peaasi.ee\/lodvestusharjutused\/\" target=\"_blank\" rel=\"noreferrer noopener\">L\u00f5dvestusharjutused <\/a><\/li>\n<\/ul>\n\n\n\n<div class=\"wp-block-uagb-advanced-heading uagb-block-2e28777b\"><h2 class=\"uagb-heading-text\">Kogemusn\u00f5ustamine<\/h2><\/div>\n\n\n\n<p>Kogemusn\u00f5ustaja on professionaal kellel on l\u00e4bi t\u00f6\u00f6tatud isiklik taastumise kogemus ja kogemusn\u00f5ustaja v\u00e4lja\u00f5pe. Kogemusn\u00f5ustamise k\u00e4igus toimub sarnase kogemusega inimeste vahel teadmiste- ja kogemustevahetus ja\/v\u00f5i n\u00f5ustamine, mille k\u00e4igus pakutakse kogemuslikku emotsionaalset-, sotsiaalset- ja\/v\u00f5i praktilist tuge. Kogemusn\u00f5ustamine on aastast 2014 Eestis ametlikult tunnustatud aitamist\u00f6\u00f6 meetod.<\/p>\n\n\n\n<p>Kogemusn\u00f5ustaja v\u00f5i ps\u00fchholoogi toetust on v\u00f5imalik saada rehabilitasiooniteenuse raames ning selle eest tasub riik. Rehabilitatsiooniteenuste eesm\u00e4rk on parandada inimese ja tema l\u00e4hedaste kohanemist haigusega ja toetada igap\u00e4evast toimetulekut. Teenuse saamiseks hinnatakse, kas inimesel on \u00f5igus ja vajadus seda teenust kasutada. Teenuse taotlemise protsess s\u00f5ltub inimese vanusest ja sellest, kas tal on puue v\u00f5i osaline t\u00f6\u00f6v\u00f5ime.<\/p>\n\n\n\n<p><strong>Lastel<\/strong> on rehabilitatsiooniteenuse saamise eelduseks puue (keskmine, raske v\u00f5i s\u00fcgav). Esmalt tuleb alustada puude raskusastme hindamisest. Info selle kohta koos taotlusvormiga on leitav <a href=\"https:\/\/sotsiaalkindlustusamet.ee\/puue-ja-hoolekanne\/puude-tuvastamine\" target=\"_blank\" rel=\"noreferrer noopener\">Sotsiaalkindlustusameti kodulehelt.<\/a><\/p>\n\n\n\n<p><strong>T\u00e4iskasvanutel <\/strong>on rehabilitatsiooniteenuse v\u00f5i kogemusn\u00f5ustamise teenuse saamise eelduseks see, et noorel v\u00f5i t\u00e4iskasvanul on puuduv v\u00f5i osaline t\u00f6\u00f6v\u00f5ime. Seda hindab <a href=\"https:\/\/www.tootukassa.ee\/et\/teenused\/toovoime-hindamine\" target=\"_blank\" rel=\"noreferrer noopener\">T\u00f6\u00f6tukassa.<\/a><\/p>\n\n\n\n<p>T\u00e4psem info nii laste, kui ka t\u00e4iskasvanute rehabilitasiooniteenuse kohta on koondatud <a href=\"https:\/\/diabeedikool.ee\/rehabilitatsioon\/\" target=\"_blank\" rel=\"noreferrer noopener\">Diabeedikooli kodulehele<\/a>.<\/p>\n\n\n\n<p>K\u00f5ik Diabeedikooli n\u00f5ustamised ja koolitused on rehabilitatsiooniteenused, millega antakse teadmisi ja oskusi diabeediga igap\u00e4evaseks toimetulekuks. Teenused on tasuta, kui klient on suunatud rehabilitatsiooniteenusele Sotsiaalkindlustusameti v\u00f5i T\u00f6\u00f6tukassa kaudu. Ilma rehabilitatsiooniteenusele suunamiseta on k\u00f5igil v\u00f5imalik teenuseid kasutada vastavalt nende hinnakirjale. Kokkuleppel kliendiga pakutakse n\u00f5ustamisi ka e-kanaleid kasutades v\u00f5i telefoni teel.<\/p>\n\n\n\n<div class=\"wp-block-uagb-advanced-heading uagb-block-75fe9867\"><h2 class=\"uagb-heading-text\">Ps\u00fchholoog<\/h2><\/div>\n\n\n\n<p>Diabeedikooli kodulehe vahendusel on <a href=\"https:\/\/diabeedikool.ee\/teenused\/psuhholoogiline-noustamine\/?portfolioCats=49%2C45\" target=\"_blank\" rel=\"noreferrer noopener\">v\u00f5imalus registreerida<\/a> nii lastel kui t\u00e4iskasvanutel end ps\u00fchholoogilisele n\u00f5ustamisele. Sealsed ps\u00fchholoogid on diabeediteadmistega kogenud n\u00f5ustajad ja eksperdid. Ps\u00fchholoogi konsultatsioonile p\u00f6\u00f6rdu juhul, kui Sul on tunne, et elu ei kulge nii, nagu Sa tahaksid, tunded ja m\u00f5tted h\u00e4irivad ning selline madalseis on kestnud \u00fcle kuue n\u00e4dala.<\/p>\n","protected":false},"excerpt":{"rendered":"<p>Vaimne tervis t\u00e4hendab nii vaimset heaolu ja arengut kui ka rahuldavat toimetulekut erinevate eluraskuste ja igap\u00e4evaeluga. Haigustega kaasnevad kohanemish\u00e4ired on tihedalt seotud inimese vaimse ja f\u00fc\u00fcsilise tervisega. Keha reageerib stressiga olukordadele, mis n\u00f5uavad lisapingutust ning kohanemist uue situatsiooniga. V\u00e4heses stressis pole midagi halba, kuna see paneb inimest tegutsema ja millegi nimel pingutama. Pideval pingel v\u00f5ivad [&hellip;]<\/p>\n","protected":false},"author":34,"featured_media":0,"parent":5848,"menu_order":3,"comment_status":"closed","ping_status":"closed","template":"","meta":{"_acf_changed":false,"_uag_custom_page_level_css":"","footnotes":""},"class_list":["post-5881","page","type-page","status-publish","hentry"],"acf":[],"yoast_head":"<!-- This site is optimized with the Yoast SEO plugin v27.3 - https:\/\/yoast.com\/product\/yoast-seo-wordpress\/ -->\n<title>Emotsionaalne toimetulek - Diabeedikeskus<\/title>\n<meta name=\"robots\" content=\"index, follow, max-snippet:-1, max-image-preview:large, max-video-preview:-1\" \/>\n<link rel=\"canonical\" href=\"https:\/\/www.kliinikum.ee\/diabeet\/elu-diabeediga\/emotsionaalne-toimetulek\/\" \/>\n<meta property=\"og:locale\" content=\"et_EE\" \/>\n<meta property=\"og:type\" content=\"article\" \/>\n<meta property=\"og:title\" content=\"Emotsionaalne toimetulek - Diabeedikeskus\" \/>\n<meta property=\"og:description\" content=\"Vaimne tervis t\u00e4hendab nii vaimset heaolu ja arengut kui ka rahuldavat toimetulekut erinevate eluraskuste ja igap\u00e4evaeluga. Haigustega kaasnevad kohanemish\u00e4ired on tihedalt seotud inimese vaimse ja f\u00fc\u00fcsilise tervisega. Keha reageerib stressiga olukordadele, mis n\u00f5uavad lisapingutust ning kohanemist uue situatsiooniga. V\u00e4heses stressis pole midagi halba, kuna see paneb inimest tegutsema ja millegi nimel pingutama. Pideval pingel v\u00f5ivad [&hellip;]\" \/>\n<meta property=\"og:url\" content=\"https:\/\/www.kliinikum.ee\/diabeet\/elu-diabeediga\/emotsionaalne-toimetulek\/\" \/>\n<meta property=\"og:site_name\" content=\"Diabeedikeskus\" \/>\n<meta property=\"article:modified_time\" content=\"2023-11-20T08:34:25+00:00\" \/>\n<meta property=\"og:image\" content=\"https:\/\/www.kliinikum.ee\/diabeet\/wp-content\/uploads\/2023\/10\/haiguskoormus-Copy-1024x724.jpg\" \/>\n<meta name=\"twitter:card\" content=\"summary_large_image\" \/>\n<meta name=\"twitter:label1\" content=\"Est. reading time\" \/>\n\t<meta name=\"twitter:data1\" content=\"3 minutit\" \/>\n<script type=\"application\/ld+json\" class=\"yoast-schema-graph\">{\"@context\":\"https:\\\/\\\/schema.org\",\"@graph\":[{\"@type\":\"WebPage\",\"@id\":\"https:\\\/\\\/www.kliinikum.ee\\\/diabeet\\\/elu-diabeediga\\\/emotsionaalne-toimetulek\\\/\",\"url\":\"https:\\\/\\\/www.kliinikum.ee\\\/diabeet\\\/elu-diabeediga\\\/emotsionaalne-toimetulek\\\/\",\"name\":\"Emotsionaalne toimetulek - Diabeedikeskus\",\"isPartOf\":{\"@id\":\"https:\\\/\\\/www.kliinikum.ee\\\/diabeet\\\/#website\"},\"primaryImageOfPage\":{\"@id\":\"https:\\\/\\\/www.kliinikum.ee\\\/diabeet\\\/elu-diabeediga\\\/emotsionaalne-toimetulek\\\/#primaryimage\"},\"image\":{\"@id\":\"https:\\\/\\\/www.kliinikum.ee\\\/diabeet\\\/elu-diabeediga\\\/emotsionaalne-toimetulek\\\/#primaryimage\"},\"thumbnailUrl\":\"https:\\\/\\\/www.kliinikum.ee\\\/diabeet\\\/wp-content\\\/uploads\\\/2023\\\/10\\\/haiguskoormus-Copy-1024x724.jpg\",\"datePublished\":\"2023-04-05T12:10:39+00:00\",\"dateModified\":\"2023-11-20T08:34:25+00:00\",\"breadcrumb\":{\"@id\":\"https:\\\/\\\/www.kliinikum.ee\\\/diabeet\\\/elu-diabeediga\\\/emotsionaalne-toimetulek\\\/#breadcrumb\"},\"inLanguage\":\"et\",\"potentialAction\":[{\"@type\":\"ReadAction\",\"target\":[\"https:\\\/\\\/www.kliinikum.ee\\\/diabeet\\\/elu-diabeediga\\\/emotsionaalne-toimetulek\\\/\"]}]},{\"@type\":\"ImageObject\",\"inLanguage\":\"et\",\"@id\":\"https:\\\/\\\/www.kliinikum.ee\\\/diabeet\\\/elu-diabeediga\\\/emotsionaalne-toimetulek\\\/#primaryimage\",\"url\":\"https:\\\/\\\/www.kliinikum.ee\\\/diabeet\\\/wp-content\\\/uploads\\\/2023\\\/10\\\/haiguskoormus-Copy.jpg\",\"contentUrl\":\"https:\\\/\\\/www.kliinikum.ee\\\/diabeet\\\/wp-content\\\/uploads\\\/2023\\\/10\\\/haiguskoormus-Copy.jpg\",\"width\":1123,\"height\":794},{\"@type\":\"BreadcrumbList\",\"@id\":\"https:\\\/\\\/www.kliinikum.ee\\\/diabeet\\\/elu-diabeediga\\\/emotsionaalne-toimetulek\\\/#breadcrumb\",\"itemListElement\":[{\"@type\":\"ListItem\",\"position\":1,\"name\":\"Home\",\"item\":\"https:\\\/\\\/www.kliinikum.ee\\\/diabeet\\\/\"},{\"@type\":\"ListItem\",\"position\":2,\"name\":\"Elu diabeediga\",\"item\":\"https:\\\/\\\/www.kliinikum.ee\\\/diabeet\\\/elu-diabeediga\\\/\"},{\"@type\":\"ListItem\",\"position\":3,\"name\":\"Emotsionaalne toimetulek\"}]},{\"@type\":\"WebSite\",\"@id\":\"https:\\\/\\\/www.kliinikum.ee\\\/diabeet\\\/#website\",\"url\":\"https:\\\/\\\/www.kliinikum.ee\\\/diabeet\\\/\",\"name\":\"Diabeedikeskus\",\"description\":\"\",\"potentialAction\":[{\"@type\":\"SearchAction\",\"target\":{\"@type\":\"EntryPoint\",\"urlTemplate\":\"https:\\\/\\\/www.kliinikum.ee\\\/diabeet\\\/?s={search_term_string}\"},\"query-input\":{\"@type\":\"PropertyValueSpecification\",\"valueRequired\":true,\"valueName\":\"search_term_string\"}}],\"inLanguage\":\"et\"}]}<\/script>\n<!-- \/ Yoast SEO plugin. -->","yoast_head_json":{"title":"Emotsionaalne toimetulek - Diabeedikeskus","robots":{"index":"index","follow":"follow","max-snippet":"max-snippet:-1","max-image-preview":"max-image-preview:large","max-video-preview":"max-video-preview:-1"},"canonical":"https:\/\/www.kliinikum.ee\/diabeet\/elu-diabeediga\/emotsionaalne-toimetulek\/","og_locale":"et_EE","og_type":"article","og_title":"Emotsionaalne toimetulek - Diabeedikeskus","og_description":"Vaimne tervis t\u00e4hendab nii vaimset heaolu ja arengut kui ka rahuldavat toimetulekut erinevate eluraskuste ja igap\u00e4evaeluga. Haigustega kaasnevad kohanemish\u00e4ired on tihedalt seotud inimese vaimse ja f\u00fc\u00fcsilise tervisega. Keha reageerib stressiga olukordadele, mis n\u00f5uavad lisapingutust ning kohanemist uue situatsiooniga. V\u00e4heses stressis pole midagi halba, kuna see paneb inimest tegutsema ja millegi nimel pingutama. Pideval pingel v\u00f5ivad [&hellip;]","og_url":"https:\/\/www.kliinikum.ee\/diabeet\/elu-diabeediga\/emotsionaalne-toimetulek\/","og_site_name":"Diabeedikeskus","article_modified_time":"2023-11-20T08:34:25+00:00","og_image":[{"url":"https:\/\/www.kliinikum.ee\/diabeet\/wp-content\/uploads\/2023\/10\/haiguskoormus-Copy-1024x724.jpg","type":"","width":"","height":""}],"twitter_card":"summary_large_image","twitter_misc":{"Est. reading time":"3 minutit"},"schema":{"@context":"https:\/\/schema.org","@graph":[{"@type":"WebPage","@id":"https:\/\/www.kliinikum.ee\/diabeet\/elu-diabeediga\/emotsionaalne-toimetulek\/","url":"https:\/\/www.kliinikum.ee\/diabeet\/elu-diabeediga\/emotsionaalne-toimetulek\/","name":"Emotsionaalne toimetulek - Diabeedikeskus","isPartOf":{"@id":"https:\/\/www.kliinikum.ee\/diabeet\/#website"},"primaryImageOfPage":{"@id":"https:\/\/www.kliinikum.ee\/diabeet\/elu-diabeediga\/emotsionaalne-toimetulek\/#primaryimage"},"image":{"@id":"https:\/\/www.kliinikum.ee\/diabeet\/elu-diabeediga\/emotsionaalne-toimetulek\/#primaryimage"},"thumbnailUrl":"https:\/\/www.kliinikum.ee\/diabeet\/wp-content\/uploads\/2023\/10\/haiguskoormus-Copy-1024x724.jpg","datePublished":"2023-04-05T12:10:39+00:00","dateModified":"2023-11-20T08:34:25+00:00","breadcrumb":{"@id":"https:\/\/www.kliinikum.ee\/diabeet\/elu-diabeediga\/emotsionaalne-toimetulek\/#breadcrumb"},"inLanguage":"et","potentialAction":[{"@type":"ReadAction","target":["https:\/\/www.kliinikum.ee\/diabeet\/elu-diabeediga\/emotsionaalne-toimetulek\/"]}]},{"@type":"ImageObject","inLanguage":"et","@id":"https:\/\/www.kliinikum.ee\/diabeet\/elu-diabeediga\/emotsionaalne-toimetulek\/#primaryimage","url":"https:\/\/www.kliinikum.ee\/diabeet\/wp-content\/uploads\/2023\/10\/haiguskoormus-Copy.jpg","contentUrl":"https:\/\/www.kliinikum.ee\/diabeet\/wp-content\/uploads\/2023\/10\/haiguskoormus-Copy.jpg","width":1123,"height":794},{"@type":"BreadcrumbList","@id":"https:\/\/www.kliinikum.ee\/diabeet\/elu-diabeediga\/emotsionaalne-toimetulek\/#breadcrumb","itemListElement":[{"@type":"ListItem","position":1,"name":"Home","item":"https:\/\/www.kliinikum.ee\/diabeet\/"},{"@type":"ListItem","position":2,"name":"Elu diabeediga","item":"https:\/\/www.kliinikum.ee\/diabeet\/elu-diabeediga\/"},{"@type":"ListItem","position":3,"name":"Emotsionaalne toimetulek"}]},{"@type":"WebSite","@id":"https:\/\/www.kliinikum.ee\/diabeet\/#website","url":"https:\/\/www.kliinikum.ee\/diabeet\/","name":"Diabeedikeskus","description":"","potentialAction":[{"@type":"SearchAction","target":{"@type":"EntryPoint","urlTemplate":"https:\/\/www.kliinikum.ee\/diabeet\/?s={search_term_string}"},"query-input":{"@type":"PropertyValueSpecification","valueRequired":true,"valueName":"search_term_string"}}],"inLanguage":"et"}]}},"uagb_featured_image_src":{"full":false,"thumbnail":false,"medium":false,"medium_large":false,"large":false,"1536x1536":false,"2048x2048":false},"uagb_author_info":{"display_name":"Jane Freimann","author_link":"https:\/\/www.kliinikum.ee\/diabeet\/author\/janef\/"},"uagb_comment_info":0,"uagb_excerpt":"Vaimne tervis t\u00e4hendab nii vaimset heaolu ja arengut kui ka rahuldavat toimetulekut erinevate eluraskuste ja igap\u00e4evaeluga. Haigustega kaasnevad kohanemish\u00e4ired on tihedalt seotud inimese vaimse ja f\u00fc\u00fcsilise tervisega. Keha reageerib stressiga olukordadele, mis n\u00f5uavad lisapingutust ning kohanemist uue situatsiooniga. V\u00e4heses stressis pole midagi halba, kuna see paneb inimest tegutsema ja millegi nimel pingutama. Pideval pingel v\u00f5ivad&hellip;","_links":{"self":[{"href":"https:\/\/www.kliinikum.ee\/diabeet\/wp-json\/wp\/v2\/pages\/5881","targetHints":{"allow":["GET"]}}],"collection":[{"href":"https:\/\/www.kliinikum.ee\/diabeet\/wp-json\/wp\/v2\/pages"}],"about":[{"href":"https:\/\/www.kliinikum.ee\/diabeet\/wp-json\/wp\/v2\/types\/page"}],"author":[{"embeddable":true,"href":"https:\/\/www.kliinikum.ee\/diabeet\/wp-json\/wp\/v2\/users\/34"}],"replies":[{"embeddable":true,"href":"https:\/\/www.kliinikum.ee\/diabeet\/wp-json\/wp\/v2\/comments?post=5881"}],"version-history":[{"count":0,"href":"https:\/\/www.kliinikum.ee\/diabeet\/wp-json\/wp\/v2\/pages\/5881\/revisions"}],"up":[{"embeddable":true,"href":"https:\/\/www.kliinikum.ee\/diabeet\/wp-json\/wp\/v2\/pages\/5848"}],"wp:attachment":[{"href":"https:\/\/www.kliinikum.ee\/diabeet\/wp-json\/wp\/v2\/media?parent=5881"}],"curies":[{"name":"wp","href":"https:\/\/api.w.org\/{rel}","templated":true}]}}