{"id":5895,"date":"2023-04-05T14:30:51","date_gmt":"2023-04-05T12:30:51","guid":{"rendered":"https:\/\/www.kliinikum.ee\/diabeet\/?page_id=5895"},"modified":"2023-10-24T16:00:38","modified_gmt":"2023-10-24T14:00:38","slug":"kogukonnateenused","status":"publish","type":"page","link":"https:\/\/www.kliinikum.ee\/diabeet\/noustamine-ja-abi\/kogukonnateenused\/","title":{"rendered":"Kogukonnateenused"},"content":{"rendered":"\n<p>Diabeedikooli nime all pakutakse diabeeti p\u00f5devatele lastele ja t\u00e4iskasvanutele ning nende l\u00e4hedastele diabeedialaseid tugiteenuseid \u2013 n\u00f5ustamisi, koolitusi ja kokkusaamisi \u00fcle Eesti.<\/p>\n\n\n\n<p><a href=\"https:\/\/diabeedikool.ee\/\" target=\"_blank\" rel=\"noreferrer noopener\">Diabeedikool<\/a> (MT\u00dc Eesti Laste ja Noorte Diabeedi \u00dching)<\/p>\n\n\n\n<ul class=\"wp-block-list\">\n<li>M\u00e4ealuse 2\/4 A, Tallinn<\/li>\n<\/ul>\n\n\n\n<ul class=\"wp-block-list\">\n<li>Soola 3, Tartu<\/li>\n<\/ul>\n\n\n\n<p>Diabeetikute seltsid leiad <a href=\"http:\/\/www.diabetes.ee\/seltsid\" target=\"_blank\" rel=\"noreferrer noopener\">siit<\/a>.<\/p>\n\n\n\n<p><strong>Sotsiaalmeedia tugigrupid:<\/strong><\/p>\n\n\n\n<p>Facebooki tugigrupp <a href=\"https:\/\/www.facebook.com\/groups\/746081508798685\/\" target=\"_blank\" rel=\"noreferrer noopener\">Diabeet t\u00fc\u00fcp 1<\/a>, selles grupis saavad diabeeti p\u00f5devad inimesed, sama diagnoosiga inimestelt n\u00f5u ja abi k\u00fcsida v\u00f5i diabeediga seotud infot jagada.<\/p>\n\n\n\n<p>Facebooki tugigrupp <a href=\"https:\/\/www.facebook.com\/groups\/650042151711072\/\" target=\"_blank\" rel=\"noreferrer noopener\">Laste ja Noorte diabeet<\/a>, grupiga on oodatud liituma 1. t\u00fc\u00fcbi diabeeti p\u00f5devaid inimesi ja nende pereliikmeid.<\/p>\n","protected":false},"excerpt":{"rendered":"<p>Diabeedikooli nime all pakutakse diabeeti p\u00f5devatele lastele ja t\u00e4iskasvanutele ning nende l\u00e4hedastele diabeedialaseid tugiteenuseid \u2013 n\u00f5ustamisi, koolitusi ja kokkusaamisi \u00fcle Eesti. Diabeedikool (MT\u00dc Eesti Laste ja Noorte Diabeedi \u00dching) Diabeetikute seltsid leiad siit. Sotsiaalmeedia tugigrupid: Facebooki tugigrupp Diabeet t\u00fc\u00fcp 1, selles grupis saavad diabeeti p\u00f5devad inimesed, sama diagnoosiga inimestelt n\u00f5u ja abi k\u00fcsida v\u00f5i diabeediga [&hellip;]<\/p>\n","protected":false},"author":34,"featured_media":0,"parent":5851,"menu_order":7,"comment_status":"closed","ping_status":"closed","template":"","meta":{"_acf_changed":false,"_uag_custom_page_level_css":"","footnotes":""},"class_list":["post-5895","page","type-page","status-publish","hentry"],"acf":[],"yoast_head":"<!-- This site is optimized with the Yoast SEO plugin v27.3 - https:\/\/yoast.com\/product\/yoast-seo-wordpress\/ -->\n<title>Kogukonnateenused - Diabeedikeskus<\/title>\n<meta name=\"robots\" content=\"index, follow, max-snippet:-1, max-image-preview:large, max-video-preview:-1\" \/>\n<link rel=\"canonical\" href=\"https:\/\/www.kliinikum.ee\/diabeet\/noustamine-ja-abi\/kogukonnateenused\/\" \/>\n<meta property=\"og:locale\" content=\"et_EE\" \/>\n<meta property=\"og:type\" content=\"article\" \/>\n<meta property=\"og:title\" content=\"Kogukonnateenused - Diabeedikeskus\" \/>\n<meta property=\"og:description\" content=\"Diabeedikooli nime all pakutakse diabeeti p\u00f5devatele lastele ja t\u00e4iskasvanutele ning nende l\u00e4hedastele diabeedialaseid tugiteenuseid \u2013 n\u00f5ustamisi, koolitusi ja kokkusaamisi \u00fcle Eesti. Diabeedikool (MT\u00dc Eesti Laste ja Noorte Diabeedi \u00dching) Diabeetikute seltsid leiad siit. Sotsiaalmeedia tugigrupid: Facebooki tugigrupp Diabeet t\u00fc\u00fcp 1, selles grupis saavad diabeeti p\u00f5devad inimesed, sama diagnoosiga inimestelt n\u00f5u ja abi k\u00fcsida v\u00f5i diabeediga [&hellip;]\" \/>\n<meta property=\"og:url\" content=\"https:\/\/www.kliinikum.ee\/diabeet\/noustamine-ja-abi\/kogukonnateenused\/\" \/>\n<meta property=\"og:site_name\" content=\"Diabeedikeskus\" \/>\n<meta property=\"article:modified_time\" content=\"2023-10-24T14:00:38+00:00\" \/>\n<meta name=\"twitter:card\" content=\"summary_large_image\" \/>\n<meta name=\"twitter:label1\" content=\"Est. reading time\" \/>\n\t<meta name=\"twitter:data1\" content=\"1 minut\" \/>\n<script type=\"application\/ld+json\" class=\"yoast-schema-graph\">{\"@context\":\"https:\\\/\\\/schema.org\",\"@graph\":[{\"@type\":\"WebPage\",\"@id\":\"https:\\\/\\\/www.kliinikum.ee\\\/diabeet\\\/noustamine-ja-abi\\\/kogukonnateenused\\\/\",\"url\":\"https:\\\/\\\/www.kliinikum.ee\\\/diabeet\\\/noustamine-ja-abi\\\/kogukonnateenused\\\/\",\"name\":\"Kogukonnateenused - Diabeedikeskus\",\"isPartOf\":{\"@id\":\"https:\\\/\\\/www.kliinikum.ee\\\/diabeet\\\/#website\"},\"datePublished\":\"2023-04-05T12:30:51+00:00\",\"dateModified\":\"2023-10-24T14:00:38+00:00\",\"breadcrumb\":{\"@id\":\"https:\\\/\\\/www.kliinikum.ee\\\/diabeet\\\/noustamine-ja-abi\\\/kogukonnateenused\\\/#breadcrumb\"},\"inLanguage\":\"et\",\"potentialAction\":[{\"@type\":\"ReadAction\",\"target\":[\"https:\\\/\\\/www.kliinikum.ee\\\/diabeet\\\/noustamine-ja-abi\\\/kogukonnateenused\\\/\"]}]},{\"@type\":\"BreadcrumbList\",\"@id\":\"https:\\\/\\\/www.kliinikum.ee\\\/diabeet\\\/noustamine-ja-abi\\\/kogukonnateenused\\\/#breadcrumb\",\"itemListElement\":[{\"@type\":\"ListItem\",\"position\":1,\"name\":\"Home\",\"item\":\"https:\\\/\\\/www.kliinikum.ee\\\/diabeet\\\/\"},{\"@type\":\"ListItem\",\"position\":2,\"name\":\"N\u00f5ustamine ja abi\",\"item\":\"https:\\\/\\\/www.kliinikum.ee\\\/diabeet\\\/noustamine-ja-abi\\\/\"},{\"@type\":\"ListItem\",\"position\":3,\"name\":\"Kogukonnateenused\"}]},{\"@type\":\"WebSite\",\"@id\":\"https:\\\/\\\/www.kliinikum.ee\\\/diabeet\\\/#website\",\"url\":\"https:\\\/\\\/www.kliinikum.ee\\\/diabeet\\\/\",\"name\":\"Diabeedikeskus\",\"description\":\"\",\"potentialAction\":[{\"@type\":\"SearchAction\",\"target\":{\"@type\":\"EntryPoint\",\"urlTemplate\":\"https:\\\/\\\/www.kliinikum.ee\\\/diabeet\\\/?s={search_term_string}\"},\"query-input\":{\"@type\":\"PropertyValueSpecification\",\"valueRequired\":true,\"valueName\":\"search_term_string\"}}],\"inLanguage\":\"et\"}]}<\/script>\n<!-- \/ Yoast SEO plugin. -->","yoast_head_json":{"title":"Kogukonnateenused - Diabeedikeskus","robots":{"index":"index","follow":"follow","max-snippet":"max-snippet:-1","max-image-preview":"max-image-preview:large","max-video-preview":"max-video-preview:-1"},"canonical":"https:\/\/www.kliinikum.ee\/diabeet\/noustamine-ja-abi\/kogukonnateenused\/","og_locale":"et_EE","og_type":"article","og_title":"Kogukonnateenused - Diabeedikeskus","og_description":"Diabeedikooli nime all pakutakse diabeeti p\u00f5devatele lastele ja t\u00e4iskasvanutele ning nende l\u00e4hedastele diabeedialaseid tugiteenuseid \u2013 n\u00f5ustamisi, koolitusi ja kokkusaamisi \u00fcle Eesti. Diabeedikool (MT\u00dc Eesti Laste ja Noorte Diabeedi \u00dching) Diabeetikute seltsid leiad siit. Sotsiaalmeedia tugigrupid: Facebooki tugigrupp Diabeet t\u00fc\u00fcp 1, selles grupis saavad diabeeti p\u00f5devad inimesed, sama diagnoosiga inimestelt n\u00f5u ja abi k\u00fcsida v\u00f5i diabeediga [&hellip;]","og_url":"https:\/\/www.kliinikum.ee\/diabeet\/noustamine-ja-abi\/kogukonnateenused\/","og_site_name":"Diabeedikeskus","article_modified_time":"2023-10-24T14:00:38+00:00","twitter_card":"summary_large_image","twitter_misc":{"Est. reading time":"1 minut"},"schema":{"@context":"https:\/\/schema.org","@graph":[{"@type":"WebPage","@id":"https:\/\/www.kliinikum.ee\/diabeet\/noustamine-ja-abi\/kogukonnateenused\/","url":"https:\/\/www.kliinikum.ee\/diabeet\/noustamine-ja-abi\/kogukonnateenused\/","name":"Kogukonnateenused - Diabeedikeskus","isPartOf":{"@id":"https:\/\/www.kliinikum.ee\/diabeet\/#website"},"datePublished":"2023-04-05T12:30:51+00:00","dateModified":"2023-10-24T14:00:38+00:00","breadcrumb":{"@id":"https:\/\/www.kliinikum.ee\/diabeet\/noustamine-ja-abi\/kogukonnateenused\/#breadcrumb"},"inLanguage":"et","potentialAction":[{"@type":"ReadAction","target":["https:\/\/www.kliinikum.ee\/diabeet\/noustamine-ja-abi\/kogukonnateenused\/"]}]},{"@type":"BreadcrumbList","@id":"https:\/\/www.kliinikum.ee\/diabeet\/noustamine-ja-abi\/kogukonnateenused\/#breadcrumb","itemListElement":[{"@type":"ListItem","position":1,"name":"Home","item":"https:\/\/www.kliinikum.ee\/diabeet\/"},{"@type":"ListItem","position":2,"name":"N\u00f5ustamine ja abi","item":"https:\/\/www.kliinikum.ee\/diabeet\/noustamine-ja-abi\/"},{"@type":"ListItem","position":3,"name":"Kogukonnateenused"}]},{"@type":"WebSite","@id":"https:\/\/www.kliinikum.ee\/diabeet\/#website","url":"https:\/\/www.kliinikum.ee\/diabeet\/","name":"Diabeedikeskus","description":"","potentialAction":[{"@type":"SearchAction","target":{"@type":"EntryPoint","urlTemplate":"https:\/\/www.kliinikum.ee\/diabeet\/?s={search_term_string}"},"query-input":{"@type":"PropertyValueSpecification","valueRequired":true,"valueName":"search_term_string"}}],"inLanguage":"et"}]}},"uagb_featured_image_src":{"full":false,"thumbnail":false,"medium":false,"medium_large":false,"large":false,"1536x1536":false,"2048x2048":false},"uagb_author_info":{"display_name":"Jane Freimann","author_link":"https:\/\/www.kliinikum.ee\/diabeet\/author\/janef\/"},"uagb_comment_info":0,"uagb_excerpt":"Diabeedikooli nime all pakutakse diabeeti p\u00f5devatele lastele ja t\u00e4iskasvanutele ning nende l\u00e4hedastele diabeedialaseid tugiteenuseid \u2013 n\u00f5ustamisi, koolitusi ja kokkusaamisi \u00fcle Eesti. Diabeedikool (MT\u00dc Eesti Laste ja Noorte Diabeedi \u00dching) Diabeetikute seltsid leiad siit. Sotsiaalmeedia tugigrupid: Facebooki tugigrupp Diabeet t\u00fc\u00fcp 1, selles grupis saavad diabeeti p\u00f5devad inimesed, sama diagnoosiga inimestelt n\u00f5u ja abi k\u00fcsida v\u00f5i diabeediga&hellip;","_links":{"self":[{"href":"https:\/\/www.kliinikum.ee\/diabeet\/wp-json\/wp\/v2\/pages\/5895","targetHints":{"allow":["GET"]}}],"collection":[{"href":"https:\/\/www.kliinikum.ee\/diabeet\/wp-json\/wp\/v2\/pages"}],"about":[{"href":"https:\/\/www.kliinikum.ee\/diabeet\/wp-json\/wp\/v2\/types\/page"}],"author":[{"embeddable":true,"href":"https:\/\/www.kliinikum.ee\/diabeet\/wp-json\/wp\/v2\/users\/34"}],"replies":[{"embeddable":true,"href":"https:\/\/www.kliinikum.ee\/diabeet\/wp-json\/wp\/v2\/comments?post=5895"}],"version-history":[{"count":0,"href":"https:\/\/www.kliinikum.ee\/diabeet\/wp-json\/wp\/v2\/pages\/5895\/revisions"}],"up":[{"embeddable":true,"href":"https:\/\/www.kliinikum.ee\/diabeet\/wp-json\/wp\/v2\/pages\/5851"}],"wp:attachment":[{"href":"https:\/\/www.kliinikum.ee\/diabeet\/wp-json\/wp\/v2\/media?parent=5895"}],"curies":[{"name":"wp","href":"https:\/\/api.w.org\/{rel}","templated":true}]}}