{"id":6018,"date":"2023-05-31T11:52:07","date_gmt":"2023-05-31T09:52:07","guid":{"rendered":"https:\/\/www.kliinikum.ee\/diabeet\/?page_id=6018"},"modified":"2023-10-29T16:20:53","modified_gmt":"2023-10-29T14:20:53","slug":"hupokoer","status":"publish","type":"page","link":"https:\/\/www.kliinikum.ee\/diabeet\/elu-diabeediga\/hupokoer\/","title":{"rendered":"H\u00fcpokoer"},"content":{"rendered":"\n<p>H\u00fcpokoer ehk diabeedi abikoer on diabeeti p\u00f5deva inimese koer, kes on \u00f5petatud l\u00f5hna j\u00e4rgi \u00e4ra tundma koerajuhi madalat veresuhkrut ning sellest talle m\u00e4rku andma (markeerima). Markeerimise viise on erinevaid s\u00f5ltuvalt koera suurusest ja diabeeti p\u00f5deva inimese erip\u00e4radest, kuid enim levinud on ninaga tonksamine v\u00f5i m\u00e4rguandmine k\u00e4paga. Lisaks \u00f5petatakse koera madala veresuhkru korral tooma enda koerajuhile vajalikku eset (mahla, gl\u00fckoositropse). Eseme toomise eelduseks on, et koer teab eseme asukohta, seega toimib see \u00f5petus ja hiljem ka t\u00f6\u00f6 kodustes tingimustes.<\/p>\n\n\n\n<p>H\u00fcpokoera koolituse osadeks on nii l\u00f5hnat\u00f6\u00f6 kui ka kuulekus. Koolitus kestab 1,5 aastat ning on \u00fcles ehitatud moodulitena, p\u00f5hiline \u00f5ppeprotsess toimub kodus. Koolitusel \u00f5petatakse etapiliselt koerajuhti (diabeeti p\u00f5devat inimest) koera \u00f5petama. Laste puhul treenib koera lapsevanem, kuid l\u00f5hnat\u00f6\u00f6 \u00f5petamisel on vaja ka lapse osalus. Koolitusel tuleb k\u00e4ia koos koeraga. Viimases moodulis tuleb koeral ja koerajuhil sooritada nii l\u00f5hnat\u00f6\u00f6 kui ka kuulekuse eksam.<\/p>\n\n\n\n<p>H\u00e4sti t\u00f6\u00f6tava h\u00fcpokoera eelduseks on hea kontakt koerajuhiga, seega peab koer olema n\u00f6 pereliige. H\u00fcpokoeraks sobib koer, kes tahab teha inimesega koost\u00f6\u00f6d ning kellel on head eeldused ninat\u00f6\u00f6ks (lihtsam on koertel, kellel on pikem koon). Sobiv vanus koolitamiseks on 3 kuud, kuni 5 eluaastat. Heade eeldustega koera puhul ei ole t\u00f5ug m\u00e4\u00e4rava t\u00e4htsusega. Valides kutsikat plaaniga osaleda ka h\u00fcpokoera koolitusel, on tugevalt soovituslik n\u00f5u pidada h\u00fcpokoerte koolitaja ning kutsika kasvatajaga.<\/p>\n\n\n\n<p>Rohkem infot h\u00fcpokoerte koolitusest <a href=\"https:\/\/diabeedikool.ee\/teenused\/hupokoerte-koolitus\/?portfolioCats=49%2C45\" target=\"_blank\" rel=\"noreferrer noopener\">siit<\/a>.<\/p>\n\n\n\n<figure class=\"wp-block-image size-large\"><img decoding=\"async\" src=\"https:\/\/www.kliinikum.ee\/diabeet\/wp-content\/uploads\/2023\/06\/IMG_8323-1024x683.jpg\" alt=\"\"\/><\/figure>\n","protected":false},"excerpt":{"rendered":"<p>H\u00fcpokoer ehk diabeedi abikoer on diabeeti p\u00f5deva inimese koer, kes on \u00f5petatud l\u00f5hna j\u00e4rgi \u00e4ra tundma koerajuhi madalat veresuhkrut ning sellest talle m\u00e4rku andma (markeerima). Markeerimise viise on erinevaid s\u00f5ltuvalt koera suurusest ja diabeeti p\u00f5deva inimese erip\u00e4radest, kuid enim levinud on ninaga tonksamine v\u00f5i m\u00e4rguandmine k\u00e4paga. Lisaks \u00f5petatakse koera madala veresuhkru korral tooma enda koerajuhile [&hellip;]<\/p>\n","protected":false},"author":34,"featured_media":0,"parent":5848,"menu_order":4,"comment_status":"closed","ping_status":"closed","template":"","meta":{"_acf_changed":false,"_uag_custom_page_level_css":"","footnotes":""},"class_list":["post-6018","page","type-page","status-publish","hentry"],"acf":[],"yoast_head":"<!-- This site is optimized with the Yoast SEO plugin v27.3 - https:\/\/yoast.com\/product\/yoast-seo-wordpress\/ -->\n<title>H\u00fcpokoer - Diabeedikeskus<\/title>\n<meta name=\"robots\" content=\"index, follow, max-snippet:-1, max-image-preview:large, max-video-preview:-1\" \/>\n<link rel=\"canonical\" href=\"https:\/\/www.kliinikum.ee\/diabeet\/elu-diabeediga\/hupokoer\/\" \/>\n<meta property=\"og:locale\" content=\"et_EE\" \/>\n<meta property=\"og:type\" content=\"article\" \/>\n<meta property=\"og:title\" content=\"H\u00fcpokoer - Diabeedikeskus\" \/>\n<meta property=\"og:description\" content=\"H\u00fcpokoer ehk diabeedi abikoer on diabeeti p\u00f5deva inimese koer, kes on \u00f5petatud l\u00f5hna j\u00e4rgi \u00e4ra tundma koerajuhi madalat veresuhkrut ning sellest talle m\u00e4rku andma (markeerima). Markeerimise viise on erinevaid s\u00f5ltuvalt koera suurusest ja diabeeti p\u00f5deva inimese erip\u00e4radest, kuid enim levinud on ninaga tonksamine v\u00f5i m\u00e4rguandmine k\u00e4paga. Lisaks \u00f5petatakse koera madala veresuhkru korral tooma enda koerajuhile [&hellip;]\" \/>\n<meta property=\"og:url\" content=\"https:\/\/www.kliinikum.ee\/diabeet\/elu-diabeediga\/hupokoer\/\" \/>\n<meta property=\"og:site_name\" content=\"Diabeedikeskus\" \/>\n<meta property=\"article:modified_time\" content=\"2023-10-29T14:20:53+00:00\" \/>\n<meta property=\"og:image\" content=\"https:\/\/www.kliinikum.ee\/diabeet\/wp-content\/uploads\/2023\/06\/IMG_8323-1024x683.jpg\" \/>\n<meta name=\"twitter:card\" content=\"summary_large_image\" \/>\n<meta name=\"twitter:label1\" content=\"Est. reading time\" \/>\n\t<meta name=\"twitter:data1\" content=\"2 minutit\" \/>\n<script type=\"application\/ld+json\" class=\"yoast-schema-graph\">{\"@context\":\"https:\\\/\\\/schema.org\",\"@graph\":[{\"@type\":\"WebPage\",\"@id\":\"https:\\\/\\\/www.kliinikum.ee\\\/diabeet\\\/elu-diabeediga\\\/hupokoer\\\/\",\"url\":\"https:\\\/\\\/www.kliinikum.ee\\\/diabeet\\\/elu-diabeediga\\\/hupokoer\\\/\",\"name\":\"H\u00fcpokoer - Diabeedikeskus\",\"isPartOf\":{\"@id\":\"https:\\\/\\\/www.kliinikum.ee\\\/diabeet\\\/#website\"},\"primaryImageOfPage\":{\"@id\":\"https:\\\/\\\/www.kliinikum.ee\\\/diabeet\\\/elu-diabeediga\\\/hupokoer\\\/#primaryimage\"},\"image\":{\"@id\":\"https:\\\/\\\/www.kliinikum.ee\\\/diabeet\\\/elu-diabeediga\\\/hupokoer\\\/#primaryimage\"},\"thumbnailUrl\":\"https:\\\/\\\/www.kliinikum.ee\\\/diabeet\\\/wp-content\\\/uploads\\\/2023\\\/06\\\/IMG_8323-1024x683.jpg\",\"datePublished\":\"2023-05-31T09:52:07+00:00\",\"dateModified\":\"2023-10-29T14:20:53+00:00\",\"breadcrumb\":{\"@id\":\"https:\\\/\\\/www.kliinikum.ee\\\/diabeet\\\/elu-diabeediga\\\/hupokoer\\\/#breadcrumb\"},\"inLanguage\":\"et\",\"potentialAction\":[{\"@type\":\"ReadAction\",\"target\":[\"https:\\\/\\\/www.kliinikum.ee\\\/diabeet\\\/elu-diabeediga\\\/hupokoer\\\/\"]}]},{\"@type\":\"ImageObject\",\"inLanguage\":\"et\",\"@id\":\"https:\\\/\\\/www.kliinikum.ee\\\/diabeet\\\/elu-diabeediga\\\/hupokoer\\\/#primaryimage\",\"url\":\"https:\\\/\\\/www.kliinikum.ee\\\/diabeet\\\/wp-content\\\/uploads\\\/2023\\\/06\\\/IMG_8323-scaled.jpg\",\"contentUrl\":\"https:\\\/\\\/www.kliinikum.ee\\\/diabeet\\\/wp-content\\\/uploads\\\/2023\\\/06\\\/IMG_8323-scaled.jpg\",\"width\":2560,\"height\":1706},{\"@type\":\"BreadcrumbList\",\"@id\":\"https:\\\/\\\/www.kliinikum.ee\\\/diabeet\\\/elu-diabeediga\\\/hupokoer\\\/#breadcrumb\",\"itemListElement\":[{\"@type\":\"ListItem\",\"position\":1,\"name\":\"Home\",\"item\":\"https:\\\/\\\/www.kliinikum.ee\\\/diabeet\\\/\"},{\"@type\":\"ListItem\",\"position\":2,\"name\":\"Elu diabeediga\",\"item\":\"https:\\\/\\\/www.kliinikum.ee\\\/diabeet\\\/elu-diabeediga\\\/\"},{\"@type\":\"ListItem\",\"position\":3,\"name\":\"H\u00fcpokoer\"}]},{\"@type\":\"WebSite\",\"@id\":\"https:\\\/\\\/www.kliinikum.ee\\\/diabeet\\\/#website\",\"url\":\"https:\\\/\\\/www.kliinikum.ee\\\/diabeet\\\/\",\"name\":\"Diabeedikeskus\",\"description\":\"\",\"potentialAction\":[{\"@type\":\"SearchAction\",\"target\":{\"@type\":\"EntryPoint\",\"urlTemplate\":\"https:\\\/\\\/www.kliinikum.ee\\\/diabeet\\\/?s={search_term_string}\"},\"query-input\":{\"@type\":\"PropertyValueSpecification\",\"valueRequired\":true,\"valueName\":\"search_term_string\"}}],\"inLanguage\":\"et\"}]}<\/script>\n<!-- \/ Yoast SEO plugin. -->","yoast_head_json":{"title":"H\u00fcpokoer - Diabeedikeskus","robots":{"index":"index","follow":"follow","max-snippet":"max-snippet:-1","max-image-preview":"max-image-preview:large","max-video-preview":"max-video-preview:-1"},"canonical":"https:\/\/www.kliinikum.ee\/diabeet\/elu-diabeediga\/hupokoer\/","og_locale":"et_EE","og_type":"article","og_title":"H\u00fcpokoer - Diabeedikeskus","og_description":"H\u00fcpokoer ehk diabeedi abikoer on diabeeti p\u00f5deva inimese koer, kes on \u00f5petatud l\u00f5hna j\u00e4rgi \u00e4ra tundma koerajuhi madalat veresuhkrut ning sellest talle m\u00e4rku andma (markeerima). Markeerimise viise on erinevaid s\u00f5ltuvalt koera suurusest ja diabeeti p\u00f5deva inimese erip\u00e4radest, kuid enim levinud on ninaga tonksamine v\u00f5i m\u00e4rguandmine k\u00e4paga. Lisaks \u00f5petatakse koera madala veresuhkru korral tooma enda koerajuhile [&hellip;]","og_url":"https:\/\/www.kliinikum.ee\/diabeet\/elu-diabeediga\/hupokoer\/","og_site_name":"Diabeedikeskus","article_modified_time":"2023-10-29T14:20:53+00:00","og_image":[{"url":"https:\/\/www.kliinikum.ee\/diabeet\/wp-content\/uploads\/2023\/06\/IMG_8323-1024x683.jpg","type":"","width":"","height":""}],"twitter_card":"summary_large_image","twitter_misc":{"Est. reading time":"2 minutit"},"schema":{"@context":"https:\/\/schema.org","@graph":[{"@type":"WebPage","@id":"https:\/\/www.kliinikum.ee\/diabeet\/elu-diabeediga\/hupokoer\/","url":"https:\/\/www.kliinikum.ee\/diabeet\/elu-diabeediga\/hupokoer\/","name":"H\u00fcpokoer - Diabeedikeskus","isPartOf":{"@id":"https:\/\/www.kliinikum.ee\/diabeet\/#website"},"primaryImageOfPage":{"@id":"https:\/\/www.kliinikum.ee\/diabeet\/elu-diabeediga\/hupokoer\/#primaryimage"},"image":{"@id":"https:\/\/www.kliinikum.ee\/diabeet\/elu-diabeediga\/hupokoer\/#primaryimage"},"thumbnailUrl":"https:\/\/www.kliinikum.ee\/diabeet\/wp-content\/uploads\/2023\/06\/IMG_8323-1024x683.jpg","datePublished":"2023-05-31T09:52:07+00:00","dateModified":"2023-10-29T14:20:53+00:00","breadcrumb":{"@id":"https:\/\/www.kliinikum.ee\/diabeet\/elu-diabeediga\/hupokoer\/#breadcrumb"},"inLanguage":"et","potentialAction":[{"@type":"ReadAction","target":["https:\/\/www.kliinikum.ee\/diabeet\/elu-diabeediga\/hupokoer\/"]}]},{"@type":"ImageObject","inLanguage":"et","@id":"https:\/\/www.kliinikum.ee\/diabeet\/elu-diabeediga\/hupokoer\/#primaryimage","url":"https:\/\/www.kliinikum.ee\/diabeet\/wp-content\/uploads\/2023\/06\/IMG_8323-scaled.jpg","contentUrl":"https:\/\/www.kliinikum.ee\/diabeet\/wp-content\/uploads\/2023\/06\/IMG_8323-scaled.jpg","width":2560,"height":1706},{"@type":"BreadcrumbList","@id":"https:\/\/www.kliinikum.ee\/diabeet\/elu-diabeediga\/hupokoer\/#breadcrumb","itemListElement":[{"@type":"ListItem","position":1,"name":"Home","item":"https:\/\/www.kliinikum.ee\/diabeet\/"},{"@type":"ListItem","position":2,"name":"Elu diabeediga","item":"https:\/\/www.kliinikum.ee\/diabeet\/elu-diabeediga\/"},{"@type":"ListItem","position":3,"name":"H\u00fcpokoer"}]},{"@type":"WebSite","@id":"https:\/\/www.kliinikum.ee\/diabeet\/#website","url":"https:\/\/www.kliinikum.ee\/diabeet\/","name":"Diabeedikeskus","description":"","potentialAction":[{"@type":"SearchAction","target":{"@type":"EntryPoint","urlTemplate":"https:\/\/www.kliinikum.ee\/diabeet\/?s={search_term_string}"},"query-input":{"@type":"PropertyValueSpecification","valueRequired":true,"valueName":"search_term_string"}}],"inLanguage":"et"}]}},"uagb_featured_image_src":{"full":false,"thumbnail":false,"medium":false,"medium_large":false,"large":false,"1536x1536":false,"2048x2048":false},"uagb_author_info":{"display_name":"Jane Freimann","author_link":"https:\/\/www.kliinikum.ee\/diabeet\/author\/janef\/"},"uagb_comment_info":0,"uagb_excerpt":"H\u00fcpokoer ehk diabeedi abikoer on diabeeti p\u00f5deva inimese koer, kes on \u00f5petatud l\u00f5hna j\u00e4rgi \u00e4ra tundma koerajuhi madalat veresuhkrut ning sellest talle m\u00e4rku andma (markeerima). Markeerimise viise on erinevaid s\u00f5ltuvalt koera suurusest ja diabeeti p\u00f5deva inimese erip\u00e4radest, kuid enim levinud on ninaga tonksamine v\u00f5i m\u00e4rguandmine k\u00e4paga. Lisaks \u00f5petatakse koera madala veresuhkru korral tooma enda koerajuhile&hellip;","_links":{"self":[{"href":"https:\/\/www.kliinikum.ee\/diabeet\/wp-json\/wp\/v2\/pages\/6018","targetHints":{"allow":["GET"]}}],"collection":[{"href":"https:\/\/www.kliinikum.ee\/diabeet\/wp-json\/wp\/v2\/pages"}],"about":[{"href":"https:\/\/www.kliinikum.ee\/diabeet\/wp-json\/wp\/v2\/types\/page"}],"author":[{"embeddable":true,"href":"https:\/\/www.kliinikum.ee\/diabeet\/wp-json\/wp\/v2\/users\/34"}],"replies":[{"embeddable":true,"href":"https:\/\/www.kliinikum.ee\/diabeet\/wp-json\/wp\/v2\/comments?post=6018"}],"version-history":[{"count":0,"href":"https:\/\/www.kliinikum.ee\/diabeet\/wp-json\/wp\/v2\/pages\/6018\/revisions"}],"up":[{"embeddable":true,"href":"https:\/\/www.kliinikum.ee\/diabeet\/wp-json\/wp\/v2\/pages\/5848"}],"wp:attachment":[{"href":"https:\/\/www.kliinikum.ee\/diabeet\/wp-json\/wp\/v2\/media?parent=6018"}],"curies":[{"name":"wp","href":"https:\/\/api.w.org\/{rel}","templated":true}]}}