{"id":5849,"date":"2023-04-26T11:24:55","date_gmt":"2023-04-26T09:24:55","guid":{"rendered":"https:\/\/www.kliinikum.ee\/eetikakomitee\/?page_id=5849"},"modified":"2025-08-29T08:42:51","modified_gmt":"2025-08-29T06:42:51","slug":"pohimaarus","status":"publish","type":"page","link":"https:\/\/www.kliinikum.ee\/eetikakomitee\/pohimaarus\/","title":{"rendered":"P\u00f5him\u00e4\u00e4rus"},"content":{"rendered":"\n<p><strong>Sihtasutuse Tartu \u00dclikooli Kliinikum kliinilise eetika komitee p\u00f5him\u00e4\u00e4rus<\/strong><\/p>\n\n\n\n<p class=\"has-text-align-right\">KINNITATUD<br>SA Tartu \u00dclikooli Kliinikum juhatuse <br>19.08.2025 otsusega nr 1.3-1\/151<\/p>\n\n\n\n<ol class=\"wp-block-list\">\n<li>\u00dcLDS\u00c4TTED<br>1.1. K\u00e4esolevas p\u00f5him\u00e4\u00e4ruses m\u00e4\u00e4ratakse kindlaks sihtasutuse Tartu \u00dclikooli Kliinikum (edaspidi Kliinikum) kliinilise eetika komitee (edaspidi Komitee) tegevuse eesm\u00e4rgid, p\u00e4devus, \u00fclesanded, juhtimise ja t\u00f6\u00f6korralduse alused, finantseerimise ja aruandluse, tegevuse alustamise ja l\u00f5petamise kord.<br>1.2. Komitee on Kliinikumi juures tegutsev oma otsustes s\u00f5ltumatu n\u00f5uandev \u00fchiskondlik kogu.<br>1.3. Komitee juhindub oma tegevuses Eesti Vabariigi seadustest, Kliinikumi p\u00f5hikirjast, k\u00e4esolevast p\u00f5him\u00e4\u00e4rusest, \u00fcldtunnustatud bioeetika alastest p\u00f5him\u00f5tetest ning dokumentidest, eelk\u00f5ige Euroopa N\u00f5ukogu Inim\u00f5iguste ja Biomeditsiini Konventsioonist ning selle lisaprotokollidest, Maailma Arstide Liidu Helsingi deklaratsioonist, UNESCO inim\u00f5iguste \u00fclddeklaratsioonist ning Euroopa Parlamendi ja n\u00f5ukogu m\u00e4\u00e4rusest (EL) 2016\/679 (isikuandmete kaitse \u00fcldm\u00e4\u00e4rus).<\/li>\n<\/ol>\n\n\n\n<ol start=\"2\" class=\"wp-block-list\">\n<li>KOMITEE MISSIOON JA EESM\u00c4RGID<br>2.1. Komitee missioon on oma tegevuses erapooletult aidata kaasa eetiliste v\u00e4\u00e4rtuste j\u00e4rgimisele Kliinikumis.<br>2.2. Komitee eesm\u00e4rkideks on:<br>2.2.1. m\u00e4\u00e4ratleda Kliinikumi tegevusega seotud eetilisi probleeme ja pakkuda neile lahendusi;<br>2.2.2. kujundada Kliinikumi personali eetilisi hoiakuid;<br>2.2.3. toetada usalduslikke suhteid Kliinikumi personali omavahelises l\u00e4vimises eesm\u00e4rgiga tagada lugupidav kollegiaalne suhtlus;<br>2.2.4. toetada eetilisi ja usalduslikke suhteid patsientide, nende omaste ja Kliinikumi personali vahel.<\/li>\n<\/ol>\n\n\n\n<ol start=\"3\" class=\"wp-block-list\">\n<li>KOMITEE \u00d5IGUSED<br>3.1. Komiteel on \u00f5igus:<br>3.1.1. korraldada oma tegevust p\u00f5him\u00e4\u00e4ruses s\u00e4testatud ulatuses;<br>3.1.2. uurida ja teha ettepanekuid Kliinikumi ravi-, \u00f5ppe- ja teadust\u00f6\u00f6s esile kerkinud eetiliste probleemide lahendamiseks;<br>3.1.3. saada vajalikku teavet Kliinikumi all\u00fcksustelt ja t\u00f6\u00f6tajatelt esile kerkinud eetikaprobleemide lahendamiseks;<br>3.1.4. moodustada komisjone erik\u00fcsimuste k\u00e4sitlemiseks;<br>3.1.5. kaasata vajadusel oma tegevusse kitsamate erialade, \u00fchiskondlike organisatsioonide ja \u00fchenduste esindajaid.<\/li>\n<\/ol>\n\n\n\n<ol start=\"4\" class=\"wp-block-list\">\n<li>KOMITEE \u00dcLESANDED<br>4.1. Komitee p\u00f5hi\u00fclesandeks on Kliinikumis ravi-, \u00f5ppe- ja teadust\u00f6\u00f6s esile kerkivate eetiliste  probleemide ennetamine ja lahendamine.<br>4.2. Komitee \u00fclesanneteks eetiliste probleemide ennetamisel on:<br>4.2.1. harida Kliinikumi personali eetika k\u00fcsimustes;<br>4.2.2. korraldada eetikaalaseid konverentse ja seminare;<br>4.2.3. tutvustada eetika probleeme laiemale \u00fcldsusele vastavuses kommunikatsioonistrateegiaga (PKL-231);<br>4.2.4. t\u00f6\u00f6tada v\u00e4lja juhtn\u00f6\u00f6re eetiliselt tundlike olukordade ja valdkondade kohta.<br>4.3. Komitee \u00fclesanneteks eetiliste probleemide lahendamisel on:<br>4.3.1. uurida eetiliste probleemide tausta ja m\u00e4\u00e4ratleda nende olemus;<br>4.3.2. kujundada arvamusi eetikaprobleemidega seotud juhtudel;<br>4.3.3. n\u00f5ustada eetikaprobleemide lahendamisega seotud isikuid;<br>4.3.4. teha ettepanekuid Kliinikumi juhatusele, struktuuri\u00fcksuste juhtidele ja t\u00f6\u00f6tajatele eetiliste probleemide lahendamiseks.<\/li>\n<\/ol>\n\n\n\n<ol start=\"5\" class=\"wp-block-list\">\n<li>KOMITEE KOOSSEIS<br>5.1. Komitee koosseisus on 10 kuni 15 liiget.<br>5.2. Komitee liikmetelt eeldatakse erialast kompetentsi ja teadmisi meditsiinieetikast.<br>5.3. Komitee koosseisu kuuluvad soovituslikult arstkonna esindajad, \u00f5endust\u00f6\u00f6tajate esindajad, patsiendi esindaja, eetika alase v\u00e4lja\u00f5ppega isik ja \u00f5igusteadmistega isik.<br>5.4. Vajadusel kaasab komitee oma tegevusse teisi eksperte.<br>5.5. Juhatuse liikmel on \u00f5igus Komitee koosolekutel osaleda. Eriliselt tundlikke v\u00f5i huvide konflikti k\u00e4tkevaid k\u00fcsimusi arutab komitee kinnisel koosolekul.<br>5.6. Kliinikumi juhatus valib eetikakomitee esimehe ja teeb temale ettepaneku komitee moodustamiseks. Valitud eetikakomitee esimees esitab komitee liikmete kandidaadid Kliinikumi juhatusele koosseisu kinnitamiseks.<br>5.7. Komitee liikmed nimetatakse \u00fcldjuhul viieks aastaks.<\/li>\n<\/ol>\n\n\n\n<ol start=\"6\" class=\"wp-block-list\">\n<li>KOMITEE T\u00d6\u00d6KORRALDUS<br>6.1. Komitee valib oma liikmete hulgast aseesimehe.<br>6.2. Komitee t\u00f6\u00f6d juhib esimees, tema \u00e4raolekul aseesimees.<br>6.3. Komitee koosolekud toimuvad \u00fcldjuhul kord kuus, koosolekute l\u00e4biviimise eest vastutab esimees.<br>6.4. Koosolekud v\u00f5ivad toimuda f\u00fc\u00fcsiliselt v\u00f5i kahesuunalise side vahendusel helis ja pildis.<br>6.5. Komitee arutab talle esitatud avaldusi ning Kliinikumi juhatuse ja Komitee liikmete poolt t\u00f5statatud k\u00fcsimusi. Komitee v\u00f5ib arutada ka Kliinikumi sidushaiglate esitatud avaldusi.<br>6.6. Komitee liikmel on kohustus komitee esimeest oma seotusest juhtumiga v\u00f5i v\u00f5imalikust huvide konfliktist teavitada ning arutelust taanduda.<br>6.7. Komitee otsused v\u00f5etakse vastu ja seisukohad kujundatakse \u00fcldjuhul konsensuse alusel.<br>6.8. Komitee on otsustusv\u00f5imeline, kui koosolekust v\u00f5tab osa \u00fcle poole Komitee liikmetest.<br>6.9. Koosolekud protokollib ning muud Komitee tegevuseks vajalikku administratiivset tuge pakub Kliinikumi kantselei t\u00f6\u00f6taja. Protokollid tehakse k\u00e4ttesaadavaks k\u00f5ikidele Komitee liikmetele ja Kliinikumi juhatusele.<\/li>\n<\/ol>\n\n\n\n<ol start=\"7\" class=\"wp-block-list\">\n<li>KOMITEE FINANTSEERIMINE<br>7.1. Komitee t\u00f6\u00f6ga seotud kulud kaetakse komitee tegevuseks eraldatud vahenditest ja v\u00e4ljastpoolt Kliinikumi laekunud vahenditest.<\/li>\n<\/ol>\n\n\n\n<ol start=\"8\" class=\"wp-block-list\">\n<li>KOMITEE ARUANDLUS<br>8.1. Komitee annab oma tegevusest aru Kliinikumi juhatusele \u00fcks kord aastas, juhatuse soovil sagedamini.<\/li>\n<\/ol>\n\n\n\n<ol start=\"9\" class=\"wp-block-list\">\n<li>KOMITEE TEGEVUSE ALUSTAMINE JA L\u00d5PETAMINE<br>9.1. Komitee tegevuse alustab ja l\u00f5petab, p\u00f5him\u00e4\u00e4ruse kinnitab, liikmed nimetab ja kutsub tagasi Kliinikumi juhatus.<\/li>\n<\/ol>\n\n\n\n<p><\/p>\n","protected":false},"excerpt":{"rendered":"<p>Sihtasutuse Tartu \u00dclikooli Kliinikum kliinilise eetika komitee p\u00f5him\u00e4\u00e4rus KINNITATUDSA Tartu \u00dclikooli Kliinikum juhatuse 19.08.2025 otsusega nr 1.3-1\/151<\/p>\n","protected":false},"author":32,"featured_media":0,"parent":0,"menu_order":0,"comment_status":"closed","ping_status":"closed","template":"","meta":{"_acf_changed":false,"_uag_custom_page_level_css":"","footnotes":""},"class_list":["post-5849","page","type-page","status-publish","hentry"],"acf":[],"yoast_head":"<!-- This site is optimized with the Yoast SEO plugin v27.5 - https:\/\/yoast.com\/product\/yoast-seo-wordpress\/ -->\n<title>P\u00f5him\u00e4\u00e4rus - Kliinilise eetika komitee<\/title>\n<meta name=\"robots\" content=\"index, follow, max-snippet:-1, max-image-preview:large, max-video-preview:-1\" \/>\n<link rel=\"canonical\" href=\"https:\/\/www.kliinikum.ee\/eetikakomitee\/pohimaarus\/\" \/>\n<meta property=\"og:locale\" content=\"et_EE\" \/>\n<meta property=\"og:type\" content=\"article\" \/>\n<meta property=\"og:title\" content=\"P\u00f5him\u00e4\u00e4rus - Kliinilise eetika komitee\" \/>\n<meta property=\"og:description\" content=\"Sihtasutuse Tartu \u00dclikooli Kliinikum kliinilise eetika komitee p\u00f5him\u00e4\u00e4rus KINNITATUDSA Tartu \u00dclikooli Kliinikum juhatuse 19.08.2025 otsusega nr 1.3-1\/151\" \/>\n<meta property=\"og:url\" content=\"https:\/\/www.kliinikum.ee\/eetikakomitee\/pohimaarus\/\" \/>\n<meta property=\"og:site_name\" content=\"Kliinilise eetika komitee\" \/>\n<meta property=\"article:modified_time\" content=\"2025-08-29T06:42:51+00:00\" \/>\n<meta name=\"twitter:card\" content=\"summary_large_image\" \/>\n<meta name=\"twitter:label1\" content=\"Est. reading time\" \/>\n\t<meta name=\"twitter:data1\" content=\"4 minutit\" \/>\n<script type=\"application\/ld+json\" class=\"yoast-schema-graph\">{\"@context\":\"https:\\\/\\\/schema.org\",\"@graph\":[{\"@type\":\"WebPage\",\"@id\":\"https:\\\/\\\/www.kliinikum.ee\\\/eetikakomitee\\\/pohimaarus\\\/\",\"url\":\"https:\\\/\\\/www.kliinikum.ee\\\/eetikakomitee\\\/pohimaarus\\\/\",\"name\":\"P\u00f5him\u00e4\u00e4rus - Kliinilise eetika komitee\",\"isPartOf\":{\"@id\":\"https:\\\/\\\/www.kliinikum.ee\\\/eetikakomitee\\\/#website\"},\"datePublished\":\"2023-04-26T09:24:55+00:00\",\"dateModified\":\"2025-08-29T06:42:51+00:00\",\"breadcrumb\":{\"@id\":\"https:\\\/\\\/www.kliinikum.ee\\\/eetikakomitee\\\/pohimaarus\\\/#breadcrumb\"},\"inLanguage\":\"et\",\"potentialAction\":[{\"@type\":\"ReadAction\",\"target\":[\"https:\\\/\\\/www.kliinikum.ee\\\/eetikakomitee\\\/pohimaarus\\\/\"]}]},{\"@type\":\"BreadcrumbList\",\"@id\":\"https:\\\/\\\/www.kliinikum.ee\\\/eetikakomitee\\\/pohimaarus\\\/#breadcrumb\",\"itemListElement\":[{\"@type\":\"ListItem\",\"position\":1,\"name\":\"Home\",\"item\":\"https:\\\/\\\/www.kliinikum.ee\\\/eetikakomitee\\\/\"},{\"@type\":\"ListItem\",\"position\":2,\"name\":\"P\u00f5him\u00e4\u00e4rus\"}]},{\"@type\":\"WebSite\",\"@id\":\"https:\\\/\\\/www.kliinikum.ee\\\/eetikakomitee\\\/#website\",\"url\":\"https:\\\/\\\/www.kliinikum.ee\\\/eetikakomitee\\\/\",\"name\":\"Kliinilise eetika komitee\",\"description\":\"Hoolivus, Uuendusmeelsus, P\u00e4devus ja Usaldusv\u00e4\u00e4rsus\",\"potentialAction\":[{\"@type\":\"SearchAction\",\"target\":{\"@type\":\"EntryPoint\",\"urlTemplate\":\"https:\\\/\\\/www.kliinikum.ee\\\/eetikakomitee\\\/?s={search_term_string}\"},\"query-input\":{\"@type\":\"PropertyValueSpecification\",\"valueRequired\":true,\"valueName\":\"search_term_string\"}}],\"inLanguage\":\"et\"}]}<\/script>\n<!-- \/ Yoast SEO plugin. -->","yoast_head_json":{"title":"P\u00f5him\u00e4\u00e4rus - Kliinilise eetika komitee","robots":{"index":"index","follow":"follow","max-snippet":"max-snippet:-1","max-image-preview":"max-image-preview:large","max-video-preview":"max-video-preview:-1"},"canonical":"https:\/\/www.kliinikum.ee\/eetikakomitee\/pohimaarus\/","og_locale":"et_EE","og_type":"article","og_title":"P\u00f5him\u00e4\u00e4rus - Kliinilise eetika komitee","og_description":"Sihtasutuse Tartu \u00dclikooli Kliinikum kliinilise eetika komitee p\u00f5him\u00e4\u00e4rus KINNITATUDSA Tartu \u00dclikooli Kliinikum juhatuse 19.08.2025 otsusega nr 1.3-1\/151","og_url":"https:\/\/www.kliinikum.ee\/eetikakomitee\/pohimaarus\/","og_site_name":"Kliinilise eetika komitee","article_modified_time":"2025-08-29T06:42:51+00:00","twitter_card":"summary_large_image","twitter_misc":{"Est. reading time":"4 minutit"},"schema":{"@context":"https:\/\/schema.org","@graph":[{"@type":"WebPage","@id":"https:\/\/www.kliinikum.ee\/eetikakomitee\/pohimaarus\/","url":"https:\/\/www.kliinikum.ee\/eetikakomitee\/pohimaarus\/","name":"P\u00f5him\u00e4\u00e4rus - Kliinilise eetika komitee","isPartOf":{"@id":"https:\/\/www.kliinikum.ee\/eetikakomitee\/#website"},"datePublished":"2023-04-26T09:24:55+00:00","dateModified":"2025-08-29T06:42:51+00:00","breadcrumb":{"@id":"https:\/\/www.kliinikum.ee\/eetikakomitee\/pohimaarus\/#breadcrumb"},"inLanguage":"et","potentialAction":[{"@type":"ReadAction","target":["https:\/\/www.kliinikum.ee\/eetikakomitee\/pohimaarus\/"]}]},{"@type":"BreadcrumbList","@id":"https:\/\/www.kliinikum.ee\/eetikakomitee\/pohimaarus\/#breadcrumb","itemListElement":[{"@type":"ListItem","position":1,"name":"Home","item":"https:\/\/www.kliinikum.ee\/eetikakomitee\/"},{"@type":"ListItem","position":2,"name":"P\u00f5him\u00e4\u00e4rus"}]},{"@type":"WebSite","@id":"https:\/\/www.kliinikum.ee\/eetikakomitee\/#website","url":"https:\/\/www.kliinikum.ee\/eetikakomitee\/","name":"Kliinilise eetika komitee","description":"Hoolivus, Uuendusmeelsus, P\u00e4devus ja Usaldusv\u00e4\u00e4rsus","potentialAction":[{"@type":"SearchAction","target":{"@type":"EntryPoint","urlTemplate":"https:\/\/www.kliinikum.ee\/eetikakomitee\/?s={search_term_string}"},"query-input":{"@type":"PropertyValueSpecification","valueRequired":true,"valueName":"search_term_string"}}],"inLanguage":"et"}]}},"uagb_featured_image_src":{"full":false,"thumbnail":false,"medium":false,"medium_large":false,"large":false,"1536x1536":false,"2048x2048":false},"uagb_author_info":{"display_name":"Jane Freimann","author_link":"https:\/\/www.kliinikum.ee\/eetikakomitee\/author\/janef\/"},"uagb_comment_info":0,"uagb_excerpt":"Sihtasutuse Tartu \u00dclikooli Kliinikum kliinilise eetika komitee p\u00f5him\u00e4\u00e4rus KINNITATUDSA Tartu \u00dclikooli Kliinikum juhatuse 19.08.2025 otsusega nr 1.3-1\/151","_links":{"self":[{"href":"https:\/\/www.kliinikum.ee\/eetikakomitee\/wp-json\/wp\/v2\/pages\/5849","targetHints":{"allow":["GET"]}}],"collection":[{"href":"https:\/\/www.kliinikum.ee\/eetikakomitee\/wp-json\/wp\/v2\/pages"}],"about":[{"href":"https:\/\/www.kliinikum.ee\/eetikakomitee\/wp-json\/wp\/v2\/types\/page"}],"author":[{"embeddable":true,"href":"https:\/\/www.kliinikum.ee\/eetikakomitee\/wp-json\/wp\/v2\/users\/32"}],"replies":[{"embeddable":true,"href":"https:\/\/www.kliinikum.ee\/eetikakomitee\/wp-json\/wp\/v2\/comments?post=5849"}],"version-history":[{"count":0,"href":"https:\/\/www.kliinikum.ee\/eetikakomitee\/wp-json\/wp\/v2\/pages\/5849\/revisions"}],"wp:attachment":[{"href":"https:\/\/www.kliinikum.ee\/eetikakomitee\/wp-json\/wp\/v2\/media?parent=5849"}],"curies":[{"name":"wp","href":"https:\/\/api.w.org\/{rel}","templated":true}]}}