{"id":5852,"date":"2023-04-26T11:26:26","date_gmt":"2023-04-26T09:26:26","guid":{"rendered":"https:\/\/www.kliinikum.ee\/eetikakomitee\/?page_id=5852"},"modified":"2025-11-13T14:43:55","modified_gmt":"2025-11-13T12:43:55","slug":"dokumendid","status":"publish","type":"page","link":"https:\/\/www.kliinikum.ee\/eetikakomitee\/dokumendid\/","title":{"rendered":"Dokumendid"},"content":{"rendered":"\n<pre class=\"wp-block-preformatted\">&nbsp;<\/pre>\n\n\n\n<p><a href=\"https:\/\/www.kliinikum.ee\/eetikakomitee\/wp-content\/uploads\/2023\/06\/TKL-181-Kliinikumi-hea-tava-01.pdf\" target=\"_blank\" rel=\"noreferrer noopener\">Kliinikumi hea tava<\/a><\/p>\n\n\n\n<p><a href=\"https:\/\/www.kliinikum.ee\/eetikakomitee\/wp-content\/uploads\/2025\/02\/JKL-101_Kliinikumi_tootaja_kutsealase_tegevuse_eetilised_pohimotted_03.pdf\">Kliinikumi t\u00f6\u00f6taja kutsealase tegevuse eetilised juhised<\/a><\/p>\n\n\n\n<p><a href=\"https:\/\/www.kliinikum.ee\/eetikakomitee\/wp-content\/uploads\/2023\/06\/JKL-100_Kliinikumi_tootaja_kaitumine_suhtlemisel_tookaaslase_patsiendi_ja_tema_lahedastega_02-2.pdf\" target=\"_blank\" rel=\"noreferrer noopener\">Kliinikumi t\u00f6\u00f6taja k\u00e4itumine suhtlemisel t\u00f6\u00f6kaaslase, patsiendiga ja tema l\u00e4hedastega<\/a><\/p>\n\n\n\n<p><\/p>\n","protected":false},"excerpt":{"rendered":"<p>&nbsp; Kliinikumi hea tava Kliinikumi t\u00f6\u00f6taja kutsealase tegevuse eetilised juhised Kliinikumi t\u00f6\u00f6taja k\u00e4itumine suhtlemisel t\u00f6\u00f6kaaslase, patsiendiga ja tema l\u00e4hedastega<\/p>\n","protected":false},"author":32,"featured_media":0,"parent":0,"menu_order":0,"comment_status":"closed","ping_status":"closed","template":"","meta":{"_acf_changed":false,"_uag_custom_page_level_css":"","footnotes":""},"class_list":["post-5852","page","type-page","status-publish","hentry"],"acf":[],"yoast_head":"<!-- This site is optimized with the Yoast SEO plugin v27.3 - https:\/\/yoast.com\/product\/yoast-seo-wordpress\/ -->\n<title>Dokumendid - Kliinilise eetika komitee<\/title>\n<meta name=\"robots\" content=\"index, follow, max-snippet:-1, max-image-preview:large, max-video-preview:-1\" \/>\n<link rel=\"canonical\" href=\"https:\/\/www.kliinikum.ee\/eetikakomitee\/dokumendid\/\" \/>\n<meta property=\"og:locale\" content=\"et_EE\" \/>\n<meta property=\"og:type\" content=\"article\" \/>\n<meta property=\"og:title\" content=\"Dokumendid - Kliinilise eetika komitee\" \/>\n<meta property=\"og:description\" content=\"&nbsp; Kliinikumi hea tava Kliinikumi t\u00f6\u00f6taja kutsealase tegevuse eetilised juhised Kliinikumi t\u00f6\u00f6taja k\u00e4itumine suhtlemisel t\u00f6\u00f6kaaslase, patsiendiga ja tema l\u00e4hedastega\" \/>\n<meta property=\"og:url\" content=\"https:\/\/www.kliinikum.ee\/eetikakomitee\/dokumendid\/\" \/>\n<meta property=\"og:site_name\" content=\"Kliinilise eetika komitee\" \/>\n<meta property=\"article:modified_time\" content=\"2025-11-13T12:43:55+00:00\" \/>\n<meta name=\"twitter:card\" content=\"summary_large_image\" \/>\n<meta name=\"twitter:label1\" content=\"Est. reading time\" \/>\n\t<meta name=\"twitter:data1\" content=\"1 minut\" \/>\n<script type=\"application\/ld+json\" class=\"yoast-schema-graph\">{\"@context\":\"https:\\\/\\\/schema.org\",\"@graph\":[{\"@type\":\"WebPage\",\"@id\":\"https:\\\/\\\/www.kliinikum.ee\\\/eetikakomitee\\\/dokumendid\\\/\",\"url\":\"https:\\\/\\\/www.kliinikum.ee\\\/eetikakomitee\\\/dokumendid\\\/\",\"name\":\"Dokumendid - Kliinilise eetika komitee\",\"isPartOf\":{\"@id\":\"https:\\\/\\\/www.kliinikum.ee\\\/eetikakomitee\\\/#website\"},\"datePublished\":\"2023-04-26T09:26:26+00:00\",\"dateModified\":\"2025-11-13T12:43:55+00:00\",\"breadcrumb\":{\"@id\":\"https:\\\/\\\/www.kliinikum.ee\\\/eetikakomitee\\\/dokumendid\\\/#breadcrumb\"},\"inLanguage\":\"et\",\"potentialAction\":[{\"@type\":\"ReadAction\",\"target\":[\"https:\\\/\\\/www.kliinikum.ee\\\/eetikakomitee\\\/dokumendid\\\/\"]}]},{\"@type\":\"BreadcrumbList\",\"@id\":\"https:\\\/\\\/www.kliinikum.ee\\\/eetikakomitee\\\/dokumendid\\\/#breadcrumb\",\"itemListElement\":[{\"@type\":\"ListItem\",\"position\":1,\"name\":\"Home\",\"item\":\"https:\\\/\\\/www.kliinikum.ee\\\/eetikakomitee\\\/\"},{\"@type\":\"ListItem\",\"position\":2,\"name\":\"Dokumendid\"}]},{\"@type\":\"WebSite\",\"@id\":\"https:\\\/\\\/www.kliinikum.ee\\\/eetikakomitee\\\/#website\",\"url\":\"https:\\\/\\\/www.kliinikum.ee\\\/eetikakomitee\\\/\",\"name\":\"Kliinilise eetika komitee\",\"description\":\"Hoolivus, Uuendusmeelsus, P\u00e4devus ja Usaldusv\u00e4\u00e4rsus\",\"potentialAction\":[{\"@type\":\"SearchAction\",\"target\":{\"@type\":\"EntryPoint\",\"urlTemplate\":\"https:\\\/\\\/www.kliinikum.ee\\\/eetikakomitee\\\/?s={search_term_string}\"},\"query-input\":{\"@type\":\"PropertyValueSpecification\",\"valueRequired\":true,\"valueName\":\"search_term_string\"}}],\"inLanguage\":\"et\"}]}<\/script>\n<!-- \/ Yoast SEO plugin. -->","yoast_head_json":{"title":"Dokumendid - Kliinilise eetika komitee","robots":{"index":"index","follow":"follow","max-snippet":"max-snippet:-1","max-image-preview":"max-image-preview:large","max-video-preview":"max-video-preview:-1"},"canonical":"https:\/\/www.kliinikum.ee\/eetikakomitee\/dokumendid\/","og_locale":"et_EE","og_type":"article","og_title":"Dokumendid - Kliinilise eetika komitee","og_description":"&nbsp; Kliinikumi hea tava Kliinikumi t\u00f6\u00f6taja kutsealase tegevuse eetilised juhised Kliinikumi t\u00f6\u00f6taja k\u00e4itumine suhtlemisel t\u00f6\u00f6kaaslase, patsiendiga ja tema l\u00e4hedastega","og_url":"https:\/\/www.kliinikum.ee\/eetikakomitee\/dokumendid\/","og_site_name":"Kliinilise eetika komitee","article_modified_time":"2025-11-13T12:43:55+00:00","twitter_card":"summary_large_image","twitter_misc":{"Est. reading time":"1 minut"},"schema":{"@context":"https:\/\/schema.org","@graph":[{"@type":"WebPage","@id":"https:\/\/www.kliinikum.ee\/eetikakomitee\/dokumendid\/","url":"https:\/\/www.kliinikum.ee\/eetikakomitee\/dokumendid\/","name":"Dokumendid - Kliinilise eetika komitee","isPartOf":{"@id":"https:\/\/www.kliinikum.ee\/eetikakomitee\/#website"},"datePublished":"2023-04-26T09:26:26+00:00","dateModified":"2025-11-13T12:43:55+00:00","breadcrumb":{"@id":"https:\/\/www.kliinikum.ee\/eetikakomitee\/dokumendid\/#breadcrumb"},"inLanguage":"et","potentialAction":[{"@type":"ReadAction","target":["https:\/\/www.kliinikum.ee\/eetikakomitee\/dokumendid\/"]}]},{"@type":"BreadcrumbList","@id":"https:\/\/www.kliinikum.ee\/eetikakomitee\/dokumendid\/#breadcrumb","itemListElement":[{"@type":"ListItem","position":1,"name":"Home","item":"https:\/\/www.kliinikum.ee\/eetikakomitee\/"},{"@type":"ListItem","position":2,"name":"Dokumendid"}]},{"@type":"WebSite","@id":"https:\/\/www.kliinikum.ee\/eetikakomitee\/#website","url":"https:\/\/www.kliinikum.ee\/eetikakomitee\/","name":"Kliinilise eetika komitee","description":"Hoolivus, Uuendusmeelsus, P\u00e4devus ja Usaldusv\u00e4\u00e4rsus","potentialAction":[{"@type":"SearchAction","target":{"@type":"EntryPoint","urlTemplate":"https:\/\/www.kliinikum.ee\/eetikakomitee\/?s={search_term_string}"},"query-input":{"@type":"PropertyValueSpecification","valueRequired":true,"valueName":"search_term_string"}}],"inLanguage":"et"}]}},"uagb_featured_image_src":{"full":false,"thumbnail":false,"medium":false,"medium_large":false,"large":false,"1536x1536":false,"2048x2048":false},"uagb_author_info":{"display_name":"Jane Freimann","author_link":"https:\/\/www.kliinikum.ee\/eetikakomitee\/author\/janef\/"},"uagb_comment_info":0,"uagb_excerpt":"&nbsp; Kliinikumi hea tava Kliinikumi t\u00f6\u00f6taja kutsealase tegevuse eetilised juhised Kliinikumi t\u00f6\u00f6taja k\u00e4itumine suhtlemisel t\u00f6\u00f6kaaslase, patsiendiga ja tema l\u00e4hedastega","_links":{"self":[{"href":"https:\/\/www.kliinikum.ee\/eetikakomitee\/wp-json\/wp\/v2\/pages\/5852","targetHints":{"allow":["GET"]}}],"collection":[{"href":"https:\/\/www.kliinikum.ee\/eetikakomitee\/wp-json\/wp\/v2\/pages"}],"about":[{"href":"https:\/\/www.kliinikum.ee\/eetikakomitee\/wp-json\/wp\/v2\/types\/page"}],"author":[{"embeddable":true,"href":"https:\/\/www.kliinikum.ee\/eetikakomitee\/wp-json\/wp\/v2\/users\/32"}],"replies":[{"embeddable":true,"href":"https:\/\/www.kliinikum.ee\/eetikakomitee\/wp-json\/wp\/v2\/comments?post=5852"}],"version-history":[{"count":0,"href":"https:\/\/www.kliinikum.ee\/eetikakomitee\/wp-json\/wp\/v2\/pages\/5852\/revisions"}],"wp:attachment":[{"href":"https:\/\/www.kliinikum.ee\/eetikakomitee\/wp-json\/wp\/v2\/media?parent=5852"}],"curies":[{"name":"wp","href":"https:\/\/api.w.org\/{rel}","templated":true}]}}