{"id":11897,"date":"2026-01-07T16:22:55","date_gmt":"2026-01-07T14:22:55","guid":{"rendered":"https:\/\/www.kliinikum.ee\/geneetika\/?page_id=11897"},"modified":"2026-01-14T14:45:55","modified_gmt":"2026-01-14T12:45:55","slug":"vastsundinute-kaasasundinud-haiguste-soeluuringu-infoleht","status":"publish","type":"page","link":"https:\/\/www.kliinikum.ee\/geneetika\/vastsundinute-kaasasundinud-haiguste-soeluuringu-infoleht\/","title":{"rendered":"Vasts\u00fcndinute kaasas\u00fcndinud haiguste s\u00f5eluuring"},"content":{"rendered":"\n<p><i class=\"fas fa-file-invoice\"><\/i> <a href=\"https:\/\/www.kliinikum.ee\/geneetika\/wp-content\/uploads\/2026\/01\/Vastsundinute-kaasasundinud-haiguste-soeluuring_infoleht2026.pdf\">V\u00e4ljatr\u00fcki fail (kahepoolne printimine 2lk lehel, p\u00f6\u00f6re l\u00fchemal serval)<\/a><\/p>\n\n\n\n<p>K\u00f5igile Eestis s\u00fcndinud vasts\u00fcndinuile pakutakse s\u00f5eluuringut 23 erineva kaasas\u00fcndinud haiguse suhtes. Eesti Tervisekassa kindlustust omavatele lastele on see tasuta.<\/p>\n\n\n\n<p><strong>Miks on vasts\u00fcndinute s\u00f5eluuring vajalik?<\/strong><\/p>\n\n\n\n<p>S\u00f5eluuringu eesm\u00e4rk on v\u00f5imalikult varakult avastada teatud p\u00e4rilikud v\u00f5i kaasas\u00fcndinud haigused, mis t\u00e4helepanuta j\u00e4tmisel v\u00f5ivad teie lapse tervist v\u00f5i arengut kahjustada. T\u00f5en\u00e4osus, et s\u00fcndival lapsel on m\u00f5ni p\u00e4rilik v\u00f5i kaasas\u00fcndinud haigus, on 3\u22124%. \u00dche osa nendest haigustest moodustavad p\u00e4rilikud ainevahetushaigused, mille korral h\u00e4irub geenidefekti t\u00f5ttu m\u00f5ne valgu, suhkru, rasvhappe v\u00f5i keemilise ainete tootmine, lammutamine v\u00f5i funktsioon organismis, p\u00f5hjustades lapsel erinevaid tervise- v\u00f5i arenguprobleeme.<\/p>\n\n\n\n<p>S\u00f5eluurimiseta ei ole v\u00f5imalik neid haigusi \u00f5igeaegselt diagnoosida, kuna varased haigustunnused sageli puuduvad v\u00f5i on v\u00e4hem\u00e4rgatavad. Selleks ajaks, kui ilmneb lapse arengu mahaj\u00e4\u00e4mus v\u00f5i muu terviseprobleem, mille alusel arst saab antud haigust kahtlustada, on kahjuks juba tekkinud ka tervisekahjustus, mida sageli ei ole v\u00f5imalik hilisema raviga enam muuta. Seega on haigustest tulenevaid terviseprobleeme v\u00f5imalik \u00e4ra hoida vaid juhul, kui testime k\u00f5iki lapsi ja leiame \u00fcles ravi vajavad lapsed enne haiguss\u00fcmptomite teket. \u00d5igeaegse raviga on enamik probleeme v\u00e4lditavad ja lapse areng kulgeb v\u00f5rdselt eakaaslastega.<\/p>\n\n\n\n<p><strong>Kuidas uuringut tehakse?<\/strong><\/p>\n\n\n\n<p>Protseduur on kiire ja lihtne. \u00c4mmaemand v\u00f5i \u00f5de v\u00f5tab 48\u2212120 elutunni vanuses vasts\u00fcndinult kannast vereproovi spetsiaalsele testkaardile. Seej\u00e4rel saadetakse testkaart SA Tartu \u00dclikooli Kliinikumi geneetika ja personaalmeditsiini kliinikusse, kus tehakse vajalikud anal\u00fc\u00fcsid ning testkaardid s\u00e4ilitatakse n\u00f5uetekohaselt. Liiga vara v\u00f5i peale 7. elup\u00e4eva v\u00f5etud vereproovide korral testi t\u00e4psus v\u00e4heneb ning haiguse diagnoos v\u00f5ib hilineda.<\/p>\n\n\n\n<p>S\u00f5eltestimise kvaliteedi kontrollimiseks ja parandamiseks toimub regulaarne anon\u00fc\u00fcmne andmete anal\u00fc\u00fcs.<\/p>\n\n\n\n<p><strong>Kas minu lapsel on risk nende haiguste suhtes, kui meie suguv\u00f5sas neid haiguseid ei esine?<\/strong><\/p>\n\n\n\n<p>Jah. Reeglina s\u00fcnnivadki uuritavate haigustega lapsed perre, kus varem ei ole haigust esinenud. See risk p\u00fcsib ka siis, kui vanematel on varem s\u00fcndinud \u00fchised terved lapsed. Seega on sageli haige lapse s\u00fcnd perre ootamatu.<\/p>\n\n\n\n<p>Eestis kinnitub igal aastal keskmiselt 13\u221215 lapsel s\u00f5eluuritav haigus.<\/p>\n\n\n\n<p><strong>Kuid mu laps on ju terve\u2026.<\/strong><\/p>\n\n\n\n<p>Uuritavaid haiguseid ei ole seostatud raseduse- v\u00f5i s\u00fcnnitusaegsete probleemidega ja enamik beebisid n\u00e4ivad s\u00fcndides ja esimestel elun\u00e4dalatel t\u00e4iesti terved. Vasts\u00fcndinute s\u00f5eluuring v\u00f5imaldabki diagnoosida haigused enne s\u00fcmptomite avaldumist, et alustada varakult ravi.<\/p>\n\n\n\n<p><strong>Kuidas ma saan s\u00f5eluuringu vastuse?<\/strong><\/p>\n\n\n\n<p>K\u00f5rvalekalleteta tulemuste puhul peresid ega perearste proovi tulemustest eraldi ei teavitata, kuid k\u00f5ik tulemused s\u00e4ilitatakse SA Tartu \u00dclikooli Kliinikumi geneetika ja personaalmeditsiini kliiniku andmebaasis ning edastatakse terviseportaali (terviseportaal.ee).<\/p>\n\n\n\n<p>Kui s\u00f5eluuringu tulemuses esineb haigusseoseline k\u00f5rvalekalle, siis v\u00f5etakse esimesel v\u00f5imalusel lapsevanemate\/perearstiga \u00fchendust, et v\u00f5imalikult kiiresti korraldada kordusuuringud. Seet\u00f5ttu on v\u00e4ga oluline, et testkaardil oleksid vanemate ning perearsti korrektsed kontaktid.<\/p>\n\n\n\n<p><strong>Kas positiivne s\u00f5eluuring t\u00e4hendab, et lapsel on uuritav haigus?<\/strong><\/p>\n\n\n\n<p>Ei. S\u00f5eluuringu eesm\u00e4rk on \u00fcles leida lapsed, kellel on k\u00f5rgem t\u00f5en\u00e4osus uuritava haiguse esinemisele, seega ei t\u00e4henda kordusuuringutele kutsumine automaatselt, et teie laps on haige.<\/p>\n\n\n\n<p><strong>Kas vasts\u00fcndinute s\u00f5eltestimine on kohustuslik?<\/strong><\/p>\n\n\n\n<p>Vasts\u00fcndinute s\u00f5eluuring on v\u00e4ga vajalik, kuid siiski vabatahtlik ning iga lapsevanem otsustab ise oma lapse eest. Kui te keeldute s\u00f5eluuringust, siis on oluline, et informeerite sellest kindlasti ka lapse perearsti.<\/p>\n\n\n\n<p>Vasts\u00fcndinute s\u00f5eluuringut l\u00e4biviiv labor Eestis on rahvusvaheliselt tunnustatud ning osaleb edukalt rahvusvahelistes kvaliteediprogrammides. Kuid siiski v\u00f5ib \u00fcliharva esineda igal s\u00f5eluuringul nii vale-positiivseid kui ka vale-negatiivseid tulemusi, mis t\u00e4hendab, et s\u00f5eltesti tulemuse alusel pakutakse lisauuringuid lapsele, kes on terve; v\u00f5i vastupidi, s\u00f5eltest v\u00f5ib j\u00e4tta k\u00f5rvale lapsed, kellel on kaasas\u00fcndinud p\u00e4rilik haigus. Seet\u00f5ttu, kui teie lapse arstil tekib teie lapsel esinevate probleemide alusel v\u00e4himgi kahtlus vasts\u00fcndinute s\u00f5eluuringul uuritud haiguste suhtes, on \u00f5igustatud uute anal\u00fc\u00fcside tegemine.<\/p>\n\n\n\n<p>Vasts\u00fcndinute s\u00f5eltestimiseks kasutatavaid testkaarte arhiveeritakse v\u00e4hemalt 25 aastaks.<\/p>\n\n\n\n<p><strong>Milliseid haiguseid uuritakse?<\/strong><\/p>\n\n\n\n<ul class=\"wp-block-list\">\n<li>Kaasas\u00fcndinud h\u00fcpot\u00fcreoos<\/li>\n\n\n\n<li>Klassikaline galaktoseemia<\/li>\n\n\n\n<li>Spinaalne lihasatroofia (SMA)<\/li>\n\n\n\n<li>Aminohapete ainevahetush\u00e4ired\n<ul class=\"wp-block-list\">\n<li>Fen\u00fc\u00fclketonuuria<\/li>\n\n\n\n<li>Vahtrasiirupi t\u00f5bi<\/li>\n\n\n\n<li>T\u00fcrosineemia t\u00fc\u00fcp I<\/li>\n\n\n\n<li>Homots\u00fcstinuuria<\/li>\n\n\n\n<li>Arginineemia<\/li>\n\n\n\n<li>Tsitrullineemia t\u00fc\u00fcp I<\/li>\n<\/ul>\n<\/li>\n\n\n\n<li>Vitamiin B12 puudulikkus<\/li>\n\n\n\n<li>Orgaaniliste hapete ainevahetush\u00e4ired\n<ul class=\"wp-block-list\">\n<li>Isovaleriaatatsiduuria<\/li>\n\n\n\n<li>Met\u00fc\u00fclmalonaatatsiduuria<\/li>\n\n\n\n<li>Proprionaatatsiduuria<\/li>\n\n\n\n<li>Glutaraatatsiduuria t\u00fc\u00fcp I<\/li>\n\n\n\n<li>Glutaraatatsiduuria t\u00fc\u00fcp II<\/li>\n<\/ul>\n<\/li>\n\n\n\n<li>Rasvhapete ainevahetush\u00e4ired\n<ul class=\"wp-block-list\">\n<li>Keskmise ahelaga rasvhapete oks\u00fcdatsiooni puudulikkus<\/li>\n\n\n\n<li>Pika ahelaga rasvhapete oks\u00fcdatsiooni puudulikkus<\/li>\n\n\n\n<li>V\u00e4ga pika ahelaga rasvhapete oks\u00fcdatsiooni puudulikkus<\/li>\n\n\n\n<li>Karnitiini transporteri puudulikkus<\/li>\n\n\n\n<li>Karnitiin-ats\u00fc\u00fclkarnitiin translokaasi puudulikkus<\/li>\n\n\n\n<li>Karnitiin palmito\u00fc\u00fcltransferaas I puudulikkus<\/li>\n\n\n\n<li>Karnitiin palmito\u00fc\u00fcltransferaas II puudulikkus<\/li>\n<\/ul>\n<\/li>\n\n\n\n<li>Ts\u00fcstiline fibroos<\/li>\n<\/ul>\n\n\n\n<p>Rohkem infot uuritavate haiguste kohta leiate&nbsp;geneetika ja personaalmeditsiini kliiniku kodulehelt <a href=\"https:\/\/www.kliinikum.ee\/geneetika\/patsiendile\/vastsundinute-soeluuring\/\">https:\/\/www.kliinikum.ee\/geneetika\/patsiendile\/vastsundinute-soeluuring\/<\/a><\/p>\n\n\n<div class=\"wp-block-post-date__modified-date wp-block-post-date\"><time datetime=\"2026-01-14T14:45:55+02:00\">14. jaan. 2026<\/time><\/div>","protected":false},"excerpt":{"rendered":"<p>V\u00e4ljatr\u00fcki fail (kahepoolne printimine 2lk lehel, p\u00f6\u00f6re l\u00fchemal serval) K\u00f5igile Eestis s\u00fcndinud vasts\u00fcndinuile pakutakse s\u00f5eluuringut 23 erineva kaasas\u00fcndinud haiguse suhtes. Eesti Tervisekassa kindlustust omavatele lastele on see tasuta. Miks on vasts\u00fcndinute s\u00f5eluuring vajalik? S\u00f5eluuringu eesm\u00e4rk on v\u00f5imalikult varakult avastada teatud p\u00e4rilikud v\u00f5i kaasas\u00fcndinud haigused, mis t\u00e4helepanuta j\u00e4tmisel v\u00f5ivad teie lapse tervist v\u00f5i arengut kahjustada. T\u00f5en\u00e4osus, [&hellip;]<\/p>\n","protected":false},"author":30,"featured_media":0,"parent":0,"menu_order":0,"comment_status":"closed","ping_status":"closed","template":"","meta":{"_acf_changed":false,"_uag_custom_page_level_css":"","footnotes":""},"class_list":["post-11897","page","type-page","status-publish","hentry"],"acf":[],"yoast_head":"<!-- This site is optimized with the Yoast SEO plugin v27.5 - https:\/\/yoast.com\/product\/yoast-seo-wordpress\/ -->\n<title>Vasts\u00fcndinute kaasas\u00fcndinud haiguste s\u00f5eluuring - Geneetika ja personaalmeditsiini kliinik<\/title>\n<meta name=\"robots\" content=\"index, follow, max-snippet:-1, max-image-preview:large, max-video-preview:-1\" \/>\n<link rel=\"canonical\" href=\"https:\/\/www.kliinikum.ee\/geneetika\/vastsundinute-kaasasundinud-haiguste-soeluuringu-infoleht\/\" \/>\n<meta property=\"og:locale\" content=\"et_EE\" \/>\n<meta property=\"og:type\" content=\"article\" \/>\n<meta property=\"og:title\" content=\"Vasts\u00fcndinute kaasas\u00fcndinud haiguste s\u00f5eluuring - Geneetika ja personaalmeditsiini kliinik\" \/>\n<meta property=\"og:description\" content=\"V\u00e4ljatr\u00fcki fail (kahepoolne printimine 2lk lehel, p\u00f6\u00f6re l\u00fchemal serval) K\u00f5igile Eestis s\u00fcndinud vasts\u00fcndinuile pakutakse s\u00f5eluuringut 23 erineva kaasas\u00fcndinud haiguse suhtes. Eesti Tervisekassa kindlustust omavatele lastele on see tasuta. Miks on vasts\u00fcndinute s\u00f5eluuring vajalik? S\u00f5eluuringu eesm\u00e4rk on v\u00f5imalikult varakult avastada teatud p\u00e4rilikud v\u00f5i kaasas\u00fcndinud haigused, mis t\u00e4helepanuta j\u00e4tmisel v\u00f5ivad teie lapse tervist v\u00f5i arengut kahjustada. T\u00f5en\u00e4osus, [&hellip;]\" \/>\n<meta property=\"og:url\" content=\"https:\/\/www.kliinikum.ee\/geneetika\/vastsundinute-kaasasundinud-haiguste-soeluuringu-infoleht\/\" \/>\n<meta property=\"og:site_name\" content=\"Geneetika ja personaalmeditsiini kliinik\" \/>\n<meta property=\"article:modified_time\" content=\"2026-01-14T12:45:55+00:00\" \/>\n<meta name=\"twitter:card\" content=\"summary_large_image\" \/>\n<meta name=\"twitter:label1\" content=\"Est. reading time\" \/>\n\t<meta name=\"twitter:data1\" content=\"4 minutit\" \/>\n<script type=\"application\/ld+json\" class=\"yoast-schema-graph\">{\"@context\":\"https:\\\/\\\/schema.org\",\"@graph\":[{\"@type\":\"WebPage\",\"@id\":\"https:\\\/\\\/www.kliinikum.ee\\\/geneetika\\\/vastsundinute-kaasasundinud-haiguste-soeluuringu-infoleht\\\/\",\"url\":\"https:\\\/\\\/www.kliinikum.ee\\\/geneetika\\\/vastsundinute-kaasasundinud-haiguste-soeluuringu-infoleht\\\/\",\"name\":\"Vasts\u00fcndinute kaasas\u00fcndinud haiguste s\u00f5eluuring - Geneetika ja personaalmeditsiini kliinik\",\"isPartOf\":{\"@id\":\"https:\\\/\\\/www.kliinikum.ee\\\/geneetika\\\/#website\"},\"datePublished\":\"2026-01-07T14:22:55+00:00\",\"dateModified\":\"2026-01-14T12:45:55+00:00\",\"inLanguage\":\"et\",\"potentialAction\":[{\"@type\":\"ReadAction\",\"target\":[\"https:\\\/\\\/www.kliinikum.ee\\\/geneetika\\\/vastsundinute-kaasasundinud-haiguste-soeluuringu-infoleht\\\/\"]}]},{\"@type\":\"WebSite\",\"@id\":\"https:\\\/\\\/www.kliinikum.ee\\\/geneetika\\\/#website\",\"url\":\"https:\\\/\\\/www.kliinikum.ee\\\/geneetika\\\/\",\"name\":\"Geneetika ja personaalmeditsiini kliinik\",\"description\":\"Hoolivus, Uuendusmeelsus, P\u00e4devus ja Usaldusv\u00e4\u00e4rsus\",\"potentialAction\":[{\"@type\":\"SearchAction\",\"target\":{\"@type\":\"EntryPoint\",\"urlTemplate\":\"https:\\\/\\\/www.kliinikum.ee\\\/geneetika\\\/?s={search_term_string}\"},\"query-input\":{\"@type\":\"PropertyValueSpecification\",\"valueRequired\":true,\"valueName\":\"search_term_string\"}}],\"inLanguage\":\"et\"}]}<\/script>\n<!-- \/ Yoast SEO plugin. -->","yoast_head_json":{"title":"Vasts\u00fcndinute kaasas\u00fcndinud haiguste s\u00f5eluuring - Geneetika ja personaalmeditsiini kliinik","robots":{"index":"index","follow":"follow","max-snippet":"max-snippet:-1","max-image-preview":"max-image-preview:large","max-video-preview":"max-video-preview:-1"},"canonical":"https:\/\/www.kliinikum.ee\/geneetika\/vastsundinute-kaasasundinud-haiguste-soeluuringu-infoleht\/","og_locale":"et_EE","og_type":"article","og_title":"Vasts\u00fcndinute kaasas\u00fcndinud haiguste s\u00f5eluuring - Geneetika ja personaalmeditsiini kliinik","og_description":"V\u00e4ljatr\u00fcki fail (kahepoolne printimine 2lk lehel, p\u00f6\u00f6re l\u00fchemal serval) K\u00f5igile Eestis s\u00fcndinud vasts\u00fcndinuile pakutakse s\u00f5eluuringut 23 erineva kaasas\u00fcndinud haiguse suhtes. Eesti Tervisekassa kindlustust omavatele lastele on see tasuta. Miks on vasts\u00fcndinute s\u00f5eluuring vajalik? S\u00f5eluuringu eesm\u00e4rk on v\u00f5imalikult varakult avastada teatud p\u00e4rilikud v\u00f5i kaasas\u00fcndinud haigused, mis t\u00e4helepanuta j\u00e4tmisel v\u00f5ivad teie lapse tervist v\u00f5i arengut kahjustada. T\u00f5en\u00e4osus, [&hellip;]","og_url":"https:\/\/www.kliinikum.ee\/geneetika\/vastsundinute-kaasasundinud-haiguste-soeluuringu-infoleht\/","og_site_name":"Geneetika ja personaalmeditsiini kliinik","article_modified_time":"2026-01-14T12:45:55+00:00","twitter_card":"summary_large_image","twitter_misc":{"Est. reading time":"4 minutit"},"schema":{"@context":"https:\/\/schema.org","@graph":[{"@type":"WebPage","@id":"https:\/\/www.kliinikum.ee\/geneetika\/vastsundinute-kaasasundinud-haiguste-soeluuringu-infoleht\/","url":"https:\/\/www.kliinikum.ee\/geneetika\/vastsundinute-kaasasundinud-haiguste-soeluuringu-infoleht\/","name":"Vasts\u00fcndinute kaasas\u00fcndinud haiguste s\u00f5eluuring - Geneetika ja personaalmeditsiini kliinik","isPartOf":{"@id":"https:\/\/www.kliinikum.ee\/geneetika\/#website"},"datePublished":"2026-01-07T14:22:55+00:00","dateModified":"2026-01-14T12:45:55+00:00","inLanguage":"et","potentialAction":[{"@type":"ReadAction","target":["https:\/\/www.kliinikum.ee\/geneetika\/vastsundinute-kaasasundinud-haiguste-soeluuringu-infoleht\/"]}]},{"@type":"WebSite","@id":"https:\/\/www.kliinikum.ee\/geneetika\/#website","url":"https:\/\/www.kliinikum.ee\/geneetika\/","name":"Geneetika ja personaalmeditsiini kliinik","description":"Hoolivus, Uuendusmeelsus, P\u00e4devus ja Usaldusv\u00e4\u00e4rsus","potentialAction":[{"@type":"SearchAction","target":{"@type":"EntryPoint","urlTemplate":"https:\/\/www.kliinikum.ee\/geneetika\/?s={search_term_string}"},"query-input":{"@type":"PropertyValueSpecification","valueRequired":true,"valueName":"search_term_string"}}],"inLanguage":"et"}]}},"uagb_featured_image_src":{"full":false,"thumbnail":false,"medium":false,"medium_large":false,"large":false,"1536x1536":false,"2048x2048":false},"uagb_author_info":{"display_name":"K\u00fclli Kevv\u00e4i","author_link":"https:\/\/www.kliinikum.ee\/geneetika\/author\/kyllikev\/"},"uagb_comment_info":0,"uagb_excerpt":"V\u00e4ljatr\u00fcki fail (kahepoolne printimine 2lk lehel, p\u00f6\u00f6re l\u00fchemal serval) K\u00f5igile Eestis s\u00fcndinud vasts\u00fcndinuile pakutakse s\u00f5eluuringut 23 erineva kaasas\u00fcndinud haiguse suhtes. Eesti Tervisekassa kindlustust omavatele lastele on see tasuta. Miks on vasts\u00fcndinute s\u00f5eluuring vajalik? S\u00f5eluuringu eesm\u00e4rk on v\u00f5imalikult varakult avastada teatud p\u00e4rilikud v\u00f5i kaasas\u00fcndinud haigused, mis t\u00e4helepanuta j\u00e4tmisel v\u00f5ivad teie lapse tervist v\u00f5i arengut kahjustada. T\u00f5en\u00e4osus,&hellip;","_links":{"self":[{"href":"https:\/\/www.kliinikum.ee\/geneetika\/wp-json\/wp\/v2\/pages\/11897","targetHints":{"allow":["GET"]}}],"collection":[{"href":"https:\/\/www.kliinikum.ee\/geneetika\/wp-json\/wp\/v2\/pages"}],"about":[{"href":"https:\/\/www.kliinikum.ee\/geneetika\/wp-json\/wp\/v2\/types\/page"}],"author":[{"embeddable":true,"href":"https:\/\/www.kliinikum.ee\/geneetika\/wp-json\/wp\/v2\/users\/30"}],"replies":[{"embeddable":true,"href":"https:\/\/www.kliinikum.ee\/geneetika\/wp-json\/wp\/v2\/comments?post=11897"}],"version-history":[{"count":0,"href":"https:\/\/www.kliinikum.ee\/geneetika\/wp-json\/wp\/v2\/pages\/11897\/revisions"}],"wp:attachment":[{"href":"https:\/\/www.kliinikum.ee\/geneetika\/wp-json\/wp\/v2\/media?parent=11897"}],"curies":[{"name":"wp","href":"https:\/\/api.w.org\/{rel}","templated":true}]}}