{"id":7236,"date":"2023-03-21T12:43:20","date_gmt":"2023-03-21T10:43:20","guid":{"rendered":"https:\/\/www.kliinikum.ee\/geneetika\/?page_id=7236"},"modified":"2025-05-22T09:34:39","modified_gmt":"2025-05-22T07:34:39","slug":"laboriteenused","status":"publish","type":"page","link":"https:\/\/www.kliinikum.ee\/geneetika\/partnerile\/laboriteenused\/","title":{"rendered":"Laboriteenused"},"content":{"rendered":"\n<p class=\"has-contrast-color has-text-color\">T\u00dcK Sekveneerimisklaster kasutab mitmeid j\u00e4rgmise p\u00f5lvkonna sekveneerimise instrumente ning omab t\u00e4ielikult varustatud laborit ja t\u00f6\u00f6tajaid, kes suudavad teostada mitmesuguseid sekveneerimis- ja genot\u00fcpiseerimisrakendusi - alates proovide ettevalmistamisest kuni andmete anal\u00fc\u00fcsimiseni. Labori vastab ISO 15189 kvaliteedistandardile. Teenuseid pakume haiglatele, \u00fclikoolide teadusgruppidele ning biotehnoloogiaettev\u00f5tetele.<\/p>\n\n\n\n<p><strong>Kontakt<\/strong><\/p>\n\n\n\n<p class=\"has-contrast-color has-text-color\">T\u00e4psem teave <a href=\"mailto:Mikk.Tooming@kliinikum.ee\">Mikk.Tooming@kliinikum.ee<\/a><\/p>\n\n\n\n<p><strong>Sekvenaatorid<\/strong><\/p>\n\n\n\n<p>Illumina MiniSeq<br>Illumina NextSeq<br>Illumina NovaSeq X Plus<\/p>\n\n\n\n<p><strong>Genot\u00fcpiseerimine<\/strong><\/p>\n\n\n\n<p>Illumina iScan<br>Illumina IAPS<\/p>\n\n\n\n<p><strong>Toetatavate rakenduste hulka kuuluvad<\/strong>:<\/p>\n\n\n\n<p>Eksoomi sekveneerimine<br>Amplikonide sekveneerimine<br>Kogu genoomi (re)sekveneerimine \/ v\u00e4ikeste genoomide de novo sekveneerimine<br>Transkriptoomi sekveneerimine (totalRNA-seq, mRNA-seq, smallRNA-seq)<br>Kogu genoomi bisulfiitj\u00e4rjestuse m\u00e4\u00e4ramine (DNA met\u00fclatsiooni anal\u00fc\u00fcs)<br>DNA ja valgu koostoimete anal\u00fc\u00fcs (ChIP-seq)<br>Sihtm\u00e4rgistatud sekveneerimine<br>Projektip\u00f5hised lahendused<\/p>\n\n\n\n<p><strong>Laboris rutiinses kasutuses olevad raamatukogude valmistamise kitid<\/strong>:<\/p>\n\n\n\n<p>Illumina DNA Prep with Exome 2.5 Plus Enrichment<br>Illumina DNA PCR-Free<br>Illumina DNA Prep with Enrichment<br>Illumina DNA Prep<br>Illumina Stranded mRNA<br>Illumina RNA Prep with Enrichment<\/p>\n\n\n\n<p><strong>Genot\u00fcpiseerimine<\/strong><\/p>\n\n\n\n<p>Kogu genoomi genot\u00fcpiseerimine<br>PRS genot\u00fcpiseerimine<br>PGx genot\u00fcpiseerimine<br>DNA met\u00fclatsiooni anal\u00fc\u00fcs<br>SNP-de avastamine<br>Kohandatud genot\u00fcpiseerimine<br><\/p>\n\n\n\n<p><strong>Nukleiinhapete eraldamine<\/strong><\/p>\n\n\n\n<p>Nukleiinhapete eraldamine erinevatest proovimaterjalidest. V\u00f5imalik on kasutada t\u00e4isautomaatseid v\u00f5i manuaalseid lahendusi.<\/p>\n\n\n\n<p><strong>Bioinformaatilised teenused<\/strong><\/p>\n\n\n\n<p>Illumina Dragen V4<br>Lisainfo: <a href=\"https:\/\/www.illumina.com\/products\/by-type\/informatics-products\/dragen-secondary-analysis\/pipelines-apps.html\"><strong>LINK<\/strong><\/a><\/p>\n\n\n\n<p>Lisaks laboriteenustele pakume ka andmesalvestuse ja bioinformaatika teenuseid. Teostame demultipleksimist, joondamist, diferentseeritud ekspressiooni anal\u00fc\u00fcsi ja algoritmide koostamist spetsiaalsete lahenduste jaoks bioinformaatilises andmeanal\u00fc\u00fcsis.<\/p>\n\n\n\n<p><strong>Muud seadmed<\/strong>:<\/p>\n\n\n\n<p>Thermo Fisher Scientific Nanodrop One<br>Thermo Fisher Scientific Qubit 4.0 Fluorometer<br>Agilent TapeStation 4200<br>Covaris ML230 fokusseeritud ultrasonikaator<br>qPCR (Roche KAPA, Qiagen, Revvity jt.)<br>Thermo Fisher Scientific Savant SpeedVac DNA 130<\/p>\n","protected":false},"excerpt":{"rendered":"<p>T\u00dcK Sekveneerimisklaster kasutab mitmeid j\u00e4rgmise p\u00f5lvkonna sekveneerimise instrumente ning omab t\u00e4ielikult varustatud laborit ja t\u00f6\u00f6tajaid, kes suudavad teostada mitmesuguseid sekveneerimis- ja genot\u00fcpiseerimisrakendusi - alates proovide ettevalmistamisest kuni andmete anal\u00fc\u00fcsimiseni. Labori vastab ISO 15189 kvaliteedistandardile. Teenuseid pakume haiglatele, \u00fclikoolide teadusgruppidele ning biotehnoloogiaettev\u00f5tetele. Kontakt T\u00e4psem teave Mikk.Tooming@kliinikum.ee Sekvenaatorid Illumina MiniSeqIllumina NextSeqIllumina NovaSeq X Plus Genot\u00fcpiseerimine Illumina iScanIllumina [&hellip;]<\/p>\n","protected":false},"author":36,"featured_media":0,"parent":6661,"menu_order":1,"comment_status":"closed","ping_status":"closed","template":"","meta":{"_acf_changed":false,"_uag_custom_page_level_css":"","footnotes":""},"class_list":["post-7236","page","type-page","status-publish","hentry"],"acf":[],"yoast_head":"<!-- This site is optimized with the Yoast SEO plugin v27.5 - https:\/\/yoast.com\/product\/yoast-seo-wordpress\/ -->\n<title>Laboriteenused - Geneetika ja personaalmeditsiini kliinik<\/title>\n<meta name=\"robots\" content=\"index, follow, max-snippet:-1, max-image-preview:large, max-video-preview:-1\" \/>\n<link rel=\"canonical\" href=\"https:\/\/www.kliinikum.ee\/geneetika\/partnerile\/laboriteenused\/\" \/>\n<meta property=\"og:locale\" content=\"et_EE\" \/>\n<meta property=\"og:type\" content=\"article\" \/>\n<meta property=\"og:title\" content=\"Laboriteenused - Geneetika ja personaalmeditsiini kliinik\" \/>\n<meta property=\"og:description\" content=\"T\u00dcK Sekveneerimisklaster kasutab mitmeid j\u00e4rgmise p\u00f5lvkonna sekveneerimise instrumente ning omab t\u00e4ielikult varustatud laborit ja t\u00f6\u00f6tajaid, kes suudavad teostada mitmesuguseid sekveneerimis- ja genot\u00fcpiseerimisrakendusi - alates proovide ettevalmistamisest kuni andmete anal\u00fc\u00fcsimiseni. Labori vastab ISO 15189 kvaliteedistandardile. Teenuseid pakume haiglatele, \u00fclikoolide teadusgruppidele ning biotehnoloogiaettev\u00f5tetele. Kontakt T\u00e4psem teave Mikk.Tooming@kliinikum.ee Sekvenaatorid Illumina MiniSeqIllumina NextSeqIllumina NovaSeq X Plus Genot\u00fcpiseerimine Illumina iScanIllumina [&hellip;]\" \/>\n<meta property=\"og:url\" content=\"https:\/\/www.kliinikum.ee\/geneetika\/partnerile\/laboriteenused\/\" \/>\n<meta property=\"og:site_name\" content=\"Geneetika ja personaalmeditsiini kliinik\" \/>\n<meta property=\"article:modified_time\" content=\"2025-05-22T07:34:39+00:00\" \/>\n<meta name=\"twitter:card\" content=\"summary_large_image\" \/>\n<meta name=\"twitter:label1\" content=\"Est. reading time\" \/>\n\t<meta name=\"twitter:data1\" content=\"2 minutit\" \/>\n<script type=\"application\/ld+json\" class=\"yoast-schema-graph\">{\"@context\":\"https:\\\/\\\/schema.org\",\"@graph\":[{\"@type\":\"WebPage\",\"@id\":\"https:\\\/\\\/www.kliinikum.ee\\\/geneetika\\\/partnerile\\\/laboriteenused\\\/\",\"url\":\"https:\\\/\\\/www.kliinikum.ee\\\/geneetika\\\/partnerile\\\/laboriteenused\\\/\",\"name\":\"Laboriteenused - Geneetika ja personaalmeditsiini kliinik\",\"isPartOf\":{\"@id\":\"https:\\\/\\\/www.kliinikum.ee\\\/geneetika\\\/#website\"},\"datePublished\":\"2023-03-21T10:43:20+00:00\",\"dateModified\":\"2025-05-22T07:34:39+00:00\",\"breadcrumb\":{\"@id\":\"https:\\\/\\\/www.kliinikum.ee\\\/geneetika\\\/partnerile\\\/laboriteenused\\\/#breadcrumb\"},\"inLanguage\":\"et\",\"potentialAction\":[{\"@type\":\"ReadAction\",\"target\":[\"https:\\\/\\\/www.kliinikum.ee\\\/geneetika\\\/partnerile\\\/laboriteenused\\\/\"]}]},{\"@type\":\"BreadcrumbList\",\"@id\":\"https:\\\/\\\/www.kliinikum.ee\\\/geneetika\\\/partnerile\\\/laboriteenused\\\/#breadcrumb\",\"itemListElement\":[{\"@type\":\"ListItem\",\"position\":1,\"name\":\"Partnerile\",\"item\":\"https:\\\/\\\/www.kliinikum.ee\\\/geneetika\\\/?page_id=6661\"},{\"@type\":\"ListItem\",\"position\":2,\"name\":\"Laboriteenused\"}]},{\"@type\":\"WebSite\",\"@id\":\"https:\\\/\\\/www.kliinikum.ee\\\/geneetika\\\/#website\",\"url\":\"https:\\\/\\\/www.kliinikum.ee\\\/geneetika\\\/\",\"name\":\"Geneetika ja personaalmeditsiini kliinik\",\"description\":\"Hoolivus, Uuendusmeelsus, P\u00e4devus ja Usaldusv\u00e4\u00e4rsus\",\"potentialAction\":[{\"@type\":\"SearchAction\",\"target\":{\"@type\":\"EntryPoint\",\"urlTemplate\":\"https:\\\/\\\/www.kliinikum.ee\\\/geneetika\\\/?s={search_term_string}\"},\"query-input\":{\"@type\":\"PropertyValueSpecification\",\"valueRequired\":true,\"valueName\":\"search_term_string\"}}],\"inLanguage\":\"et\"}]}<\/script>\n<!-- \/ Yoast SEO plugin. -->","yoast_head_json":{"title":"Laboriteenused - Geneetika ja personaalmeditsiini kliinik","robots":{"index":"index","follow":"follow","max-snippet":"max-snippet:-1","max-image-preview":"max-image-preview:large","max-video-preview":"max-video-preview:-1"},"canonical":"https:\/\/www.kliinikum.ee\/geneetika\/partnerile\/laboriteenused\/","og_locale":"et_EE","og_type":"article","og_title":"Laboriteenused - Geneetika ja personaalmeditsiini kliinik","og_description":"T\u00dcK Sekveneerimisklaster kasutab mitmeid j\u00e4rgmise p\u00f5lvkonna sekveneerimise instrumente ning omab t\u00e4ielikult varustatud laborit ja t\u00f6\u00f6tajaid, kes suudavad teostada mitmesuguseid sekveneerimis- ja genot\u00fcpiseerimisrakendusi - alates proovide ettevalmistamisest kuni andmete anal\u00fc\u00fcsimiseni. Labori vastab ISO 15189 kvaliteedistandardile. Teenuseid pakume haiglatele, \u00fclikoolide teadusgruppidele ning biotehnoloogiaettev\u00f5tetele. Kontakt T\u00e4psem teave Mikk.Tooming@kliinikum.ee Sekvenaatorid Illumina MiniSeqIllumina NextSeqIllumina NovaSeq X Plus Genot\u00fcpiseerimine Illumina iScanIllumina [&hellip;]","og_url":"https:\/\/www.kliinikum.ee\/geneetika\/partnerile\/laboriteenused\/","og_site_name":"Geneetika ja personaalmeditsiini kliinik","article_modified_time":"2025-05-22T07:34:39+00:00","twitter_card":"summary_large_image","twitter_misc":{"Est. reading time":"2 minutit"},"schema":{"@context":"https:\/\/schema.org","@graph":[{"@type":"WebPage","@id":"https:\/\/www.kliinikum.ee\/geneetika\/partnerile\/laboriteenused\/","url":"https:\/\/www.kliinikum.ee\/geneetika\/partnerile\/laboriteenused\/","name":"Laboriteenused - Geneetika ja personaalmeditsiini kliinik","isPartOf":{"@id":"https:\/\/www.kliinikum.ee\/geneetika\/#website"},"datePublished":"2023-03-21T10:43:20+00:00","dateModified":"2025-05-22T07:34:39+00:00","breadcrumb":{"@id":"https:\/\/www.kliinikum.ee\/geneetika\/partnerile\/laboriteenused\/#breadcrumb"},"inLanguage":"et","potentialAction":[{"@type":"ReadAction","target":["https:\/\/www.kliinikum.ee\/geneetika\/partnerile\/laboriteenused\/"]}]},{"@type":"BreadcrumbList","@id":"https:\/\/www.kliinikum.ee\/geneetika\/partnerile\/laboriteenused\/#breadcrumb","itemListElement":[{"@type":"ListItem","position":1,"name":"Partnerile","item":"https:\/\/www.kliinikum.ee\/geneetika\/?page_id=6661"},{"@type":"ListItem","position":2,"name":"Laboriteenused"}]},{"@type":"WebSite","@id":"https:\/\/www.kliinikum.ee\/geneetika\/#website","url":"https:\/\/www.kliinikum.ee\/geneetika\/","name":"Geneetika ja personaalmeditsiini kliinik","description":"Hoolivus, Uuendusmeelsus, P\u00e4devus ja Usaldusv\u00e4\u00e4rsus","potentialAction":[{"@type":"SearchAction","target":{"@type":"EntryPoint","urlTemplate":"https:\/\/www.kliinikum.ee\/geneetika\/?s={search_term_string}"},"query-input":{"@type":"PropertyValueSpecification","valueRequired":true,"valueName":"search_term_string"}}],"inLanguage":"et"}]}},"uagb_featured_image_src":{"full":false,"thumbnail":false,"medium":false,"medium_large":false,"large":false,"1536x1536":false,"2048x2048":false},"uagb_author_info":{"display_name":"Jane Freimann","author_link":"https:\/\/www.kliinikum.ee\/geneetika\/author\/janef\/"},"uagb_comment_info":0,"uagb_excerpt":"T\u00dcK Sekveneerimisklaster kasutab mitmeid j\u00e4rgmise p\u00f5lvkonna sekveneerimise instrumente ning omab t\u00e4ielikult varustatud laborit ja t\u00f6\u00f6tajaid, kes suudavad teostada mitmesuguseid sekveneerimis- ja genot\u00fcpiseerimisrakendusi - alates proovide ettevalmistamisest kuni andmete anal\u00fc\u00fcsimiseni. Labori vastab ISO 15189 kvaliteedistandardile. Teenuseid pakume haiglatele, \u00fclikoolide teadusgruppidele ning biotehnoloogiaettev\u00f5tetele. Kontakt T\u00e4psem teave Mikk.Tooming@kliinikum.ee Sekvenaatorid Illumina MiniSeqIllumina NextSeqIllumina NovaSeq X Plus Genot\u00fcpiseerimine Illumina iScanIllumina&hellip;","_links":{"self":[{"href":"https:\/\/www.kliinikum.ee\/geneetika\/wp-json\/wp\/v2\/pages\/7236","targetHints":{"allow":["GET"]}}],"collection":[{"href":"https:\/\/www.kliinikum.ee\/geneetika\/wp-json\/wp\/v2\/pages"}],"about":[{"href":"https:\/\/www.kliinikum.ee\/geneetika\/wp-json\/wp\/v2\/types\/page"}],"author":[{"embeddable":true,"href":"https:\/\/www.kliinikum.ee\/geneetika\/wp-json\/wp\/v2\/users\/36"}],"replies":[{"embeddable":true,"href":"https:\/\/www.kliinikum.ee\/geneetika\/wp-json\/wp\/v2\/comments?post=7236"}],"version-history":[{"count":0,"href":"https:\/\/www.kliinikum.ee\/geneetika\/wp-json\/wp\/v2\/pages\/7236\/revisions"}],"up":[{"embeddable":true,"href":"https:\/\/www.kliinikum.ee\/geneetika\/wp-json\/wp\/v2\/pages\/6661"}],"wp:attachment":[{"href":"https:\/\/www.kliinikum.ee\/geneetika\/wp-json\/wp\/v2\/media?parent=7236"}],"curies":[{"name":"wp","href":"https:\/\/api.w.org\/{rel}","templated":true}]}}