{"id":7385,"date":"2023-04-14T07:40:42","date_gmt":"2023-04-14T05:40:42","guid":{"rendered":"https:\/\/www.kliinikum.ee\/geneetika\/?page_id=7385"},"modified":"2024-10-14T09:50:01","modified_gmt":"2024-10-14T07:50:01","slug":"personaalmeditsiini-osakond","status":"publish","type":"page","link":"https:\/\/www.kliinikum.ee\/geneetika\/kliinikust\/personaalmeditsiini-osakond\/","title":{"rendered":"Personaalmeditsiini osakond"},"content":{"rendered":"\n<p>Personaalmeditsiini osakond loodi uue osakonnana kliiniku loomisel 2022. aasta kevadel. Osakonna eesm\u00e4rgiks on eest vedada erinevaid personaalmeditsiini rakendusprojekte. Osakonna fookusvaldkondadeks on onkogeneetika, farmakogeneetika, geenin\u00f5ustamine, bioinformaatika.<\/p>\n\n\n\n<p><\/p>\n\n\n\n<p>Personaalmeditsiini osakond t\u00f6\u00f6tab tihedas koost\u00f6\u00f6s T\u00dcK ja T\u00dc kliiniliste uuringute keskuse ja T\u00dc meditsiiniteaduste valdkonna ja genoomika instituudiga.<\/p>\n\n\n\n<p><\/p>\n\n\n\n<p>Hetkel k\u00e4imasolevad <a href=\"https:\/\/www.kliinikum.ee\/geneetika\/kliinikust\/teadus-koostoo\/\">projektid<\/a>, kus personaalmeditsiini osakond on osaline:<\/p>\n\n\n\n<ol style=\"list-style-type:1\" class=\"wp-block-list\">\n<li>TeamPerMed - personaalmeditsiini teadus- ja arenduskeskuse loomine. Projekti partnerid on Tartu \u00dclikool, Tartu \u00dclikooli Kliinikum, Helsingi \u00dclikool ja Erasmuse Rotterdami \u00dclikooli meditsiinikeskus.<\/li>\n\n\n\n<li>BRIGHT uuring - <a href=\"https:\/\/brightscreening.eu\/\">https:\/\/brightscreening.eu\/<\/a><\/li>\n\n\n\n<li>PCM4EU - Personalised Cancer Medicine for Europe <a href=\"https:\/\/www.matrix-fkb.no\/en\/pcm4eu\/home\">https:\/\/www.matrix-fkb.no\/en\/pcm4eu\/home<\/a><\/li>\n<\/ol>\n\n\n\n<div style=\"height:100px\" aria-hidden=\"true\" class=\"wp-block-spacer\"><\/div>\n\n\n\n<div class=\"wp-block-columns is-layout-flex wp-container-core-columns-is-layout-28f84493 wp-block-columns-is-layout-flex\">\n<div class=\"wp-block-column is-layout-flow wp-block-column-is-layout-flow\">\n<div class=\"wp-block-columns is-layout-flex wp-container-core-columns-is-layout-28f84493 wp-block-columns-is-layout-flex\">\n<div class=\"wp-block-column is-layout-flow wp-block-column-is-layout-flow\">\n<figure class=\"wp-block-image size-full\"><img loading=\"lazy\" decoding=\"async\" width=\"1181\" height=\"1749\" src=\"https:\/\/www.kliinikum.ee\/geneetika\/wp-content\/uploads\/2023\/08\/Sander-Pajusalu.png\" alt=\"\" class=\"wp-image-10764\" style=\"aspect-ratio:3\/4;object-fit:cover\" srcset=\"https:\/\/www.kliinikum.ee\/geneetika\/wp-content\/uploads\/2023\/08\/Sander-Pajusalu.png 1181w, https:\/\/www.kliinikum.ee\/geneetika\/wp-content\/uploads\/2023\/08\/Sander-Pajusalu-203x300.png 203w, https:\/\/www.kliinikum.ee\/geneetika\/wp-content\/uploads\/2023\/08\/Sander-Pajusalu-691x1024.png 691w, https:\/\/www.kliinikum.ee\/geneetika\/wp-content\/uploads\/2023\/08\/Sander-Pajusalu-768x1137.png 768w, https:\/\/www.kliinikum.ee\/geneetika\/wp-content\/uploads\/2023\/08\/Sander-Pajusalu-1037x1536.png 1037w\" sizes=\"auto, (max-width: 1181px) 100vw, 1181px\" \/><\/figure>\n<\/div>\n\n\n\n<div class=\"wp-block-column is-layout-flow wp-block-column-is-layout-flow\">\n<p><strong>Dr Sander Pajusalu<br><\/strong>vanemarst-\u00f5ppej\u00f5ud meditsiinigeneetika erialal<br><a href=\"https:\/\/www.etis.ee\/CV\/Sander_Pajusalu\/est\" target=\"_blank\" rel=\"noreferrer noopener\">ETIS<\/a><\/p>\n<\/div>\n<\/div>\n<\/div>\n\n\n\n<div class=\"wp-block-column is-layout-flow wp-block-column-is-layout-flow\">\n<div class=\"wp-block-columns is-layout-flex wp-container-core-columns-is-layout-28f84493 wp-block-columns-is-layout-flex\">\n<div class=\"wp-block-column is-layout-flow wp-block-column-is-layout-flow\">\n<figure class=\"wp-block-image size-full\"><img loading=\"lazy\" decoding=\"async\" width=\"360\" height=\"464\" src=\"https:\/\/www.kliinikum.ee\/geneetika\/wp-content\/uploads\/2023\/04\/Neeme-Tonisson.png\" alt=\"\" class=\"wp-image-9001\" style=\"aspect-ratio:3\/4;object-fit:cover\" srcset=\"https:\/\/www.kliinikum.ee\/geneetika\/wp-content\/uploads\/2023\/04\/Neeme-Tonisson.png 360w, https:\/\/www.kliinikum.ee\/geneetika\/wp-content\/uploads\/2023\/04\/Neeme-Tonisson-233x300.png 233w\" sizes=\"auto, (max-width: 360px) 100vw, 360px\" \/><\/figure>\n<\/div>\n\n\n\n<div class=\"wp-block-column is-layout-flow wp-block-column-is-layout-flow\">\n<p><strong>Prof Neeme T\u00f5nisson<\/strong><br>vanemarst-\u00f5ppej\u00f5ud meditsiinigeneetika erialal<br><a href=\"https:\/\/www.etis.ee\/CV\/Neeme_T%C3%B5nisson\/est\" target=\"_blank\" rel=\"noreferrer noopener\">ETIS<\/a><\/p>\n<\/div>\n<\/div>\n<\/div>\n<\/div>\n\n\n\n<div class=\"wp-block-columns is-layout-flex wp-container-core-columns-is-layout-28f84493 wp-block-columns-is-layout-flex\">\n<div class=\"wp-block-column is-layout-flow wp-block-column-is-layout-flow\">\n<div class=\"wp-block-columns is-layout-flex wp-container-core-columns-is-layout-28f84493 wp-block-columns-is-layout-flex\">\n<div class=\"wp-block-column is-layout-flow wp-block-column-is-layout-flow\">\n<figure class=\"wp-block-image size-full\"><img loading=\"lazy\" decoding=\"async\" width=\"110\" height=\"105\" src=\"https:\/\/www.kliinikum.ee\/geneetika\/wp-content\/uploads\/2023\/04\/supergraafika_TUK-e1693221632545.png\" alt=\"\" class=\"wp-image-8995\"\/><\/figure>\n<\/div>\n\n\n\n<div class=\"wp-block-column is-layout-flow wp-block-column-is-layout-flow\">\n<p><strong>Liis Leitsalu<\/strong><br>vanemspetsialist geenin\u00f5ustamise erialal<br><a href=\"https:\/\/www.etis.ee\/CV\/Liis_Leitsalu\/est\/\" target=\"_blank\" rel=\"noreferrer noopener\">ETIS<\/a><\/p>\n<\/div>\n<\/div>\n<\/div>\n\n\n\n<div class=\"wp-block-column is-layout-flow wp-block-column-is-layout-flow\">\n<div class=\"wp-block-columns is-layout-flex wp-container-core-columns-is-layout-28f84493 wp-block-columns-is-layout-flex\">\n<div class=\"wp-block-column is-layout-flow wp-block-column-is-layout-flow\">\n<figure class=\"wp-block-image size-full\"><img loading=\"lazy\" decoding=\"async\" width=\"110\" height=\"105\" src=\"https:\/\/www.kliinikum.ee\/geneetika\/wp-content\/uploads\/2023\/04\/supergraafika_TUK-e1693221632545.png\" alt=\"\" class=\"wp-image-8995\"\/><\/figure>\n<\/div>\n\n\n\n<div class=\"wp-block-column is-layout-flow wp-block-column-is-layout-flow\">\n<p><strong>Anni Lepland<\/strong><br>vanemspetsialist <br><a href=\"https:\/\/www.etis.ee\/CV\/Anni_Lepland\/est\/\" target=\"_blank\" rel=\"noreferrer noopener\">ETIS<\/a><\/p>\n<\/div>\n<\/div>\n<\/div>\n<\/div>\n\n\n\n<div class=\"wp-block-columns is-layout-flex wp-container-core-columns-is-layout-28f84493 wp-block-columns-is-layout-flex\">\n<div class=\"wp-block-column is-layout-flow wp-block-column-is-layout-flow\">\n<div class=\"wp-block-columns is-layout-flex wp-container-core-columns-is-layout-28f84493 wp-block-columns-is-layout-flex\">\n<div class=\"wp-block-column is-layout-flow wp-block-column-is-layout-flow\">\n<figure class=\"wp-block-image size-full\"><img loading=\"lazy\" decoding=\"async\" width=\"110\" height=\"105\" src=\"https:\/\/www.kliinikum.ee\/geneetika\/wp-content\/uploads\/2023\/04\/supergraafika_TUK-e1693221632545.png\" alt=\"\" class=\"wp-image-8995\"\/><\/figure>\n<\/div>\n\n\n\n<div class=\"wp-block-column is-layout-flow wp-block-column-is-layout-flow\">\n<p><strong>Margit N\u00f5ukas<\/strong><br>spetsialist <br><a href=\"https:\/\/www.etis.ee\/CV\/Margit_N%C3%B5ukas\/est\/\" target=\"_blank\" rel=\"noreferrer noopener\">ETIS<\/a><\/p>\n<\/div>\n<\/div>\n<\/div>\n\n\n\n<div class=\"wp-block-column is-layout-flow wp-block-column-is-layout-flow\">\n<div class=\"wp-block-columns is-layout-flex wp-container-core-columns-is-layout-28f84493 wp-block-columns-is-layout-flex\">\n<div class=\"wp-block-column is-layout-flow wp-block-column-is-layout-flow\">\n<figure class=\"wp-block-image size-full\"><img loading=\"lazy\" decoding=\"async\" width=\"110\" height=\"105\" src=\"https:\/\/www.kliinikum.ee\/geneetika\/wp-content\/uploads\/2023\/04\/supergraafika_TUK-e1693221632545.png\" alt=\"\" class=\"wp-image-8995\"\/><\/figure>\n<\/div>\n\n\n\n<div class=\"wp-block-column is-layout-flow wp-block-column-is-layout-flow\">\n<p><strong><strong>Marili Palover<\/strong><\/strong><br>spetsialist <br><a href=\"https:\/\/www.etis.ee\/CV\/Marili_Palover\/est\/\" target=\"_blank\" rel=\"noreferrer noopener\">ETIS<\/a><\/p>\n<\/div>\n<\/div>\n<\/div>\n<\/div>\n\n\n\n<div class=\"wp-block-columns is-layout-flex wp-container-core-columns-is-layout-28f84493 wp-block-columns-is-layout-flex\">\n<div class=\"wp-block-column is-layout-flow wp-block-column-is-layout-flow\">\n<div class=\"wp-block-columns is-layout-flex wp-container-core-columns-is-layout-28f84493 wp-block-columns-is-layout-flex\">\n<div class=\"wp-block-column is-layout-flow wp-block-column-is-layout-flow\">\n<figure class=\"wp-block-image size-full\"><img loading=\"lazy\" decoding=\"async\" width=\"110\" height=\"105\" src=\"https:\/\/www.kliinikum.ee\/geneetika\/wp-content\/uploads\/2023\/04\/supergraafika_TUK-e1693221632545.png\" alt=\"\" class=\"wp-image-8995\"\/><\/figure>\n<\/div>\n\n\n\n<div class=\"wp-block-column is-layout-flow wp-block-column-is-layout-flow\">\n<p><strong>Jaan M\u00e4rten Huik<\/strong><br>laborispetsialist <br><a href=\"https:\/\/www.etis.ee\/CV\/Jaan_M%C3%A4rten_Huik\/est\/\" target=\"_blank\" rel=\"noreferrer noopener\">ETIS<\/a><\/p>\n<\/div>\n<\/div>\n<\/div>\n\n\n\n<div class=\"wp-block-column is-layout-flow wp-block-column-is-layout-flow\">\n<div class=\"wp-block-columns is-layout-flex wp-container-core-columns-is-layout-28f84493 wp-block-columns-is-layout-flex\">\n<div class=\"wp-block-column is-layout-flow wp-block-column-is-layout-flow\">\n<figure class=\"wp-block-image size-full\"><img loading=\"lazy\" decoding=\"async\" width=\"110\" height=\"105\" src=\"https:\/\/www.kliinikum.ee\/geneetika\/wp-content\/uploads\/2023\/04\/supergraafika_TUK-e1693221632545.png\" alt=\"\" class=\"wp-image-8995\"\/><\/figure>\n<\/div>\n\n\n\n<div class=\"wp-block-column is-layout-flow wp-block-column-is-layout-flow\">\n<p><strong><strong>Villem Pata<\/strong><\/strong><br>\u00fcldarst <br><a href=\"https:\/\/www.etis.ee\/CV\/Villem_Pata\/est\/\" target=\"_blank\" rel=\"noreferrer noopener\">ETIS<\/a><\/p>\n<\/div>\n<\/div>\n<\/div>\n<\/div>\n\n\n\n<p><\/p>\n","protected":false},"excerpt":{"rendered":"<p>Personaalmeditsiini osakond loodi uue osakonnana kliiniku loomisel 2022. aasta kevadel. Osakonna eesm\u00e4rgiks on eest vedada erinevaid personaalmeditsiini rakendusprojekte. Osakonna fookusvaldkondadeks on onkogeneetika, farmakogeneetika, geenin\u00f5ustamine, bioinformaatika. Personaalmeditsiini osakond t\u00f6\u00f6tab tihedas koost\u00f6\u00f6s T\u00dcK ja T\u00dc kliiniliste uuringute keskuse ja T\u00dc meditsiiniteaduste valdkonna ja genoomika instituudiga. Hetkel k\u00e4imasolevad projektid, kus personaalmeditsiini osakond on osaline: Dr Sander Pajusaluvanemarst-\u00f5ppej\u00f5ud meditsiinigeneetika [&hellip;]<\/p>\n","protected":false},"author":30,"featured_media":0,"parent":17,"menu_order":4,"comment_status":"closed","ping_status":"closed","template":"","meta":{"_acf_changed":false,"_uag_custom_page_level_css":"","footnotes":""},"class_list":["post-7385","page","type-page","status-publish","hentry"],"acf":[],"yoast_head":"<!-- This site is optimized with the Yoast SEO plugin v27.3 - https:\/\/yoast.com\/product\/yoast-seo-wordpress\/ -->\n<title>Personaalmeditsiini osakond - Geneetika ja personaalmeditsiini kliinik<\/title>\n<meta name=\"robots\" content=\"index, follow, max-snippet:-1, max-image-preview:large, max-video-preview:-1\" \/>\n<link rel=\"canonical\" href=\"https:\/\/www.kliinikum.ee\/geneetika\/kliinikust\/personaalmeditsiini-osakond\/\" \/>\n<meta property=\"og:locale\" content=\"et_EE\" \/>\n<meta property=\"og:type\" content=\"article\" \/>\n<meta property=\"og:title\" content=\"Personaalmeditsiini osakond - Geneetika ja personaalmeditsiini kliinik\" \/>\n<meta property=\"og:description\" content=\"Personaalmeditsiini osakond loodi uue osakonnana kliiniku loomisel 2022. aasta kevadel. Osakonna eesm\u00e4rgiks on eest vedada erinevaid personaalmeditsiini rakendusprojekte. Osakonna fookusvaldkondadeks on onkogeneetika, farmakogeneetika, geenin\u00f5ustamine, bioinformaatika. Personaalmeditsiini osakond t\u00f6\u00f6tab tihedas koost\u00f6\u00f6s T\u00dcK ja T\u00dc kliiniliste uuringute keskuse ja T\u00dc meditsiiniteaduste valdkonna ja genoomika instituudiga. Hetkel k\u00e4imasolevad projektid, kus personaalmeditsiini osakond on osaline: Dr Sander Pajusaluvanemarst-\u00f5ppej\u00f5ud meditsiinigeneetika [&hellip;]\" \/>\n<meta property=\"og:url\" content=\"https:\/\/www.kliinikum.ee\/geneetika\/kliinikust\/personaalmeditsiini-osakond\/\" \/>\n<meta property=\"og:site_name\" content=\"Geneetika ja personaalmeditsiini kliinik\" \/>\n<meta property=\"article:modified_time\" content=\"2024-10-14T07:50:01+00:00\" \/>\n<meta property=\"og:image\" content=\"https:\/\/www.kliinikum.ee\/geneetika\/wp-content\/uploads\/2023\/08\/Sander-Pajusalu.png\" \/>\n<meta name=\"twitter:card\" content=\"summary_large_image\" \/>\n<meta name=\"twitter:label1\" content=\"Est. reading time\" \/>\n\t<meta name=\"twitter:data1\" content=\"3 minutit\" \/>\n<script type=\"application\/ld+json\" class=\"yoast-schema-graph\">{\"@context\":\"https:\\\/\\\/schema.org\",\"@graph\":[{\"@type\":\"WebPage\",\"@id\":\"https:\\\/\\\/www.kliinikum.ee\\\/geneetika\\\/kliinikust\\\/personaalmeditsiini-osakond\\\/\",\"url\":\"https:\\\/\\\/www.kliinikum.ee\\\/geneetika\\\/kliinikust\\\/personaalmeditsiini-osakond\\\/\",\"name\":\"Personaalmeditsiini osakond - Geneetika ja personaalmeditsiini kliinik\",\"isPartOf\":{\"@id\":\"https:\\\/\\\/www.kliinikum.ee\\\/geneetika\\\/#website\"},\"primaryImageOfPage\":{\"@id\":\"https:\\\/\\\/www.kliinikum.ee\\\/geneetika\\\/kliinikust\\\/personaalmeditsiini-osakond\\\/#primaryimage\"},\"image\":{\"@id\":\"https:\\\/\\\/www.kliinikum.ee\\\/geneetika\\\/kliinikust\\\/personaalmeditsiini-osakond\\\/#primaryimage\"},\"thumbnailUrl\":\"https:\\\/\\\/www.kliinikum.ee\\\/geneetika\\\/wp-content\\\/uploads\\\/2023\\\/08\\\/Sander-Pajusalu.png\",\"datePublished\":\"2023-04-14T05:40:42+00:00\",\"dateModified\":\"2024-10-14T07:50:01+00:00\",\"breadcrumb\":{\"@id\":\"https:\\\/\\\/www.kliinikum.ee\\\/geneetika\\\/kliinikust\\\/personaalmeditsiini-osakond\\\/#breadcrumb\"},\"inLanguage\":\"et\",\"potentialAction\":[{\"@type\":\"ReadAction\",\"target\":[\"https:\\\/\\\/www.kliinikum.ee\\\/geneetika\\\/kliinikust\\\/personaalmeditsiini-osakond\\\/\"]}]},{\"@type\":\"ImageObject\",\"inLanguage\":\"et\",\"@id\":\"https:\\\/\\\/www.kliinikum.ee\\\/geneetika\\\/kliinikust\\\/personaalmeditsiini-osakond\\\/#primaryimage\",\"url\":\"https:\\\/\\\/www.kliinikum.ee\\\/geneetika\\\/wp-content\\\/uploads\\\/2023\\\/08\\\/Sander-Pajusalu.png\",\"contentUrl\":\"https:\\\/\\\/www.kliinikum.ee\\\/geneetika\\\/wp-content\\\/uploads\\\/2023\\\/08\\\/Sander-Pajusalu.png\",\"width\":1181,\"height\":1749},{\"@type\":\"BreadcrumbList\",\"@id\":\"https:\\\/\\\/www.kliinikum.ee\\\/geneetika\\\/kliinikust\\\/personaalmeditsiini-osakond\\\/#breadcrumb\",\"itemListElement\":[{\"@type\":\"ListItem\",\"position\":1,\"name\":\"Kliinikust\",\"item\":\"https:\\\/\\\/www.kliinikum.ee\\\/geneetika\\\/kliinikust\\\/\"},{\"@type\":\"ListItem\",\"position\":2,\"name\":\"Personaalmeditsiini osakond\"}]},{\"@type\":\"WebSite\",\"@id\":\"https:\\\/\\\/www.kliinikum.ee\\\/geneetika\\\/#website\",\"url\":\"https:\\\/\\\/www.kliinikum.ee\\\/geneetika\\\/\",\"name\":\"Geneetika ja personaalmeditsiini kliinik\",\"description\":\"Hoolivus, Uuendusmeelsus, P\u00e4devus ja Usaldusv\u00e4\u00e4rsus\",\"potentialAction\":[{\"@type\":\"SearchAction\",\"target\":{\"@type\":\"EntryPoint\",\"urlTemplate\":\"https:\\\/\\\/www.kliinikum.ee\\\/geneetika\\\/?s={search_term_string}\"},\"query-input\":{\"@type\":\"PropertyValueSpecification\",\"valueRequired\":true,\"valueName\":\"search_term_string\"}}],\"inLanguage\":\"et\"}]}<\/script>\n<!-- \/ Yoast SEO plugin. -->","yoast_head_json":{"title":"Personaalmeditsiini osakond - Geneetika ja personaalmeditsiini kliinik","robots":{"index":"index","follow":"follow","max-snippet":"max-snippet:-1","max-image-preview":"max-image-preview:large","max-video-preview":"max-video-preview:-1"},"canonical":"https:\/\/www.kliinikum.ee\/geneetika\/kliinikust\/personaalmeditsiini-osakond\/","og_locale":"et_EE","og_type":"article","og_title":"Personaalmeditsiini osakond - Geneetika ja personaalmeditsiini kliinik","og_description":"Personaalmeditsiini osakond loodi uue osakonnana kliiniku loomisel 2022. aasta kevadel. Osakonna eesm\u00e4rgiks on eest vedada erinevaid personaalmeditsiini rakendusprojekte. Osakonna fookusvaldkondadeks on onkogeneetika, farmakogeneetika, geenin\u00f5ustamine, bioinformaatika. Personaalmeditsiini osakond t\u00f6\u00f6tab tihedas koost\u00f6\u00f6s T\u00dcK ja T\u00dc kliiniliste uuringute keskuse ja T\u00dc meditsiiniteaduste valdkonna ja genoomika instituudiga. Hetkel k\u00e4imasolevad projektid, kus personaalmeditsiini osakond on osaline: Dr Sander Pajusaluvanemarst-\u00f5ppej\u00f5ud meditsiinigeneetika [&hellip;]","og_url":"https:\/\/www.kliinikum.ee\/geneetika\/kliinikust\/personaalmeditsiini-osakond\/","og_site_name":"Geneetika ja personaalmeditsiini kliinik","article_modified_time":"2024-10-14T07:50:01+00:00","og_image":[{"url":"https:\/\/www.kliinikum.ee\/geneetika\/wp-content\/uploads\/2023\/08\/Sander-Pajusalu.png","type":"","width":"","height":""}],"twitter_card":"summary_large_image","twitter_misc":{"Est. reading time":"3 minutit"},"schema":{"@context":"https:\/\/schema.org","@graph":[{"@type":"WebPage","@id":"https:\/\/www.kliinikum.ee\/geneetika\/kliinikust\/personaalmeditsiini-osakond\/","url":"https:\/\/www.kliinikum.ee\/geneetika\/kliinikust\/personaalmeditsiini-osakond\/","name":"Personaalmeditsiini osakond - Geneetika ja personaalmeditsiini kliinik","isPartOf":{"@id":"https:\/\/www.kliinikum.ee\/geneetika\/#website"},"primaryImageOfPage":{"@id":"https:\/\/www.kliinikum.ee\/geneetika\/kliinikust\/personaalmeditsiini-osakond\/#primaryimage"},"image":{"@id":"https:\/\/www.kliinikum.ee\/geneetika\/kliinikust\/personaalmeditsiini-osakond\/#primaryimage"},"thumbnailUrl":"https:\/\/www.kliinikum.ee\/geneetika\/wp-content\/uploads\/2023\/08\/Sander-Pajusalu.png","datePublished":"2023-04-14T05:40:42+00:00","dateModified":"2024-10-14T07:50:01+00:00","breadcrumb":{"@id":"https:\/\/www.kliinikum.ee\/geneetika\/kliinikust\/personaalmeditsiini-osakond\/#breadcrumb"},"inLanguage":"et","potentialAction":[{"@type":"ReadAction","target":["https:\/\/www.kliinikum.ee\/geneetika\/kliinikust\/personaalmeditsiini-osakond\/"]}]},{"@type":"ImageObject","inLanguage":"et","@id":"https:\/\/www.kliinikum.ee\/geneetika\/kliinikust\/personaalmeditsiini-osakond\/#primaryimage","url":"https:\/\/www.kliinikum.ee\/geneetika\/wp-content\/uploads\/2023\/08\/Sander-Pajusalu.png","contentUrl":"https:\/\/www.kliinikum.ee\/geneetika\/wp-content\/uploads\/2023\/08\/Sander-Pajusalu.png","width":1181,"height":1749},{"@type":"BreadcrumbList","@id":"https:\/\/www.kliinikum.ee\/geneetika\/kliinikust\/personaalmeditsiini-osakond\/#breadcrumb","itemListElement":[{"@type":"ListItem","position":1,"name":"Kliinikust","item":"https:\/\/www.kliinikum.ee\/geneetika\/kliinikust\/"},{"@type":"ListItem","position":2,"name":"Personaalmeditsiini osakond"}]},{"@type":"WebSite","@id":"https:\/\/www.kliinikum.ee\/geneetika\/#website","url":"https:\/\/www.kliinikum.ee\/geneetika\/","name":"Geneetika ja personaalmeditsiini kliinik","description":"Hoolivus, Uuendusmeelsus, P\u00e4devus ja Usaldusv\u00e4\u00e4rsus","potentialAction":[{"@type":"SearchAction","target":{"@type":"EntryPoint","urlTemplate":"https:\/\/www.kliinikum.ee\/geneetika\/?s={search_term_string}"},"query-input":{"@type":"PropertyValueSpecification","valueRequired":true,"valueName":"search_term_string"}}],"inLanguage":"et"}]}},"uagb_featured_image_src":{"full":false,"thumbnail":false,"medium":false,"medium_large":false,"large":false,"1536x1536":false,"2048x2048":false},"uagb_author_info":{"display_name":"K\u00fclli Kevv\u00e4i","author_link":"https:\/\/www.kliinikum.ee\/geneetika\/author\/kyllikev\/"},"uagb_comment_info":0,"uagb_excerpt":"Personaalmeditsiini osakond loodi uue osakonnana kliiniku loomisel 2022. aasta kevadel. Osakonna eesm\u00e4rgiks on eest vedada erinevaid personaalmeditsiini rakendusprojekte. Osakonna fookusvaldkondadeks on onkogeneetika, farmakogeneetika, geenin\u00f5ustamine, bioinformaatika. Personaalmeditsiini osakond t\u00f6\u00f6tab tihedas koost\u00f6\u00f6s T\u00dcK ja T\u00dc kliiniliste uuringute keskuse ja T\u00dc meditsiiniteaduste valdkonna ja genoomika instituudiga. Hetkel k\u00e4imasolevad projektid, kus personaalmeditsiini osakond on osaline: Dr Sander Pajusaluvanemarst-\u00f5ppej\u00f5ud meditsiinigeneetika&hellip;","_links":{"self":[{"href":"https:\/\/www.kliinikum.ee\/geneetika\/wp-json\/wp\/v2\/pages\/7385","targetHints":{"allow":["GET"]}}],"collection":[{"href":"https:\/\/www.kliinikum.ee\/geneetika\/wp-json\/wp\/v2\/pages"}],"about":[{"href":"https:\/\/www.kliinikum.ee\/geneetika\/wp-json\/wp\/v2\/types\/page"}],"author":[{"embeddable":true,"href":"https:\/\/www.kliinikum.ee\/geneetika\/wp-json\/wp\/v2\/users\/30"}],"replies":[{"embeddable":true,"href":"https:\/\/www.kliinikum.ee\/geneetika\/wp-json\/wp\/v2\/comments?post=7385"}],"version-history":[{"count":0,"href":"https:\/\/www.kliinikum.ee\/geneetika\/wp-json\/wp\/v2\/pages\/7385\/revisions"}],"up":[{"embeddable":true,"href":"https:\/\/www.kliinikum.ee\/geneetika\/wp-json\/wp\/v2\/pages\/17"}],"wp:attachment":[{"href":"https:\/\/www.kliinikum.ee\/geneetika\/wp-json\/wp\/v2\/media?parent=7385"}],"curies":[{"name":"wp","href":"https:\/\/api.w.org\/{rel}","templated":true}]}}