{"id":2054,"date":"2024-12-27T12:44:21","date_gmt":"2024-12-27T10:44:21","guid":{"rendered":"https:\/\/www.kliinikum.ee\/harvikhaigused\/?page_id=2054"},"modified":"2025-02-19T11:03:28","modified_gmt":"2025-02-19T09:03:28","slug":"harvikhaiguste-paev-2025","status":"publish","type":"page","link":"https:\/\/www.kliinikum.ee\/harvikhaigused\/harvikhaiguste-paev-2025\/","title":{"rendered":"Harvikhaiguste p\u00e4eva konverents 2025 \/ Rare disease day conference 2025"},"content":{"rendered":"\n<div class=\"wp-block-advgb-columns advgb-columns-wrapper\" id=\"advgb-cols-abbb0aa2-2031-465a-b876-481b7ef0c083\"><div class=\"advgb-columns-container\"><div class=\"advgb-columns advgb-columns-row advgb-is-mobile advgb-columns-2 layout-12-12 mbl-layout-stacked vgutter-10\">\n<div class=\"wp-block-advgb-column advgb-column\" id=\"advgb-col-3b5dc73e-a136-466f-9ca3-0c50192c4921\"><div class=\"advgb-column-inner\" style=\"border-style:none;border-width:1px\">\n<div class=\"wp-block-columns is-layout-flex wp-container-core-columns-is-layout-9d6595d7 wp-block-columns-is-layout-flex\">\n<div class=\"wp-block-column is-layout-flow wp-block-column-is-layout-flow\">\n<p class=\"wp-el\">&#8220;<strong>Harvikhaiguste ravi v\u00f5imalused, mida me t\u00e4na Eestis veel ei tea<\/strong>&#8220;.<\/p>\n\n\n\n<p class=\"wp-el\">Aeg: <strong>21.02.2025<\/strong><\/p>\n\n\n\n<p class=\"wp-el\">Toimumiskoht: Nordic Hotel Forum, Viru v\u00e4ljak 3, Tallinn<\/p>\n\n\n\n<p class=\"wp-el\">Konverents toimub h\u00fcbriidvormis, kohapeal osalejate arv on piiratud. <\/p>\n\n\n\n<p class=\"wp-el\">T\u00f6\u00f6keel: eesti keel, viipekeelne t\u00f5lge, kirjutust\u00f5lge. Kavas on ka ingliskeelsed ettekanded. K\u00f5ik ettekanded salvestatakse ja on peale \u00fcritust j\u00e4relvaatamiseks leitavad praeguselt lehelt.<\/p>\n\n\n\n<p class=\"wp-el\">Registreerumine on suletud, \u00fcritust v\u00f5ib j\u00e4lgida otse\u00fclekandega.<\/p>\n\n\n\n<p class=\"wp-el\">Konverents on tasuta.<\/p>\n<\/div>\n<\/div>\n<\/div><\/div>\n\n\n\n<div class=\"wp-block-advgb-column advgb-column\" id=\"advgb-col-270139af-9930-4263-982e-1bd750107c26\"><div class=\"advgb-column-inner\" style=\"border-style:none;border-width:1px\">\n<div class=\"wp-block-columns is-layout-flex wp-container-core-columns-is-layout-9d6595d7 wp-block-columns-is-layout-flex\">\n<div class=\"wp-block-column is-layout-flow wp-block-column-is-layout-flow\">\n<p class=\"wp-el\">&#8220;<strong>Exploring treatment options yet unknown for rare diseases in Estonia<\/strong>\u201c.<\/p>\n\n\n\n<p class=\"wp-el\">Date: <strong>21.02.2025<\/strong><\/p>\n\n\n\n<p class=\"wp-el\">Venue: Nordic Hotel Forum, Viru v\u00e4ljak 3, Tallinn<\/p>\n\n\n\n<p class=\"wp-el\">The hybrid conference will be held in Estonian, with\u00a0online English simultaneous interpreting. The recording will be accessed from this page.\u00a0<\/p>\n\n\n\n<p class=\"wp-el\">Registration is closed, but the event can be followed via live stream.<\/p>\n\n\n\n<p class=\"wp-el\">The event is free of charge.<\/p>\n<\/div>\n<\/div>\n<\/div><\/div>\n<\/div><\/div><\/div>\n\n\n\n<hr class=\"wp-block-separator has-alpha-channel-opacity\"\/>\n\n\n\n<div class=\"wp-block-columns is-layout-flex wp-container-core-columns-is-layout-9d6595d7 wp-block-columns-is-layout-flex\">\n<div class=\"wp-block-column is-layout-flow wp-block-column-is-layout-flow\">\n<figure class=\"wp-block-embed is-type-video is-provider-youtube wp-block-embed-youtube\"><div style=\"display: contents;\" >\n\n<div data-fullscreen=\"disabled\" data-mode=\"normal\" data-oembed=\"1\" data-provider=\"youtube\" data-reset-after-played id=\"arve-youtube-ghztwoq4zy0\" class=\"arve\">\n\t<div class=\"arve-inner\">\n\t\t<div style=\"aspect-ratio:585\/329\" class=\"arve-embed arve-embed--has-aspect-ratio\">\n\t\t\t<div class=\"arve-ar\" style=\"padding-top:56.239316%\"><\/div>\n\t\t\t<iframe allow=\"accelerometer &apos;none&apos;;autoplay &apos;none&apos;;bluetooth &apos;none&apos;;browsing-topics &apos;none&apos;;camera &apos;none&apos;;clipboard-read &apos;none&apos;;clipboard-write;display-capture &apos;none&apos;;encrypted-media &apos;none&apos;;gamepad &apos;none&apos;;geolocation &apos;none&apos;;gyroscope &apos;none&apos;;hid &apos;none&apos;;identity-credentials-get &apos;none&apos;;idle-detection &apos;none&apos;;keyboard-map &apos;none&apos;;local-fonts;magnetometer &apos;none&apos;;microphone &apos;none&apos;;midi &apos;none&apos;;otp-credentials &apos;none&apos;;payment &apos;none&apos;;picture-in-picture;publickey-credentials-create &apos;none&apos;;publickey-credentials-get &apos;none&apos;;screen-wake-lock &apos;none&apos;;serial &apos;none&apos;;summarizer &apos;none&apos;;sync-xhr;usb &apos;none&apos;;web-share;window-management &apos;none&apos;;xr-spatial-tracking &apos;none&apos;;\" allowfullscreen=\"\" class=\"arve-iframe fitvidsignore\" credentialless data-arve=\"arve-youtube-ghztwoq4zy0\" data-lenis-prevent=\"\" data-src-no-ap=\"https:\/\/www.youtube-nocookie.com\/embed\/GhZtWOQ4zy0?feature=oembed&amp;iv_load_policy=3&amp;modestbranding=1&amp;rel=0&amp;autohide=1&amp;playsinline=0&amp;autoplay=0&amp;enablejsapi=1\" frameborder=\"0\" height=\"0\" loading=\"lazy\" name=\"\" referrerpolicy=\"strict-origin-when-cross-origin\" sandbox=\"allow-scripts allow-same-origin allow-presentation allow-popups allow-popups-to-escape-sandbox\" scrolling=\"no\" src=\"https:\/\/www.youtube-nocookie.com\/embed\/GhZtWOQ4zy0?feature=oembed&#038;iv_load_policy=3&#038;modestbranding=1&#038;rel=0&#038;autohide=1&#038;playsinline=0&#038;autoplay=0&#038;enablejsapi=1\" title=\"RAHVUSVAHELINE HARVIKHAIGUSTE P\u00c4EV 2025\" width=\"0\"><\/iframe>\n\t\t\t\n\t\t<\/div>\n\t\t\n\t<\/div>\n\t\n\t\n\t<script type=\"application\/ld+json\">{\"@context\":\"http:\\\/\\\/schema.org\\\/\",\"@id\":\"https:\\\/\\\/www.kliinikum.ee\\\/harvikhaigused\\\/harvikhaiguste-paev-2025\\\/#arve-youtube-ghztwoq4zy0\",\"type\":\"VideoObject\",\"embedURL\":\"https:\\\/\\\/www.youtube-nocookie.com\\\/embed\\\/GhZtWOQ4zy0?feature=oembed&iv_load_policy=3&modestbranding=1&rel=0&autohide=1&playsinline=0&autoplay=0&enablejsapi=1\",\"name\":\"RAHVUSVAHELINE HARVIKHAIGUSTE P\\u00c4EV 2025\",\"thumbnailUrl\":\"https:\\\/\\\/i.ytimg.com\\\/vi\\\/GhZtWOQ4zy0\\\/hqdefault.jpg\",\"uploadDate\":\"2025-02-21T15:23:38Z\",\"author\":\"Tartu \\u00dclikooli Kliinikum\",\"description\":\"Rahvusvaheline harvikhaiguste p\\u00e4ev, 21.02.2025\\nNordic Hotel Forum, Tallinn, Eesti\\nEestikeelne otse\\u00fclekanne\"}<\/script>\n\t\n<\/div>\n<\/div><\/figure>\n\n\n\n<p class=\"has-text-align-center wp-el\">Kasutatav otse\u00fclekande ajal: <a href=\"https:\/\/app.sli.do\/event\/xvWbiZWJaVc1LyuEcb3vH4\/live\/questions\">Edasta oma k\u00fcsimus konverentsi ettekande kohta.<\/a><\/p>\n<\/div>\n\n\n\n<div class=\"wp-block-column is-layout-flow wp-block-column-is-layout-flow\" style=\"flex-basis:5px\"><\/div>\n\n\n\n<div class=\"wp-block-column is-layout-flow wp-block-column-is-layout-flow\">\n<figure class=\"wp-block-embed is-type-video is-provider-youtube wp-block-embed-youtube\"><div style=\"display: contents;\" >\n\n<div data-fullscreen=\"disabled\" data-mode=\"normal\" data-oembed=\"1\" data-provider=\"youtube\" data-reset-after-played id=\"arve-youtube-fgnexrr5cjk\" class=\"arve\">\n\t<div class=\"arve-inner\">\n\t\t<div style=\"aspect-ratio:585\/329\" class=\"arve-embed arve-embed--has-aspect-ratio\">\n\t\t\t<div class=\"arve-ar\" style=\"padding-top:56.239316%\"><\/div>\n\t\t\t<iframe allow=\"accelerometer &apos;none&apos;;autoplay &apos;none&apos;;bluetooth &apos;none&apos;;browsing-topics &apos;none&apos;;camera &apos;none&apos;;clipboard-read &apos;none&apos;;clipboard-write;display-capture &apos;none&apos;;encrypted-media &apos;none&apos;;gamepad &apos;none&apos;;geolocation &apos;none&apos;;gyroscope &apos;none&apos;;hid &apos;none&apos;;identity-credentials-get &apos;none&apos;;idle-detection &apos;none&apos;;keyboard-map &apos;none&apos;;local-fonts;magnetometer &apos;none&apos;;microphone &apos;none&apos;;midi &apos;none&apos;;otp-credentials &apos;none&apos;;payment &apos;none&apos;;picture-in-picture;publickey-credentials-create &apos;none&apos;;publickey-credentials-get &apos;none&apos;;screen-wake-lock &apos;none&apos;;serial &apos;none&apos;;summarizer &apos;none&apos;;sync-xhr;usb &apos;none&apos;;web-share;window-management &apos;none&apos;;xr-spatial-tracking &apos;none&apos;;\" allowfullscreen=\"\" class=\"arve-iframe fitvidsignore\" credentialless data-arve=\"arve-youtube-fgnexrr5cjk\" data-lenis-prevent=\"\" data-src-no-ap=\"https:\/\/www.youtube-nocookie.com\/embed\/fGnEXrr5Cjk?feature=oembed&amp;iv_load_policy=3&amp;modestbranding=1&amp;rel=0&amp;autohide=1&amp;playsinline=0&amp;autoplay=0&amp;enablejsapi=1\" frameborder=\"0\" height=\"0\" loading=\"lazy\" name=\"\" referrerpolicy=\"strict-origin-when-cross-origin\" sandbox=\"allow-scripts allow-same-origin allow-presentation allow-popups allow-popups-to-escape-sandbox\" scrolling=\"no\" src=\"https:\/\/www.youtube-nocookie.com\/embed\/fGnEXrr5Cjk?feature=oembed&#038;iv_load_policy=3&#038;modestbranding=1&#038;rel=0&#038;autohide=1&#038;playsinline=0&#038;autoplay=0&#038;enablejsapi=1\" title=\"RARE DISEASE DAY 2025\" width=\"0\"><\/iframe>\n\t\t\t\n\t\t<\/div>\n\t\t\n\t<\/div>\n\t\n\t\n\t<script type=\"application\/ld+json\">{\"@context\":\"http:\\\/\\\/schema.org\\\/\",\"@id\":\"https:\\\/\\\/www.kliinikum.ee\\\/harvikhaigused\\\/harvikhaiguste-paev-2025\\\/#arve-youtube-fgnexrr5cjk\",\"type\":\"VideoObject\",\"embedURL\":\"https:\\\/\\\/www.youtube-nocookie.com\\\/embed\\\/fGnEXrr5Cjk?feature=oembed&iv_load_policy=3&modestbranding=1&rel=0&autohide=1&playsinline=0&autoplay=0&enablejsapi=1\",\"name\":\"RARE DISEASE DAY 2025\",\"thumbnailUrl\":\"https:\\\/\\\/i.ytimg.com\\\/vi\\\/fGnEXrr5Cjk\\\/hqdefault.jpg\",\"uploadDate\":\"2025-02-21T15:16:56Z\",\"author\":\"Tartu \\u00dclikooli Kliinikum\",\"description\":\"Rare Disease Day, 21.02.2025\\nNordic Hotel Forum, Tallinn, Estonia\\nEnglish language broadcast\"}<\/script>\n\t\n<\/div>\n<\/div><\/figure>\n\n\n\n<p class=\"has-text-align-center wp-el\">For the live event: <a href=\"https:\/\/app.sli.do\/event\/xvWbiZWJaVc1LyuEcb3vH4\/live\/questions\">Feel free to ask your question about the conference presentation.<\/a><\/p>\n<\/div>\n<\/div>\n\n\n\n<div class=\"wp-block-columns is-layout-flex wp-container-core-columns-is-layout-9d6595d7 wp-block-columns-is-layout-flex\">\n<div class=\"wp-block-column is-layout-flow wp-block-column-is-layout-flow\">\n<figure class=\"wp-block-image size-large\"><img loading=\"lazy\" decoding=\"async\" width=\"723\" height=\"1024\" src=\"https:\/\/www.kliinikum.ee\/harvikhaigused\/wp-content\/uploads\/2025\/02\/harvikhaiguste-paev-2025-723x1024.jpg\" alt=\"\" class=\"wp-image-2156\" srcset=\"https:\/\/www.kliinikum.ee\/harvikhaigused\/wp-content\/uploads\/2025\/02\/harvikhaiguste-paev-2025-723x1024.jpg 723w, https:\/\/www.kliinikum.ee\/harvikhaigused\/wp-content\/uploads\/2025\/02\/harvikhaiguste-paev-2025-scaled.jpg 1809w\" sizes=\"auto, (max-width: 723px) 100vw, 723px\" \/><\/figure>\n<\/div>\n\n\n\n<div class=\"wp-block-column is-layout-flow wp-block-column-is-layout-flow\">\n<figure class=\"wp-block-image size-large\"><img loading=\"lazy\" decoding=\"async\" width=\"723\" height=\"1024\" src=\"https:\/\/www.kliinikum.ee\/harvikhaigused\/wp-content\/uploads\/2025\/02\/rare-disease-day-2025-723x1024.jpg\" alt=\"\" class=\"wp-image-2162\" srcset=\"https:\/\/www.kliinikum.ee\/harvikhaigused\/wp-content\/uploads\/2025\/02\/rare-disease-day-2025-723x1024.jpg 723w, https:\/\/www.kliinikum.ee\/harvikhaigused\/wp-content\/uploads\/2025\/02\/rare-disease-day-2025-scaled.jpg 1809w\" sizes=\"auto, (max-width: 723px) 100vw, 723px\" \/><\/figure>\n<\/div>\n<\/div>\n<style class=\"advgb-styles-renderer\">#advgb-col-3b5dc73e-a136-466f-9ca3-0c50192c4921>.advgb-column-inner{}@media screen and (max-width: 1023px) {#advgb-col-3b5dc73e-a136-466f-9ca3-0c50192c4921>.advgb-column-inner{}}@media screen and (max-width: 767px) {#advgb-col-3b5dc73e-a136-466f-9ca3-0c50192c4921>.advgb-column-inner{}}#advgb-col-270139af-9930-4263-982e-1bd750107c26>.advgb-column-inner{}@media screen and (max-width: 1023px) {#advgb-col-270139af-9930-4263-982e-1bd750107c26>.advgb-column-inner{}}@media screen and (max-width: 767px) {#advgb-col-270139af-9930-4263-982e-1bd750107c26>.advgb-column-inner{}}#advgb-cols-abbb0aa2-2031-465a-b876-481b7ef0c083{}@media screen and (max-width: 1023px) {#advgb-cols-abbb0aa2-2031-465a-b876-481b7ef0c083{}}@media screen and (max-width: 767px) {#advgb-cols-abbb0aa2-2031-465a-b876-481b7ef0c083{}}#advgb-col-3b5dc73e-a136-466f-9ca3-0c50192c4921>.advgb-column-inner{}@media screen and (max-width: 1023px) {#advgb-col-3b5dc73e-a136-466f-9ca3-0c50192c4921>.advgb-column-inner{}}@media screen and (max-width: 767px) {#advgb-col-3b5dc73e-a136-466f-9ca3-0c50192c4921>.advgb-column-inner{}}#advgb-col-270139af-9930-4263-982e-1bd750107c26>.advgb-column-inner{}@media screen and (max-width: 1023px) {#advgb-col-270139af-9930-4263-982e-1bd750107c26>.advgb-column-inner{}}@media screen and (max-width: 767px) {#advgb-col-270139af-9930-4263-982e-1bd750107c26>.advgb-column-inner{}}<\/style>","protected":false},"excerpt":{"rendered":"<p>Kasutatav otse\u00fclekande ajal: Edasta oma k\u00fcsimus konverentsi ettekande kohta. For the live event: Feel free to ask your question about&#8230;<\/p>\n","protected":false},"author":3,"featured_media":0,"parent":0,"menu_order":0,"comment_status":"closed","ping_status":"closed","template":"","meta":{"_acf_changed":false,"inline_featured_image":false,"advgb_blocks_editor_width":"","advgb_blocks_columns_visual_guide":"","footnotes":"","_links_to":"","_links_to_target":""},"class_list":["post-2054","page","type-page","status-publish","hentry"],"acf":[],"featured_image_src":null,"yoast_head":"<!-- This site is optimized with the Yoast SEO plugin v27.5 - https:\/\/yoast.com\/product\/yoast-seo-wordpress\/ -->\n<title>Harvikhaiguste p\u00e4eva konverents 2025 \/ Rare disease day conference 2025 - Harvikhaigused<\/title>\n<meta name=\"robots\" content=\"index, follow, max-snippet:-1, max-image-preview:large, max-video-preview:-1\" \/>\n<link rel=\"canonical\" href=\"https:\/\/www.kliinikum.ee\/harvikhaigused\/harvikhaiguste-paev-2025\/\" \/>\n<meta property=\"og:locale\" content=\"et_EE\" \/>\n<meta property=\"og:type\" content=\"article\" \/>\n<meta property=\"og:title\" content=\"Harvikhaiguste p\u00e4eva konverents 2025 \/ Rare disease day conference 2025 - Harvikhaigused\" \/>\n<meta property=\"og:description\" content=\"Kasutatav otse\u00fclekande ajal: Edasta oma k\u00fcsimus konverentsi ettekande kohta. For the live event: Feel free to ask your question about...\" \/>\n<meta property=\"og:url\" content=\"https:\/\/www.kliinikum.ee\/harvikhaigused\/harvikhaiguste-paev-2025\/\" \/>\n<meta property=\"og:site_name\" content=\"Harvikhaigused\" \/>\n<meta property=\"article:modified_time\" content=\"2025-02-19T09:03:28+00:00\" \/>\n<meta property=\"og:image\" content=\"https:\/\/www.kliinikum.ee\/harvikhaigused\/wp-content\/uploads\/2025\/02\/harvikhaiguste-paev-2025-scaled.jpg\" \/>\n\t<meta property=\"og:image:width\" content=\"1809\" \/>\n\t<meta property=\"og:image:height\" content=\"2560\" \/>\n\t<meta property=\"og:image:type\" content=\"image\/jpeg\" \/>\n<meta name=\"twitter:card\" content=\"summary_large_image\" \/>\n<meta name=\"twitter:label1\" content=\"Est. reading time\" \/>\n\t<meta name=\"twitter:data1\" content=\"2 minutit\" \/>\n<script type=\"application\/ld+json\" class=\"yoast-schema-graph\">{\"@context\":\"https:\\\/\\\/schema.org\",\"@graph\":[{\"@type\":\"WebPage\",\"@id\":\"https:\\\/\\\/www.kliinikum.ee\\\/harvikhaigused\\\/harvikhaiguste-paev-2025\\\/\",\"url\":\"https:\\\/\\\/www.kliinikum.ee\\\/harvikhaigused\\\/harvikhaiguste-paev-2025\\\/\",\"name\":\"Harvikhaiguste p\u00e4eva konverents 2025 \\\/ Rare disease day conference 2025 - Harvikhaigused\",\"isPartOf\":{\"@id\":\"https:\\\/\\\/www.kliinikum.ee\\\/harvikhaigused\\\/#website\"},\"primaryImageOfPage\":{\"@id\":\"https:\\\/\\\/www.kliinikum.ee\\\/harvikhaigused\\\/harvikhaiguste-paev-2025\\\/#primaryimage\"},\"image\":{\"@id\":\"https:\\\/\\\/www.kliinikum.ee\\\/harvikhaigused\\\/harvikhaiguste-paev-2025\\\/#primaryimage\"},\"thumbnailUrl\":\"https:\\\/\\\/www.kliinikum.ee\\\/harvikhaigused\\\/wp-content\\\/uploads\\\/2025\\\/02\\\/harvikhaiguste-paev-2025-723x1024.jpg\",\"datePublished\":\"2024-12-27T10:44:21+00:00\",\"dateModified\":\"2025-02-19T09:03:28+00:00\",\"breadcrumb\":{\"@id\":\"https:\\\/\\\/www.kliinikum.ee\\\/harvikhaigused\\\/harvikhaiguste-paev-2025\\\/#breadcrumb\"},\"inLanguage\":\"et\",\"potentialAction\":[{\"@type\":\"ReadAction\",\"target\":[\"https:\\\/\\\/www.kliinikum.ee\\\/harvikhaigused\\\/harvikhaiguste-paev-2025\\\/\"]}]},{\"@type\":\"ImageObject\",\"inLanguage\":\"et\",\"@id\":\"https:\\\/\\\/www.kliinikum.ee\\\/harvikhaigused\\\/harvikhaiguste-paev-2025\\\/#primaryimage\",\"url\":\"https:\\\/\\\/www.kliinikum.ee\\\/harvikhaigused\\\/wp-content\\\/uploads\\\/2025\\\/02\\\/harvikhaiguste-paev-2025-scaled.jpg\",\"contentUrl\":\"https:\\\/\\\/www.kliinikum.ee\\\/harvikhaigused\\\/wp-content\\\/uploads\\\/2025\\\/02\\\/harvikhaiguste-paev-2025-scaled.jpg\",\"width\":1809,\"height\":2560},{\"@type\":\"BreadcrumbList\",\"@id\":\"https:\\\/\\\/www.kliinikum.ee\\\/harvikhaigused\\\/harvikhaiguste-paev-2025\\\/#breadcrumb\",\"itemListElement\":[{\"@type\":\"ListItem\",\"position\":1,\"name\":\"Home\",\"item\":\"https:\\\/\\\/www.kliinikum.ee\\\/harvikhaigused\\\/\"},{\"@type\":\"ListItem\",\"position\":2,\"name\":\"Harvikhaiguste p\u00e4eva konverents 2025 \\\/ Rare disease day conference 2025\"}]},{\"@type\":\"WebSite\",\"@id\":\"https:\\\/\\\/www.kliinikum.ee\\\/harvikhaigused\\\/#website\",\"url\":\"https:\\\/\\\/www.kliinikum.ee\\\/harvikhaigused\\\/\",\"name\":\"Harvikhaigused\",\"description\":\"\",\"potentialAction\":[{\"@type\":\"SearchAction\",\"target\":{\"@type\":\"EntryPoint\",\"urlTemplate\":\"https:\\\/\\\/www.kliinikum.ee\\\/harvikhaigused\\\/?s={search_term_string}\"},\"query-input\":{\"@type\":\"PropertyValueSpecification\",\"valueRequired\":true,\"valueName\":\"search_term_string\"}}],\"inLanguage\":\"et\"}]}<\/script>\n<!-- \/ Yoast SEO plugin. -->","yoast_head_json":{"title":"Harvikhaiguste p\u00e4eva konverents 2025 \/ Rare disease day conference 2025 - Harvikhaigused","robots":{"index":"index","follow":"follow","max-snippet":"max-snippet:-1","max-image-preview":"max-image-preview:large","max-video-preview":"max-video-preview:-1"},"canonical":"https:\/\/www.kliinikum.ee\/harvikhaigused\/harvikhaiguste-paev-2025\/","og_locale":"et_EE","og_type":"article","og_title":"Harvikhaiguste p\u00e4eva konverents 2025 \/ Rare disease day conference 2025 - Harvikhaigused","og_description":"Kasutatav otse\u00fclekande ajal: Edasta oma k\u00fcsimus konverentsi ettekande kohta. For the live event: Feel free to ask your question about...","og_url":"https:\/\/www.kliinikum.ee\/harvikhaigused\/harvikhaiguste-paev-2025\/","og_site_name":"Harvikhaigused","article_modified_time":"2025-02-19T09:03:28+00:00","og_image":[{"width":1809,"height":2560,"url":"https:\/\/www.kliinikum.ee\/harvikhaigused\/wp-content\/uploads\/2025\/02\/harvikhaiguste-paev-2025-scaled.jpg","type":"image\/jpeg"}],"twitter_card":"summary_large_image","twitter_misc":{"Est. reading time":"2 minutit"},"schema":{"@context":"https:\/\/schema.org","@graph":[{"@type":"WebPage","@id":"https:\/\/www.kliinikum.ee\/harvikhaigused\/harvikhaiguste-paev-2025\/","url":"https:\/\/www.kliinikum.ee\/harvikhaigused\/harvikhaiguste-paev-2025\/","name":"Harvikhaiguste p\u00e4eva konverents 2025 \/ Rare disease day conference 2025 - Harvikhaigused","isPartOf":{"@id":"https:\/\/www.kliinikum.ee\/harvikhaigused\/#website"},"primaryImageOfPage":{"@id":"https:\/\/www.kliinikum.ee\/harvikhaigused\/harvikhaiguste-paev-2025\/#primaryimage"},"image":{"@id":"https:\/\/www.kliinikum.ee\/harvikhaigused\/harvikhaiguste-paev-2025\/#primaryimage"},"thumbnailUrl":"https:\/\/www.kliinikum.ee\/harvikhaigused\/wp-content\/uploads\/2025\/02\/harvikhaiguste-paev-2025-723x1024.jpg","datePublished":"2024-12-27T10:44:21+00:00","dateModified":"2025-02-19T09:03:28+00:00","breadcrumb":{"@id":"https:\/\/www.kliinikum.ee\/harvikhaigused\/harvikhaiguste-paev-2025\/#breadcrumb"},"inLanguage":"et","potentialAction":[{"@type":"ReadAction","target":["https:\/\/www.kliinikum.ee\/harvikhaigused\/harvikhaiguste-paev-2025\/"]}]},{"@type":"ImageObject","inLanguage":"et","@id":"https:\/\/www.kliinikum.ee\/harvikhaigused\/harvikhaiguste-paev-2025\/#primaryimage","url":"https:\/\/www.kliinikum.ee\/harvikhaigused\/wp-content\/uploads\/2025\/02\/harvikhaiguste-paev-2025-scaled.jpg","contentUrl":"https:\/\/www.kliinikum.ee\/harvikhaigused\/wp-content\/uploads\/2025\/02\/harvikhaiguste-paev-2025-scaled.jpg","width":1809,"height":2560},{"@type":"BreadcrumbList","@id":"https:\/\/www.kliinikum.ee\/harvikhaigused\/harvikhaiguste-paev-2025\/#breadcrumb","itemListElement":[{"@type":"ListItem","position":1,"name":"Home","item":"https:\/\/www.kliinikum.ee\/harvikhaigused\/"},{"@type":"ListItem","position":2,"name":"Harvikhaiguste p\u00e4eva konverents 2025 \/ Rare disease day conference 2025"}]},{"@type":"WebSite","@id":"https:\/\/www.kliinikum.ee\/harvikhaigused\/#website","url":"https:\/\/www.kliinikum.ee\/harvikhaigused\/","name":"Harvikhaigused","description":"","potentialAction":[{"@type":"SearchAction","target":{"@type":"EntryPoint","urlTemplate":"https:\/\/www.kliinikum.ee\/harvikhaigused\/?s={search_term_string}"},"query-input":{"@type":"PropertyValueSpecification","valueRequired":true,"valueName":"search_term_string"}}],"inLanguage":"et"}]}},"coauthors":[],"author_meta":{"author_link":"https:\/\/www.kliinikum.ee\/harvikhaigused\/author\/kulli-kevvaikliinikum-ee\/","display_name":"Kulli.Kevvai@kliinikum.ee"},"relative_dates":{"created":"Posted 1 aasta ago","modified":"Updated 1 aasta ago"},"absolute_dates":{"created":"Posted on 27. dets. 2024","modified":"Updated on 19. veebr. 2025"},"absolute_dates_time":{"created":"Posted on 27. dets. 2024 12:44","modified":"Updated on 19. veebr. 2025 11:03"},"featured_img_caption":"","featured_img":false,"series_order":"","_links":{"self":[{"href":"https:\/\/www.kliinikum.ee\/harvikhaigused\/wp-json\/wp\/v2\/pages\/2054","targetHints":{"allow":["GET"]}}],"collection":[{"href":"https:\/\/www.kliinikum.ee\/harvikhaigused\/wp-json\/wp\/v2\/pages"}],"about":[{"href":"https:\/\/www.kliinikum.ee\/harvikhaigused\/wp-json\/wp\/v2\/types\/page"}],"author":[{"embeddable":true,"href":"https:\/\/www.kliinikum.ee\/harvikhaigused\/wp-json\/wp\/v2\/users\/3"}],"replies":[{"embeddable":true,"href":"https:\/\/www.kliinikum.ee\/harvikhaigused\/wp-json\/wp\/v2\/comments?post=2054"}],"version-history":[{"count":0,"href":"https:\/\/www.kliinikum.ee\/harvikhaigused\/wp-json\/wp\/v2\/pages\/2054\/revisions"}],"wp:attachment":[{"href":"https:\/\/www.kliinikum.ee\/harvikhaigused\/wp-json\/wp\/v2\/media?parent=2054"}],"curies":[{"name":"wp","href":"https:\/\/api.w.org\/{rel}","templated":true}]}}