{"id":438,"date":"2021-10-18T14:50:59","date_gmt":"2021-10-18T11:50:59","guid":{"rendered":"https:\/\/www.kliinikum.ee\/harvikhaigused\/?page_id=438"},"modified":"2023-01-22T11:32:05","modified_gmt":"2023-01-22T09:32:05","slug":"patsiendi-transport","status":"publish","type":"page","link":"https:\/\/www.kliinikum.ee\/harvikhaigused\/patsiendile\/patsiendi-transport\/","title":{"rendered":"Patsiendi transport"},"content":{"rendered":"\n<p class=\"wp-el\">Meie haigla ei osuta transporditeenust, kuid kui vajate (v\u00f5i Teie l\u00e4hedane vajab) transporti meie keskusesse ratastoolis, siis on selleks erinevaid tasulisi v\u00f5imalusi. Meie sotsiaalt\u00f6\u00f6koordinaator aitab Teid transpordi korraldamisel. <a href=\"https:\/\/www.kliinikum.ee\/harvikhaigused\/kontakt\/vota-meiega-uhendust\/\">V\u00f5ta meiega \u00fchendust<\/a><\/p>\n","protected":false},"excerpt":{"rendered":"<p>Meie haigla ei osuta transporditeenust, kuid kui vajate (v\u00f5i Teie l\u00e4hedane vajab) transporti meie keskusesse ratastoolis, siis on selleks erinevaid&#8230;<\/p>\n","protected":false},"author":3,"featured_media":0,"parent":406,"menu_order":40,"comment_status":"closed","ping_status":"closed","template":"","meta":{"_acf_changed":false,"inline_featured_image":false,"advgb_blocks_editor_width":"","advgb_blocks_columns_visual_guide":"","footnotes":"","_links_to":"","_links_to_target":""},"class_list":["post-438","page","type-page","status-publish","hentry"],"acf":[],"featured_image_src":null,"yoast_head":"<!-- This site is optimized with the Yoast SEO plugin v27.5 - https:\/\/yoast.com\/product\/yoast-seo-wordpress\/ -->\n<title>Patsiendi transport - Harvikhaigused<\/title>\n<meta name=\"robots\" content=\"index, follow, max-snippet:-1, max-image-preview:large, max-video-preview:-1\" \/>\n<link rel=\"canonical\" href=\"https:\/\/www.kliinikum.ee\/harvikhaigused\/patsiendile\/patsiendi-transport\/\" \/>\n<meta property=\"og:locale\" content=\"et_EE\" \/>\n<meta property=\"og:type\" content=\"article\" \/>\n<meta property=\"og:title\" content=\"Patsiendi transport - Harvikhaigused\" \/>\n<meta property=\"og:description\" content=\"Meie haigla ei osuta transporditeenust, kuid kui vajate (v\u00f5i Teie l\u00e4hedane vajab) transporti meie keskusesse ratastoolis, siis on selleks erinevaid...\" \/>\n<meta property=\"og:url\" content=\"https:\/\/www.kliinikum.ee\/harvikhaigused\/patsiendile\/patsiendi-transport\/\" \/>\n<meta property=\"og:site_name\" content=\"Harvikhaigused\" \/>\n<meta property=\"article:modified_time\" content=\"2023-01-22T09:32:05+00:00\" \/>\n<meta name=\"twitter:card\" content=\"summary_large_image\" \/>\n<meta name=\"twitter:label1\" content=\"Est. reading time\" \/>\n\t<meta name=\"twitter:data1\" content=\"1 minut\" \/>\n<script type=\"application\/ld+json\" class=\"yoast-schema-graph\">{\"@context\":\"https:\\\/\\\/schema.org\",\"@graph\":[{\"@type\":\"WebPage\",\"@id\":\"https:\\\/\\\/www.kliinikum.ee\\\/harvikhaigused\\\/patsiendile\\\/patsiendi-transport\\\/\",\"url\":\"https:\\\/\\\/www.kliinikum.ee\\\/harvikhaigused\\\/patsiendile\\\/patsiendi-transport\\\/\",\"name\":\"Patsiendi transport - Harvikhaigused\",\"isPartOf\":{\"@id\":\"https:\\\/\\\/www.kliinikum.ee\\\/harvikhaigused\\\/#website\"},\"datePublished\":\"2021-10-18T11:50:59+00:00\",\"dateModified\":\"2023-01-22T09:32:05+00:00\",\"breadcrumb\":{\"@id\":\"https:\\\/\\\/www.kliinikum.ee\\\/harvikhaigused\\\/patsiendile\\\/patsiendi-transport\\\/#breadcrumb\"},\"inLanguage\":\"et\",\"potentialAction\":[{\"@type\":\"ReadAction\",\"target\":[\"https:\\\/\\\/www.kliinikum.ee\\\/harvikhaigused\\\/patsiendile\\\/patsiendi-transport\\\/\"]}]},{\"@type\":\"BreadcrumbList\",\"@id\":\"https:\\\/\\\/www.kliinikum.ee\\\/harvikhaigused\\\/patsiendile\\\/patsiendi-transport\\\/#breadcrumb\",\"itemListElement\":[{\"@type\":\"ListItem\",\"position\":1,\"name\":\"Home\",\"item\":\"https:\\\/\\\/www.kliinikum.ee\\\/harvikhaigused\\\/\"},{\"@type\":\"ListItem\",\"position\":2,\"name\":\"Patsiendile\",\"item\":\"https:\\\/\\\/www.kliinikum.ee\\\/harvikhaigused\\\/patsiendile\\\/\"},{\"@type\":\"ListItem\",\"position\":3,\"name\":\"Patsiendi transport\"}]},{\"@type\":\"WebSite\",\"@id\":\"https:\\\/\\\/www.kliinikum.ee\\\/harvikhaigused\\\/#website\",\"url\":\"https:\\\/\\\/www.kliinikum.ee\\\/harvikhaigused\\\/\",\"name\":\"Harvikhaigused\",\"description\":\"\",\"potentialAction\":[{\"@type\":\"SearchAction\",\"target\":{\"@type\":\"EntryPoint\",\"urlTemplate\":\"https:\\\/\\\/www.kliinikum.ee\\\/harvikhaigused\\\/?s={search_term_string}\"},\"query-input\":{\"@type\":\"PropertyValueSpecification\",\"valueRequired\":true,\"valueName\":\"search_term_string\"}}],\"inLanguage\":\"et\"}]}<\/script>\n<!-- \/ Yoast SEO plugin. -->","yoast_head_json":{"title":"Patsiendi transport - Harvikhaigused","robots":{"index":"index","follow":"follow","max-snippet":"max-snippet:-1","max-image-preview":"max-image-preview:large","max-video-preview":"max-video-preview:-1"},"canonical":"https:\/\/www.kliinikum.ee\/harvikhaigused\/patsiendile\/patsiendi-transport\/","og_locale":"et_EE","og_type":"article","og_title":"Patsiendi transport - Harvikhaigused","og_description":"Meie haigla ei osuta transporditeenust, kuid kui vajate (v\u00f5i Teie l\u00e4hedane vajab) transporti meie keskusesse ratastoolis, siis on selleks erinevaid...","og_url":"https:\/\/www.kliinikum.ee\/harvikhaigused\/patsiendile\/patsiendi-transport\/","og_site_name":"Harvikhaigused","article_modified_time":"2023-01-22T09:32:05+00:00","twitter_card":"summary_large_image","twitter_misc":{"Est. reading time":"1 minut"},"schema":{"@context":"https:\/\/schema.org","@graph":[{"@type":"WebPage","@id":"https:\/\/www.kliinikum.ee\/harvikhaigused\/patsiendile\/patsiendi-transport\/","url":"https:\/\/www.kliinikum.ee\/harvikhaigused\/patsiendile\/patsiendi-transport\/","name":"Patsiendi transport - Harvikhaigused","isPartOf":{"@id":"https:\/\/www.kliinikum.ee\/harvikhaigused\/#website"},"datePublished":"2021-10-18T11:50:59+00:00","dateModified":"2023-01-22T09:32:05+00:00","breadcrumb":{"@id":"https:\/\/www.kliinikum.ee\/harvikhaigused\/patsiendile\/patsiendi-transport\/#breadcrumb"},"inLanguage":"et","potentialAction":[{"@type":"ReadAction","target":["https:\/\/www.kliinikum.ee\/harvikhaigused\/patsiendile\/patsiendi-transport\/"]}]},{"@type":"BreadcrumbList","@id":"https:\/\/www.kliinikum.ee\/harvikhaigused\/patsiendile\/patsiendi-transport\/#breadcrumb","itemListElement":[{"@type":"ListItem","position":1,"name":"Home","item":"https:\/\/www.kliinikum.ee\/harvikhaigused\/"},{"@type":"ListItem","position":2,"name":"Patsiendile","item":"https:\/\/www.kliinikum.ee\/harvikhaigused\/patsiendile\/"},{"@type":"ListItem","position":3,"name":"Patsiendi transport"}]},{"@type":"WebSite","@id":"https:\/\/www.kliinikum.ee\/harvikhaigused\/#website","url":"https:\/\/www.kliinikum.ee\/harvikhaigused\/","name":"Harvikhaigused","description":"","potentialAction":[{"@type":"SearchAction","target":{"@type":"EntryPoint","urlTemplate":"https:\/\/www.kliinikum.ee\/harvikhaigused\/?s={search_term_string}"},"query-input":{"@type":"PropertyValueSpecification","valueRequired":true,"valueName":"search_term_string"}}],"inLanguage":"et"}]}},"coauthors":[],"author_meta":{"author_link":"https:\/\/www.kliinikum.ee\/harvikhaigused\/author\/kulli-kevvaikliinikum-ee\/","display_name":"Kulli.Kevvai@kliinikum.ee"},"relative_dates":{"created":"Posted 5 aastat ago","modified":"Updated 3 aastat ago"},"absolute_dates":{"created":"Posted on 18. okt. 2021","modified":"Updated on 22. jaan. 2023"},"absolute_dates_time":{"created":"Posted on 18. okt. 2021 02:50","modified":"Updated on 22. jaan. 2023 11:32"},"featured_img_caption":"","featured_img":false,"series_order":"","_links":{"self":[{"href":"https:\/\/www.kliinikum.ee\/harvikhaigused\/wp-json\/wp\/v2\/pages\/438","targetHints":{"allow":["GET"]}}],"collection":[{"href":"https:\/\/www.kliinikum.ee\/harvikhaigused\/wp-json\/wp\/v2\/pages"}],"about":[{"href":"https:\/\/www.kliinikum.ee\/harvikhaigused\/wp-json\/wp\/v2\/types\/page"}],"author":[{"embeddable":true,"href":"https:\/\/www.kliinikum.ee\/harvikhaigused\/wp-json\/wp\/v2\/users\/3"}],"replies":[{"embeddable":true,"href":"https:\/\/www.kliinikum.ee\/harvikhaigused\/wp-json\/wp\/v2\/comments?post=438"}],"version-history":[{"count":0,"href":"https:\/\/www.kliinikum.ee\/harvikhaigused\/wp-json\/wp\/v2\/pages\/438\/revisions"}],"up":[{"embeddable":true,"href":"https:\/\/www.kliinikum.ee\/harvikhaigused\/wp-json\/wp\/v2\/pages\/406"}],"wp:attachment":[{"href":"https:\/\/www.kliinikum.ee\/harvikhaigused\/wp-json\/wp\/v2\/media?parent=438"}],"curies":[{"name":"wp","href":"https:\/\/api.w.org\/{rel}","templated":true}]}}