{"id":714,"date":"2021-11-29T09:33:33","date_gmt":"2021-11-29T07:33:33","guid":{"rendered":"https:\/\/www.kliinikum.ee\/harvikhaigused\/?page_id=714"},"modified":"2023-12-13T16:13:41","modified_gmt":"2023-12-13T14:13:41","slug":"kuidas-kompetentsikeskus-tootab","status":"publish","type":"page","link":"https:\/\/www.kliinikum.ee\/harvikhaigused\/tutvustus\/kuidas-kompetentsikeskus-tootab\/","title":{"rendered":"Kuidas kompetentsikeskus t\u00f6\u00f6tab?"},"content":{"rendered":"\n<p class=\"wp-el\">Harvikhaigusega patsientide multidistsiplinaarse l\u00e4henemisviisi&nbsp; korraldamine kliinikumi erinevate kliinikud, erialade ja \u00fcksuste koost\u00f6\u00f6s. Selleks korraldame regulaarseid HHKK n\u00f5ukogu kokkusaamisi haruldase haigusega patsiendikeskse raviteekonna kindlustamiseks. Vajadusel aitame leida \u00f5ige ravi\u00fcksuse nii lastele kui ka t\u00e4iskasvanud patsientidele.&nbsp;<\/p>\n\n\n\n<p class=\"wp-el\">Vajadusel teeme koost\u00f6\u00f6d teiste haiglatega nii Eestis kui maailmas, Euroopa Liidu tasandi haruldaste haiguste referentsv\u00f5rgustike (<a href=\"https:\/\/ec.europa.eu\/health\/ern_en\" target=\"_blank\" rel=\"noreferrer noopener nofollow\">ERN<\/a>) ja erinevate patsientide organisatsioonidega.&nbsp;<\/p>\n\n\n\n<p class=\"wp-el\">Kliinikum osaleb 5 ERN v\u00f5rgustikus t\u00e4isliikmena ja 15 v\u00f5rgustikus koost\u00f6\u00f6partnerina.&nbsp;<\/p>\n\n\n\n<p class=\"wp-el\">Koost\u00f6\u00f6 Eesti tervisekassa ja Sotsiaalministeeriumiga haruldaste haigustega patsientide parimaks ravikorralduseks vajadusel teistes Euroopa Liidu riikides.<\/p>\n\n\n\n<p class=\"wp-el\">Keskuse oluliseks partneriks on <a href=\"https:\/\/www.lastefond.ee\/toetame\/haruldaste-haigustega-lapsi\/\" target=\"_blank\" rel=\"noreferrer noopener nofollow\">Tartu \u00dclikooli Kliinikumi Lastefond<\/a>, kes on ka harvikhaiguste kompetentsikeskuse tegevuse peamine rahastaja.<\/p>\n\n\n\n<p class=\"wp-el\">P\u00fc\u00fcame edendada haruldaste haiguste alast uurimist\u00f6\u00f6d ja haridust ning uute diagnostikameetodite kasutuselev\u00f5ttu.<\/p>\n\n\n\n<p class=\"has-medium-font-size wp-el\"><\/p>\n\n\n\n<figure class=\"wp-block-embed is-type-video is-provider-youtube wp-block-embed-youtube\"><div style=\"display: contents;\" >\n\n<div data-fullscreen=\"disabled\" data-mode=\"normal\" data-oembed=\"1\" data-provider=\"youtube\" data-reset-after-played id=\"arve-youtube-jvmyvqseoxy\" class=\"arve\">\n\t<div class=\"arve-inner\">\n\t\t<div style=\"aspect-ratio:585\/329\" class=\"arve-embed arve-embed--has-aspect-ratio\">\n\t\t\t<div class=\"arve-ar\" style=\"padding-top:56.239316%\"><\/div>\n\t\t\t<iframe allow=\"accelerometer &apos;none&apos;;autoplay &apos;none&apos;;bluetooth &apos;none&apos;;browsing-topics &apos;none&apos;;camera &apos;none&apos;;clipboard-read &apos;none&apos;;clipboard-write;display-capture &apos;none&apos;;encrypted-media &apos;none&apos;;gamepad &apos;none&apos;;geolocation &apos;none&apos;;gyroscope &apos;none&apos;;hid &apos;none&apos;;identity-credentials-get &apos;none&apos;;idle-detection &apos;none&apos;;keyboard-map &apos;none&apos;;local-fonts;magnetometer &apos;none&apos;;microphone &apos;none&apos;;midi &apos;none&apos;;otp-credentials &apos;none&apos;;payment &apos;none&apos;;picture-in-picture;publickey-credentials-create &apos;none&apos;;publickey-credentials-get &apos;none&apos;;screen-wake-lock &apos;none&apos;;serial &apos;none&apos;;summarizer &apos;none&apos;;sync-xhr;usb &apos;none&apos;;web-share;window-management &apos;none&apos;;xr-spatial-tracking &apos;none&apos;;\" allowfullscreen=\"\" class=\"arve-iframe fitvidsignore\" credentialless data-arve=\"arve-youtube-jvmyvqseoxy\" data-lenis-prevent=\"\" data-src-no-ap=\"https:\/\/www.youtube-nocookie.com\/embed\/JvmyvqSEOxY?feature=oembed&amp;iv_load_policy=3&amp;modestbranding=1&amp;rel=0&amp;autohide=1&amp;playsinline=0&amp;autoplay=0&amp;enablejsapi=1\" frameborder=\"0\" height=\"0\" loading=\"lazy\" name=\"\" referrerpolicy=\"strict-origin-when-cross-origin\" sandbox=\"allow-scripts allow-same-origin allow-presentation allow-popups allow-popups-to-escape-sandbox\" scrolling=\"no\" src=\"https:\/\/www.youtube-nocookie.com\/embed\/JvmyvqSEOxY?feature=oembed&#038;iv_load_policy=3&#038;modestbranding=1&#038;rel=0&#038;autohide=1&#038;playsinline=0&#038;autoplay=0&#038;enablejsapi=1\" title=\"Patsiendi teekond Harvikhaiguste kompetentsikeskuses\" width=\"0\"><\/iframe>\n\t\t\t\n\t\t<\/div>\n\t\t\n\t<\/div>\n\t\n\t\n\t<script type=\"application\/ld+json\">{\"@context\":\"http:\\\/\\\/schema.org\\\/\",\"@id\":\"https:\\\/\\\/www.kliinikum.ee\\\/harvikhaigused\\\/tutvustus\\\/kuidas-kompetentsikeskus-tootab\\\/#arve-youtube-jvmyvqseoxy\",\"type\":\"VideoObject\",\"embedURL\":\"https:\\\/\\\/www.youtube-nocookie.com\\\/embed\\\/JvmyvqSEOxY?feature=oembed&iv_load_policy=3&modestbranding=1&rel=0&autohide=1&playsinline=0&autoplay=0&enablejsapi=1\",\"name\":\"Patsiendi teekond Harvikhaiguste kompetentsikeskuses\",\"thumbnailUrl\":\"https:\\\/\\\/i.ytimg.com\\\/vi\\\/JvmyvqSEOxY\\\/hqdefault.jpg\",\"uploadDate\":\"2023-03-03T09:23:13Z\",\"author\":\"Tartu \\u00dclikooli Kliinikum\",\"description\":\"Harvikhaigusega patsientide multidistsiplinaarse l\\u00e4henemisviisi&nbsp; korraldamine kliinikumi erinevate kliinikud, erialade ja \\u00fcksuste koost\\u00f6\\u00f6s. Selleks korraldame regulaarseid HHKK n\\u00f5ukogu kokkusaamisi haruldase haigusega patsiendikeskse raviteekonna kindlustamiseks. Vajadusel aitame leida \\u00f5ige rav\"}<\/script>\n\t\n<\/div>\n<\/div><\/figure>\n","protected":false},"excerpt":{"rendered":"<p>Harvikhaigusega patsientide multidistsiplinaarse l\u00e4henemisviisi&nbsp; korraldamine kliinikumi erinevate kliinikud, erialade ja \u00fcksuste koost\u00f6\u00f6s. Selleks korraldame regulaarseid HHKK n\u00f5ukogu kokkusaamisi haruldase haigusega&#8230;<\/p>\n","protected":false},"author":3,"featured_media":0,"parent":402,"menu_order":30,"comment_status":"closed","ping_status":"closed","template":"","meta":{"_acf_changed":false,"inline_featured_image":false,"advgb_blocks_editor_width":"","advgb_blocks_columns_visual_guide":"","footnotes":"","_links_to":"","_links_to_target":""},"class_list":["post-714","page","type-page","status-publish","hentry"],"acf":[],"featured_image_src":null,"yoast_head":"<!-- This site is optimized with the Yoast SEO plugin v27.3 - https:\/\/yoast.com\/product\/yoast-seo-wordpress\/ -->\n<title>Kuidas kompetentsikeskus t\u00f6\u00f6tab? - Harvikhaigused<\/title>\n<meta name=\"robots\" content=\"index, follow, max-snippet:-1, max-image-preview:large, max-video-preview:-1\" \/>\n<link rel=\"canonical\" href=\"https:\/\/www.kliinikum.ee\/harvikhaigused\/tutvustus\/kuidas-kompetentsikeskus-tootab\/\" \/>\n<meta property=\"og:locale\" content=\"et_EE\" \/>\n<meta property=\"og:type\" content=\"article\" \/>\n<meta property=\"og:title\" content=\"Kuidas kompetentsikeskus t\u00f6\u00f6tab? - Harvikhaigused\" \/>\n<meta property=\"og:description\" content=\"Harvikhaigusega patsientide multidistsiplinaarse l\u00e4henemisviisi&nbsp; korraldamine kliinikumi erinevate kliinikud, erialade ja \u00fcksuste koost\u00f6\u00f6s. Selleks korraldame regulaarseid HHKK n\u00f5ukogu kokkusaamisi haruldase haigusega...\" \/>\n<meta property=\"og:url\" content=\"https:\/\/www.kliinikum.ee\/harvikhaigused\/tutvustus\/kuidas-kompetentsikeskus-tootab\/\" \/>\n<meta property=\"og:site_name\" content=\"Harvikhaigused\" \/>\n<meta property=\"article:modified_time\" content=\"2023-12-13T14:13:41+00:00\" \/>\n<meta name=\"twitter:card\" content=\"summary_large_image\" \/>\n<meta name=\"twitter:label1\" content=\"Est. reading time\" \/>\n\t<meta name=\"twitter:data1\" content=\"1 minut\" \/>\n<script type=\"application\/ld+json\" class=\"yoast-schema-graph\">{\"@context\":\"https:\\\/\\\/schema.org\",\"@graph\":[{\"@type\":\"WebPage\",\"@id\":\"https:\\\/\\\/www.kliinikum.ee\\\/harvikhaigused\\\/tutvustus\\\/kuidas-kompetentsikeskus-tootab\\\/\",\"url\":\"https:\\\/\\\/www.kliinikum.ee\\\/harvikhaigused\\\/tutvustus\\\/kuidas-kompetentsikeskus-tootab\\\/\",\"name\":\"Kuidas kompetentsikeskus t\u00f6\u00f6tab? - Harvikhaigused\",\"isPartOf\":{\"@id\":\"https:\\\/\\\/www.kliinikum.ee\\\/harvikhaigused\\\/#website\"},\"datePublished\":\"2021-11-29T07:33:33+00:00\",\"dateModified\":\"2023-12-13T14:13:41+00:00\",\"breadcrumb\":{\"@id\":\"https:\\\/\\\/www.kliinikum.ee\\\/harvikhaigused\\\/tutvustus\\\/kuidas-kompetentsikeskus-tootab\\\/#breadcrumb\"},\"inLanguage\":\"et\",\"potentialAction\":[{\"@type\":\"ReadAction\",\"target\":[\"https:\\\/\\\/www.kliinikum.ee\\\/harvikhaigused\\\/tutvustus\\\/kuidas-kompetentsikeskus-tootab\\\/\"]}]},{\"@type\":\"BreadcrumbList\",\"@id\":\"https:\\\/\\\/www.kliinikum.ee\\\/harvikhaigused\\\/tutvustus\\\/kuidas-kompetentsikeskus-tootab\\\/#breadcrumb\",\"itemListElement\":[{\"@type\":\"ListItem\",\"position\":1,\"name\":\"Home\",\"item\":\"https:\\\/\\\/www.kliinikum.ee\\\/harvikhaigused\\\/\"},{\"@type\":\"ListItem\",\"position\":2,\"name\":\"Tutvustus\",\"item\":\"https:\\\/\\\/www.kliinikum.ee\\\/harvikhaigused\\\/tutvustus\\\/\"},{\"@type\":\"ListItem\",\"position\":3,\"name\":\"Kuidas kompetentsikeskus t\u00f6\u00f6tab?\"}]},{\"@type\":\"WebSite\",\"@id\":\"https:\\\/\\\/www.kliinikum.ee\\\/harvikhaigused\\\/#website\",\"url\":\"https:\\\/\\\/www.kliinikum.ee\\\/harvikhaigused\\\/\",\"name\":\"Harvikhaigused\",\"description\":\"\",\"potentialAction\":[{\"@type\":\"SearchAction\",\"target\":{\"@type\":\"EntryPoint\",\"urlTemplate\":\"https:\\\/\\\/www.kliinikum.ee\\\/harvikhaigused\\\/?s={search_term_string}\"},\"query-input\":{\"@type\":\"PropertyValueSpecification\",\"valueRequired\":true,\"valueName\":\"search_term_string\"}}],\"inLanguage\":\"et\"}]}<\/script>\n<!-- \/ Yoast SEO plugin. -->","yoast_head_json":{"title":"Kuidas kompetentsikeskus t\u00f6\u00f6tab? - Harvikhaigused","robots":{"index":"index","follow":"follow","max-snippet":"max-snippet:-1","max-image-preview":"max-image-preview:large","max-video-preview":"max-video-preview:-1"},"canonical":"https:\/\/www.kliinikum.ee\/harvikhaigused\/tutvustus\/kuidas-kompetentsikeskus-tootab\/","og_locale":"et_EE","og_type":"article","og_title":"Kuidas kompetentsikeskus t\u00f6\u00f6tab? - Harvikhaigused","og_description":"Harvikhaigusega patsientide multidistsiplinaarse l\u00e4henemisviisi&nbsp; korraldamine kliinikumi erinevate kliinikud, erialade ja \u00fcksuste koost\u00f6\u00f6s. Selleks korraldame regulaarseid HHKK n\u00f5ukogu kokkusaamisi haruldase haigusega...","og_url":"https:\/\/www.kliinikum.ee\/harvikhaigused\/tutvustus\/kuidas-kompetentsikeskus-tootab\/","og_site_name":"Harvikhaigused","article_modified_time":"2023-12-13T14:13:41+00:00","twitter_card":"summary_large_image","twitter_misc":{"Est. reading time":"1 minut"},"schema":{"@context":"https:\/\/schema.org","@graph":[{"@type":"WebPage","@id":"https:\/\/www.kliinikum.ee\/harvikhaigused\/tutvustus\/kuidas-kompetentsikeskus-tootab\/","url":"https:\/\/www.kliinikum.ee\/harvikhaigused\/tutvustus\/kuidas-kompetentsikeskus-tootab\/","name":"Kuidas kompetentsikeskus t\u00f6\u00f6tab? - Harvikhaigused","isPartOf":{"@id":"https:\/\/www.kliinikum.ee\/harvikhaigused\/#website"},"datePublished":"2021-11-29T07:33:33+00:00","dateModified":"2023-12-13T14:13:41+00:00","breadcrumb":{"@id":"https:\/\/www.kliinikum.ee\/harvikhaigused\/tutvustus\/kuidas-kompetentsikeskus-tootab\/#breadcrumb"},"inLanguage":"et","potentialAction":[{"@type":"ReadAction","target":["https:\/\/www.kliinikum.ee\/harvikhaigused\/tutvustus\/kuidas-kompetentsikeskus-tootab\/"]}]},{"@type":"BreadcrumbList","@id":"https:\/\/www.kliinikum.ee\/harvikhaigused\/tutvustus\/kuidas-kompetentsikeskus-tootab\/#breadcrumb","itemListElement":[{"@type":"ListItem","position":1,"name":"Home","item":"https:\/\/www.kliinikum.ee\/harvikhaigused\/"},{"@type":"ListItem","position":2,"name":"Tutvustus","item":"https:\/\/www.kliinikum.ee\/harvikhaigused\/tutvustus\/"},{"@type":"ListItem","position":3,"name":"Kuidas kompetentsikeskus t\u00f6\u00f6tab?"}]},{"@type":"WebSite","@id":"https:\/\/www.kliinikum.ee\/harvikhaigused\/#website","url":"https:\/\/www.kliinikum.ee\/harvikhaigused\/","name":"Harvikhaigused","description":"","potentialAction":[{"@type":"SearchAction","target":{"@type":"EntryPoint","urlTemplate":"https:\/\/www.kliinikum.ee\/harvikhaigused\/?s={search_term_string}"},"query-input":{"@type":"PropertyValueSpecification","valueRequired":true,"valueName":"search_term_string"}}],"inLanguage":"et"}]}},"coauthors":[],"author_meta":{"author_link":"https:\/\/www.kliinikum.ee\/harvikhaigused\/author\/kulli-kevvaikliinikum-ee\/","display_name":"Kulli.Kevvai@kliinikum.ee"},"relative_dates":{"created":"Posted 4 aastat ago","modified":"Updated 2 aastat ago"},"absolute_dates":{"created":"Posted on 29. nov. 2021","modified":"Updated on 13. dets. 2023"},"absolute_dates_time":{"created":"Posted on 29. nov. 2021 09:33","modified":"Updated on 13. dets. 2023 04:13"},"featured_img_caption":"","featured_img":false,"series_order":"","_links":{"self":[{"href":"https:\/\/www.kliinikum.ee\/harvikhaigused\/wp-json\/wp\/v2\/pages\/714","targetHints":{"allow":["GET"]}}],"collection":[{"href":"https:\/\/www.kliinikum.ee\/harvikhaigused\/wp-json\/wp\/v2\/pages"}],"about":[{"href":"https:\/\/www.kliinikum.ee\/harvikhaigused\/wp-json\/wp\/v2\/types\/page"}],"author":[{"embeddable":true,"href":"https:\/\/www.kliinikum.ee\/harvikhaigused\/wp-json\/wp\/v2\/users\/3"}],"replies":[{"embeddable":true,"href":"https:\/\/www.kliinikum.ee\/harvikhaigused\/wp-json\/wp\/v2\/comments?post=714"}],"version-history":[{"count":0,"href":"https:\/\/www.kliinikum.ee\/harvikhaigused\/wp-json\/wp\/v2\/pages\/714\/revisions"}],"up":[{"embeddable":true,"href":"https:\/\/www.kliinikum.ee\/harvikhaigused\/wp-json\/wp\/v2\/pages\/402"}],"wp:attachment":[{"href":"https:\/\/www.kliinikum.ee\/harvikhaigused\/wp-json\/wp\/v2\/media?parent=714"}],"curies":[{"name":"wp","href":"https:\/\/api.w.org\/{rel}","templated":true}]}}