{"id":5865,"date":"2023-05-09T08:56:08","date_gmt":"2023-05-09T06:56:08","guid":{"rendered":"https:\/\/www.kliinikum.ee\/infarkt\/?page_id=5865"},"modified":"2023-10-19T11:52:42","modified_gmt":"2023-10-19T09:52:42","slug":"liitunud","status":"publish","type":"page","link":"https:\/\/www.kliinikum.ee\/infarkt\/liitunud\/","title":{"rendered":"Liitunud"},"content":{"rendered":"\n<p class=\"has-medium-font-size\">Alates 2012. aastast M\u00fcokardiinfarktiregistrisse (MIR) \u00c4MI statsionaarse ravi patsientide teatisi sisestavad haiglad:<\/p>\n\n\n\n<p class=\"has-medium-font-size\">1. SA P\u00f5hja-Eesti Regionaalhaigla (PERH) *<br>2. SA Tartu \u00dclikooli Kliinikumi (T\u00dcK) *<br>3. AS Ida-Tallinna Keskhaigla (ITK) **<br>4. SA Ida-Viru Keskhaigla (IVKH) **<br>5. SA P\u00e4rnu Haigla **<br>6. AS L\u00e4\u00e4ne-Tallinna Keskhaigla **<br>7. SA Narva Haigla<br>8. SA Viljandi Haigla<br>9. L\u00f5una-Eesti Haigla AS<br>10. Kuressaare Haigla SA<br>11. AS J\u00e4rvamaa Haigla<br>12. AS P\u00f5lva Haigla<br>13. AS Rakvere Haigla<br>14. AS Valga Haigla<br>15. SA Hiiumaa Haigla<br>16. SA L\u00e4\u00e4nemaa Haigla<br>17. SA Raplamaa Haigla<br>18. J\u00f5geva Haigla SA<br>19. SA Elva Haigla<br>20. AS Fertilitas#<br><br>* regionaalhaiglad<br>** keskhaiglad<br># kuni 2018. aastani<\/p>\n\n\n\n<p class=\"has-medium-font-size\">\u00d6\u00f6p\u00e4evaringne (24\/7) m\u00fcokardiinfarkti reperfusioonravi perkutaanse koronaarintervensiooni (PKI) k\u00e4ttesaadavus on PERH-is, T\u00dcK-is ja ITK-s.<br>PKI v\u00f5imalus \u00fchel t\u00f6\u00f6p\u00e4eval n\u00e4dalas on IVKH-s ja SA P\u00e4rnu Haiglas.<\/p>\n\n\n\n<figure class=\"wp-block-image size-large\"><img loading=\"lazy\" decoding=\"async\" width=\"1024\" height=\"724\" src=\"https:\/\/www.kliinikum.ee\/infarkt\/wp-content\/uploads\/2023\/10\/kaart-1024x724.png\" alt=\"\" class=\"wp-image-5944\" srcset=\"https:\/\/www.kliinikum.ee\/infarkt\/wp-content\/uploads\/2023\/10\/kaart-1024x724.png 1024w, https:\/\/www.kliinikum.ee\/infarkt\/wp-content\/uploads\/2023\/10\/kaart-300x212.png 300w, https:\/\/www.kliinikum.ee\/infarkt\/wp-content\/uploads\/2023\/10\/kaart-768x543.png 768w, https:\/\/www.kliinikum.ee\/infarkt\/wp-content\/uploads\/2023\/10\/kaart-1536x1086.png 1536w, https:\/\/www.kliinikum.ee\/infarkt\/wp-content\/uploads\/2023\/10\/kaart.png 2000w\" sizes=\"auto, (max-width: 1024px) 100vw, 1024px\" \/><\/figure>\n","protected":false},"excerpt":{"rendered":"<p>Alates 2012. aastast M\u00fcokardiinfarktiregistrisse (MIR) \u00c4MI statsionaarse ravi patsientide teatisi sisestavad haiglad: 1. SA P\u00f5hja-Eesti Regionaalhaigla (PERH) *2. SA Tartu \u00dclikooli Kliinikumi (T\u00dcK) *3. AS Ida-Tallinna Keskhaigla (ITK) **4. SA Ida-Viru Keskhaigla (IVKH) **5. SA P\u00e4rnu Haigla **6. AS L\u00e4\u00e4ne-Tallinna Keskhaigla **7. SA Narva Haigla8. SA Viljandi Haigla9. L\u00f5una-Eesti Haigla AS10. Kuressaare Haigla SA11. AS [&hellip;]<\/p>\n","protected":false},"author":32,"featured_media":0,"parent":0,"menu_order":0,"comment_status":"closed","ping_status":"closed","template":"","meta":{"_acf_changed":false,"_uag_custom_page_level_css":"","footnotes":""},"class_list":["post-5865","page","type-page","status-publish","hentry"],"acf":[],"yoast_head":"<!-- This site is optimized with the Yoast SEO plugin v27.3 - https:\/\/yoast.com\/product\/yoast-seo-wordpress\/ -->\n<title>Liitunud - M\u00fcokardiinfarktiregister<\/title>\n<meta name=\"robots\" content=\"index, follow, max-snippet:-1, max-image-preview:large, max-video-preview:-1\" \/>\n<link rel=\"canonical\" href=\"https:\/\/www.kliinikum.ee\/infarkt\/liitunud\/\" \/>\n<meta property=\"og:locale\" content=\"et_EE\" \/>\n<meta property=\"og:type\" content=\"article\" \/>\n<meta property=\"og:title\" content=\"Liitunud - M\u00fcokardiinfarktiregister\" \/>\n<meta property=\"og:description\" content=\"Alates 2012. aastast M\u00fcokardiinfarktiregistrisse (MIR) \u00c4MI statsionaarse ravi patsientide teatisi sisestavad haiglad: 1. SA P\u00f5hja-Eesti Regionaalhaigla (PERH) *2. SA Tartu \u00dclikooli Kliinikumi (T\u00dcK) *3. AS Ida-Tallinna Keskhaigla (ITK) **4. SA Ida-Viru Keskhaigla (IVKH) **5. SA P\u00e4rnu Haigla **6. AS L\u00e4\u00e4ne-Tallinna Keskhaigla **7. SA Narva Haigla8. SA Viljandi Haigla9. L\u00f5una-Eesti Haigla AS10. Kuressaare Haigla SA11. AS [&hellip;]\" \/>\n<meta property=\"og:url\" content=\"https:\/\/www.kliinikum.ee\/infarkt\/liitunud\/\" \/>\n<meta property=\"og:site_name\" content=\"M\u00fcokardiinfarktiregister\" \/>\n<meta property=\"article:modified_time\" content=\"2023-10-19T09:52:42+00:00\" \/>\n<meta property=\"og:image\" content=\"https:\/\/www.kliinikum.ee\/infarkt\/wp-content\/uploads\/2023\/10\/kaart-1024x724.png\" \/>\n<meta name=\"twitter:card\" content=\"summary_large_image\" \/>\n<meta name=\"twitter:label1\" content=\"Est. reading time\" \/>\n\t<meta name=\"twitter:data1\" content=\"1 minut\" \/>\n<script type=\"application\/ld+json\" class=\"yoast-schema-graph\">{\"@context\":\"https:\\\/\\\/schema.org\",\"@graph\":[{\"@type\":\"WebPage\",\"@id\":\"https:\\\/\\\/www.kliinikum.ee\\\/infarkt\\\/liitunud\\\/\",\"url\":\"https:\\\/\\\/www.kliinikum.ee\\\/infarkt\\\/liitunud\\\/\",\"name\":\"Liitunud - M\u00fcokardiinfarktiregister\",\"isPartOf\":{\"@id\":\"https:\\\/\\\/www.kliinikum.ee\\\/infarkt\\\/#website\"},\"primaryImageOfPage\":{\"@id\":\"https:\\\/\\\/www.kliinikum.ee\\\/infarkt\\\/liitunud\\\/#primaryimage\"},\"image\":{\"@id\":\"https:\\\/\\\/www.kliinikum.ee\\\/infarkt\\\/liitunud\\\/#primaryimage\"},\"thumbnailUrl\":\"https:\\\/\\\/www.kliinikum.ee\\\/infarkt\\\/wp-content\\\/uploads\\\/2023\\\/10\\\/kaart-1024x724.png\",\"datePublished\":\"2023-05-09T06:56:08+00:00\",\"dateModified\":\"2023-10-19T09:52:42+00:00\",\"breadcrumb\":{\"@id\":\"https:\\\/\\\/www.kliinikum.ee\\\/infarkt\\\/liitunud\\\/#breadcrumb\"},\"inLanguage\":\"et\",\"potentialAction\":[{\"@type\":\"ReadAction\",\"target\":[\"https:\\\/\\\/www.kliinikum.ee\\\/infarkt\\\/liitunud\\\/\"]}]},{\"@type\":\"ImageObject\",\"inLanguage\":\"et\",\"@id\":\"https:\\\/\\\/www.kliinikum.ee\\\/infarkt\\\/liitunud\\\/#primaryimage\",\"url\":\"https:\\\/\\\/www.kliinikum.ee\\\/infarkt\\\/wp-content\\\/uploads\\\/2023\\\/10\\\/kaart.png\",\"contentUrl\":\"https:\\\/\\\/www.kliinikum.ee\\\/infarkt\\\/wp-content\\\/uploads\\\/2023\\\/10\\\/kaart.png\",\"width\":2000,\"height\":1414},{\"@type\":\"BreadcrumbList\",\"@id\":\"https:\\\/\\\/www.kliinikum.ee\\\/infarkt\\\/liitunud\\\/#breadcrumb\",\"itemListElement\":[{\"@type\":\"ListItem\",\"position\":1,\"name\":\"Home\",\"item\":\"https:\\\/\\\/www.kliinikum.ee\\\/infarkt\\\/\"},{\"@type\":\"ListItem\",\"position\":2,\"name\":\"Liitunud\"}]},{\"@type\":\"WebSite\",\"@id\":\"https:\\\/\\\/www.kliinikum.ee\\\/infarkt\\\/#website\",\"url\":\"https:\\\/\\\/www.kliinikum.ee\\\/infarkt\\\/\",\"name\":\"M\u00fcokardiinfarktiregister\",\"description\":\"Hoolivus, Uuendusmeelsus, P\u00e4devus ja Usaldusv\u00e4\u00e4rsus\",\"potentialAction\":[{\"@type\":\"SearchAction\",\"target\":{\"@type\":\"EntryPoint\",\"urlTemplate\":\"https:\\\/\\\/www.kliinikum.ee\\\/infarkt\\\/?s={search_term_string}\"},\"query-input\":{\"@type\":\"PropertyValueSpecification\",\"valueRequired\":true,\"valueName\":\"search_term_string\"}}],\"inLanguage\":\"et\"}]}<\/script>\n<!-- \/ Yoast SEO plugin. -->","yoast_head_json":{"title":"Liitunud - M\u00fcokardiinfarktiregister","robots":{"index":"index","follow":"follow","max-snippet":"max-snippet:-1","max-image-preview":"max-image-preview:large","max-video-preview":"max-video-preview:-1"},"canonical":"https:\/\/www.kliinikum.ee\/infarkt\/liitunud\/","og_locale":"et_EE","og_type":"article","og_title":"Liitunud - M\u00fcokardiinfarktiregister","og_description":"Alates 2012. aastast M\u00fcokardiinfarktiregistrisse (MIR) \u00c4MI statsionaarse ravi patsientide teatisi sisestavad haiglad: 1. SA P\u00f5hja-Eesti Regionaalhaigla (PERH) *2. SA Tartu \u00dclikooli Kliinikumi (T\u00dcK) *3. AS Ida-Tallinna Keskhaigla (ITK) **4. SA Ida-Viru Keskhaigla (IVKH) **5. SA P\u00e4rnu Haigla **6. AS L\u00e4\u00e4ne-Tallinna Keskhaigla **7. SA Narva Haigla8. SA Viljandi Haigla9. L\u00f5una-Eesti Haigla AS10. Kuressaare Haigla SA11. AS [&hellip;]","og_url":"https:\/\/www.kliinikum.ee\/infarkt\/liitunud\/","og_site_name":"M\u00fcokardiinfarktiregister","article_modified_time":"2023-10-19T09:52:42+00:00","og_image":[{"url":"https:\/\/www.kliinikum.ee\/infarkt\/wp-content\/uploads\/2023\/10\/kaart-1024x724.png","type":"","width":"","height":""}],"twitter_card":"summary_large_image","twitter_misc":{"Est. reading time":"1 minut"},"schema":{"@context":"https:\/\/schema.org","@graph":[{"@type":"WebPage","@id":"https:\/\/www.kliinikum.ee\/infarkt\/liitunud\/","url":"https:\/\/www.kliinikum.ee\/infarkt\/liitunud\/","name":"Liitunud - M\u00fcokardiinfarktiregister","isPartOf":{"@id":"https:\/\/www.kliinikum.ee\/infarkt\/#website"},"primaryImageOfPage":{"@id":"https:\/\/www.kliinikum.ee\/infarkt\/liitunud\/#primaryimage"},"image":{"@id":"https:\/\/www.kliinikum.ee\/infarkt\/liitunud\/#primaryimage"},"thumbnailUrl":"https:\/\/www.kliinikum.ee\/infarkt\/wp-content\/uploads\/2023\/10\/kaart-1024x724.png","datePublished":"2023-05-09T06:56:08+00:00","dateModified":"2023-10-19T09:52:42+00:00","breadcrumb":{"@id":"https:\/\/www.kliinikum.ee\/infarkt\/liitunud\/#breadcrumb"},"inLanguage":"et","potentialAction":[{"@type":"ReadAction","target":["https:\/\/www.kliinikum.ee\/infarkt\/liitunud\/"]}]},{"@type":"ImageObject","inLanguage":"et","@id":"https:\/\/www.kliinikum.ee\/infarkt\/liitunud\/#primaryimage","url":"https:\/\/www.kliinikum.ee\/infarkt\/wp-content\/uploads\/2023\/10\/kaart.png","contentUrl":"https:\/\/www.kliinikum.ee\/infarkt\/wp-content\/uploads\/2023\/10\/kaart.png","width":2000,"height":1414},{"@type":"BreadcrumbList","@id":"https:\/\/www.kliinikum.ee\/infarkt\/liitunud\/#breadcrumb","itemListElement":[{"@type":"ListItem","position":1,"name":"Home","item":"https:\/\/www.kliinikum.ee\/infarkt\/"},{"@type":"ListItem","position":2,"name":"Liitunud"}]},{"@type":"WebSite","@id":"https:\/\/www.kliinikum.ee\/infarkt\/#website","url":"https:\/\/www.kliinikum.ee\/infarkt\/","name":"M\u00fcokardiinfarktiregister","description":"Hoolivus, Uuendusmeelsus, P\u00e4devus ja Usaldusv\u00e4\u00e4rsus","potentialAction":[{"@type":"SearchAction","target":{"@type":"EntryPoint","urlTemplate":"https:\/\/www.kliinikum.ee\/infarkt\/?s={search_term_string}"},"query-input":{"@type":"PropertyValueSpecification","valueRequired":true,"valueName":"search_term_string"}}],"inLanguage":"et"}]}},"uagb_featured_image_src":{"full":false,"thumbnail":false,"medium":false,"medium_large":false,"large":false,"1536x1536":false,"2048x2048":false},"uagb_author_info":{"display_name":"Jane Freimann","author_link":"https:\/\/www.kliinikum.ee\/infarkt\/author\/janef\/"},"uagb_comment_info":0,"uagb_excerpt":"Alates 2012. aastast M\u00fcokardiinfarktiregistrisse (MIR) \u00c4MI statsionaarse ravi patsientide teatisi sisestavad haiglad: 1. SA P\u00f5hja-Eesti Regionaalhaigla (PERH) *2. SA Tartu \u00dclikooli Kliinikumi (T\u00dcK) *3. AS Ida-Tallinna Keskhaigla (ITK) **4. SA Ida-Viru Keskhaigla (IVKH) **5. SA P\u00e4rnu Haigla **6. AS L\u00e4\u00e4ne-Tallinna Keskhaigla **7. SA Narva Haigla8. SA Viljandi Haigla9. L\u00f5una-Eesti Haigla AS10. Kuressaare Haigla SA11. AS&hellip;","_links":{"self":[{"href":"https:\/\/www.kliinikum.ee\/infarkt\/wp-json\/wp\/v2\/pages\/5865","targetHints":{"allow":["GET"]}}],"collection":[{"href":"https:\/\/www.kliinikum.ee\/infarkt\/wp-json\/wp\/v2\/pages"}],"about":[{"href":"https:\/\/www.kliinikum.ee\/infarkt\/wp-json\/wp\/v2\/types\/page"}],"author":[{"embeddable":true,"href":"https:\/\/www.kliinikum.ee\/infarkt\/wp-json\/wp\/v2\/users\/32"}],"replies":[{"embeddable":true,"href":"https:\/\/www.kliinikum.ee\/infarkt\/wp-json\/wp\/v2\/comments?post=5865"}],"version-history":[{"count":0,"href":"https:\/\/www.kliinikum.ee\/infarkt\/wp-json\/wp\/v2\/pages\/5865\/revisions"}],"wp:attachment":[{"href":"https:\/\/www.kliinikum.ee\/infarkt\/wp-json\/wp\/v2\/media?parent=5865"}],"curies":[{"name":"wp","href":"https:\/\/api.w.org\/{rel}","templated":true}]}}