{"id":6417,"date":"2023-08-24T13:00:40","date_gmt":"2023-08-24T11:00:40","guid":{"rendered":"https:\/\/www.kliinikum.ee\/kirurgiakliinik\/?page_id=6417"},"modified":"2024-12-02T14:47:23","modified_gmt":"2024-12-02T12:47:23","slug":"administratsioon","status":"publish","type":"page","link":"https:\/\/www.kliinikum.ee\/kirurgiakliinik\/kliinikust\/administratsioon\/","title":{"rendered":"Administratsioon"},"content":{"rendered":"\n<figure class=\"wp-block-table\"><table><tbody><tr><td><\/td><td><\/td><td><\/td><td><\/td><\/tr><tr><td><a href=\"file:\/\/\/U:\/My%20documents\/Kirugiakliinik\/KODULEHT\/Uus%20kaust\/CV%20kodulehele%20(M.%20Murruste).pdf\">M<\/a><a href=\"https:\/\/www.kliinikum.ee\/kirurgiakliinik\/wp-content\/uploads\/2023\/11\/CV-M.-Murruste.pdf\">arko Murruste<\/a><\/td><td>Kliinikujuht, vanemarst-\u00f5ppej\u00f5ud, \u00fcldkirurg<\/td><td>7318065<\/td><td><a href=\"mailto:marko.murruste@kliinikum.ee\">marko.murruste@kliinikum.ee<\/a><\/td><\/tr><tr><td><a href=\"https:\/\/www.kliinikum.ee\/kirurgiakliinik\/wp-content\/uploads\/2023\/11\/CV-U.-Lepner.pdf\">Urmas Lepner<\/a><\/td><td>\u00dclemarst-\u00f5ppej\u00f5ud, \u00fcldkirurg<\/td><td>7318201<\/td><td><a href=\"mailto:urmas.lepner@kliinikum.ee\">urmas.lepner@kliinikum.ee<\/a><\/td><\/tr><tr><td>Lea \u017dor\u017eoliani<\/td><td>\u00d5endusjuht<\/td><td>7318203<\/td><td><a href=\"mailto:lea.zorzoliani@kliinikum.ee\">lea.zorzoliani@kliinikum.ee<\/a><\/td><\/tr><tr><td>\u00dclle Kirsim\u00e4gi<\/td><td>Anal\u00fc\u00fctik<\/td><td>7318205<\/td><td><a href=\"mailto:ylle.kirsimagi@kliinikum.ee\">ylle.kirsimagi@kliinikum.ee<\/a><\/td><\/tr><tr><td>Kaia Linkberg<\/td><td>Tervishoiusekret\u00e4r<\/td><td>7318238<\/td><td><a href=\"mailto:kaia.linkberg@kliinikum.ee\">kaia.linkberg@kliinikum.ee<\/a><\/td><\/tr><\/tbody><\/table><\/figure>\n","protected":false},"excerpt":{"rendered":"<p>Marko Murruste Kliinikujuht, vanemarst-\u00f5ppej\u00f5ud, \u00fcldkirurg 7318065 marko.murruste@kliinikum.ee Urmas Lepner \u00dclemarst-\u00f5ppej\u00f5ud, \u00fcldkirurg 7318201 urmas.lepner@kliinikum.ee Lea \u017dor\u017eoliani \u00d5endusjuht 7318203 lea.zorzoliani@kliinikum.ee \u00dclle Kirsim\u00e4gi Anal\u00fc\u00fctik 7318205 ylle.kirsimagi@kliinikum.ee Kaia Linkberg Tervishoiusekret\u00e4r 7318238 kaia.linkberg@kliinikum.ee<\/p>\n","protected":false},"author":32,"featured_media":0,"parent":17,"menu_order":0,"comment_status":"closed","ping_status":"closed","template":"","meta":{"_acf_changed":false,"_uag_custom_page_level_css":"","footnotes":""},"class_list":["post-6417","page","type-page","status-publish","hentry"],"acf":[],"yoast_head":"<!-- This site is optimized with the Yoast SEO plugin v27.5 - https:\/\/yoast.com\/product\/yoast-seo-wordpress\/ -->\n<title>Administratsioon - Kirurgiakliinik<\/title>\n<meta name=\"robots\" content=\"index, follow, max-snippet:-1, max-image-preview:large, max-video-preview:-1\" \/>\n<link rel=\"canonical\" href=\"https:\/\/www.kliinikum.ee\/kirurgiakliinik\/kliinikust\/administratsioon\/\" \/>\n<meta property=\"og:locale\" content=\"et_EE\" \/>\n<meta property=\"og:type\" content=\"article\" \/>\n<meta property=\"og:title\" content=\"Administratsioon - Kirurgiakliinik\" \/>\n<meta property=\"og:description\" content=\"Marko Murruste Kliinikujuht, vanemarst-\u00f5ppej\u00f5ud, \u00fcldkirurg 7318065 marko.murruste@kliinikum.ee Urmas Lepner \u00dclemarst-\u00f5ppej\u00f5ud, \u00fcldkirurg 7318201 urmas.lepner@kliinikum.ee Lea \u017dor\u017eoliani \u00d5endusjuht 7318203 lea.zorzoliani@kliinikum.ee \u00dclle Kirsim\u00e4gi Anal\u00fc\u00fctik 7318205 ylle.kirsimagi@kliinikum.ee Kaia Linkberg Tervishoiusekret\u00e4r 7318238 kaia.linkberg@kliinikum.ee\" \/>\n<meta property=\"og:url\" content=\"https:\/\/www.kliinikum.ee\/kirurgiakliinik\/kliinikust\/administratsioon\/\" \/>\n<meta property=\"og:site_name\" content=\"Kirurgiakliinik\" \/>\n<meta property=\"article:modified_time\" content=\"2024-12-02T12:47:23+00:00\" \/>\n<meta name=\"twitter:card\" content=\"summary_large_image\" \/>\n<meta name=\"twitter:label1\" content=\"Est. reading time\" \/>\n\t<meta name=\"twitter:data1\" content=\"1 minut\" \/>\n<script type=\"application\/ld+json\" class=\"yoast-schema-graph\">{\"@context\":\"https:\\\/\\\/schema.org\",\"@graph\":[{\"@type\":\"WebPage\",\"@id\":\"https:\\\/\\\/www.kliinikum.ee\\\/kirurgiakliinik\\\/kliinikust\\\/administratsioon\\\/\",\"url\":\"https:\\\/\\\/www.kliinikum.ee\\\/kirurgiakliinik\\\/kliinikust\\\/administratsioon\\\/\",\"name\":\"Administratsioon - Kirurgiakliinik\",\"isPartOf\":{\"@id\":\"https:\\\/\\\/www.kliinikum.ee\\\/kirurgiakliinik\\\/#website\"},\"datePublished\":\"2023-08-24T11:00:40+00:00\",\"dateModified\":\"2024-12-02T12:47:23+00:00\",\"breadcrumb\":{\"@id\":\"https:\\\/\\\/www.kliinikum.ee\\\/kirurgiakliinik\\\/kliinikust\\\/administratsioon\\\/#breadcrumb\"},\"inLanguage\":\"et\",\"potentialAction\":[{\"@type\":\"ReadAction\",\"target\":[\"https:\\\/\\\/www.kliinikum.ee\\\/kirurgiakliinik\\\/kliinikust\\\/administratsioon\\\/\"]}]},{\"@type\":\"BreadcrumbList\",\"@id\":\"https:\\\/\\\/www.kliinikum.ee\\\/kirurgiakliinik\\\/kliinikust\\\/administratsioon\\\/#breadcrumb\",\"itemListElement\":[{\"@type\":\"ListItem\",\"position\":1,\"name\":\"Home\",\"item\":\"https:\\\/\\\/www.kliinikum.ee\\\/kirurgiakliinik\\\/\"},{\"@type\":\"ListItem\",\"position\":2,\"name\":\"Kliinikust\",\"item\":\"https:\\\/\\\/www.kliinikum.ee\\\/kirurgiakliinik\\\/kliinikust\\\/\"},{\"@type\":\"ListItem\",\"position\":3,\"name\":\"Administratsioon\"}]},{\"@type\":\"WebSite\",\"@id\":\"https:\\\/\\\/www.kliinikum.ee\\\/kirurgiakliinik\\\/#website\",\"url\":\"https:\\\/\\\/www.kliinikum.ee\\\/kirurgiakliinik\\\/\",\"name\":\"Kirurgiakliinik\",\"description\":\"Hoolivus, Uuendusmeelsus, P\u00e4devus ja Usaldusv\u00e4\u00e4rsus\",\"potentialAction\":[{\"@type\":\"SearchAction\",\"target\":{\"@type\":\"EntryPoint\",\"urlTemplate\":\"https:\\\/\\\/www.kliinikum.ee\\\/kirurgiakliinik\\\/?s={search_term_string}\"},\"query-input\":{\"@type\":\"PropertyValueSpecification\",\"valueRequired\":true,\"valueName\":\"search_term_string\"}}],\"inLanguage\":\"et\"}]}<\/script>\n<!-- \/ Yoast SEO plugin. -->","yoast_head_json":{"title":"Administratsioon - Kirurgiakliinik","robots":{"index":"index","follow":"follow","max-snippet":"max-snippet:-1","max-image-preview":"max-image-preview:large","max-video-preview":"max-video-preview:-1"},"canonical":"https:\/\/www.kliinikum.ee\/kirurgiakliinik\/kliinikust\/administratsioon\/","og_locale":"et_EE","og_type":"article","og_title":"Administratsioon - Kirurgiakliinik","og_description":"Marko Murruste Kliinikujuht, vanemarst-\u00f5ppej\u00f5ud, \u00fcldkirurg 7318065 marko.murruste@kliinikum.ee Urmas Lepner \u00dclemarst-\u00f5ppej\u00f5ud, \u00fcldkirurg 7318201 urmas.lepner@kliinikum.ee Lea \u017dor\u017eoliani \u00d5endusjuht 7318203 lea.zorzoliani@kliinikum.ee \u00dclle Kirsim\u00e4gi Anal\u00fc\u00fctik 7318205 ylle.kirsimagi@kliinikum.ee Kaia Linkberg Tervishoiusekret\u00e4r 7318238 kaia.linkberg@kliinikum.ee","og_url":"https:\/\/www.kliinikum.ee\/kirurgiakliinik\/kliinikust\/administratsioon\/","og_site_name":"Kirurgiakliinik","article_modified_time":"2024-12-02T12:47:23+00:00","twitter_card":"summary_large_image","twitter_misc":{"Est. reading time":"1 minut"},"schema":{"@context":"https:\/\/schema.org","@graph":[{"@type":"WebPage","@id":"https:\/\/www.kliinikum.ee\/kirurgiakliinik\/kliinikust\/administratsioon\/","url":"https:\/\/www.kliinikum.ee\/kirurgiakliinik\/kliinikust\/administratsioon\/","name":"Administratsioon - Kirurgiakliinik","isPartOf":{"@id":"https:\/\/www.kliinikum.ee\/kirurgiakliinik\/#website"},"datePublished":"2023-08-24T11:00:40+00:00","dateModified":"2024-12-02T12:47:23+00:00","breadcrumb":{"@id":"https:\/\/www.kliinikum.ee\/kirurgiakliinik\/kliinikust\/administratsioon\/#breadcrumb"},"inLanguage":"et","potentialAction":[{"@type":"ReadAction","target":["https:\/\/www.kliinikum.ee\/kirurgiakliinik\/kliinikust\/administratsioon\/"]}]},{"@type":"BreadcrumbList","@id":"https:\/\/www.kliinikum.ee\/kirurgiakliinik\/kliinikust\/administratsioon\/#breadcrumb","itemListElement":[{"@type":"ListItem","position":1,"name":"Home","item":"https:\/\/www.kliinikum.ee\/kirurgiakliinik\/"},{"@type":"ListItem","position":2,"name":"Kliinikust","item":"https:\/\/www.kliinikum.ee\/kirurgiakliinik\/kliinikust\/"},{"@type":"ListItem","position":3,"name":"Administratsioon"}]},{"@type":"WebSite","@id":"https:\/\/www.kliinikum.ee\/kirurgiakliinik\/#website","url":"https:\/\/www.kliinikum.ee\/kirurgiakliinik\/","name":"Kirurgiakliinik","description":"Hoolivus, Uuendusmeelsus, P\u00e4devus ja Usaldusv\u00e4\u00e4rsus","potentialAction":[{"@type":"SearchAction","target":{"@type":"EntryPoint","urlTemplate":"https:\/\/www.kliinikum.ee\/kirurgiakliinik\/?s={search_term_string}"},"query-input":{"@type":"PropertyValueSpecification","valueRequired":true,"valueName":"search_term_string"}}],"inLanguage":"et"}]}},"uagb_featured_image_src":{"full":false,"thumbnail":false,"medium":false,"medium_large":false,"large":false,"1536x1536":false,"2048x2048":false},"uagb_author_info":{"display_name":"Jane Freimann","author_link":"https:\/\/www.kliinikum.ee\/kirurgiakliinik\/author\/janef\/"},"uagb_comment_info":0,"uagb_excerpt":"Marko Murruste Kliinikujuht, vanemarst-\u00f5ppej\u00f5ud, \u00fcldkirurg 7318065 marko.murruste@kliinikum.ee Urmas Lepner \u00dclemarst-\u00f5ppej\u00f5ud, \u00fcldkirurg 7318201 urmas.lepner@kliinikum.ee Lea \u017dor\u017eoliani \u00d5endusjuht 7318203 lea.zorzoliani@kliinikum.ee \u00dclle Kirsim\u00e4gi Anal\u00fc\u00fctik 7318205 ylle.kirsimagi@kliinikum.ee Kaia Linkberg Tervishoiusekret\u00e4r 7318238 kaia.linkberg@kliinikum.ee","_links":{"self":[{"href":"https:\/\/www.kliinikum.ee\/kirurgiakliinik\/wp-json\/wp\/v2\/pages\/6417","targetHints":{"allow":["GET"]}}],"collection":[{"href":"https:\/\/www.kliinikum.ee\/kirurgiakliinik\/wp-json\/wp\/v2\/pages"}],"about":[{"href":"https:\/\/www.kliinikum.ee\/kirurgiakliinik\/wp-json\/wp\/v2\/types\/page"}],"author":[{"embeddable":true,"href":"https:\/\/www.kliinikum.ee\/kirurgiakliinik\/wp-json\/wp\/v2\/users\/32"}],"replies":[{"embeddable":true,"href":"https:\/\/www.kliinikum.ee\/kirurgiakliinik\/wp-json\/wp\/v2\/comments?post=6417"}],"version-history":[{"count":0,"href":"https:\/\/www.kliinikum.ee\/kirurgiakliinik\/wp-json\/wp\/v2\/pages\/6417\/revisions"}],"up":[{"embeddable":true,"href":"https:\/\/www.kliinikum.ee\/kirurgiakliinik\/wp-json\/wp\/v2\/pages\/17"}],"wp:attachment":[{"href":"https:\/\/www.kliinikum.ee\/kirurgiakliinik\/wp-json\/wp\/v2\/media?parent=6417"}],"curies":[{"name":"wp","href":"https:\/\/api.w.org\/{rel}","templated":true}]}}