{"id":6430,"date":"2023-08-24T13:12:50","date_gmt":"2023-08-24T11:12:50","guid":{"rendered":"https:\/\/www.kliinikum.ee\/kirurgiakliinik\/?page_id=6430"},"modified":"2024-01-15T14:26:17","modified_gmt":"2024-01-15T12:26:17","slug":"ravimeeskonnad","status":"publish","type":"page","link":"https:\/\/www.kliinikum.ee\/kirurgiakliinik\/kliinikust\/ravimeeskonnad\/","title":{"rendered":"Ravimeeskonnad"},"content":{"rendered":"\n<p><em>On juba iidne teadmine, et meisterliku tegevuse ja heade tulemusteni viib pidev harjutamine ja oskuste omandamine.<\/em><\/p>\n\n\n\n<p><em>Vanade ladina sententside \u201eUses promptos facit\u201c (harjutamine teeb meistriks) ja \u201eRepetitio est mater studiorum\u201c (kordamine on tarkuse ema) t\u00f5esus ja olulisus on m\u00f5jutanud oluliselt ka kirurgia arengut. Nende operatsioonide korral, kus on vajalikud spetsiifilised lisaoskused ja\/v\u00f5i juhtude arv suhteliselt v\u00e4ike, peetakse vajalikuks t\u00e4iendavat spetsialiseerumist ja ravi tsentraliseerimist suurematesse haiglatesse.<\/em> <em>Selle eesm\u00e4rk on tagada kirurgilise ravi k\u00f5rge kvaliteet - patsiente ravivad kirurgid, kellel on hea kogemus spetsiifiliste probleemide \u00e4ra tundmisel ja ravimisel.<\/em><\/p>\n\n\n\n<p><em>Kodulehel on toodud need haiguste ja operatsioonide grupid, kus spetsialiseerumine T\u00dcK kirurgiakliinikus on toimunud ja on moodustatud vastavad ravimeeskonnad. Lisatud on vastutavate kirurgiliste meeskondade koosseisud.<\/em><\/p>\n\n\n\n<p><em>NB! Paljude haiguste ravimisel ei ole spetsialiseerumine vajalik (sagedasemad haigused) ja patsientide raviga tegelevad k\u00f5ik vastava eriala kirurgid (n\u00e4iteks sapikivit\u00f5bi, apenditsiit, k\u00f5hu \u00e4gedad kirurgilised haigused jms).<\/em><\/p>\n\n\n\n<p>Ravimeeskondade info on leitav osakondade alt.  <\/p>\n","protected":false},"excerpt":{"rendered":"<p>On juba iidne teadmine, et meisterliku tegevuse ja heade tulemusteni viib pidev harjutamine ja oskuste omandamine. Vanade ladina sententside \u201eUses promptos facit\u201c (harjutamine teeb meistriks) ja \u201eRepetitio est mater studiorum\u201c (kordamine on tarkuse ema) t\u00f5esus ja olulisus on m\u00f5jutanud oluliselt ka kirurgia arengut. Nende operatsioonide korral, kus on vajalikud spetsiifilised lisaoskused ja\/v\u00f5i juhtude arv suhteliselt [&hellip;]<\/p>\n","protected":false},"author":32,"featured_media":0,"parent":17,"menu_order":11,"comment_status":"closed","ping_status":"closed","template":"","meta":{"_acf_changed":false,"_uag_custom_page_level_css":"","footnotes":""},"class_list":["post-6430","page","type-page","status-publish","hentry"],"acf":[],"yoast_head":"<!-- This site is optimized with the Yoast SEO plugin v27.3 - https:\/\/yoast.com\/product\/yoast-seo-wordpress\/ -->\n<title>Ravimeeskonnad - Kirurgiakliinik<\/title>\n<meta name=\"robots\" content=\"index, follow, max-snippet:-1, max-image-preview:large, max-video-preview:-1\" \/>\n<link rel=\"canonical\" href=\"https:\/\/www.kliinikum.ee\/kirurgiakliinik\/kliinikust\/ravimeeskonnad\/\" \/>\n<meta property=\"og:locale\" content=\"et_EE\" \/>\n<meta property=\"og:type\" content=\"article\" \/>\n<meta property=\"og:title\" content=\"Ravimeeskonnad - Kirurgiakliinik\" \/>\n<meta property=\"og:description\" content=\"On juba iidne teadmine, et meisterliku tegevuse ja heade tulemusteni viib pidev harjutamine ja oskuste omandamine. Vanade ladina sententside \u201eUses promptos facit\u201c (harjutamine teeb meistriks) ja \u201eRepetitio est mater studiorum\u201c (kordamine on tarkuse ema) t\u00f5esus ja olulisus on m\u00f5jutanud oluliselt ka kirurgia arengut. Nende operatsioonide korral, kus on vajalikud spetsiifilised lisaoskused ja\/v\u00f5i juhtude arv suhteliselt [&hellip;]\" \/>\n<meta property=\"og:url\" content=\"https:\/\/www.kliinikum.ee\/kirurgiakliinik\/kliinikust\/ravimeeskonnad\/\" \/>\n<meta property=\"og:site_name\" content=\"Kirurgiakliinik\" \/>\n<meta property=\"article:modified_time\" content=\"2024-01-15T12:26:17+00:00\" \/>\n<meta name=\"twitter:card\" content=\"summary_large_image\" \/>\n<meta name=\"twitter:label1\" content=\"Est. reading time\" \/>\n\t<meta name=\"twitter:data1\" content=\"1 minut\" \/>\n<script type=\"application\/ld+json\" class=\"yoast-schema-graph\">{\"@context\":\"https:\\\/\\\/schema.org\",\"@graph\":[{\"@type\":\"WebPage\",\"@id\":\"https:\\\/\\\/www.kliinikum.ee\\\/kirurgiakliinik\\\/kliinikust\\\/ravimeeskonnad\\\/\",\"url\":\"https:\\\/\\\/www.kliinikum.ee\\\/kirurgiakliinik\\\/kliinikust\\\/ravimeeskonnad\\\/\",\"name\":\"Ravimeeskonnad - Kirurgiakliinik\",\"isPartOf\":{\"@id\":\"https:\\\/\\\/www.kliinikum.ee\\\/kirurgiakliinik\\\/#website\"},\"datePublished\":\"2023-08-24T11:12:50+00:00\",\"dateModified\":\"2024-01-15T12:26:17+00:00\",\"breadcrumb\":{\"@id\":\"https:\\\/\\\/www.kliinikum.ee\\\/kirurgiakliinik\\\/kliinikust\\\/ravimeeskonnad\\\/#breadcrumb\"},\"inLanguage\":\"et\",\"potentialAction\":[{\"@type\":\"ReadAction\",\"target\":[\"https:\\\/\\\/www.kliinikum.ee\\\/kirurgiakliinik\\\/kliinikust\\\/ravimeeskonnad\\\/\"]}]},{\"@type\":\"BreadcrumbList\",\"@id\":\"https:\\\/\\\/www.kliinikum.ee\\\/kirurgiakliinik\\\/kliinikust\\\/ravimeeskonnad\\\/#breadcrumb\",\"itemListElement\":[{\"@type\":\"ListItem\",\"position\":1,\"name\":\"Home\",\"item\":\"https:\\\/\\\/www.kliinikum.ee\\\/kirurgiakliinik\\\/\"},{\"@type\":\"ListItem\",\"position\":2,\"name\":\"Kliinikust\",\"item\":\"https:\\\/\\\/www.kliinikum.ee\\\/kirurgiakliinik\\\/kliinikust\\\/\"},{\"@type\":\"ListItem\",\"position\":3,\"name\":\"Ravimeeskonnad\"}]},{\"@type\":\"WebSite\",\"@id\":\"https:\\\/\\\/www.kliinikum.ee\\\/kirurgiakliinik\\\/#website\",\"url\":\"https:\\\/\\\/www.kliinikum.ee\\\/kirurgiakliinik\\\/\",\"name\":\"Kirurgiakliinik\",\"description\":\"Hoolivus, Uuendusmeelsus, P\u00e4devus ja Usaldusv\u00e4\u00e4rsus\",\"potentialAction\":[{\"@type\":\"SearchAction\",\"target\":{\"@type\":\"EntryPoint\",\"urlTemplate\":\"https:\\\/\\\/www.kliinikum.ee\\\/kirurgiakliinik\\\/?s={search_term_string}\"},\"query-input\":{\"@type\":\"PropertyValueSpecification\",\"valueRequired\":true,\"valueName\":\"search_term_string\"}}],\"inLanguage\":\"et\"}]}<\/script>\n<!-- \/ Yoast SEO plugin. -->","yoast_head_json":{"title":"Ravimeeskonnad - Kirurgiakliinik","robots":{"index":"index","follow":"follow","max-snippet":"max-snippet:-1","max-image-preview":"max-image-preview:large","max-video-preview":"max-video-preview:-1"},"canonical":"https:\/\/www.kliinikum.ee\/kirurgiakliinik\/kliinikust\/ravimeeskonnad\/","og_locale":"et_EE","og_type":"article","og_title":"Ravimeeskonnad - Kirurgiakliinik","og_description":"On juba iidne teadmine, et meisterliku tegevuse ja heade tulemusteni viib pidev harjutamine ja oskuste omandamine. Vanade ladina sententside \u201eUses promptos facit\u201c (harjutamine teeb meistriks) ja \u201eRepetitio est mater studiorum\u201c (kordamine on tarkuse ema) t\u00f5esus ja olulisus on m\u00f5jutanud oluliselt ka kirurgia arengut. Nende operatsioonide korral, kus on vajalikud spetsiifilised lisaoskused ja\/v\u00f5i juhtude arv suhteliselt [&hellip;]","og_url":"https:\/\/www.kliinikum.ee\/kirurgiakliinik\/kliinikust\/ravimeeskonnad\/","og_site_name":"Kirurgiakliinik","article_modified_time":"2024-01-15T12:26:17+00:00","twitter_card":"summary_large_image","twitter_misc":{"Est. reading time":"1 minut"},"schema":{"@context":"https:\/\/schema.org","@graph":[{"@type":"WebPage","@id":"https:\/\/www.kliinikum.ee\/kirurgiakliinik\/kliinikust\/ravimeeskonnad\/","url":"https:\/\/www.kliinikum.ee\/kirurgiakliinik\/kliinikust\/ravimeeskonnad\/","name":"Ravimeeskonnad - Kirurgiakliinik","isPartOf":{"@id":"https:\/\/www.kliinikum.ee\/kirurgiakliinik\/#website"},"datePublished":"2023-08-24T11:12:50+00:00","dateModified":"2024-01-15T12:26:17+00:00","breadcrumb":{"@id":"https:\/\/www.kliinikum.ee\/kirurgiakliinik\/kliinikust\/ravimeeskonnad\/#breadcrumb"},"inLanguage":"et","potentialAction":[{"@type":"ReadAction","target":["https:\/\/www.kliinikum.ee\/kirurgiakliinik\/kliinikust\/ravimeeskonnad\/"]}]},{"@type":"BreadcrumbList","@id":"https:\/\/www.kliinikum.ee\/kirurgiakliinik\/kliinikust\/ravimeeskonnad\/#breadcrumb","itemListElement":[{"@type":"ListItem","position":1,"name":"Home","item":"https:\/\/www.kliinikum.ee\/kirurgiakliinik\/"},{"@type":"ListItem","position":2,"name":"Kliinikust","item":"https:\/\/www.kliinikum.ee\/kirurgiakliinik\/kliinikust\/"},{"@type":"ListItem","position":3,"name":"Ravimeeskonnad"}]},{"@type":"WebSite","@id":"https:\/\/www.kliinikum.ee\/kirurgiakliinik\/#website","url":"https:\/\/www.kliinikum.ee\/kirurgiakliinik\/","name":"Kirurgiakliinik","description":"Hoolivus, Uuendusmeelsus, P\u00e4devus ja Usaldusv\u00e4\u00e4rsus","potentialAction":[{"@type":"SearchAction","target":{"@type":"EntryPoint","urlTemplate":"https:\/\/www.kliinikum.ee\/kirurgiakliinik\/?s={search_term_string}"},"query-input":{"@type":"PropertyValueSpecification","valueRequired":true,"valueName":"search_term_string"}}],"inLanguage":"et"}]}},"uagb_featured_image_src":{"full":false,"thumbnail":false,"medium":false,"medium_large":false,"large":false,"1536x1536":false,"2048x2048":false},"uagb_author_info":{"display_name":"Jane Freimann","author_link":"https:\/\/www.kliinikum.ee\/kirurgiakliinik\/author\/janef\/"},"uagb_comment_info":0,"uagb_excerpt":"On juba iidne teadmine, et meisterliku tegevuse ja heade tulemusteni viib pidev harjutamine ja oskuste omandamine. Vanade ladina sententside \u201eUses promptos facit\u201c (harjutamine teeb meistriks) ja \u201eRepetitio est mater studiorum\u201c (kordamine on tarkuse ema) t\u00f5esus ja olulisus on m\u00f5jutanud oluliselt ka kirurgia arengut. Nende operatsioonide korral, kus on vajalikud spetsiifilised lisaoskused ja\/v\u00f5i juhtude arv suhteliselt&hellip;","_links":{"self":[{"href":"https:\/\/www.kliinikum.ee\/kirurgiakliinik\/wp-json\/wp\/v2\/pages\/6430","targetHints":{"allow":["GET"]}}],"collection":[{"href":"https:\/\/www.kliinikum.ee\/kirurgiakliinik\/wp-json\/wp\/v2\/pages"}],"about":[{"href":"https:\/\/www.kliinikum.ee\/kirurgiakliinik\/wp-json\/wp\/v2\/types\/page"}],"author":[{"embeddable":true,"href":"https:\/\/www.kliinikum.ee\/kirurgiakliinik\/wp-json\/wp\/v2\/users\/32"}],"replies":[{"embeddable":true,"href":"https:\/\/www.kliinikum.ee\/kirurgiakliinik\/wp-json\/wp\/v2\/comments?post=6430"}],"version-history":[{"count":0,"href":"https:\/\/www.kliinikum.ee\/kirurgiakliinik\/wp-json\/wp\/v2\/pages\/6430\/revisions"}],"up":[{"embeddable":true,"href":"https:\/\/www.kliinikum.ee\/kirurgiakliinik\/wp-json\/wp\/v2\/pages\/17"}],"wp:attachment":[{"href":"https:\/\/www.kliinikum.ee\/kirurgiakliinik\/wp-json\/wp\/v2\/media?parent=6430"}],"curies":[{"name":"wp","href":"https:\/\/api.w.org\/{rel}","templated":true}]}}