{"id":6183,"date":"2024-01-03T15:31:28","date_gmt":"2024-01-03T13:31:28","guid":{"rendered":"https:\/\/www.kliinikum.ee\/kopsukliinik\/?page_id=6183"},"modified":"2026-05-14T09:54:30","modified_gmt":"2026-05-14T07:54:30","slug":"ambulatoorne-osakond","status":"publish","type":"page","link":"https:\/\/www.kliinikum.ee\/kopsukliinik\/kliinikust\/ambulatoorne-osakond\/","title":{"rendered":"Ambulatoorne osakond"},"content":{"rendered":"\n<p class=\"has-medium-font-size\"><strong>Riia 167, Tartu<br>C-korpuses, I korrusel<\/strong><\/p>\n\n\n\n<p class=\"has-medium-font-size\"><strong>Osakonnajuht Kai Kliiman<\/strong> | vanemarst-\u00f5ppej\u00f5ud | tel 731 8938 | <a href=\"mailto:kai.kliiman@kliinikum.ee\">kai.kliiman@kliinikum.ee<\/a><br><strong>\u00d5endusjuht<\/strong>\u00a0Agne Saar | tel 731 8942 | <a href=\"mailto:ene.mattik@kliinikum.ee\">agne.saar@kliinikum.ee<\/a><br><strong>Sekret\u00e4r<\/strong> Tiiu Tombu | tel 731 8910 | <a href=\"mailto:tiiu.tombu@kliinikum.ee\">tiiu.tombu@kliinikum.ee<\/a><\/p>\n\n\n\n<p class=\"has-medium-font-size\"><strong>Sekret\u00e4r<\/strong> Oxana Zayats| tel 731 8910 | <a href=\"mailto:tiiu.tombu@kliinikum.ee\">oxana.zayats@kliinikum.ee<\/a><\/p>\n\n\n\n<p class=\"has-medium-font-size\"><\/p>\n\n\n\n<div class=\"wp-block-uagb-buttons uagb-buttons__outer-wrap uagb-btn__default-btn uagb-btn-tablet__default-btn uagb-btn-mobile__default-btn uagb-block-d597b8b6\"><div class=\"uagb-buttons__wrap uagb-buttons-layout-wrap \">\n<div class=\"wp-block-uagb-buttons-child uagb-buttons__outer-wrap uagb-block-f39a1c10 wp-block-button\"><div class=\"uagb-button__wrapper\"><a class=\"uagb-buttons-repeater wp-block-button__link\" aria-label=\"\" href=\"https:\/\/www.kliinikum.ee\/ambulatoorsed-vastuvotud\/\" rel=\"follow noopener\" target=\"_self\" role=\"button\"><div class=\"uagb-button__link\">Eriarstide vastuv\u00f5tud leiate siit<\/div><\/a><\/div><\/div>\n\n\n\n<div class=\"wp-block-uagb-buttons-child uagb-buttons__outer-wrap uagb-block-464662fa wp-block-button\"><div class=\"uagb-button__wrapper\"><a class=\"uagb-buttons-repeater wp-block-button__link\" aria-label=\"\" href=\"https:\/\/www.kliinikum.ee\/patsiendile\/oe-vastuvott\/\" rel=\"follow noopener\" target=\"_self\" role=\"button\"><div class=\"uagb-button__link\">\u00d5dede vastuv\u00f5tud leiate siit<\/div><\/a><\/div><\/div>\n<\/div><\/div>\n\n\n\n<p class=\"has-medium-font-size\"><strong>Vastuv\u00f5tule registreerimine<\/strong><br>Eriarsti vastuv\u00f5tule registreerimiseks on vajalik pere- v\u00f5i eriarsti saatekiri.<\/p>\n\n\n\n<p class=\"has-medium-font-size\">Suitsetamisest loobumise n\u00f5ustamisele p\u00f6\u00f6rdumiseks ei ole saatekirja vaja.<br>Vastuv\u00f5tule saab registreerida&nbsp;<a href=\"https:\/\/www.digilugu.ee\/login\" target=\"_blank\" rel=\"noreferrer noopener\">digiregistratuuri<\/a>, portaali&nbsp;<a href=\"https:\/\/epatsient.kliinikum.ee\/\" target=\"_blank\" rel=\"noreferrer noopener\">ePatsient<\/a>&nbsp;ja kodulehe&nbsp;<a href=\"https:\/\/www.kliinikum.ee\/patsiendile\/eriarsti-vastuvott\/aja-broneerimine\/\">vormi<\/a>&nbsp;kaudu ning telefoni teel 7318911 (E-R 8.00- 16.00), 731 9100 (E-R 07.30-18.00) v\u00f5i registraatori juures kohapeal.<strong><\/strong><\/p>\n\n\n\n<p class=\"has-medium-font-size\">Pulmonoloogid tegelevad kopsuhaiguste (astma, krooniline obstruktiivne kopsuhaigus, sarkoidoos, interstitsiaalsed kopsuhaigused, kopsude kasvajad jne) ja uneaegsete hingamish\u00e4irete diagnostikaga, j\u00e4lgitakse kodusel hapnik- ja ventilaatorravil olevaid patsiente.<\/p>\n\n\n\n<p class=\"has-medium-font-size\">Kopsu\u00f5dede poolt teostatakse inhalaatorite kasutamise koolitust ning suitsetamisest loobumise n\u00f5ustamist.<\/p>\n\n\n\n<figure class=\"wp-block-image size-large\"><img loading=\"lazy\" decoding=\"async\" width=\"1024\" height=\"683\" src=\"https:\/\/www.kliinikum.ee\/kopsukliinik\/wp-content\/uploads\/2024\/01\/IMG_8955-1024x683.jpg\" alt=\"\" class=\"wp-image-6226\" srcset=\"https:\/\/www.kliinikum.ee\/kopsukliinik\/wp-content\/uploads\/2024\/01\/IMG_8955-1024x683.jpg 1024w, https:\/\/www.kliinikum.ee\/kopsukliinik\/wp-content\/uploads\/2024\/01\/IMG_8955-300x200.jpg 300w, https:\/\/www.kliinikum.ee\/kopsukliinik\/wp-content\/uploads\/2024\/01\/IMG_8955-768x512.jpg 768w, https:\/\/www.kliinikum.ee\/kopsukliinik\/wp-content\/uploads\/2024\/01\/IMG_8955-1536x1024.jpg 1536w, https:\/\/www.kliinikum.ee\/kopsukliinik\/wp-content\/uploads\/2024\/01\/IMG_8955-2048x1365.jpg 2048w, https:\/\/www.kliinikum.ee\/kopsukliinik\/wp-content\/uploads\/2024\/01\/IMG_8955-scaled.jpg 2560w\" sizes=\"auto, (max-width: 1024px) 100vw, 1024px\" \/><\/figure>\n\n\n\n<p class=\"has-medium-font-size\">Vastuv\u00f5tule tulles palume v\u00f5imalusel vastuv\u00f5tup\u00e4eva hommikul inhaleeritavaid ravimeid mitte kasutada ning 6 tunni jooksul mitte suitsetada. Esmakordsel p\u00f6\u00f6rdumisel palume allergia tablette (antihistamiinikumi) 7 p\u00e4eva enne vastuv\u00f5ttu mitte kasutada, et saaks vajadusel visiidil teha ka allergia nahatorketestid.<\/p>\n\n\n\n<p class=\"has-medium-font-size\">Vastuv\u00f5tu raames teostatakse samal p\u00e4eval esmased vajalikud uuringud:<\/p>\n\n\n\n<ul class=\"wp-block-list\">\n<li class=\"has-medium-font-size\">spiromeetria,<\/li>\n\n\n\n<li class=\"has-medium-font-size\">v\u00e4ljahingatavas \u00f5hus NO taseme m\u00e4\u00e4ramine<\/li>\n\n\n\n<li class=\"has-medium-font-size\">kopsude difusiooniv\u00f5ime m\u00e4\u00e4ramine<\/li>\n\n\n\n<li class=\"has-medium-font-size\">kogukeha plet\u00fcsmograafia<\/li>\n\n\n\n<li class=\"has-medium-font-size\">allergia nahatorketestid<\/li>\n\n\n\n<li class=\"has-medium-font-size\">f\u00fcsioterapeudi konsultatsioon<\/li>\n\n\n\n<li class=\"has-medium-font-size\">rindkere r\u00f6ntgeni\u00fclesv\u00f5te<\/li>\n\n\n\n<li class=\"has-medium-font-size\">osalise mahuga kogu\u00f6\u00f6 pulssoks\u00fcmeetria<\/li>\n<\/ul>\n\n\n\n<p>jne.<\/p>\n\n\n\n<p class=\"has-medium-font-size\">Vastuv\u00f5tup\u00e4eval saab patsient teada ka uuringute vastused. Palume vastuv\u00f5tule tulles arvestada ajakuluks 1-1,5 tundi.<\/p>\n\n\n\n<p class=\"has-medium-font-size\">Sagedamini kasutatavate inhalaatorite kasutamise \u00f5petused on leitavad siit: <a href=\"https:\/\/www.kliinikum.ee\/kopsukliinik\/patsiendile\/infomaterjalid\/\">Infomaterjalid<\/a><\/p>\n\n\n\n<figure class=\"wp-block-gallery has-nested-images columns-default is-cropped wp-block-gallery-1 is-layout-flex wp-block-gallery-is-layout-flex\">\n<figure class=\"wp-block-image size-large\"><img loading=\"lazy\" decoding=\"async\" width=\"1024\" height=\"683\" data-id=\"6220\" src=\"https:\/\/www.kliinikum.ee\/kopsukliinik\/wp-content\/uploads\/2024\/01\/IMG_7323-1024x683.jpg\" alt=\"\" class=\"wp-image-6220\" srcset=\"https:\/\/www.kliinikum.ee\/kopsukliinik\/wp-content\/uploads\/2024\/01\/IMG_7323-1024x683.jpg 1024w, https:\/\/www.kliinikum.ee\/kopsukliinik\/wp-content\/uploads\/2024\/01\/IMG_7323-300x200.jpg 300w, https:\/\/www.kliinikum.ee\/kopsukliinik\/wp-content\/uploads\/2024\/01\/IMG_7323-768x512.jpg 768w, https:\/\/www.kliinikum.ee\/kopsukliinik\/wp-content\/uploads\/2024\/01\/IMG_7323-1536x1024.jpg 1536w, https:\/\/www.kliinikum.ee\/kopsukliinik\/wp-content\/uploads\/2024\/01\/IMG_7323-2048x1365.jpg 2048w, https:\/\/www.kliinikum.ee\/kopsukliinik\/wp-content\/uploads\/2024\/01\/IMG_7323-scaled.jpg 2560w\" sizes=\"auto, (max-width: 1024px) 100vw, 1024px\" \/><\/figure>\n\n\n\n<figure class=\"wp-block-image size-large\"><img loading=\"lazy\" decoding=\"async\" width=\"1024\" height=\"683\" data-id=\"6222\" src=\"https:\/\/www.kliinikum.ee\/kopsukliinik\/wp-content\/uploads\/2024\/01\/IMG_8678-1024x683.jpg\" alt=\"\" class=\"wp-image-6222\" srcset=\"https:\/\/www.kliinikum.ee\/kopsukliinik\/wp-content\/uploads\/2024\/01\/IMG_8678-1024x683.jpg 1024w, https:\/\/www.kliinikum.ee\/kopsukliinik\/wp-content\/uploads\/2024\/01\/IMG_8678-300x200.jpg 300w, https:\/\/www.kliinikum.ee\/kopsukliinik\/wp-content\/uploads\/2024\/01\/IMG_8678-768x512.jpg 768w, https:\/\/www.kliinikum.ee\/kopsukliinik\/wp-content\/uploads\/2024\/01\/IMG_8678-1536x1024.jpg 1536w, https:\/\/www.kliinikum.ee\/kopsukliinik\/wp-content\/uploads\/2024\/01\/IMG_8678-2048x1365.jpg 2048w, https:\/\/www.kliinikum.ee\/kopsukliinik\/wp-content\/uploads\/2024\/01\/IMG_8678-scaled.jpg 2560w\" sizes=\"auto, (max-width: 1024px) 100vw, 1024px\" \/><\/figure>\n\n\n\n<figure class=\"wp-block-image size-large\"><img loading=\"lazy\" decoding=\"async\" width=\"1024\" height=\"683\" data-id=\"6224\" src=\"https:\/\/www.kliinikum.ee\/kopsukliinik\/wp-content\/uploads\/2024\/01\/IMG_8805-1024x683.jpg\" alt=\"\" class=\"wp-image-6224\" srcset=\"https:\/\/www.kliinikum.ee\/kopsukliinik\/wp-content\/uploads\/2024\/01\/IMG_8805-1024x683.jpg 1024w, https:\/\/www.kliinikum.ee\/kopsukliinik\/wp-content\/uploads\/2024\/01\/IMG_8805-300x200.jpg 300w, https:\/\/www.kliinikum.ee\/kopsukliinik\/wp-content\/uploads\/2024\/01\/IMG_8805-768x512.jpg 768w, https:\/\/www.kliinikum.ee\/kopsukliinik\/wp-content\/uploads\/2024\/01\/IMG_8805-1536x1024.jpg 1536w, https:\/\/www.kliinikum.ee\/kopsukliinik\/wp-content\/uploads\/2024\/01\/IMG_8805-2048x1365.jpg 2048w, https:\/\/www.kliinikum.ee\/kopsukliinik\/wp-content\/uploads\/2024\/01\/IMG_8805-scaled.jpg 2560w\" sizes=\"auto, (max-width: 1024px) 100vw, 1024px\" \/><\/figure>\n<\/figure>\n","protected":false},"excerpt":{"rendered":"<p>Riia 167, TartuC-korpuses, I korrusel Osakonnajuht Kai Kliiman | vanemarst-\u00f5ppej\u00f5ud | tel 731 8938 | kai.kliiman@kliinikum.ee\u00d5endusjuht\u00a0Agne Saar | tel 731 8942 | agne.saar@kliinikum.eeSekret\u00e4r Tiiu Tombu | tel 731 8910 | tiiu.tombu@kliinikum.ee Sekret\u00e4r Oxana Zayats| tel 731 8910 | oxana.zayats@kliinikum.ee Vastuv\u00f5tule registreerimineEriarsti vastuv\u00f5tule registreerimiseks on vajalik pere- v\u00f5i eriarsti saatekiri. Suitsetamisest loobumise n\u00f5ustamisele p\u00f6\u00f6rdumiseks ei ole [&hellip;]<\/p>\n","protected":false},"author":35,"featured_media":0,"parent":17,"menu_order":1,"comment_status":"closed","ping_status":"closed","template":"","meta":{"_acf_changed":false,"_uag_custom_page_level_css":"","footnotes":""},"class_list":["post-6183","page","type-page","status-publish","hentry"],"acf":[],"yoast_head":"<!-- This site is optimized with the Yoast SEO plugin v27.5 - https:\/\/yoast.com\/product\/yoast-seo-wordpress\/ -->\n<title>Ambulatoorne osakond - Kopsukliinik<\/title>\n<meta name=\"robots\" content=\"index, follow, max-snippet:-1, max-image-preview:large, max-video-preview:-1\" \/>\n<link rel=\"canonical\" href=\"https:\/\/www.kliinikum.ee\/kopsukliinik\/kliinikust\/ambulatoorne-osakond\/\" \/>\n<meta property=\"og:locale\" content=\"et_EE\" \/>\n<meta property=\"og:type\" content=\"article\" \/>\n<meta property=\"og:title\" content=\"Ambulatoorne osakond - Kopsukliinik\" \/>\n<meta property=\"og:description\" content=\"Riia 167, TartuC-korpuses, I korrusel Osakonnajuht Kai Kliiman | vanemarst-\u00f5ppej\u00f5ud | tel 731 8938 | kai.kliiman@kliinikum.ee\u00d5endusjuht\u00a0Agne Saar | tel 731 8942 | agne.saar@kliinikum.eeSekret\u00e4r Tiiu Tombu | tel 731 8910 | tiiu.tombu@kliinikum.ee Sekret\u00e4r Oxana Zayats| tel 731 8910 | oxana.zayats@kliinikum.ee Vastuv\u00f5tule registreerimineEriarsti vastuv\u00f5tule registreerimiseks on vajalik pere- v\u00f5i eriarsti saatekiri. Suitsetamisest loobumise n\u00f5ustamisele p\u00f6\u00f6rdumiseks ei ole [&hellip;]\" \/>\n<meta property=\"og:url\" content=\"https:\/\/www.kliinikum.ee\/kopsukliinik\/kliinikust\/ambulatoorne-osakond\/\" \/>\n<meta property=\"og:site_name\" content=\"Kopsukliinik\" \/>\n<meta property=\"article:modified_time\" content=\"2026-05-14T07:54:30+00:00\" \/>\n<meta property=\"og:image\" content=\"https:\/\/www.kliinikum.ee\/kopsukliinik\/wp-content\/uploads\/2024\/01\/IMG_8955-scaled.jpg\" \/>\n\t<meta property=\"og:image:width\" content=\"2560\" \/>\n\t<meta property=\"og:image:height\" content=\"1706\" \/>\n\t<meta property=\"og:image:type\" content=\"image\/jpeg\" \/>\n<meta name=\"twitter:card\" content=\"summary_large_image\" \/>\n<meta name=\"twitter:label1\" content=\"Est. reading time\" \/>\n\t<meta name=\"twitter:data1\" content=\"2 minutit\" \/>\n<script type=\"application\/ld+json\" class=\"yoast-schema-graph\">{\"@context\":\"https:\\\/\\\/schema.org\",\"@graph\":[{\"@type\":\"WebPage\",\"@id\":\"https:\\\/\\\/www.kliinikum.ee\\\/kopsukliinik\\\/kliinikust\\\/ambulatoorne-osakond\\\/\",\"url\":\"https:\\\/\\\/www.kliinikum.ee\\\/kopsukliinik\\\/kliinikust\\\/ambulatoorne-osakond\\\/\",\"name\":\"Ambulatoorne osakond - Kopsukliinik\",\"isPartOf\":{\"@id\":\"https:\\\/\\\/www.kliinikum.ee\\\/kopsukliinik\\\/#website\"},\"primaryImageOfPage\":{\"@id\":\"https:\\\/\\\/www.kliinikum.ee\\\/kopsukliinik\\\/kliinikust\\\/ambulatoorne-osakond\\\/#primaryimage\"},\"image\":{\"@id\":\"https:\\\/\\\/www.kliinikum.ee\\\/kopsukliinik\\\/kliinikust\\\/ambulatoorne-osakond\\\/#primaryimage\"},\"thumbnailUrl\":\"https:\\\/\\\/www.kliinikum.ee\\\/kopsukliinik\\\/wp-content\\\/uploads\\\/2024\\\/01\\\/IMG_8955-1024x683.jpg\",\"datePublished\":\"2024-01-03T13:31:28+00:00\",\"dateModified\":\"2026-05-14T07:54:30+00:00\",\"breadcrumb\":{\"@id\":\"https:\\\/\\\/www.kliinikum.ee\\\/kopsukliinik\\\/kliinikust\\\/ambulatoorne-osakond\\\/#breadcrumb\"},\"inLanguage\":\"et\",\"potentialAction\":[{\"@type\":\"ReadAction\",\"target\":[\"https:\\\/\\\/www.kliinikum.ee\\\/kopsukliinik\\\/kliinikust\\\/ambulatoorne-osakond\\\/\"]}]},{\"@type\":\"ImageObject\",\"inLanguage\":\"et\",\"@id\":\"https:\\\/\\\/www.kliinikum.ee\\\/kopsukliinik\\\/kliinikust\\\/ambulatoorne-osakond\\\/#primaryimage\",\"url\":\"https:\\\/\\\/www.kliinikum.ee\\\/kopsukliinik\\\/wp-content\\\/uploads\\\/2024\\\/01\\\/IMG_8955-scaled.jpg\",\"contentUrl\":\"https:\\\/\\\/www.kliinikum.ee\\\/kopsukliinik\\\/wp-content\\\/uploads\\\/2024\\\/01\\\/IMG_8955-scaled.jpg\",\"width\":2560,\"height\":1706},{\"@type\":\"BreadcrumbList\",\"@id\":\"https:\\\/\\\/www.kliinikum.ee\\\/kopsukliinik\\\/kliinikust\\\/ambulatoorne-osakond\\\/#breadcrumb\",\"itemListElement\":[{\"@type\":\"ListItem\",\"position\":1,\"name\":\"Home\",\"item\":\"https:\\\/\\\/www.kliinikum.ee\\\/kopsukliinik\\\/\"},{\"@type\":\"ListItem\",\"position\":2,\"name\":\"Kliinikust\",\"item\":\"https:\\\/\\\/www.kliinikum.ee\\\/kopsukliinik\\\/kliinikust\\\/\"},{\"@type\":\"ListItem\",\"position\":3,\"name\":\"Ambulatoorne osakond\"}]},{\"@type\":\"WebSite\",\"@id\":\"https:\\\/\\\/www.kliinikum.ee\\\/kopsukliinik\\\/#website\",\"url\":\"https:\\\/\\\/www.kliinikum.ee\\\/kopsukliinik\\\/\",\"name\":\"Kopsukliinik\",\"description\":\"Hoolivus, Uuendusmeelsus, P\u00e4devus ja Usaldusv\u00e4\u00e4rsus\",\"potentialAction\":[{\"@type\":\"SearchAction\",\"target\":{\"@type\":\"EntryPoint\",\"urlTemplate\":\"https:\\\/\\\/www.kliinikum.ee\\\/kopsukliinik\\\/?s={search_term_string}\"},\"query-input\":{\"@type\":\"PropertyValueSpecification\",\"valueRequired\":true,\"valueName\":\"search_term_string\"}}],\"inLanguage\":\"et\"}]}<\/script>\n<!-- \/ Yoast SEO plugin. -->","yoast_head_json":{"title":"Ambulatoorne osakond - Kopsukliinik","robots":{"index":"index","follow":"follow","max-snippet":"max-snippet:-1","max-image-preview":"max-image-preview:large","max-video-preview":"max-video-preview:-1"},"canonical":"https:\/\/www.kliinikum.ee\/kopsukliinik\/kliinikust\/ambulatoorne-osakond\/","og_locale":"et_EE","og_type":"article","og_title":"Ambulatoorne osakond - Kopsukliinik","og_description":"Riia 167, TartuC-korpuses, I korrusel Osakonnajuht Kai Kliiman | vanemarst-\u00f5ppej\u00f5ud | tel 731 8938 | kai.kliiman@kliinikum.ee\u00d5endusjuht\u00a0Agne Saar | tel 731 8942 | agne.saar@kliinikum.eeSekret\u00e4r Tiiu Tombu | tel 731 8910 | tiiu.tombu@kliinikum.ee Sekret\u00e4r Oxana Zayats| tel 731 8910 | oxana.zayats@kliinikum.ee Vastuv\u00f5tule registreerimineEriarsti vastuv\u00f5tule registreerimiseks on vajalik pere- v\u00f5i eriarsti saatekiri. Suitsetamisest loobumise n\u00f5ustamisele p\u00f6\u00f6rdumiseks ei ole [&hellip;]","og_url":"https:\/\/www.kliinikum.ee\/kopsukliinik\/kliinikust\/ambulatoorne-osakond\/","og_site_name":"Kopsukliinik","article_modified_time":"2026-05-14T07:54:30+00:00","og_image":[{"width":2560,"height":1706,"url":"https:\/\/www.kliinikum.ee\/kopsukliinik\/wp-content\/uploads\/2024\/01\/IMG_8955-scaled.jpg","type":"image\/jpeg"}],"twitter_card":"summary_large_image","twitter_misc":{"Est. reading time":"2 minutit"},"schema":{"@context":"https:\/\/schema.org","@graph":[{"@type":"WebPage","@id":"https:\/\/www.kliinikum.ee\/kopsukliinik\/kliinikust\/ambulatoorne-osakond\/","url":"https:\/\/www.kliinikum.ee\/kopsukliinik\/kliinikust\/ambulatoorne-osakond\/","name":"Ambulatoorne osakond - Kopsukliinik","isPartOf":{"@id":"https:\/\/www.kliinikum.ee\/kopsukliinik\/#website"},"primaryImageOfPage":{"@id":"https:\/\/www.kliinikum.ee\/kopsukliinik\/kliinikust\/ambulatoorne-osakond\/#primaryimage"},"image":{"@id":"https:\/\/www.kliinikum.ee\/kopsukliinik\/kliinikust\/ambulatoorne-osakond\/#primaryimage"},"thumbnailUrl":"https:\/\/www.kliinikum.ee\/kopsukliinik\/wp-content\/uploads\/2024\/01\/IMG_8955-1024x683.jpg","datePublished":"2024-01-03T13:31:28+00:00","dateModified":"2026-05-14T07:54:30+00:00","breadcrumb":{"@id":"https:\/\/www.kliinikum.ee\/kopsukliinik\/kliinikust\/ambulatoorne-osakond\/#breadcrumb"},"inLanguage":"et","potentialAction":[{"@type":"ReadAction","target":["https:\/\/www.kliinikum.ee\/kopsukliinik\/kliinikust\/ambulatoorne-osakond\/"]}]},{"@type":"ImageObject","inLanguage":"et","@id":"https:\/\/www.kliinikum.ee\/kopsukliinik\/kliinikust\/ambulatoorne-osakond\/#primaryimage","url":"https:\/\/www.kliinikum.ee\/kopsukliinik\/wp-content\/uploads\/2024\/01\/IMG_8955-scaled.jpg","contentUrl":"https:\/\/www.kliinikum.ee\/kopsukliinik\/wp-content\/uploads\/2024\/01\/IMG_8955-scaled.jpg","width":2560,"height":1706},{"@type":"BreadcrumbList","@id":"https:\/\/www.kliinikum.ee\/kopsukliinik\/kliinikust\/ambulatoorne-osakond\/#breadcrumb","itemListElement":[{"@type":"ListItem","position":1,"name":"Home","item":"https:\/\/www.kliinikum.ee\/kopsukliinik\/"},{"@type":"ListItem","position":2,"name":"Kliinikust","item":"https:\/\/www.kliinikum.ee\/kopsukliinik\/kliinikust\/"},{"@type":"ListItem","position":3,"name":"Ambulatoorne osakond"}]},{"@type":"WebSite","@id":"https:\/\/www.kliinikum.ee\/kopsukliinik\/#website","url":"https:\/\/www.kliinikum.ee\/kopsukliinik\/","name":"Kopsukliinik","description":"Hoolivus, Uuendusmeelsus, P\u00e4devus ja Usaldusv\u00e4\u00e4rsus","potentialAction":[{"@type":"SearchAction","target":{"@type":"EntryPoint","urlTemplate":"https:\/\/www.kliinikum.ee\/kopsukliinik\/?s={search_term_string}"},"query-input":{"@type":"PropertyValueSpecification","valueRequired":true,"valueName":"search_term_string"}}],"inLanguage":"et"}]}},"uagb_featured_image_src":{"full":false,"thumbnail":false,"medium":false,"medium_large":false,"large":false,"1536x1536":false,"2048x2048":false},"uagb_author_info":{"display_name":"Jane Freimann","author_link":"https:\/\/www.kliinikum.ee\/kopsukliinik\/author\/janef\/"},"uagb_comment_info":0,"uagb_excerpt":"Riia 167, TartuC-korpuses, I korrusel Osakonnajuht Kai Kliiman | vanemarst-\u00f5ppej\u00f5ud | tel 731 8938 | kai.kliiman@kliinikum.ee\u00d5endusjuht\u00a0Agne Saar | tel 731 8942 | agne.saar@kliinikum.eeSekret\u00e4r Tiiu Tombu | tel 731 8910 | tiiu.tombu@kliinikum.ee Sekret\u00e4r Oxana Zayats| tel 731 8910 | oxana.zayats@kliinikum.ee Vastuv\u00f5tule registreerimineEriarsti vastuv\u00f5tule registreerimiseks on vajalik pere- v\u00f5i eriarsti saatekiri. Suitsetamisest loobumise n\u00f5ustamisele p\u00f6\u00f6rdumiseks ei ole&hellip;","_links":{"self":[{"href":"https:\/\/www.kliinikum.ee\/kopsukliinik\/wp-json\/wp\/v2\/pages\/6183","targetHints":{"allow":["GET"]}}],"collection":[{"href":"https:\/\/www.kliinikum.ee\/kopsukliinik\/wp-json\/wp\/v2\/pages"}],"about":[{"href":"https:\/\/www.kliinikum.ee\/kopsukliinik\/wp-json\/wp\/v2\/types\/page"}],"author":[{"embeddable":true,"href":"https:\/\/www.kliinikum.ee\/kopsukliinik\/wp-json\/wp\/v2\/users\/35"}],"replies":[{"embeddable":true,"href":"https:\/\/www.kliinikum.ee\/kopsukliinik\/wp-json\/wp\/v2\/comments?post=6183"}],"version-history":[{"count":1,"href":"https:\/\/www.kliinikum.ee\/kopsukliinik\/wp-json\/wp\/v2\/pages\/6183\/revisions"}],"predecessor-version":[{"id":6493,"href":"https:\/\/www.kliinikum.ee\/kopsukliinik\/wp-json\/wp\/v2\/pages\/6183\/revisions\/6493"}],"up":[{"embeddable":true,"href":"https:\/\/www.kliinikum.ee\/kopsukliinik\/wp-json\/wp\/v2\/pages\/17"}],"wp:attachment":[{"href":"https:\/\/www.kliinikum.ee\/kopsukliinik\/wp-json\/wp\/v2\/media?parent=6183"}],"curies":[{"name":"wp","href":"https:\/\/api.w.org\/{rel}","templated":true}]}}