{"id":6193,"date":"2024-01-03T15:41:11","date_gmt":"2024-01-03T13:41:11","guid":{"rendered":"https:\/\/www.kliinikum.ee\/kopsukliinik\/?page_id=6193"},"modified":"2024-01-29T12:47:26","modified_gmt":"2024-01-29T10:47:26","slug":"kolleegile","status":"publish","type":"page","link":"https:\/\/www.kliinikum.ee\/kopsukliinik\/kolleegile\/","title":{"rendered":"Kolleegile"},"content":{"rendered":"\n<p class=\"has-medium-font-size\">Sellelt lehelt leiad Kopsukliiniku kolleegide kontaktid, kellega v\u00f5tta \u00fchendust, kui soovid m\u00f5ne patsiendi suhtes n\u00f5u pidada v\u00f5i patsienti ravile suunata Kopsukliinikusse. Kopsuarstiga konsulteerimiseks v\u00f5id kasutada e-konsultatsiooni v\u00f5imalust. Lisaks leiad viited uutele kopsu- ja rindkerehaiguste diagnostika ning ravi juhistele ja erialaseltside kodulehek\u00fclgedele.<\/p>\n\n\n\n<p class=\"has-medium-font-size\"><strong>Kopsukliiniku valvearstid:<\/strong><br>Pulmonoloogia osakonna valvearst | 5331 8922<br>Torakaalkirurgia ja kopsusiirdamise osakonna valvearst | 5331 8296<br>Tuberkuloosiosakonna valvearst | 731 8942<\/p>\n\n\n\n<figure class=\"wp-block-image size-large\"><img loading=\"lazy\" decoding=\"async\" width=\"1024\" height=\"683\" src=\"https:\/\/www.kliinikum.ee\/kopsukliinik\/wp-content\/uploads\/2024\/01\/IMG_8449-1024x683.jpg\" alt=\"\" class=\"wp-image-6384\" srcset=\"https:\/\/www.kliinikum.ee\/kopsukliinik\/wp-content\/uploads\/2024\/01\/IMG_8449-1024x683.jpg 1024w, https:\/\/www.kliinikum.ee\/kopsukliinik\/wp-content\/uploads\/2024\/01\/IMG_8449-300x200.jpg 300w, https:\/\/www.kliinikum.ee\/kopsukliinik\/wp-content\/uploads\/2024\/01\/IMG_8449-768x512.jpg 768w, https:\/\/www.kliinikum.ee\/kopsukliinik\/wp-content\/uploads\/2024\/01\/IMG_8449-1536x1024.jpg 1536w, https:\/\/www.kliinikum.ee\/kopsukliinik\/wp-content\/uploads\/2024\/01\/IMG_8449-2048x1365.jpg 2048w, https:\/\/www.kliinikum.ee\/kopsukliinik\/wp-content\/uploads\/2024\/01\/IMG_8449-scaled.jpg 2560w\" sizes=\"auto, (max-width: 1024px) 100vw, 1024px\" \/><\/figure>\n","protected":false},"excerpt":{"rendered":"<p>Sellelt lehelt leiad Kopsukliiniku kolleegide kontaktid, kellega v\u00f5tta \u00fchendust, kui soovid m\u00f5ne patsiendi suhtes n\u00f5u pidada v\u00f5i patsienti ravile suunata Kopsukliinikusse. Kopsuarstiga konsulteerimiseks v\u00f5id kasutada e-konsultatsiooni v\u00f5imalust. Lisaks leiad viited uutele kopsu- ja rindkerehaiguste diagnostika ning ravi juhistele ja erialaseltside kodulehek\u00fclgedele. Kopsukliiniku valvearstid:Pulmonoloogia osakonna valvearst | 5331 8922Torakaalkirurgia ja kopsusiirdamise osakonna valvearst | 5331 8296Tuberkuloosiosakonna [&hellip;]<\/p>\n","protected":false},"author":35,"featured_media":0,"parent":0,"menu_order":0,"comment_status":"closed","ping_status":"closed","template":"","meta":{"_acf_changed":false,"_uag_custom_page_level_css":"","footnotes":""},"class_list":["post-6193","page","type-page","status-publish","hentry"],"acf":[],"yoast_head":"<!-- This site is optimized with the Yoast SEO plugin v27.3 - https:\/\/yoast.com\/product\/yoast-seo-wordpress\/ -->\n<title>Kolleegile - Kopsukliinik<\/title>\n<meta name=\"robots\" content=\"index, follow, max-snippet:-1, max-image-preview:large, max-video-preview:-1\" \/>\n<link rel=\"canonical\" href=\"https:\/\/www.kliinikum.ee\/kopsukliinik\/kolleegile\/\" \/>\n<meta property=\"og:locale\" content=\"et_EE\" \/>\n<meta property=\"og:type\" content=\"article\" \/>\n<meta property=\"og:title\" content=\"Kolleegile - Kopsukliinik\" \/>\n<meta property=\"og:description\" content=\"Sellelt lehelt leiad Kopsukliiniku kolleegide kontaktid, kellega v\u00f5tta \u00fchendust, kui soovid m\u00f5ne patsiendi suhtes n\u00f5u pidada v\u00f5i patsienti ravile suunata Kopsukliinikusse. Kopsuarstiga konsulteerimiseks v\u00f5id kasutada e-konsultatsiooni v\u00f5imalust. Lisaks leiad viited uutele kopsu- ja rindkerehaiguste diagnostika ning ravi juhistele ja erialaseltside kodulehek\u00fclgedele. Kopsukliiniku valvearstid:Pulmonoloogia osakonna valvearst | 5331 8922Torakaalkirurgia ja kopsusiirdamise osakonna valvearst | 5331 8296Tuberkuloosiosakonna [&hellip;]\" \/>\n<meta property=\"og:url\" content=\"https:\/\/www.kliinikum.ee\/kopsukliinik\/kolleegile\/\" \/>\n<meta property=\"og:site_name\" content=\"Kopsukliinik\" \/>\n<meta property=\"article:modified_time\" content=\"2024-01-29T10:47:26+00:00\" \/>\n<meta property=\"og:image\" content=\"https:\/\/www.kliinikum.ee\/kopsukliinik\/wp-content\/uploads\/2024\/01\/IMG_8449-1024x683.jpg\" \/>\n<meta name=\"twitter:card\" content=\"summary_large_image\" \/>\n<meta name=\"twitter:label1\" content=\"Est. reading time\" \/>\n\t<meta name=\"twitter:data1\" content=\"1 minut\" \/>\n<script type=\"application\/ld+json\" class=\"yoast-schema-graph\">{\"@context\":\"https:\\\/\\\/schema.org\",\"@graph\":[{\"@type\":\"WebPage\",\"@id\":\"https:\\\/\\\/www.kliinikum.ee\\\/kopsukliinik\\\/kolleegile\\\/\",\"url\":\"https:\\\/\\\/www.kliinikum.ee\\\/kopsukliinik\\\/kolleegile\\\/\",\"name\":\"Kolleegile - Kopsukliinik\",\"isPartOf\":{\"@id\":\"https:\\\/\\\/www.kliinikum.ee\\\/kopsukliinik\\\/#website\"},\"primaryImageOfPage\":{\"@id\":\"https:\\\/\\\/www.kliinikum.ee\\\/kopsukliinik\\\/kolleegile\\\/#primaryimage\"},\"image\":{\"@id\":\"https:\\\/\\\/www.kliinikum.ee\\\/kopsukliinik\\\/kolleegile\\\/#primaryimage\"},\"thumbnailUrl\":\"https:\\\/\\\/www.kliinikum.ee\\\/kopsukliinik\\\/wp-content\\\/uploads\\\/2024\\\/01\\\/IMG_8449-1024x683.jpg\",\"datePublished\":\"2024-01-03T13:41:11+00:00\",\"dateModified\":\"2024-01-29T10:47:26+00:00\",\"breadcrumb\":{\"@id\":\"https:\\\/\\\/www.kliinikum.ee\\\/kopsukliinik\\\/kolleegile\\\/#breadcrumb\"},\"inLanguage\":\"et\",\"potentialAction\":[{\"@type\":\"ReadAction\",\"target\":[\"https:\\\/\\\/www.kliinikum.ee\\\/kopsukliinik\\\/kolleegile\\\/\"]}]},{\"@type\":\"ImageObject\",\"inLanguage\":\"et\",\"@id\":\"https:\\\/\\\/www.kliinikum.ee\\\/kopsukliinik\\\/kolleegile\\\/#primaryimage\",\"url\":\"https:\\\/\\\/www.kliinikum.ee\\\/kopsukliinik\\\/wp-content\\\/uploads\\\/2024\\\/01\\\/IMG_8449-scaled.jpg\",\"contentUrl\":\"https:\\\/\\\/www.kliinikum.ee\\\/kopsukliinik\\\/wp-content\\\/uploads\\\/2024\\\/01\\\/IMG_8449-scaled.jpg\",\"width\":2560,\"height\":1706},{\"@type\":\"BreadcrumbList\",\"@id\":\"https:\\\/\\\/www.kliinikum.ee\\\/kopsukliinik\\\/kolleegile\\\/#breadcrumb\",\"itemListElement\":[{\"@type\":\"ListItem\",\"position\":1,\"name\":\"Home\",\"item\":\"https:\\\/\\\/www.kliinikum.ee\\\/kopsukliinik\\\/\"},{\"@type\":\"ListItem\",\"position\":2,\"name\":\"Kolleegile\"}]},{\"@type\":\"WebSite\",\"@id\":\"https:\\\/\\\/www.kliinikum.ee\\\/kopsukliinik\\\/#website\",\"url\":\"https:\\\/\\\/www.kliinikum.ee\\\/kopsukliinik\\\/\",\"name\":\"Kopsukliinik\",\"description\":\"Hoolivus, Uuendusmeelsus, P\u00e4devus ja Usaldusv\u00e4\u00e4rsus\",\"potentialAction\":[{\"@type\":\"SearchAction\",\"target\":{\"@type\":\"EntryPoint\",\"urlTemplate\":\"https:\\\/\\\/www.kliinikum.ee\\\/kopsukliinik\\\/?s={search_term_string}\"},\"query-input\":{\"@type\":\"PropertyValueSpecification\",\"valueRequired\":true,\"valueName\":\"search_term_string\"}}],\"inLanguage\":\"et\"}]}<\/script>\n<!-- \/ Yoast SEO plugin. -->","yoast_head_json":{"title":"Kolleegile - Kopsukliinik","robots":{"index":"index","follow":"follow","max-snippet":"max-snippet:-1","max-image-preview":"max-image-preview:large","max-video-preview":"max-video-preview:-1"},"canonical":"https:\/\/www.kliinikum.ee\/kopsukliinik\/kolleegile\/","og_locale":"et_EE","og_type":"article","og_title":"Kolleegile - Kopsukliinik","og_description":"Sellelt lehelt leiad Kopsukliiniku kolleegide kontaktid, kellega v\u00f5tta \u00fchendust, kui soovid m\u00f5ne patsiendi suhtes n\u00f5u pidada v\u00f5i patsienti ravile suunata Kopsukliinikusse. Kopsuarstiga konsulteerimiseks v\u00f5id kasutada e-konsultatsiooni v\u00f5imalust. Lisaks leiad viited uutele kopsu- ja rindkerehaiguste diagnostika ning ravi juhistele ja erialaseltside kodulehek\u00fclgedele. Kopsukliiniku valvearstid:Pulmonoloogia osakonna valvearst | 5331 8922Torakaalkirurgia ja kopsusiirdamise osakonna valvearst | 5331 8296Tuberkuloosiosakonna [&hellip;]","og_url":"https:\/\/www.kliinikum.ee\/kopsukliinik\/kolleegile\/","og_site_name":"Kopsukliinik","article_modified_time":"2024-01-29T10:47:26+00:00","og_image":[{"url":"https:\/\/www.kliinikum.ee\/kopsukliinik\/wp-content\/uploads\/2024\/01\/IMG_8449-1024x683.jpg","type":"","width":"","height":""}],"twitter_card":"summary_large_image","twitter_misc":{"Est. reading time":"1 minut"},"schema":{"@context":"https:\/\/schema.org","@graph":[{"@type":"WebPage","@id":"https:\/\/www.kliinikum.ee\/kopsukliinik\/kolleegile\/","url":"https:\/\/www.kliinikum.ee\/kopsukliinik\/kolleegile\/","name":"Kolleegile - Kopsukliinik","isPartOf":{"@id":"https:\/\/www.kliinikum.ee\/kopsukliinik\/#website"},"primaryImageOfPage":{"@id":"https:\/\/www.kliinikum.ee\/kopsukliinik\/kolleegile\/#primaryimage"},"image":{"@id":"https:\/\/www.kliinikum.ee\/kopsukliinik\/kolleegile\/#primaryimage"},"thumbnailUrl":"https:\/\/www.kliinikum.ee\/kopsukliinik\/wp-content\/uploads\/2024\/01\/IMG_8449-1024x683.jpg","datePublished":"2024-01-03T13:41:11+00:00","dateModified":"2024-01-29T10:47:26+00:00","breadcrumb":{"@id":"https:\/\/www.kliinikum.ee\/kopsukliinik\/kolleegile\/#breadcrumb"},"inLanguage":"et","potentialAction":[{"@type":"ReadAction","target":["https:\/\/www.kliinikum.ee\/kopsukliinik\/kolleegile\/"]}]},{"@type":"ImageObject","inLanguage":"et","@id":"https:\/\/www.kliinikum.ee\/kopsukliinik\/kolleegile\/#primaryimage","url":"https:\/\/www.kliinikum.ee\/kopsukliinik\/wp-content\/uploads\/2024\/01\/IMG_8449-scaled.jpg","contentUrl":"https:\/\/www.kliinikum.ee\/kopsukliinik\/wp-content\/uploads\/2024\/01\/IMG_8449-scaled.jpg","width":2560,"height":1706},{"@type":"BreadcrumbList","@id":"https:\/\/www.kliinikum.ee\/kopsukliinik\/kolleegile\/#breadcrumb","itemListElement":[{"@type":"ListItem","position":1,"name":"Home","item":"https:\/\/www.kliinikum.ee\/kopsukliinik\/"},{"@type":"ListItem","position":2,"name":"Kolleegile"}]},{"@type":"WebSite","@id":"https:\/\/www.kliinikum.ee\/kopsukliinik\/#website","url":"https:\/\/www.kliinikum.ee\/kopsukliinik\/","name":"Kopsukliinik","description":"Hoolivus, Uuendusmeelsus, P\u00e4devus ja Usaldusv\u00e4\u00e4rsus","potentialAction":[{"@type":"SearchAction","target":{"@type":"EntryPoint","urlTemplate":"https:\/\/www.kliinikum.ee\/kopsukliinik\/?s={search_term_string}"},"query-input":{"@type":"PropertyValueSpecification","valueRequired":true,"valueName":"search_term_string"}}],"inLanguage":"et"}]}},"uagb_featured_image_src":{"full":false,"thumbnail":false,"medium":false,"medium_large":false,"large":false,"1536x1536":false,"2048x2048":false},"uagb_author_info":{"display_name":"Jane Freimann","author_link":"https:\/\/www.kliinikum.ee\/kopsukliinik\/author\/janef\/"},"uagb_comment_info":0,"uagb_excerpt":"Sellelt lehelt leiad Kopsukliiniku kolleegide kontaktid, kellega v\u00f5tta \u00fchendust, kui soovid m\u00f5ne patsiendi suhtes n\u00f5u pidada v\u00f5i patsienti ravile suunata Kopsukliinikusse. Kopsuarstiga konsulteerimiseks v\u00f5id kasutada e-konsultatsiooni v\u00f5imalust. Lisaks leiad viited uutele kopsu- ja rindkerehaiguste diagnostika ning ravi juhistele ja erialaseltside kodulehek\u00fclgedele. Kopsukliiniku valvearstid:Pulmonoloogia osakonna valvearst | 5331 8922Torakaalkirurgia ja kopsusiirdamise osakonna valvearst | 5331 8296Tuberkuloosiosakonna&hellip;","_links":{"self":[{"href":"https:\/\/www.kliinikum.ee\/kopsukliinik\/wp-json\/wp\/v2\/pages\/6193","targetHints":{"allow":["GET"]}}],"collection":[{"href":"https:\/\/www.kliinikum.ee\/kopsukliinik\/wp-json\/wp\/v2\/pages"}],"about":[{"href":"https:\/\/www.kliinikum.ee\/kopsukliinik\/wp-json\/wp\/v2\/types\/page"}],"author":[{"embeddable":true,"href":"https:\/\/www.kliinikum.ee\/kopsukliinik\/wp-json\/wp\/v2\/users\/35"}],"replies":[{"embeddable":true,"href":"https:\/\/www.kliinikum.ee\/kopsukliinik\/wp-json\/wp\/v2\/comments?post=6193"}],"version-history":[{"count":0,"href":"https:\/\/www.kliinikum.ee\/kopsukliinik\/wp-json\/wp\/v2\/pages\/6193\/revisions"}],"wp:attachment":[{"href":"https:\/\/www.kliinikum.ee\/kopsukliinik\/wp-json\/wp\/v2\/media?parent=6193"}],"curies":[{"name":"wp","href":"https:\/\/api.w.org\/{rel}","templated":true}]}}