{"id":19,"date":"2022-11-14T10:01:01","date_gmt":"2022-11-14T10:01:01","guid":{"rendered":"http:\/\/localhost\/?page_id=19"},"modified":"2023-08-08T07:44:42","modified_gmt":"2023-08-08T05:44:42","slug":"infomaterjalid","status":"publish","type":"page","link":"https:\/\/www.kliinikum.ee\/korvakliinik\/infomaterjalid\/","title":{"rendered":"Infomaterjalid"},"content":{"rendered":"\n<p class=\"has-medium-font-size\"><a href=\"https:\/\/www.kliinikum.ee\/patsiendiinfo-kategooria\/kuulmine-ja-korvad\/\">Infomaterjalid - kuulmine ja k\u00f5rvad<\/a><\/p>\n\n\n\n<p class=\"has-medium-font-size\"><a href=\"https:\/\/www.kliinikum.ee\/patsiendiinfo-kategooria\/nina-ninaneel-kori\/\">Infomaterjalid - nina, ninaneel ja k\u00f5ri<\/a><\/p>\n\n\n\n<figure class=\"wp-block-image size-large\"><img loading=\"lazy\" decoding=\"async\" width=\"1024\" height=\"683\" src=\"https:\/\/www.kliinikum.ee\/korvakliinik\/wp-content\/uploads\/2023\/08\/DSC00368-1024x683.jpg\" alt=\"\" class=\"wp-image-7855\" srcset=\"https:\/\/www.kliinikum.ee\/korvakliinik\/wp-content\/uploads\/2023\/08\/DSC00368-1024x683.jpg 1024w, https:\/\/www.kliinikum.ee\/korvakliinik\/wp-content\/uploads\/2023\/08\/DSC00368-300x200.jpg 300w, https:\/\/www.kliinikum.ee\/korvakliinik\/wp-content\/uploads\/2023\/08\/DSC00368-768x512.jpg 768w\" sizes=\"auto, (max-width: 1024px) 100vw, 1024px\" \/><\/figure>\n","protected":false},"excerpt":{"rendered":"<p>Infomaterjalid - kuulmine ja k\u00f5rvad Infomaterjalid - nina, ninaneel ja k\u00f5ri<\/p>\n","protected":false},"author":31,"featured_media":0,"parent":0,"menu_order":0,"comment_status":"closed","ping_status":"closed","template":"","meta":{"_acf_changed":false,"_uag_custom_page_level_css":"","footnotes":""},"class_list":["post-19","page","type-page","status-publish","hentry"],"acf":[],"yoast_head":"<!-- This site is optimized with the Yoast SEO plugin v27.5 - https:\/\/yoast.com\/product\/yoast-seo-wordpress\/ -->\n<title>Infomaterjalid - K\u00f5rvakliinik<\/title>\n<meta name=\"robots\" content=\"index, follow, max-snippet:-1, max-image-preview:large, max-video-preview:-1\" \/>\n<link rel=\"canonical\" href=\"https:\/\/www.kliinikum.ee\/korvakliinik\/infomaterjalid\/\" \/>\n<meta property=\"og:locale\" content=\"et_EE\" \/>\n<meta property=\"og:type\" content=\"article\" \/>\n<meta property=\"og:title\" content=\"Infomaterjalid - K\u00f5rvakliinik\" \/>\n<meta property=\"og:description\" content=\"Infomaterjalid - kuulmine ja k\u00f5rvad Infomaterjalid - nina, ninaneel ja k\u00f5ri\" \/>\n<meta property=\"og:url\" content=\"https:\/\/www.kliinikum.ee\/korvakliinik\/infomaterjalid\/\" \/>\n<meta property=\"og:site_name\" content=\"K\u00f5rvakliinik\" \/>\n<meta property=\"article:modified_time\" content=\"2023-08-08T05:44:42+00:00\" \/>\n<meta property=\"og:image\" content=\"https:\/\/www.kliinikum.ee\/korvakliinik\/wp-content\/uploads\/2023\/08\/DSC00368-1024x683.jpg\" \/>\n<meta name=\"twitter:card\" content=\"summary_large_image\" \/>\n<meta name=\"twitter:label1\" content=\"Est. reading time\" \/>\n\t<meta name=\"twitter:data1\" content=\"1 minut\" \/>\n<script type=\"application\/ld+json\" class=\"yoast-schema-graph\">{\"@context\":\"https:\\\/\\\/schema.org\",\"@graph\":[{\"@type\":\"WebPage\",\"@id\":\"https:\\\/\\\/www.kliinikum.ee\\\/korvakliinik\\\/infomaterjalid\\\/\",\"url\":\"https:\\\/\\\/www.kliinikum.ee\\\/korvakliinik\\\/infomaterjalid\\\/\",\"name\":\"Infomaterjalid - K\u00f5rvakliinik\",\"isPartOf\":{\"@id\":\"https:\\\/\\\/www.kliinikum.ee\\\/korvakliinik\\\/#website\"},\"primaryImageOfPage\":{\"@id\":\"https:\\\/\\\/www.kliinikum.ee\\\/korvakliinik\\\/infomaterjalid\\\/#primaryimage\"},\"image\":{\"@id\":\"https:\\\/\\\/www.kliinikum.ee\\\/korvakliinik\\\/infomaterjalid\\\/#primaryimage\"},\"thumbnailUrl\":\"https:\\\/\\\/www.kliinikum.ee\\\/korvakliinik\\\/wp-content\\\/uploads\\\/2023\\\/08\\\/DSC00368-1024x683.jpg\",\"datePublished\":\"2022-11-14T10:01:01+00:00\",\"dateModified\":\"2023-08-08T05:44:42+00:00\",\"inLanguage\":\"et\",\"potentialAction\":[{\"@type\":\"ReadAction\",\"target\":[\"https:\\\/\\\/www.kliinikum.ee\\\/korvakliinik\\\/infomaterjalid\\\/\"]}]},{\"@type\":\"ImageObject\",\"inLanguage\":\"et\",\"@id\":\"https:\\\/\\\/www.kliinikum.ee\\\/korvakliinik\\\/infomaterjalid\\\/#primaryimage\",\"url\":\"https:\\\/\\\/www.kliinikum.ee\\\/korvakliinik\\\/wp-content\\\/uploads\\\/2023\\\/08\\\/DSC00368.jpg\",\"contentUrl\":\"https:\\\/\\\/www.kliinikum.ee\\\/korvakliinik\\\/wp-content\\\/uploads\\\/2023\\\/08\\\/DSC00368.jpg\",\"width\":9458,\"height\":6305},{\"@type\":\"WebSite\",\"@id\":\"https:\\\/\\\/www.kliinikum.ee\\\/korvakliinik\\\/#website\",\"url\":\"https:\\\/\\\/www.kliinikum.ee\\\/korvakliinik\\\/\",\"name\":\"K\u00f5rvakliinik\",\"description\":\"Hoolivus, Uuendusmeelsus, P\u00e4devus ja Usaldusv\u00e4\u00e4rsus\",\"potentialAction\":[{\"@type\":\"SearchAction\",\"target\":{\"@type\":\"EntryPoint\",\"urlTemplate\":\"https:\\\/\\\/www.kliinikum.ee\\\/korvakliinik\\\/?s={search_term_string}\"},\"query-input\":{\"@type\":\"PropertyValueSpecification\",\"valueRequired\":true,\"valueName\":\"search_term_string\"}}],\"inLanguage\":\"et\"}]}<\/script>\n<!-- \/ Yoast SEO plugin. -->","yoast_head_json":{"title":"Infomaterjalid - K\u00f5rvakliinik","robots":{"index":"index","follow":"follow","max-snippet":"max-snippet:-1","max-image-preview":"max-image-preview:large","max-video-preview":"max-video-preview:-1"},"canonical":"https:\/\/www.kliinikum.ee\/korvakliinik\/infomaterjalid\/","og_locale":"et_EE","og_type":"article","og_title":"Infomaterjalid - K\u00f5rvakliinik","og_description":"Infomaterjalid - kuulmine ja k\u00f5rvad Infomaterjalid - nina, ninaneel ja k\u00f5ri","og_url":"https:\/\/www.kliinikum.ee\/korvakliinik\/infomaterjalid\/","og_site_name":"K\u00f5rvakliinik","article_modified_time":"2023-08-08T05:44:42+00:00","og_image":[{"url":"https:\/\/www.kliinikum.ee\/korvakliinik\/wp-content\/uploads\/2023\/08\/DSC00368-1024x683.jpg","type":"","width":"","height":""}],"twitter_card":"summary_large_image","twitter_misc":{"Est. reading time":"1 minut"},"schema":{"@context":"https:\/\/schema.org","@graph":[{"@type":"WebPage","@id":"https:\/\/www.kliinikum.ee\/korvakliinik\/infomaterjalid\/","url":"https:\/\/www.kliinikum.ee\/korvakliinik\/infomaterjalid\/","name":"Infomaterjalid - K\u00f5rvakliinik","isPartOf":{"@id":"https:\/\/www.kliinikum.ee\/korvakliinik\/#website"},"primaryImageOfPage":{"@id":"https:\/\/www.kliinikum.ee\/korvakliinik\/infomaterjalid\/#primaryimage"},"image":{"@id":"https:\/\/www.kliinikum.ee\/korvakliinik\/infomaterjalid\/#primaryimage"},"thumbnailUrl":"https:\/\/www.kliinikum.ee\/korvakliinik\/wp-content\/uploads\/2023\/08\/DSC00368-1024x683.jpg","datePublished":"2022-11-14T10:01:01+00:00","dateModified":"2023-08-08T05:44:42+00:00","inLanguage":"et","potentialAction":[{"@type":"ReadAction","target":["https:\/\/www.kliinikum.ee\/korvakliinik\/infomaterjalid\/"]}]},{"@type":"ImageObject","inLanguage":"et","@id":"https:\/\/www.kliinikum.ee\/korvakliinik\/infomaterjalid\/#primaryimage","url":"https:\/\/www.kliinikum.ee\/korvakliinik\/wp-content\/uploads\/2023\/08\/DSC00368.jpg","contentUrl":"https:\/\/www.kliinikum.ee\/korvakliinik\/wp-content\/uploads\/2023\/08\/DSC00368.jpg","width":9458,"height":6305},{"@type":"WebSite","@id":"https:\/\/www.kliinikum.ee\/korvakliinik\/#website","url":"https:\/\/www.kliinikum.ee\/korvakliinik\/","name":"K\u00f5rvakliinik","description":"Hoolivus, Uuendusmeelsus, P\u00e4devus ja Usaldusv\u00e4\u00e4rsus","potentialAction":[{"@type":"SearchAction","target":{"@type":"EntryPoint","urlTemplate":"https:\/\/www.kliinikum.ee\/korvakliinik\/?s={search_term_string}"},"query-input":{"@type":"PropertyValueSpecification","valueRequired":true,"valueName":"search_term_string"}}],"inLanguage":"et"}]}},"uagb_featured_image_src":{"full":false,"thumbnail":false,"medium":false,"medium_large":false,"large":false,"1536x1536":false,"2048x2048":false},"uagb_author_info":{"display_name":"erkky","author_link":"https:\/\/www.kliinikum.ee\/korvakliinik\/author\/erkky\/"},"uagb_comment_info":0,"uagb_excerpt":"Infomaterjalid - kuulmine ja k\u00f5rvad Infomaterjalid - nina, ninaneel ja k\u00f5ri","_links":{"self":[{"href":"https:\/\/www.kliinikum.ee\/korvakliinik\/wp-json\/wp\/v2\/pages\/19","targetHints":{"allow":["GET"]}}],"collection":[{"href":"https:\/\/www.kliinikum.ee\/korvakliinik\/wp-json\/wp\/v2\/pages"}],"about":[{"href":"https:\/\/www.kliinikum.ee\/korvakliinik\/wp-json\/wp\/v2\/types\/page"}],"author":[{"embeddable":true,"href":"https:\/\/www.kliinikum.ee\/korvakliinik\/wp-json\/wp\/v2\/users\/31"}],"replies":[{"embeddable":true,"href":"https:\/\/www.kliinikum.ee\/korvakliinik\/wp-json\/wp\/v2\/comments?post=19"}],"version-history":[{"count":0,"href":"https:\/\/www.kliinikum.ee\/korvakliinik\/wp-json\/wp\/v2\/pages\/19\/revisions"}],"wp:attachment":[{"href":"https:\/\/www.kliinikum.ee\/korvakliinik\/wp-json\/wp\/v2\/media?parent=19"}],"curies":[{"name":"wp","href":"https:\/\/api.w.org\/{rel}","templated":true}]}}