{"id":5896,"date":"2023-04-19T12:25:54","date_gmt":"2023-04-19T10:25:54","guid":{"rendered":"https:\/\/www.kliinikum.ee\/lastekliinik\/?page_id=5896"},"modified":"2026-01-07T12:21:07","modified_gmt":"2026-01-07T10:21:07","slug":"uldpediaatria-ja-neuroloogia-osakond","status":"publish","type":"page","link":"https:\/\/www.kliinikum.ee\/lastekliinik\/kliinikust\/uldpediaatria-ja-neuroloogia-osakond\/","title":{"rendered":"\u00dcldpediaatria ja neuroloogia osakond"},"content":{"rendered":"\n<p class=\"has-medium-font-size\"><strong>Asukoht: L. Puusepa 8, M-korpus IV korrus.<\/strong><\/p>\n\n\n\n<p class=\"has-medium-font-size\"><strong>Osakonnajuht:<\/strong> Jaanika Ilisson, tel 731 9572<br><strong>Neuroloogia vanemarst-\u00f5ppej\u00f5ud<\/strong>:&nbsp;Rael Laugesaar, tel 53319580<br><strong>Osakonna \u00f5endusjuht:<\/strong> Liis Paenurk, tel 731 9581<br><strong>Sekret\u00e4rid: <\/strong>Angela Vender, tel 731 9598, Dagmar Ojaste, tel 731 9588<\/p>\n\n\n\n<p class=\"has-medium-font-size\"><strong>Osakonnas t\u00f6\u00f6tavad arstid alaerialade kaupa:<\/strong><\/p>\n\n\n\n<ul class=\"wp-block-list\">\n<li class=\"has-medium-font-size\">\u00dcldpediaatrid: dr Inga Vainum\u00e4e<\/li>\n\n\n\n<li class=\"has-medium-font-size\">Laste gastroenteroloogid: dr Oivi Uibo, dr Tiina R\u00e4go, dr K\u00e4rt Simre<\/li>\n\n\n\n<li class=\"has-medium-font-size\">Laste nefroloogid: dr Aili Traat, dr Inga Vainum\u00e4e<\/li>\n\n\n\n<li class=\"has-medium-font-size\">Laste endokrinoloogid: prof Vallo Tillmann, dr Aleksandr Peet, dr Mari Lukka<\/li>\n\n\n\n<li class=\"has-medium-font-size\">Laste reumatoloogid: dr Chris Pruunsild, dr Jaanika Ilisson, dr Nade\u017eda \u0160apovalova<\/li>\n\n\n\n<li class=\"has-medium-font-size\">Laste kardioloogid: dr Kristel K\u00f6bas, dr Margit S\u00f5najalg<\/li>\n\n\n\n<li class=\"has-medium-font-size\">Lasteneuroloogid: dr Eve \u00d5iglane-\u0160lik, dr Anneli Kolk, dr Aita Napa, dr Ulvi Vaher, dr Rael Laugesaar, dr Klari Heidmets, dr Kadre Saare, dr Stella Lilles<\/li>\n<\/ul>\n\n\n\n<p class=\"has-medium-font-size\">Lisaks t\u00f6\u00f6tavad osakonnas diabeedi-, reuma-, enureesi-, epilepsia-, peavalu ja une\u00f5de, tehes t\u00f6\u00f6d nii statsionaaris kui ka ambulatoorselt iseseisvate vastuv\u00f5ttudena.<\/p>\n\n\n\n<p class=\"has-medium-font-size\">\u00dcldpediaatria osakonna alla mahub suur osa pediaatriast kuue alaerialaga: gastroenteroloogia, nefroloogia, endokrinoloogia, reumatoloogia, kardioloogia ja mitteonkoloogiline hematoloogia.<\/p>\n\n\n\n<p class=\"has-medium-font-size\">Neuroloogia osakonna alla kuulub neurof\u00fcsioloogia \u00fcksus, kus teostatakse elektroentsefalograafia ja elektroneurom\u00fcograafia uuringuid.<\/p>\n\n\n\n<p class=\"has-medium-font-size\">Osakonnas toimuvad k\u00f5igil erialadel ambulatoorsed ja statsionaarsed vastuv\u00f5tud ning p\u00e4evaravi.<\/p>\n\n\n\n<p class=\"has-medium-font-size\">\u00dcldpediaatria osakonnas tegeletakse lastega, kellel on erinevatel p\u00f5hjustel k\u00f5huvalud,&nbsp;kroonilised soolehaigused, maksa sapiteede haigused. Neeruhaigustest kuseteede infektsioonid, glomerulonefriit, neerude ja kuseteede kaasas\u00fcndinud v\u00e4\u00e4rarengud. Samuti tegeletakse lastega, kes on kroonilise neerupuudulikkusega ja ootamas v\u00f5i juba l\u00e4bi teinud neerusiirdamise. Endokrinoloogilistest haigustest moodustab suurema osa suhkurdiabeet, lisaks ka kilpn\u00e4\u00e4rme talitluse probleemid, kasvuh\u00e4ired ja muud harvem esinevad patoloogiad. Reumatoloogi p\u00e4evusse kuulub \u00e4gedate ja krooniliste liigesep\u00f5letike, s\u00fcsteemsete sidekoehaigustega laste ravi ja j\u00e4lgimine, bioloogilise ravi juhtimine. Kardioloogiliste haigustega patsientidest ravitakse ja j\u00e4lgitakse&nbsp; kaasas\u00fcndinud s\u00fcdameriketega, k\u00f5rgenenud verer\u00f5hu, r\u00fctmih\u00e4iretega ja muude s\u00fcdamepoolsete kaebustega lapsi. Lisaks kuulub osakonna p\u00e4devusse paljude erinevate pediaatriliste probleemidega laste ravi ja j\u00e4lgimine nagu&nbsp;kaaluiibe puudulikkus, erinevate lokalisatsioonidega valud, aneemia, trombots\u00fctopeenia, m\u00fcrgistused&nbsp;jne. &nbsp;<\/p>\n\n\n\n<p class=\"has-medium-font-size\">Sagedasemad neuroloogilised haigused, mida lasteneuroloogia osakonnas uuritakse ja ravitakse, on epilepsia, peavalu, tserebraalparal\u00fc\u00fcs, ajuarenguh\u00e4ired, neuromuskulaarsed haigused, peatrauma, ps\u00fchhomotoorse arengu h\u00e4ired, liigutush\u00e4ired, insult, geneetilised n\u00e4rvis\u00fcsteemi h\u00e4ired, keskn\u00e4rvis\u00fcsteemi p\u00f5letikulised haigused, ajukasvajad jpt n\u00e4rvis\u00fcsteemi haaravad seisundid.<\/p>\n\n\n\n<p class=\"has-medium-font-size\">Sagedasemad uuringud, mida neuroloogia osakonna patsientidele teostatatakse, on pea magnetresonantstomograafia, elektroentsefalograafia (sh mitmep\u00e4evased videotelemeetrilised uuringud), lumbaalpunktsioon, elektroneurom\u00fcograafia, peaaju ultraheli uuring, geneetilised uuringud. Lisaks teostame neurops\u00fchholoogilisi uuringuid, logopeedilist hindamist, neelamisuuringuid, f\u00fcsioterapeudi- ja tegevusterapeudi hindamisi. Osakonnas teostatakse ka botuliinitoksiini s\u00fcsteid, koost\u00f6\u00f6s neurokirurgiga paigaldatakse baklofeenipumpa. Teeme tihedat koost\u00f6\u00f6d toitmisravimeeskonnaga, pakume v\u00f5imalust ravidieetide alustamiseks ja j\u00e4lgimiseks (nt ketogeenne dieet).<\/p>\n\n\n\n<p class=\"has-medium-font-size\">\u00dcldpediaatria ja neuroloogia osakonnas viibivate kooliealiste patsientide \u00f5ppet\u00f6\u00f6s edasij\u00f5udmisega abistab haigla\u00f5petaja. Seet\u00f5ttu soovitame k\u00f5igil koolielaistel lastel v\u00f5tta haiglauuringutele kaasa \u00f5ppematerjalid.<\/p>\n","protected":false},"excerpt":{"rendered":"<p>Asukoht: L. Puusepa 8, M-korpus IV korrus. Osakonnajuht: Jaanika Ilisson, tel 731 9572Neuroloogia vanemarst-\u00f5ppej\u00f5ud:&nbsp;Rael Laugesaar, tel 53319580Osakonna \u00f5endusjuht: Liis Paenurk, tel 731 9581Sekret\u00e4rid: Angela Vender, tel 731 9598, Dagmar Ojaste, tel 731 9588 Osakonnas t\u00f6\u00f6tavad arstid alaerialade kaupa: Lisaks t\u00f6\u00f6tavad osakonnas diabeedi-, reuma-, enureesi-, epilepsia-, peavalu ja une\u00f5de, tehes t\u00f6\u00f6d nii statsionaaris kui ka ambulatoorselt [&hellip;]<\/p>\n","protected":false},"author":35,"featured_media":0,"parent":17,"menu_order":5,"comment_status":"closed","ping_status":"closed","template":"","meta":{"_acf_changed":false,"_uag_custom_page_level_css":"","footnotes":""},"class_list":["post-5896","page","type-page","status-publish","hentry"],"acf":[],"yoast_head":"<!-- This site is optimized with the Yoast SEO plugin v27.5 - https:\/\/yoast.com\/product\/yoast-seo-wordpress\/ -->\n<title>\u00dcldpediaatria ja neuroloogia osakond - Lastekliinik<\/title>\n<meta name=\"robots\" content=\"index, follow, max-snippet:-1, max-image-preview:large, max-video-preview:-1\" \/>\n<link rel=\"canonical\" href=\"https:\/\/www.kliinikum.ee\/lastekliinik\/kliinikust\/uldpediaatria-ja-neuroloogia-osakond\/\" \/>\n<meta property=\"og:locale\" content=\"et_EE\" \/>\n<meta property=\"og:type\" content=\"article\" \/>\n<meta property=\"og:title\" content=\"\u00dcldpediaatria ja neuroloogia osakond - Lastekliinik\" \/>\n<meta property=\"og:description\" content=\"Asukoht: L. Puusepa 8, M-korpus IV korrus. Osakonnajuht: Jaanika Ilisson, tel 731 9572Neuroloogia vanemarst-\u00f5ppej\u00f5ud:&nbsp;Rael Laugesaar, tel 53319580Osakonna \u00f5endusjuht: Liis Paenurk, tel 731 9581Sekret\u00e4rid: Angela Vender, tel 731 9598, Dagmar Ojaste, tel 731 9588 Osakonnas t\u00f6\u00f6tavad arstid alaerialade kaupa: Lisaks t\u00f6\u00f6tavad osakonnas diabeedi-, reuma-, enureesi-, epilepsia-, peavalu ja une\u00f5de, tehes t\u00f6\u00f6d nii statsionaaris kui ka ambulatoorselt [&hellip;]\" \/>\n<meta property=\"og:url\" content=\"https:\/\/www.kliinikum.ee\/lastekliinik\/kliinikust\/uldpediaatria-ja-neuroloogia-osakond\/\" \/>\n<meta property=\"og:site_name\" content=\"Lastekliinik\" \/>\n<meta property=\"article:modified_time\" content=\"2026-01-07T10:21:07+00:00\" \/>\n<meta name=\"twitter:card\" content=\"summary_large_image\" \/>\n<meta name=\"twitter:label1\" content=\"Est. reading time\" \/>\n\t<meta name=\"twitter:data1\" content=\"3 minutit\" \/>\n<script type=\"application\/ld+json\" class=\"yoast-schema-graph\">{\"@context\":\"https:\\\/\\\/schema.org\",\"@graph\":[{\"@type\":\"WebPage\",\"@id\":\"https:\\\/\\\/www.kliinikum.ee\\\/lastekliinik\\\/kliinikust\\\/uldpediaatria-ja-neuroloogia-osakond\\\/\",\"url\":\"https:\\\/\\\/www.kliinikum.ee\\\/lastekliinik\\\/kliinikust\\\/uldpediaatria-ja-neuroloogia-osakond\\\/\",\"name\":\"\u00dcldpediaatria ja neuroloogia osakond - Lastekliinik\",\"isPartOf\":{\"@id\":\"https:\\\/\\\/www.kliinikum.ee\\\/lastekliinik\\\/#website\"},\"datePublished\":\"2023-04-19T10:25:54+00:00\",\"dateModified\":\"2026-01-07T10:21:07+00:00\",\"breadcrumb\":{\"@id\":\"https:\\\/\\\/www.kliinikum.ee\\\/lastekliinik\\\/kliinikust\\\/uldpediaatria-ja-neuroloogia-osakond\\\/#breadcrumb\"},\"inLanguage\":\"et\",\"potentialAction\":[{\"@type\":\"ReadAction\",\"target\":[\"https:\\\/\\\/www.kliinikum.ee\\\/lastekliinik\\\/kliinikust\\\/uldpediaatria-ja-neuroloogia-osakond\\\/\"]}]},{\"@type\":\"BreadcrumbList\",\"@id\":\"https:\\\/\\\/www.kliinikum.ee\\\/lastekliinik\\\/kliinikust\\\/uldpediaatria-ja-neuroloogia-osakond\\\/#breadcrumb\",\"itemListElement\":[{\"@type\":\"ListItem\",\"position\":1,\"name\":\"Kliinikust\",\"item\":\"https:\\\/\\\/www.kliinikum.ee\\\/lastekliinik\\\/kliinikust\\\/\"},{\"@type\":\"ListItem\",\"position\":2,\"name\":\"\u00dcldpediaatria ja neuroloogia osakond\"}]},{\"@type\":\"WebSite\",\"@id\":\"https:\\\/\\\/www.kliinikum.ee\\\/lastekliinik\\\/#website\",\"url\":\"https:\\\/\\\/www.kliinikum.ee\\\/lastekliinik\\\/\",\"name\":\"Lastekliinik\",\"description\":\"Hoolivus, Uuendusmeelsus, P\u00e4devus ja Usaldusv\u00e4\u00e4rsus\",\"potentialAction\":[{\"@type\":\"SearchAction\",\"target\":{\"@type\":\"EntryPoint\",\"urlTemplate\":\"https:\\\/\\\/www.kliinikum.ee\\\/lastekliinik\\\/?s={search_term_string}\"},\"query-input\":{\"@type\":\"PropertyValueSpecification\",\"valueRequired\":true,\"valueName\":\"search_term_string\"}}],\"inLanguage\":\"et\"}]}<\/script>\n<!-- \/ Yoast SEO plugin. -->","yoast_head_json":{"title":"\u00dcldpediaatria ja neuroloogia osakond - Lastekliinik","robots":{"index":"index","follow":"follow","max-snippet":"max-snippet:-1","max-image-preview":"max-image-preview:large","max-video-preview":"max-video-preview:-1"},"canonical":"https:\/\/www.kliinikum.ee\/lastekliinik\/kliinikust\/uldpediaatria-ja-neuroloogia-osakond\/","og_locale":"et_EE","og_type":"article","og_title":"\u00dcldpediaatria ja neuroloogia osakond - Lastekliinik","og_description":"Asukoht: L. Puusepa 8, M-korpus IV korrus. Osakonnajuht: Jaanika Ilisson, tel 731 9572Neuroloogia vanemarst-\u00f5ppej\u00f5ud:&nbsp;Rael Laugesaar, tel 53319580Osakonna \u00f5endusjuht: Liis Paenurk, tel 731 9581Sekret\u00e4rid: Angela Vender, tel 731 9598, Dagmar Ojaste, tel 731 9588 Osakonnas t\u00f6\u00f6tavad arstid alaerialade kaupa: Lisaks t\u00f6\u00f6tavad osakonnas diabeedi-, reuma-, enureesi-, epilepsia-, peavalu ja une\u00f5de, tehes t\u00f6\u00f6d nii statsionaaris kui ka ambulatoorselt [&hellip;]","og_url":"https:\/\/www.kliinikum.ee\/lastekliinik\/kliinikust\/uldpediaatria-ja-neuroloogia-osakond\/","og_site_name":"Lastekliinik","article_modified_time":"2026-01-07T10:21:07+00:00","twitter_card":"summary_large_image","twitter_misc":{"Est. reading time":"3 minutit"},"schema":{"@context":"https:\/\/schema.org","@graph":[{"@type":"WebPage","@id":"https:\/\/www.kliinikum.ee\/lastekliinik\/kliinikust\/uldpediaatria-ja-neuroloogia-osakond\/","url":"https:\/\/www.kliinikum.ee\/lastekliinik\/kliinikust\/uldpediaatria-ja-neuroloogia-osakond\/","name":"\u00dcldpediaatria ja neuroloogia osakond - Lastekliinik","isPartOf":{"@id":"https:\/\/www.kliinikum.ee\/lastekliinik\/#website"},"datePublished":"2023-04-19T10:25:54+00:00","dateModified":"2026-01-07T10:21:07+00:00","breadcrumb":{"@id":"https:\/\/www.kliinikum.ee\/lastekliinik\/kliinikust\/uldpediaatria-ja-neuroloogia-osakond\/#breadcrumb"},"inLanguage":"et","potentialAction":[{"@type":"ReadAction","target":["https:\/\/www.kliinikum.ee\/lastekliinik\/kliinikust\/uldpediaatria-ja-neuroloogia-osakond\/"]}]},{"@type":"BreadcrumbList","@id":"https:\/\/www.kliinikum.ee\/lastekliinik\/kliinikust\/uldpediaatria-ja-neuroloogia-osakond\/#breadcrumb","itemListElement":[{"@type":"ListItem","position":1,"name":"Kliinikust","item":"https:\/\/www.kliinikum.ee\/lastekliinik\/kliinikust\/"},{"@type":"ListItem","position":2,"name":"\u00dcldpediaatria ja neuroloogia osakond"}]},{"@type":"WebSite","@id":"https:\/\/www.kliinikum.ee\/lastekliinik\/#website","url":"https:\/\/www.kliinikum.ee\/lastekliinik\/","name":"Lastekliinik","description":"Hoolivus, Uuendusmeelsus, P\u00e4devus ja Usaldusv\u00e4\u00e4rsus","potentialAction":[{"@type":"SearchAction","target":{"@type":"EntryPoint","urlTemplate":"https:\/\/www.kliinikum.ee\/lastekliinik\/?s={search_term_string}"},"query-input":{"@type":"PropertyValueSpecification","valueRequired":true,"valueName":"search_term_string"}}],"inLanguage":"et"}]}},"uagb_featured_image_src":{"full":false,"thumbnail":false,"medium":false,"medium_large":false,"large":false,"1536x1536":false,"2048x2048":false},"uagb_author_info":{"display_name":"Jane Freimann","author_link":"https:\/\/www.kliinikum.ee\/lastekliinik\/author\/janef\/"},"uagb_comment_info":0,"uagb_excerpt":"Asukoht: L. Puusepa 8, M-korpus IV korrus. Osakonnajuht: Jaanika Ilisson, tel 731 9572Neuroloogia vanemarst-\u00f5ppej\u00f5ud:&nbsp;Rael Laugesaar, tel 53319580Osakonna \u00f5endusjuht: Liis Paenurk, tel 731 9581Sekret\u00e4rid: Angela Vender, tel 731 9598, Dagmar Ojaste, tel 731 9588 Osakonnas t\u00f6\u00f6tavad arstid alaerialade kaupa: Lisaks t\u00f6\u00f6tavad osakonnas diabeedi-, reuma-, enureesi-, epilepsia-, peavalu ja une\u00f5de, tehes t\u00f6\u00f6d nii statsionaaris kui ka ambulatoorselt&hellip;","_links":{"self":[{"href":"https:\/\/www.kliinikum.ee\/lastekliinik\/wp-json\/wp\/v2\/pages\/5896","targetHints":{"allow":["GET"]}}],"collection":[{"href":"https:\/\/www.kliinikum.ee\/lastekliinik\/wp-json\/wp\/v2\/pages"}],"about":[{"href":"https:\/\/www.kliinikum.ee\/lastekliinik\/wp-json\/wp\/v2\/types\/page"}],"author":[{"embeddable":true,"href":"https:\/\/www.kliinikum.ee\/lastekliinik\/wp-json\/wp\/v2\/users\/35"}],"replies":[{"embeddable":true,"href":"https:\/\/www.kliinikum.ee\/lastekliinik\/wp-json\/wp\/v2\/comments?post=5896"}],"version-history":[{"count":0,"href":"https:\/\/www.kliinikum.ee\/lastekliinik\/wp-json\/wp\/v2\/pages\/5896\/revisions"}],"up":[{"embeddable":true,"href":"https:\/\/www.kliinikum.ee\/lastekliinik\/wp-json\/wp\/v2\/pages\/17"}],"wp:attachment":[{"href":"https:\/\/www.kliinikum.ee\/lastekliinik\/wp-json\/wp\/v2\/media?parent=5896"}],"curies":[{"name":"wp","href":"https:\/\/api.w.org\/{rel}","templated":true}]}}