{"id":5902,"date":"2023-04-19T13:19:21","date_gmt":"2023-04-19T11:19:21","guid":{"rendered":"https:\/\/www.kliinikum.ee\/lastekliinik\/?page_id=5902"},"modified":"2025-10-21T14:07:46","modified_gmt":"2025-10-21T12:07:46","slug":"hingehoidja","status":"publish","type":"page","link":"https:\/\/www.kliinikum.ee\/lastekliinik\/patsiendile\/hingehoidja\/","title":{"rendered":"Sotsiaalt\u00f6\u00f6taja ja hingehoidja"},"content":{"rendered":"\n<p class=\"has-medium-font-size\"><strong>Sotsiaalt\u00f6\u00f6taja sekkub olukordades, kus meditsiinilisest ravist \u00fcksi ei piisa.<\/strong> Ta pakub n\u00f5ustamist, et toetada inimest keeruliste elumuutustega toimetulekul \u2013 n\u00e4iteks kroonilise haiguse diagnoosimisel, puude tekkimisel v\u00f5i traumaj\u00e4rgsetes olukordades. Sotsiaalt\u00f6\u00f6taja aitab lapsel ja tema perel j\u00f5uda vajalike toetuste ja teenusteni ning seisab selle eest, et nende mured saaksid kuulda ja m\u00e4rgatud.<\/p>\n\n\n\n<p class=\"has-medium-font-size\"><strong>Sotsiaalt\u00f6\u00f6tajad<\/strong><br>Maida Michelson - tel 731 9602 \/ 53319602<br>Helve Maripuu - tel 731 9641<\/p>\n\n\n\n<p class=\"has-medium-font-size\">Kasulikud viited:<br><a href=\"https:\/\/sotsiaalkindlustusamet.ee\/puue-ja-hoolekanne\/sotsiaalne-rehabilitatsioon\/laste-sotsiaalne-rehabilitatsioon\">Laste sotsiaalne rehabilitatsioon<\/a><br><a href=\"https:\/\/sotsiaalkindlustusamet.ee\/puue-ja-hoolekanne\/puude-tuvastamine\/lapse-puude-tuvastamine\">Lapse puude raskusastme tuvastamine<\/a><br><a href=\"https:\/\/sotsiaalkindlustusamet.ee\/puue-ja-hoolekanne\/abivahendid\/abivahendi-vajajale\">Abivahendi vajajale<\/a><\/p>\n\n\n\n<p class=\"has-medium-font-size\">Iga haigus ja haiglasse sattumine toob kaasa muutusi ja vajaduse tulla toime olukordadega, millega pole seni kohtutud. Lisaks oma toimetulekuviisidele saab sellistes olukordades t\u00e4iendavat toetust pakkuda spetsialist, kellel on teadmised ja oskused elu keerukate situatsioonide, raskete loobumiste ja muutunud suhetega toimetulekuks.<\/p>\n\n\n\n<p><\/p>\n\n\n\n<p class=\"has-medium-font-size\"><strong>Hingehoidja ja pereterapeut<\/strong><br>Naatan Haamer<br>Tel 552 5024<\/p>\n","protected":false},"excerpt":{"rendered":"<p>Sotsiaalt\u00f6\u00f6taja sekkub olukordades, kus meditsiinilisest ravist \u00fcksi ei piisa. Ta pakub n\u00f5ustamist, et toetada inimest keeruliste elumuutustega toimetulekul \u2013 n\u00e4iteks kroonilise haiguse diagnoosimisel, puude tekkimisel v\u00f5i traumaj\u00e4rgsetes olukordades. Sotsiaalt\u00f6\u00f6taja aitab lapsel ja tema perel j\u00f5uda vajalike toetuste ja teenusteni ning seisab selle eest, et nende mured saaksid kuulda ja m\u00e4rgatud. Sotsiaalt\u00f6\u00f6tajadMaida Michelson - tel 731 [&hellip;]<\/p>\n","protected":false},"author":35,"featured_media":0,"parent":15,"menu_order":2,"comment_status":"closed","ping_status":"closed","template":"","meta":{"_acf_changed":false,"_uag_custom_page_level_css":"","footnotes":""},"class_list":["post-5902","page","type-page","status-publish","hentry"],"acf":[],"yoast_head":"<!-- This site is optimized with the Yoast SEO plugin v27.4 - https:\/\/yoast.com\/product\/yoast-seo-wordpress\/ -->\n<title>Sotsiaalt\u00f6\u00f6taja ja hingehoidja - Lastekliinik<\/title>\n<meta name=\"robots\" content=\"index, follow, max-snippet:-1, max-image-preview:large, max-video-preview:-1\" \/>\n<link rel=\"canonical\" href=\"https:\/\/www.kliinikum.ee\/lastekliinik\/patsiendile\/hingehoidja\/\" \/>\n<meta property=\"og:locale\" content=\"et_EE\" \/>\n<meta property=\"og:type\" content=\"article\" \/>\n<meta property=\"og:title\" content=\"Sotsiaalt\u00f6\u00f6taja ja hingehoidja - Lastekliinik\" \/>\n<meta property=\"og:description\" content=\"Sotsiaalt\u00f6\u00f6taja sekkub olukordades, kus meditsiinilisest ravist \u00fcksi ei piisa. Ta pakub n\u00f5ustamist, et toetada inimest keeruliste elumuutustega toimetulekul \u2013 n\u00e4iteks kroonilise haiguse diagnoosimisel, puude tekkimisel v\u00f5i traumaj\u00e4rgsetes olukordades. Sotsiaalt\u00f6\u00f6taja aitab lapsel ja tema perel j\u00f5uda vajalike toetuste ja teenusteni ning seisab selle eest, et nende mured saaksid kuulda ja m\u00e4rgatud. Sotsiaalt\u00f6\u00f6tajadMaida Michelson - tel 731 [&hellip;]\" \/>\n<meta property=\"og:url\" content=\"https:\/\/www.kliinikum.ee\/lastekliinik\/patsiendile\/hingehoidja\/\" \/>\n<meta property=\"og:site_name\" content=\"Lastekliinik\" \/>\n<meta property=\"article:modified_time\" content=\"2025-10-21T12:07:46+00:00\" \/>\n<meta name=\"twitter:card\" content=\"summary_large_image\" \/>\n<meta name=\"twitter:label1\" content=\"Est. reading time\" \/>\n\t<meta name=\"twitter:data1\" content=\"1 minut\" \/>\n<script type=\"application\/ld+json\" class=\"yoast-schema-graph\">{\"@context\":\"https:\\\/\\\/schema.org\",\"@graph\":[{\"@type\":\"WebPage\",\"@id\":\"https:\\\/\\\/www.kliinikum.ee\\\/lastekliinik\\\/patsiendile\\\/hingehoidja\\\/\",\"url\":\"https:\\\/\\\/www.kliinikum.ee\\\/lastekliinik\\\/patsiendile\\\/hingehoidja\\\/\",\"name\":\"Sotsiaalt\u00f6\u00f6taja ja hingehoidja - Lastekliinik\",\"isPartOf\":{\"@id\":\"https:\\\/\\\/www.kliinikum.ee\\\/lastekliinik\\\/#website\"},\"datePublished\":\"2023-04-19T11:19:21+00:00\",\"dateModified\":\"2025-10-21T12:07:46+00:00\",\"breadcrumb\":{\"@id\":\"https:\\\/\\\/www.kliinikum.ee\\\/lastekliinik\\\/patsiendile\\\/hingehoidja\\\/#breadcrumb\"},\"inLanguage\":\"et\",\"potentialAction\":[{\"@type\":\"ReadAction\",\"target\":[\"https:\\\/\\\/www.kliinikum.ee\\\/lastekliinik\\\/patsiendile\\\/hingehoidja\\\/\"]}]},{\"@type\":\"BreadcrumbList\",\"@id\":\"https:\\\/\\\/www.kliinikum.ee\\\/lastekliinik\\\/patsiendile\\\/hingehoidja\\\/#breadcrumb\",\"itemListElement\":[{\"@type\":\"ListItem\",\"position\":1,\"name\":\"Patsiendile\",\"item\":\"https:\\\/\\\/www.kliinikum.ee\\\/lastekliinik\\\/patsiendile\\\/\"},{\"@type\":\"ListItem\",\"position\":2,\"name\":\"Sotsiaalt\u00f6\u00f6taja ja hingehoidja\"}]},{\"@type\":\"WebSite\",\"@id\":\"https:\\\/\\\/www.kliinikum.ee\\\/lastekliinik\\\/#website\",\"url\":\"https:\\\/\\\/www.kliinikum.ee\\\/lastekliinik\\\/\",\"name\":\"Lastekliinik\",\"description\":\"Hoolivus, Uuendusmeelsus, P\u00e4devus ja Usaldusv\u00e4\u00e4rsus\",\"potentialAction\":[{\"@type\":\"SearchAction\",\"target\":{\"@type\":\"EntryPoint\",\"urlTemplate\":\"https:\\\/\\\/www.kliinikum.ee\\\/lastekliinik\\\/?s={search_term_string}\"},\"query-input\":{\"@type\":\"PropertyValueSpecification\",\"valueRequired\":true,\"valueName\":\"search_term_string\"}}],\"inLanguage\":\"et\"}]}<\/script>\n<!-- \/ Yoast SEO plugin. -->","yoast_head_json":{"title":"Sotsiaalt\u00f6\u00f6taja ja hingehoidja - Lastekliinik","robots":{"index":"index","follow":"follow","max-snippet":"max-snippet:-1","max-image-preview":"max-image-preview:large","max-video-preview":"max-video-preview:-1"},"canonical":"https:\/\/www.kliinikum.ee\/lastekliinik\/patsiendile\/hingehoidja\/","og_locale":"et_EE","og_type":"article","og_title":"Sotsiaalt\u00f6\u00f6taja ja hingehoidja - Lastekliinik","og_description":"Sotsiaalt\u00f6\u00f6taja sekkub olukordades, kus meditsiinilisest ravist \u00fcksi ei piisa. Ta pakub n\u00f5ustamist, et toetada inimest keeruliste elumuutustega toimetulekul \u2013 n\u00e4iteks kroonilise haiguse diagnoosimisel, puude tekkimisel v\u00f5i traumaj\u00e4rgsetes olukordades. Sotsiaalt\u00f6\u00f6taja aitab lapsel ja tema perel j\u00f5uda vajalike toetuste ja teenusteni ning seisab selle eest, et nende mured saaksid kuulda ja m\u00e4rgatud. Sotsiaalt\u00f6\u00f6tajadMaida Michelson - tel 731 [&hellip;]","og_url":"https:\/\/www.kliinikum.ee\/lastekliinik\/patsiendile\/hingehoidja\/","og_site_name":"Lastekliinik","article_modified_time":"2025-10-21T12:07:46+00:00","twitter_card":"summary_large_image","twitter_misc":{"Est. reading time":"1 minut"},"schema":{"@context":"https:\/\/schema.org","@graph":[{"@type":"WebPage","@id":"https:\/\/www.kliinikum.ee\/lastekliinik\/patsiendile\/hingehoidja\/","url":"https:\/\/www.kliinikum.ee\/lastekliinik\/patsiendile\/hingehoidja\/","name":"Sotsiaalt\u00f6\u00f6taja ja hingehoidja - Lastekliinik","isPartOf":{"@id":"https:\/\/www.kliinikum.ee\/lastekliinik\/#website"},"datePublished":"2023-04-19T11:19:21+00:00","dateModified":"2025-10-21T12:07:46+00:00","breadcrumb":{"@id":"https:\/\/www.kliinikum.ee\/lastekliinik\/patsiendile\/hingehoidja\/#breadcrumb"},"inLanguage":"et","potentialAction":[{"@type":"ReadAction","target":["https:\/\/www.kliinikum.ee\/lastekliinik\/patsiendile\/hingehoidja\/"]}]},{"@type":"BreadcrumbList","@id":"https:\/\/www.kliinikum.ee\/lastekliinik\/patsiendile\/hingehoidja\/#breadcrumb","itemListElement":[{"@type":"ListItem","position":1,"name":"Patsiendile","item":"https:\/\/www.kliinikum.ee\/lastekliinik\/patsiendile\/"},{"@type":"ListItem","position":2,"name":"Sotsiaalt\u00f6\u00f6taja ja hingehoidja"}]},{"@type":"WebSite","@id":"https:\/\/www.kliinikum.ee\/lastekliinik\/#website","url":"https:\/\/www.kliinikum.ee\/lastekliinik\/","name":"Lastekliinik","description":"Hoolivus, Uuendusmeelsus, P\u00e4devus ja Usaldusv\u00e4\u00e4rsus","potentialAction":[{"@type":"SearchAction","target":{"@type":"EntryPoint","urlTemplate":"https:\/\/www.kliinikum.ee\/lastekliinik\/?s={search_term_string}"},"query-input":{"@type":"PropertyValueSpecification","valueRequired":true,"valueName":"search_term_string"}}],"inLanguage":"et"}]}},"uagb_featured_image_src":{"full":false,"thumbnail":false,"medium":false,"medium_large":false,"large":false,"1536x1536":false,"2048x2048":false},"uagb_author_info":{"display_name":"Jane Freimann","author_link":"https:\/\/www.kliinikum.ee\/lastekliinik\/author\/janef\/"},"uagb_comment_info":0,"uagb_excerpt":"Sotsiaalt\u00f6\u00f6taja sekkub olukordades, kus meditsiinilisest ravist \u00fcksi ei piisa. Ta pakub n\u00f5ustamist, et toetada inimest keeruliste elumuutustega toimetulekul \u2013 n\u00e4iteks kroonilise haiguse diagnoosimisel, puude tekkimisel v\u00f5i traumaj\u00e4rgsetes olukordades. Sotsiaalt\u00f6\u00f6taja aitab lapsel ja tema perel j\u00f5uda vajalike toetuste ja teenusteni ning seisab selle eest, et nende mured saaksid kuulda ja m\u00e4rgatud. Sotsiaalt\u00f6\u00f6tajadMaida Michelson - tel 731&hellip;","_links":{"self":[{"href":"https:\/\/www.kliinikum.ee\/lastekliinik\/wp-json\/wp\/v2\/pages\/5902","targetHints":{"allow":["GET"]}}],"collection":[{"href":"https:\/\/www.kliinikum.ee\/lastekliinik\/wp-json\/wp\/v2\/pages"}],"about":[{"href":"https:\/\/www.kliinikum.ee\/lastekliinik\/wp-json\/wp\/v2\/types\/page"}],"author":[{"embeddable":true,"href":"https:\/\/www.kliinikum.ee\/lastekliinik\/wp-json\/wp\/v2\/users\/35"}],"replies":[{"embeddable":true,"href":"https:\/\/www.kliinikum.ee\/lastekliinik\/wp-json\/wp\/v2\/comments?post=5902"}],"version-history":[{"count":0,"href":"https:\/\/www.kliinikum.ee\/lastekliinik\/wp-json\/wp\/v2\/pages\/5902\/revisions"}],"up":[{"embeddable":true,"href":"https:\/\/www.kliinikum.ee\/lastekliinik\/wp-json\/wp\/v2\/pages\/15"}],"wp:attachment":[{"href":"https:\/\/www.kliinikum.ee\/lastekliinik\/wp-json\/wp\/v2\/media?parent=5902"}],"curies":[{"name":"wp","href":"https:\/\/api.w.org\/{rel}","templated":true}]}}