{"id":6043,"date":"2023-05-19T10:47:30","date_gmt":"2023-05-19T08:47:30","guid":{"rendered":"https:\/\/www.kliinikum.ee\/lastekliinik\/?page_id=6043"},"modified":"2025-03-26T13:47:08","modified_gmt":"2025-03-26T11:47:08","slug":"vastuvotuajad","status":"publish","type":"page","link":"https:\/\/www.kliinikum.ee\/lastekliinik\/patsiendile\/vastuvotuajad\/","title":{"rendered":"Vastuv\u00f5tuajad"},"content":{"rendered":"\n<p class=\"has-medium-font-size\"><strong>Vastuv\u00f5tule&nbsp;saab registreerida&nbsp;telefonil 7319100<\/strong><\/p>\n\n\n\n<p class=\"has-medium-font-size\"><a href=\"https:\/\/www.kliinikum.ee\/valdkond\/pediaatria\/\" target=\"_blank\" rel=\"noreferrer noopener\">Pediaatria<\/a><\/p>\n\n\n\n<p class=\"has-medium-font-size\"><a href=\"https:\/\/www.kliinikum.ee\/valdkond\/endokrinoloogia\/\" target=\"_blank\" rel=\"noreferrer noopener\">Endokrinoloogia<\/a> (hormonaalsed h\u00e4ired)<\/p>\n\n\n\n<p class=\"has-medium-font-size\"><a href=\"https:\/\/www.kliinikum.ee\/valdkond\/gastroenteroloogia\/\" target=\"_blank\" rel=\"noreferrer noopener\">Gastroenteroloogia<\/a> (seedetrakti haigused)<\/p>\n\n\n\n<p class=\"has-medium-font-size\"><a href=\"https:\/\/www.kliinikum.ee\/valdkond\/infektsioonhaigused\/\" target=\"_blank\" rel=\"noreferrer noopener\">Infektsioonhaigused<\/a><\/p>\n\n\n\n<p class=\"has-medium-font-size\"><a href=\"https:\/\/www.kliinikum.ee\/valdkond\/kardioloogia\/\" target=\"_blank\" rel=\"noreferrer noopener\">Kardioloogia<\/a> (s\u00fcdamehaigused)<\/p>\n\n\n\n<p class=\"has-medium-font-size\"><a href=\"https:\/\/www.kliinikum.ee\/valdkond\/logopeedia\/\" target=\"_blank\" rel=\"noreferrer noopener\">Logopeedia<\/a><\/p>\n\n\n\n<p class=\"has-medium-font-size\"><a href=\"https:\/\/www.kliinikum.ee\/valdkond\/nefroloogia\/\" target=\"_blank\" rel=\"noreferrer noopener\">Nefroloogia<\/a> (neeruhaigused)<\/p>\n\n\n\n<p class=\"has-medium-font-size\"><a href=\"https:\/\/www.kliinikum.ee\/valdkond\/neuroloogia\/\" target=\"_blank\" rel=\"noreferrer noopener\">Neuroloogia<\/a> (n\u00e4rvis\u00fcsteemihaigused)<\/p>\n\n\n\n<p class=\"has-medium-font-size\"><a href=\"https:\/\/www.kliinikum.ee\/valdkond\/oftalmoloogia\/\" target=\"_blank\" rel=\"noreferrer noopener\">Oftalmoloogia<\/a> (silmahaigused)<\/p>\n\n\n\n<p class=\"has-medium-font-size\"><a href=\"https:\/\/www.kliinikum.ee\/valdkond\/psuhholoogia\/\" target=\"_blank\" rel=\"noreferrer noopener\">Ps\u00fchholoogia<\/a> <\/p>\n\n\n\n<p class=\"has-medium-font-size\"><a href=\"https:\/\/www.kliinikum.ee\/valdkond\/reumatoloogia\/\" target=\"_blank\" rel=\"noreferrer noopener\">Reumatoloogia<\/a> (p\u00f5letikulised liiges- ja lihashaigused, s\u00fcsteemsidekoe haigused)<\/p>\n\n\n\n<p class=\"has-medium-font-size\"><a href=\"https:\/\/www.kliinikum.ee\/valdkond\/sisearst-allergoloog\/\">Sisearst-allergoloog<\/a><\/p>\n\n\n\n<p class=\"has-medium-font-size\"><a href=\"https:\/\/www.kliinikum.ee\/kliinikumi-vastuvotud-tallinnas\/\">Tallinna tasulised lastearsti vastuv\u00f5tud<\/a><\/p>\n","protected":false},"excerpt":{"rendered":"<p>Vastuv\u00f5tule&nbsp;saab registreerida&nbsp;telefonil 7319100 Pediaatria Endokrinoloogia (hormonaalsed h\u00e4ired) Gastroenteroloogia (seedetrakti haigused) Infektsioonhaigused Kardioloogia (s\u00fcdamehaigused) Logopeedia Nefroloogia (neeruhaigused) Neuroloogia (n\u00e4rvis\u00fcsteemihaigused) Oftalmoloogia (silmahaigused) Ps\u00fchholoogia Reumatoloogia (p\u00f5letikulised liiges- ja lihashaigused, s\u00fcsteemsidekoe haigused) Sisearst-allergoloog Tallinna tasulised lastearsti vastuv\u00f5tud<\/p>\n","protected":false},"author":30,"featured_media":0,"parent":15,"menu_order":7,"comment_status":"closed","ping_status":"closed","template":"","meta":{"_acf_changed":false,"_uag_custom_page_level_css":"","footnotes":""},"class_list":["post-6043","page","type-page","status-publish","hentry"],"acf":[],"yoast_head":"<!-- This site is optimized with the Yoast SEO plugin v27.4 - https:\/\/yoast.com\/product\/yoast-seo-wordpress\/ -->\n<title>Vastuv\u00f5tuajad - Lastekliinik<\/title>\n<meta name=\"robots\" content=\"index, follow, max-snippet:-1, max-image-preview:large, max-video-preview:-1\" \/>\n<link rel=\"canonical\" href=\"https:\/\/www.kliinikum.ee\/lastekliinik\/patsiendile\/vastuvotuajad\/\" \/>\n<meta property=\"og:locale\" content=\"et_EE\" \/>\n<meta property=\"og:type\" content=\"article\" \/>\n<meta property=\"og:title\" content=\"Vastuv\u00f5tuajad - Lastekliinik\" \/>\n<meta property=\"og:description\" content=\"Vastuv\u00f5tule&nbsp;saab registreerida&nbsp;telefonil 7319100 Pediaatria Endokrinoloogia (hormonaalsed h\u00e4ired) Gastroenteroloogia (seedetrakti haigused) Infektsioonhaigused Kardioloogia (s\u00fcdamehaigused) Logopeedia Nefroloogia (neeruhaigused) Neuroloogia (n\u00e4rvis\u00fcsteemihaigused) Oftalmoloogia (silmahaigused) Ps\u00fchholoogia Reumatoloogia (p\u00f5letikulised liiges- ja lihashaigused, s\u00fcsteemsidekoe haigused) Sisearst-allergoloog Tallinna tasulised lastearsti vastuv\u00f5tud\" \/>\n<meta property=\"og:url\" content=\"https:\/\/www.kliinikum.ee\/lastekliinik\/patsiendile\/vastuvotuajad\/\" \/>\n<meta property=\"og:site_name\" content=\"Lastekliinik\" \/>\n<meta property=\"article:modified_time\" content=\"2025-03-26T11:47:08+00:00\" \/>\n<meta name=\"twitter:card\" content=\"summary_large_image\" \/>\n<meta name=\"twitter:label1\" content=\"Est. reading time\" \/>\n\t<meta name=\"twitter:data1\" content=\"1 minut\" \/>\n<script type=\"application\/ld+json\" class=\"yoast-schema-graph\">{\"@context\":\"https:\\\/\\\/schema.org\",\"@graph\":[{\"@type\":\"WebPage\",\"@id\":\"https:\\\/\\\/www.kliinikum.ee\\\/lastekliinik\\\/patsiendile\\\/vastuvotuajad\\\/\",\"url\":\"https:\\\/\\\/www.kliinikum.ee\\\/lastekliinik\\\/patsiendile\\\/vastuvotuajad\\\/\",\"name\":\"Vastuv\u00f5tuajad - Lastekliinik\",\"isPartOf\":{\"@id\":\"https:\\\/\\\/www.kliinikum.ee\\\/lastekliinik\\\/#website\"},\"datePublished\":\"2023-05-19T08:47:30+00:00\",\"dateModified\":\"2025-03-26T11:47:08+00:00\",\"breadcrumb\":{\"@id\":\"https:\\\/\\\/www.kliinikum.ee\\\/lastekliinik\\\/patsiendile\\\/vastuvotuajad\\\/#breadcrumb\"},\"inLanguage\":\"et\",\"potentialAction\":[{\"@type\":\"ReadAction\",\"target\":[\"https:\\\/\\\/www.kliinikum.ee\\\/lastekliinik\\\/patsiendile\\\/vastuvotuajad\\\/\"]}]},{\"@type\":\"BreadcrumbList\",\"@id\":\"https:\\\/\\\/www.kliinikum.ee\\\/lastekliinik\\\/patsiendile\\\/vastuvotuajad\\\/#breadcrumb\",\"itemListElement\":[{\"@type\":\"ListItem\",\"position\":1,\"name\":\"Patsiendile\",\"item\":\"https:\\\/\\\/www.kliinikum.ee\\\/lastekliinik\\\/patsiendile\\\/\"},{\"@type\":\"ListItem\",\"position\":2,\"name\":\"Vastuv\u00f5tuajad\"}]},{\"@type\":\"WebSite\",\"@id\":\"https:\\\/\\\/www.kliinikum.ee\\\/lastekliinik\\\/#website\",\"url\":\"https:\\\/\\\/www.kliinikum.ee\\\/lastekliinik\\\/\",\"name\":\"Lastekliinik\",\"description\":\"Hoolivus, Uuendusmeelsus, P\u00e4devus ja Usaldusv\u00e4\u00e4rsus\",\"potentialAction\":[{\"@type\":\"SearchAction\",\"target\":{\"@type\":\"EntryPoint\",\"urlTemplate\":\"https:\\\/\\\/www.kliinikum.ee\\\/lastekliinik\\\/?s={search_term_string}\"},\"query-input\":{\"@type\":\"PropertyValueSpecification\",\"valueRequired\":true,\"valueName\":\"search_term_string\"}}],\"inLanguage\":\"et\"}]}<\/script>\n<!-- \/ Yoast SEO plugin. -->","yoast_head_json":{"title":"Vastuv\u00f5tuajad - Lastekliinik","robots":{"index":"index","follow":"follow","max-snippet":"max-snippet:-1","max-image-preview":"max-image-preview:large","max-video-preview":"max-video-preview:-1"},"canonical":"https:\/\/www.kliinikum.ee\/lastekliinik\/patsiendile\/vastuvotuajad\/","og_locale":"et_EE","og_type":"article","og_title":"Vastuv\u00f5tuajad - Lastekliinik","og_description":"Vastuv\u00f5tule&nbsp;saab registreerida&nbsp;telefonil 7319100 Pediaatria Endokrinoloogia (hormonaalsed h\u00e4ired) Gastroenteroloogia (seedetrakti haigused) Infektsioonhaigused Kardioloogia (s\u00fcdamehaigused) Logopeedia Nefroloogia (neeruhaigused) Neuroloogia (n\u00e4rvis\u00fcsteemihaigused) Oftalmoloogia (silmahaigused) Ps\u00fchholoogia Reumatoloogia (p\u00f5letikulised liiges- ja lihashaigused, s\u00fcsteemsidekoe haigused) Sisearst-allergoloog Tallinna tasulised lastearsti vastuv\u00f5tud","og_url":"https:\/\/www.kliinikum.ee\/lastekliinik\/patsiendile\/vastuvotuajad\/","og_site_name":"Lastekliinik","article_modified_time":"2025-03-26T11:47:08+00:00","twitter_card":"summary_large_image","twitter_misc":{"Est. reading time":"1 minut"},"schema":{"@context":"https:\/\/schema.org","@graph":[{"@type":"WebPage","@id":"https:\/\/www.kliinikum.ee\/lastekliinik\/patsiendile\/vastuvotuajad\/","url":"https:\/\/www.kliinikum.ee\/lastekliinik\/patsiendile\/vastuvotuajad\/","name":"Vastuv\u00f5tuajad - Lastekliinik","isPartOf":{"@id":"https:\/\/www.kliinikum.ee\/lastekliinik\/#website"},"datePublished":"2023-05-19T08:47:30+00:00","dateModified":"2025-03-26T11:47:08+00:00","breadcrumb":{"@id":"https:\/\/www.kliinikum.ee\/lastekliinik\/patsiendile\/vastuvotuajad\/#breadcrumb"},"inLanguage":"et","potentialAction":[{"@type":"ReadAction","target":["https:\/\/www.kliinikum.ee\/lastekliinik\/patsiendile\/vastuvotuajad\/"]}]},{"@type":"BreadcrumbList","@id":"https:\/\/www.kliinikum.ee\/lastekliinik\/patsiendile\/vastuvotuajad\/#breadcrumb","itemListElement":[{"@type":"ListItem","position":1,"name":"Patsiendile","item":"https:\/\/www.kliinikum.ee\/lastekliinik\/patsiendile\/"},{"@type":"ListItem","position":2,"name":"Vastuv\u00f5tuajad"}]},{"@type":"WebSite","@id":"https:\/\/www.kliinikum.ee\/lastekliinik\/#website","url":"https:\/\/www.kliinikum.ee\/lastekliinik\/","name":"Lastekliinik","description":"Hoolivus, Uuendusmeelsus, P\u00e4devus ja Usaldusv\u00e4\u00e4rsus","potentialAction":[{"@type":"SearchAction","target":{"@type":"EntryPoint","urlTemplate":"https:\/\/www.kliinikum.ee\/lastekliinik\/?s={search_term_string}"},"query-input":{"@type":"PropertyValueSpecification","valueRequired":true,"valueName":"search_term_string"}}],"inLanguage":"et"}]}},"uagb_featured_image_src":{"full":false,"thumbnail":false,"medium":false,"medium_large":false,"large":false,"1536x1536":false,"2048x2048":false},"uagb_author_info":{"display_name":"H\u00e4ili Evert","author_link":"https:\/\/www.kliinikum.ee\/lastekliinik\/author\/hailie\/"},"uagb_comment_info":0,"uagb_excerpt":"Vastuv\u00f5tule&nbsp;saab registreerida&nbsp;telefonil 7319100 Pediaatria Endokrinoloogia (hormonaalsed h\u00e4ired) Gastroenteroloogia (seedetrakti haigused) Infektsioonhaigused Kardioloogia (s\u00fcdamehaigused) Logopeedia Nefroloogia (neeruhaigused) Neuroloogia (n\u00e4rvis\u00fcsteemihaigused) Oftalmoloogia (silmahaigused) Ps\u00fchholoogia Reumatoloogia (p\u00f5letikulised liiges- ja lihashaigused, s\u00fcsteemsidekoe haigused) Sisearst-allergoloog Tallinna tasulised lastearsti vastuv\u00f5tud","_links":{"self":[{"href":"https:\/\/www.kliinikum.ee\/lastekliinik\/wp-json\/wp\/v2\/pages\/6043","targetHints":{"allow":["GET"]}}],"collection":[{"href":"https:\/\/www.kliinikum.ee\/lastekliinik\/wp-json\/wp\/v2\/pages"}],"about":[{"href":"https:\/\/www.kliinikum.ee\/lastekliinik\/wp-json\/wp\/v2\/types\/page"}],"author":[{"embeddable":true,"href":"https:\/\/www.kliinikum.ee\/lastekliinik\/wp-json\/wp\/v2\/users\/30"}],"replies":[{"embeddable":true,"href":"https:\/\/www.kliinikum.ee\/lastekliinik\/wp-json\/wp\/v2\/comments?post=6043"}],"version-history":[{"count":0,"href":"https:\/\/www.kliinikum.ee\/lastekliinik\/wp-json\/wp\/v2\/pages\/6043\/revisions"}],"up":[{"embeddable":true,"href":"https:\/\/www.kliinikum.ee\/lastekliinik\/wp-json\/wp\/v2\/pages\/15"}],"wp:attachment":[{"href":"https:\/\/www.kliinikum.ee\/lastekliinik\/wp-json\/wp\/v2\/media?parent=6043"}],"curies":[{"name":"wp","href":"https:\/\/api.w.org\/{rel}","templated":true}]}}