{"id":6917,"date":"2023-10-13T00:59:57","date_gmt":"2023-10-12T22:59:57","guid":{"rendered":"https:\/\/www.kliinikum.ee\/meestekliinik\/?page_id=6917"},"modified":"2023-10-27T14:55:43","modified_gmt":"2023-10-27T12:55:43","slug":"fusioteraapia-teenus-meestekliiniku-tartu-ja-tallinna-keskustes","status":"publish","type":"page","link":"https:\/\/www.kliinikum.ee\/meestekliinik\/kliinikust\/fusioteraapia-teenus-meestekliiniku-tartu-ja-tallinna-keskustes\/","title":{"rendered":"F\u00fcsioteraapia teenus Meestekliiniku Tartu ja Tallinna keskustes"},"content":{"rendered":"\n<p class=\"has-medium-font-size\">Kompleksse teenuse osutamise eesm\u00e4rgil oleme Meestekliiniku Tartu ja Tallinna keskuses k\u00e4ivitanud meeste vaagnapiirkonna probleemidele keskendunud f\u00fcsioteraapia teenuse.<br>F\u00fcsioteraapia keskendub patsiendi kaebuste leevendamisele.<br>F\u00fcsioteraapia k\u00e4igus kaardistatakse patsiendi kaebused ja seda p\u00f5hjustavad v\u00f5i alal hoidvad tegurid.<br>F\u00fcsioterapeut kuulab, hindab, arutleb kaasa ning n\u00f5ustab. Koost\u00f6\u00f6s patsiendiga leitakse viis kaebuste leevendamiseks. F\u00fcsioteraapia T\u00dcK Meestekliinikus on \u00fcles ehitatud patsiendi aktiivsele osalusele oma taastumisprotsessis ning toetub suures osas kodusele teraapiaprogrammile.<br>Vaagna f\u00fcsioteraapia vajaduse \u00fcle otsustab meestekliiniku arst peale patsiendi esmase uuringute kompleksi tulemuste hindamist. Ilma suunamiseta v\u00f5ib p\u00f6\u00f6rduda f\u00fcsioterapeudi tasulisele vastuv\u00f5tule.<\/p>\n\n\n\n<p class=\"has-medium-font-size\">Mille korral T\u00dcK Meestekliiniku f\u00fcsioterapeudi vastuv\u00f5tule p\u00f6\u00f6rduda:<\/p>\n\n\n\n<ul class=\"wp-block-list\">\n<li class=\"has-medium-font-size\">p\u00fcsima j\u00e4\u00e4nud valu vaagnapiirkonnas (k\u00f5hupiirkonnas, kubemes, munandites, peenises, alaseljas, tuharates, lahklihas v\u00f5i p\u00e4rakus);<\/li>\n\n\n\n<li class=\"has-medium-font-size\">vaagnaga seotud funktsiooni- ehk toimimish\u00e4ired (p\u00f5ie-, soolestiku- v\u00f5i seksuaalh\u00e4ired);<\/li>\n\n\n\n<li class=\"has-medium-font-size\">enne ja p\u00e4rast eesn\u00e4\u00e4rme eemaldamise operatsiooni;<\/li>\n\n\n\n<li class=\"has-medium-font-size\">liikumisn\u00f5ustamine (treeninguga alustamine v\u00f5i treeningu kohandamine eri haigusseisundite korral). <\/li>\n<\/ul>\n\n\n\n<p><\/p>\n\n\n<div class=\"wp-block-image\">\n<figure class=\"aligncenter size-large\"><img loading=\"lazy\" decoding=\"async\" width=\"683\" height=\"1024\" src=\"https:\/\/www.kliinikum.ee\/meestekliinik\/wp-content\/uploads\/2023\/10\/IMG_4180-683x1024.jpg\" alt=\"\" class=\"wp-image-6921\" srcset=\"https:\/\/www.kliinikum.ee\/meestekliinik\/wp-content\/uploads\/2023\/10\/IMG_4180-683x1024.jpg 683w, https:\/\/www.kliinikum.ee\/meestekliinik\/wp-content\/uploads\/2023\/10\/IMG_4180-200x300.jpg 200w, https:\/\/www.kliinikum.ee\/meestekliinik\/wp-content\/uploads\/2023\/10\/IMG_4180-768x1152.jpg 768w, https:\/\/www.kliinikum.ee\/meestekliinik\/wp-content\/uploads\/2023\/10\/IMG_4180-1024x1536.jpg 1024w, https:\/\/www.kliinikum.ee\/meestekliinik\/wp-content\/uploads\/2023\/10\/IMG_4180-1365x2048.jpg 1365w, https:\/\/www.kliinikum.ee\/meestekliinik\/wp-content\/uploads\/2023\/10\/IMG_4180-scaled.jpg 1706w\" sizes=\"auto, (max-width: 683px) 100vw, 683px\" \/><\/figure>\n<\/div>\n\n\n<p><\/p>\n\n\n\n<figure class=\"wp-block-image size-large\"><img loading=\"lazy\" decoding=\"async\" width=\"1024\" height=\"683\" src=\"https:\/\/www.kliinikum.ee\/meestekliinik\/wp-content\/uploads\/2023\/10\/IMG_4185-2-1024x683.jpg\" alt=\"\" class=\"wp-image-6927\" srcset=\"https:\/\/www.kliinikum.ee\/meestekliinik\/wp-content\/uploads\/2023\/10\/IMG_4185-2-1024x683.jpg 1024w, https:\/\/www.kliinikum.ee\/meestekliinik\/wp-content\/uploads\/2023\/10\/IMG_4185-2-300x200.jpg 300w, https:\/\/www.kliinikum.ee\/meestekliinik\/wp-content\/uploads\/2023\/10\/IMG_4185-2-768x512.jpg 768w, https:\/\/www.kliinikum.ee\/meestekliinik\/wp-content\/uploads\/2023\/10\/IMG_4185-2-1536x1024.jpg 1536w, https:\/\/www.kliinikum.ee\/meestekliinik\/wp-content\/uploads\/2023\/10\/IMG_4185-2-2048x1365.jpg 2048w, https:\/\/www.kliinikum.ee\/meestekliinik\/wp-content\/uploads\/2023\/10\/IMG_4185-2-scaled.jpg 2560w\" sizes=\"auto, (max-width: 1024px) 100vw, 1024px\" \/><\/figure>\n","protected":false},"excerpt":{"rendered":"<p>Kompleksse teenuse osutamise eesm\u00e4rgil oleme Meestekliiniku Tartu ja Tallinna keskuses k\u00e4ivitanud meeste vaagnapiirkonna probleemidele keskendunud f\u00fcsioteraapia teenuse.F\u00fcsioteraapia keskendub patsiendi kaebuste leevendamisele.F\u00fcsioteraapia k\u00e4igus kaardistatakse patsiendi kaebused ja seda p\u00f5hjustavad v\u00f5i alal hoidvad tegurid.F\u00fcsioterapeut kuulab, hindab, arutleb kaasa ning n\u00f5ustab. Koost\u00f6\u00f6s patsiendiga leitakse viis kaebuste leevendamiseks. F\u00fcsioteraapia T\u00dcK Meestekliinikus on \u00fcles ehitatud patsiendi aktiivsele osalusele oma taastumisprotsessis [&hellip;]<\/p>\n","protected":false},"author":30,"featured_media":0,"parent":17,"menu_order":3,"comment_status":"closed","ping_status":"closed","template":"","meta":{"_acf_changed":false,"_uag_custom_page_level_css":"","footnotes":""},"class_list":["post-6917","page","type-page","status-publish","hentry"],"acf":[],"yoast_head":"<!-- This site is optimized with the Yoast SEO plugin v27.3 - https:\/\/yoast.com\/product\/yoast-seo-wordpress\/ -->\n<title>F\u00fcsioteraapia teenus Meestekliiniku Tartu ja Tallinna keskustes - Meestekliinik<\/title>\n<meta name=\"robots\" content=\"index, follow, max-snippet:-1, max-image-preview:large, max-video-preview:-1\" \/>\n<link rel=\"canonical\" href=\"https:\/\/www.kliinikum.ee\/meestekliinik\/kliinikust\/fusioteraapia-teenus-meestekliiniku-tartu-ja-tallinna-keskustes\/\" \/>\n<meta property=\"og:locale\" content=\"et_EE\" \/>\n<meta property=\"og:type\" content=\"article\" \/>\n<meta property=\"og:title\" content=\"F\u00fcsioteraapia teenus Meestekliiniku Tartu ja Tallinna keskustes - Meestekliinik\" \/>\n<meta property=\"og:description\" content=\"Kompleksse teenuse osutamise eesm\u00e4rgil oleme Meestekliiniku Tartu ja Tallinna keskuses k\u00e4ivitanud meeste vaagnapiirkonna probleemidele keskendunud f\u00fcsioteraapia teenuse.F\u00fcsioteraapia keskendub patsiendi kaebuste leevendamisele.F\u00fcsioteraapia k\u00e4igus kaardistatakse patsiendi kaebused ja seda p\u00f5hjustavad v\u00f5i alal hoidvad tegurid.F\u00fcsioterapeut kuulab, hindab, arutleb kaasa ning n\u00f5ustab. Koost\u00f6\u00f6s patsiendiga leitakse viis kaebuste leevendamiseks. F\u00fcsioteraapia T\u00dcK Meestekliinikus on \u00fcles ehitatud patsiendi aktiivsele osalusele oma taastumisprotsessis [&hellip;]\" \/>\n<meta property=\"og:url\" content=\"https:\/\/www.kliinikum.ee\/meestekliinik\/kliinikust\/fusioteraapia-teenus-meestekliiniku-tartu-ja-tallinna-keskustes\/\" \/>\n<meta property=\"og:site_name\" content=\"Meestekliinik\" \/>\n<meta property=\"article:modified_time\" content=\"2023-10-27T12:55:43+00:00\" \/>\n<meta property=\"og:image\" content=\"https:\/\/www.kliinikum.ee\/meestekliinik\/wp-content\/uploads\/2023\/10\/IMG_4180-683x1024.jpg\" \/>\n<meta name=\"twitter:card\" content=\"summary_large_image\" \/>\n<meta name=\"twitter:label1\" content=\"Est. reading time\" \/>\n\t<meta name=\"twitter:data1\" content=\"2 minutit\" \/>\n<script type=\"application\/ld+json\" class=\"yoast-schema-graph\">{\"@context\":\"https:\\\/\\\/schema.org\",\"@graph\":[{\"@type\":\"WebPage\",\"@id\":\"https:\\\/\\\/www.kliinikum.ee\\\/meestekliinik\\\/kliinikust\\\/fusioteraapia-teenus-meestekliiniku-tartu-ja-tallinna-keskustes\\\/\",\"url\":\"https:\\\/\\\/www.kliinikum.ee\\\/meestekliinik\\\/kliinikust\\\/fusioteraapia-teenus-meestekliiniku-tartu-ja-tallinna-keskustes\\\/\",\"name\":\"F\u00fcsioteraapia teenus Meestekliiniku Tartu ja Tallinna keskustes - Meestekliinik\",\"isPartOf\":{\"@id\":\"https:\\\/\\\/www.kliinikum.ee\\\/meestekliinik\\\/#website\"},\"primaryImageOfPage\":{\"@id\":\"https:\\\/\\\/www.kliinikum.ee\\\/meestekliinik\\\/kliinikust\\\/fusioteraapia-teenus-meestekliiniku-tartu-ja-tallinna-keskustes\\\/#primaryimage\"},\"image\":{\"@id\":\"https:\\\/\\\/www.kliinikum.ee\\\/meestekliinik\\\/kliinikust\\\/fusioteraapia-teenus-meestekliiniku-tartu-ja-tallinna-keskustes\\\/#primaryimage\"},\"thumbnailUrl\":\"https:\\\/\\\/www.kliinikum.ee\\\/meestekliinik\\\/wp-content\\\/uploads\\\/2023\\\/10\\\/IMG_4180-683x1024.jpg\",\"datePublished\":\"2023-10-12T22:59:57+00:00\",\"dateModified\":\"2023-10-27T12:55:43+00:00\",\"breadcrumb\":{\"@id\":\"https:\\\/\\\/www.kliinikum.ee\\\/meestekliinik\\\/kliinikust\\\/fusioteraapia-teenus-meestekliiniku-tartu-ja-tallinna-keskustes\\\/#breadcrumb\"},\"inLanguage\":\"et\",\"potentialAction\":[{\"@type\":\"ReadAction\",\"target\":[\"https:\\\/\\\/www.kliinikum.ee\\\/meestekliinik\\\/kliinikust\\\/fusioteraapia-teenus-meestekliiniku-tartu-ja-tallinna-keskustes\\\/\"]}]},{\"@type\":\"ImageObject\",\"inLanguage\":\"et\",\"@id\":\"https:\\\/\\\/www.kliinikum.ee\\\/meestekliinik\\\/kliinikust\\\/fusioteraapia-teenus-meestekliiniku-tartu-ja-tallinna-keskustes\\\/#primaryimage\",\"url\":\"https:\\\/\\\/www.kliinikum.ee\\\/meestekliinik\\\/wp-content\\\/uploads\\\/2023\\\/10\\\/IMG_4180-scaled.jpg\",\"contentUrl\":\"https:\\\/\\\/www.kliinikum.ee\\\/meestekliinik\\\/wp-content\\\/uploads\\\/2023\\\/10\\\/IMG_4180-scaled.jpg\",\"width\":1706,\"height\":2560},{\"@type\":\"BreadcrumbList\",\"@id\":\"https:\\\/\\\/www.kliinikum.ee\\\/meestekliinik\\\/kliinikust\\\/fusioteraapia-teenus-meestekliiniku-tartu-ja-tallinna-keskustes\\\/#breadcrumb\",\"itemListElement\":[{\"@type\":\"ListItem\",\"position\":1,\"name\":\"Home\",\"item\":\"https:\\\/\\\/www.kliinikum.ee\\\/meestekliinik\\\/\"},{\"@type\":\"ListItem\",\"position\":2,\"name\":\"Kliinikust\",\"item\":\"https:\\\/\\\/www.kliinikum.ee\\\/meestekliinik\\\/kliinikust\\\/\"},{\"@type\":\"ListItem\",\"position\":3,\"name\":\"F\u00fcsioteraapia teenus Meestekliiniku Tartu ja Tallinna keskustes\"}]},{\"@type\":\"WebSite\",\"@id\":\"https:\\\/\\\/www.kliinikum.ee\\\/meestekliinik\\\/#website\",\"url\":\"https:\\\/\\\/www.kliinikum.ee\\\/meestekliinik\\\/\",\"name\":\"Meestekliinik\",\"description\":\"Hoolivus, Uuendusmeelsus, P\u00e4devus ja Usaldusv\u00e4\u00e4rsus\",\"potentialAction\":[{\"@type\":\"SearchAction\",\"target\":{\"@type\":\"EntryPoint\",\"urlTemplate\":\"https:\\\/\\\/www.kliinikum.ee\\\/meestekliinik\\\/?s={search_term_string}\"},\"query-input\":{\"@type\":\"PropertyValueSpecification\",\"valueRequired\":true,\"valueName\":\"search_term_string\"}}],\"inLanguage\":\"et\"}]}<\/script>\n<!-- \/ Yoast SEO plugin. -->","yoast_head_json":{"title":"F\u00fcsioteraapia teenus Meestekliiniku Tartu ja Tallinna keskustes - Meestekliinik","robots":{"index":"index","follow":"follow","max-snippet":"max-snippet:-1","max-image-preview":"max-image-preview:large","max-video-preview":"max-video-preview:-1"},"canonical":"https:\/\/www.kliinikum.ee\/meestekliinik\/kliinikust\/fusioteraapia-teenus-meestekliiniku-tartu-ja-tallinna-keskustes\/","og_locale":"et_EE","og_type":"article","og_title":"F\u00fcsioteraapia teenus Meestekliiniku Tartu ja Tallinna keskustes - Meestekliinik","og_description":"Kompleksse teenuse osutamise eesm\u00e4rgil oleme Meestekliiniku Tartu ja Tallinna keskuses k\u00e4ivitanud meeste vaagnapiirkonna probleemidele keskendunud f\u00fcsioteraapia teenuse.F\u00fcsioteraapia keskendub patsiendi kaebuste leevendamisele.F\u00fcsioteraapia k\u00e4igus kaardistatakse patsiendi kaebused ja seda p\u00f5hjustavad v\u00f5i alal hoidvad tegurid.F\u00fcsioterapeut kuulab, hindab, arutleb kaasa ning n\u00f5ustab. Koost\u00f6\u00f6s patsiendiga leitakse viis kaebuste leevendamiseks. F\u00fcsioteraapia T\u00dcK Meestekliinikus on \u00fcles ehitatud patsiendi aktiivsele osalusele oma taastumisprotsessis [&hellip;]","og_url":"https:\/\/www.kliinikum.ee\/meestekliinik\/kliinikust\/fusioteraapia-teenus-meestekliiniku-tartu-ja-tallinna-keskustes\/","og_site_name":"Meestekliinik","article_modified_time":"2023-10-27T12:55:43+00:00","og_image":[{"url":"https:\/\/www.kliinikum.ee\/meestekliinik\/wp-content\/uploads\/2023\/10\/IMG_4180-683x1024.jpg","type":"","width":"","height":""}],"twitter_card":"summary_large_image","twitter_misc":{"Est. reading time":"2 minutit"},"schema":{"@context":"https:\/\/schema.org","@graph":[{"@type":"WebPage","@id":"https:\/\/www.kliinikum.ee\/meestekliinik\/kliinikust\/fusioteraapia-teenus-meestekliiniku-tartu-ja-tallinna-keskustes\/","url":"https:\/\/www.kliinikum.ee\/meestekliinik\/kliinikust\/fusioteraapia-teenus-meestekliiniku-tartu-ja-tallinna-keskustes\/","name":"F\u00fcsioteraapia teenus Meestekliiniku Tartu ja Tallinna keskustes - Meestekliinik","isPartOf":{"@id":"https:\/\/www.kliinikum.ee\/meestekliinik\/#website"},"primaryImageOfPage":{"@id":"https:\/\/www.kliinikum.ee\/meestekliinik\/kliinikust\/fusioteraapia-teenus-meestekliiniku-tartu-ja-tallinna-keskustes\/#primaryimage"},"image":{"@id":"https:\/\/www.kliinikum.ee\/meestekliinik\/kliinikust\/fusioteraapia-teenus-meestekliiniku-tartu-ja-tallinna-keskustes\/#primaryimage"},"thumbnailUrl":"https:\/\/www.kliinikum.ee\/meestekliinik\/wp-content\/uploads\/2023\/10\/IMG_4180-683x1024.jpg","datePublished":"2023-10-12T22:59:57+00:00","dateModified":"2023-10-27T12:55:43+00:00","breadcrumb":{"@id":"https:\/\/www.kliinikum.ee\/meestekliinik\/kliinikust\/fusioteraapia-teenus-meestekliiniku-tartu-ja-tallinna-keskustes\/#breadcrumb"},"inLanguage":"et","potentialAction":[{"@type":"ReadAction","target":["https:\/\/www.kliinikum.ee\/meestekliinik\/kliinikust\/fusioteraapia-teenus-meestekliiniku-tartu-ja-tallinna-keskustes\/"]}]},{"@type":"ImageObject","inLanguage":"et","@id":"https:\/\/www.kliinikum.ee\/meestekliinik\/kliinikust\/fusioteraapia-teenus-meestekliiniku-tartu-ja-tallinna-keskustes\/#primaryimage","url":"https:\/\/www.kliinikum.ee\/meestekliinik\/wp-content\/uploads\/2023\/10\/IMG_4180-scaled.jpg","contentUrl":"https:\/\/www.kliinikum.ee\/meestekliinik\/wp-content\/uploads\/2023\/10\/IMG_4180-scaled.jpg","width":1706,"height":2560},{"@type":"BreadcrumbList","@id":"https:\/\/www.kliinikum.ee\/meestekliinik\/kliinikust\/fusioteraapia-teenus-meestekliiniku-tartu-ja-tallinna-keskustes\/#breadcrumb","itemListElement":[{"@type":"ListItem","position":1,"name":"Home","item":"https:\/\/www.kliinikum.ee\/meestekliinik\/"},{"@type":"ListItem","position":2,"name":"Kliinikust","item":"https:\/\/www.kliinikum.ee\/meestekliinik\/kliinikust\/"},{"@type":"ListItem","position":3,"name":"F\u00fcsioteraapia teenus Meestekliiniku Tartu ja Tallinna keskustes"}]},{"@type":"WebSite","@id":"https:\/\/www.kliinikum.ee\/meestekliinik\/#website","url":"https:\/\/www.kliinikum.ee\/meestekliinik\/","name":"Meestekliinik","description":"Hoolivus, Uuendusmeelsus, P\u00e4devus ja Usaldusv\u00e4\u00e4rsus","potentialAction":[{"@type":"SearchAction","target":{"@type":"EntryPoint","urlTemplate":"https:\/\/www.kliinikum.ee\/meestekliinik\/?s={search_term_string}"},"query-input":{"@type":"PropertyValueSpecification","valueRequired":true,"valueName":"search_term_string"}}],"inLanguage":"et"}]}},"uagb_featured_image_src":{"full":false,"thumbnail":false,"medium":false,"medium_large":false,"large":false,"1536x1536":false,"2048x2048":false},"uagb_author_info":{"display_name":"Kristiina Noortoots","author_link":"https:\/\/www.kliinikum.ee\/meestekliinik\/author\/kristiinn\/"},"uagb_comment_info":0,"uagb_excerpt":"Kompleksse teenuse osutamise eesm\u00e4rgil oleme Meestekliiniku Tartu ja Tallinna keskuses k\u00e4ivitanud meeste vaagnapiirkonna probleemidele keskendunud f\u00fcsioteraapia teenuse.F\u00fcsioteraapia keskendub patsiendi kaebuste leevendamisele.F\u00fcsioteraapia k\u00e4igus kaardistatakse patsiendi kaebused ja seda p\u00f5hjustavad v\u00f5i alal hoidvad tegurid.F\u00fcsioterapeut kuulab, hindab, arutleb kaasa ning n\u00f5ustab. Koost\u00f6\u00f6s patsiendiga leitakse viis kaebuste leevendamiseks. F\u00fcsioteraapia T\u00dcK Meestekliinikus on \u00fcles ehitatud patsiendi aktiivsele osalusele oma taastumisprotsessis&hellip;","_links":{"self":[{"href":"https:\/\/www.kliinikum.ee\/meestekliinik\/wp-json\/wp\/v2\/pages\/6917","targetHints":{"allow":["GET"]}}],"collection":[{"href":"https:\/\/www.kliinikum.ee\/meestekliinik\/wp-json\/wp\/v2\/pages"}],"about":[{"href":"https:\/\/www.kliinikum.ee\/meestekliinik\/wp-json\/wp\/v2\/types\/page"}],"author":[{"embeddable":true,"href":"https:\/\/www.kliinikum.ee\/meestekliinik\/wp-json\/wp\/v2\/users\/30"}],"replies":[{"embeddable":true,"href":"https:\/\/www.kliinikum.ee\/meestekliinik\/wp-json\/wp\/v2\/comments?post=6917"}],"version-history":[{"count":0,"href":"https:\/\/www.kliinikum.ee\/meestekliinik\/wp-json\/wp\/v2\/pages\/6917\/revisions"}],"up":[{"embeddable":true,"href":"https:\/\/www.kliinikum.ee\/meestekliinik\/wp-json\/wp\/v2\/pages\/17"}],"wp:attachment":[{"href":"https:\/\/www.kliinikum.ee\/meestekliinik\/wp-json\/wp\/v2\/media?parent=6917"}],"curies":[{"name":"wp","href":"https:\/\/api.w.org\/{rel}","templated":true}]}}