{"id":6946,"date":"2023-10-13T01:15:29","date_gmt":"2023-10-12T23:15:29","guid":{"rendered":"https:\/\/www.kliinikum.ee\/meestekliinik\/?page_id=6946"},"modified":"2023-11-20T10:29:04","modified_gmt":"2023-11-20T08:29:04","slug":"kolleegile","status":"publish","type":"page","link":"https:\/\/www.kliinikum.ee\/meestekliinik\/kolleegile\/","title":{"rendered":"Kolleegile"},"content":{"rendered":"\n<p class=\"has-medium-font-size\">Alates 2013.a. kevadest on meestearsti vastuv\u00f5tule p\u00f6\u00f6rdumiseks saatekiri kohustuslik. Oleksime t\u00e4nulikud, kui saatekiri sisaldaks j\u00e4rgmisi andmeid:<\/p>\n\n\n\n<ul class=\"wp-block-list\">\n<li class=\"has-medium-font-size\">Suunamise p\u00f5hjus<\/li>\n\n\n\n<li class=\"has-medium-font-size\">V\u00e4ljav\u00f5te haigusloost, eelnevate uuringute ja konsultatsioonide tulemused<\/li>\n\n\n\n<li class=\"has-medium-font-size\">Kui suunamine seotud partneri probleemidega (viljatus, sugutrakti p\u00f5letikud jne), siis palume lisada ka info partneri uuringutulemuste kohta<\/li>\n\n\n\n<li class=\"has-medium-font-size\">V\u00f5imalusel nimekiri k\u00f5igist tarvitatavatest ravimitest<\/li>\n\n\n\n<li class=\"has-medium-font-size\">Suunava raviarsti nimi ja arstikood<\/li>\n<\/ul>\n\n\n\n<p class=\"has-medium-font-size\">Meestekliinik tagab kiire v\u00e4ljaspool j\u00e4rjekorda (1-7 t\u00f6\u00f6p\u00e4eva jooksul) vastuv\u00f5tu j\u00e4rgnevate haiguste\/haiguskahtluste korral (kehtib arstipoolse e-konsultatsiooni korral):<\/p>\n\n\n\n<ul class=\"wp-block-list\">\n<li class=\"has-medium-font-size\">Munandiv\u00e4hi kahtlus \u2013 palpeeritav muutus munandis<\/li>\n\n\n\n<li class=\"has-medium-font-size\">Munandi ja munandimanuse p\u00f5letik \u2013 akuutselt tekkinud valu ja paistetus munandis<\/li>\n\n\n\n<li class=\"has-medium-font-size\">PSA v\u00e4\u00e4rtus &gt;4 ng\/ml v\u00f5i kiire PSA t\u00f5us &gt;1 ng\/ml aasta kohta<\/li>\n\n\n\n<li class=\"has-medium-font-size\">Suguhaiguste kahtlus (tasuline teenus!)<\/li>\n<\/ul>\n\n\n\n<p class=\"has-medium-font-size\">T\u00dc Kliinikumi Meestekliiniku epikriisid edastatakse tsentraalsesse digilukku ja ilma konkreetse patsiendi v\u00f5i suunava arsti soovita paberkandjal dubleerivat infokandjat enam ei v\u00e4ljastata.<br>Vastuv\u00f5tule registreerimise k\u00fcsimustes aitavad Teid meie sekret\u00e4rid: meestekliinik@kliinikum.ee<\/p>\n\n\n\n<p class=\"has-medium-font-size\">Erialastes k\u00fcsimustes v\u00f5ite n\u00f5u k\u00fcsida:<\/p>\n\n\n\n<p class=\"has-medium-font-size\"><strong>Professor Margus Punab&nbsp;&nbsp;&nbsp;&nbsp;&nbsp;&nbsp;&nbsp;&nbsp;&nbsp;&nbsp;&nbsp;&nbsp; margus.punab@kliinikum.ee<\/strong><br><strong>Dr Kristjan Pomm &nbsp;&nbsp;&nbsp;&nbsp;&nbsp;&nbsp;&nbsp;&nbsp;&nbsp;&nbsp;&nbsp;&nbsp;&nbsp;&nbsp;&nbsp;&nbsp;&nbsp;&nbsp;&nbsp;&nbsp;&nbsp;&nbsp; kristjan.pomm@kliinikum.ee<\/strong><br><strong>Dr Olev Poolamets&nbsp;&nbsp;&nbsp;&nbsp;&nbsp;&nbsp;&nbsp; &nbsp;&nbsp;&nbsp;&nbsp;&nbsp;&nbsp;&nbsp;&nbsp;&nbsp;&nbsp;&nbsp;&nbsp;&nbsp; olev.poolamets@kliinikum.ee<\/strong><\/p>\n","protected":false},"excerpt":{"rendered":"<p>Alates 2013.a. kevadest on meestearsti vastuv\u00f5tule p\u00f6\u00f6rdumiseks saatekiri kohustuslik. Oleksime t\u00e4nulikud, kui saatekiri sisaldaks j\u00e4rgmisi andmeid: Meestekliinik tagab kiire v\u00e4ljaspool j\u00e4rjekorda (1-7 t\u00f6\u00f6p\u00e4eva jooksul) vastuv\u00f5tu j\u00e4rgnevate haiguste\/haiguskahtluste korral (kehtib arstipoolse e-konsultatsiooni korral): T\u00dc Kliinikumi Meestekliiniku epikriisid edastatakse tsentraalsesse digilukku ja ilma konkreetse patsiendi v\u00f5i suunava arsti soovita paberkandjal dubleerivat infokandjat enam ei v\u00e4ljastata.Vastuv\u00f5tule registreerimise k\u00fcsimustes [&hellip;]<\/p>\n","protected":false},"author":30,"featured_media":0,"parent":0,"menu_order":7,"comment_status":"closed","ping_status":"closed","template":"","meta":{"_acf_changed":false,"_uag_custom_page_level_css":"","footnotes":""},"class_list":["post-6946","page","type-page","status-publish","hentry"],"acf":[],"yoast_head":"<!-- This site is optimized with the Yoast SEO plugin v27.3 - https:\/\/yoast.com\/product\/yoast-seo-wordpress\/ -->\n<title>Kolleegile - Meestekliinik<\/title>\n<meta name=\"robots\" content=\"index, follow, max-snippet:-1, max-image-preview:large, max-video-preview:-1\" \/>\n<link rel=\"canonical\" href=\"https:\/\/www.kliinikum.ee\/meestekliinik\/kolleegile\/\" \/>\n<meta property=\"og:locale\" content=\"et_EE\" \/>\n<meta property=\"og:type\" content=\"article\" \/>\n<meta property=\"og:title\" content=\"Kolleegile - Meestekliinik\" \/>\n<meta property=\"og:description\" content=\"Alates 2013.a. kevadest on meestearsti vastuv\u00f5tule p\u00f6\u00f6rdumiseks saatekiri kohustuslik. Oleksime t\u00e4nulikud, kui saatekiri sisaldaks j\u00e4rgmisi andmeid: Meestekliinik tagab kiire v\u00e4ljaspool j\u00e4rjekorda (1-7 t\u00f6\u00f6p\u00e4eva jooksul) vastuv\u00f5tu j\u00e4rgnevate haiguste\/haiguskahtluste korral (kehtib arstipoolse e-konsultatsiooni korral): T\u00dc Kliinikumi Meestekliiniku epikriisid edastatakse tsentraalsesse digilukku ja ilma konkreetse patsiendi v\u00f5i suunava arsti soovita paberkandjal dubleerivat infokandjat enam ei v\u00e4ljastata.Vastuv\u00f5tule registreerimise k\u00fcsimustes [&hellip;]\" \/>\n<meta property=\"og:url\" content=\"https:\/\/www.kliinikum.ee\/meestekliinik\/kolleegile\/\" \/>\n<meta property=\"og:site_name\" content=\"Meestekliinik\" \/>\n<meta property=\"article:modified_time\" content=\"2023-11-20T08:29:04+00:00\" \/>\n<meta name=\"twitter:card\" content=\"summary_large_image\" \/>\n<meta name=\"twitter:label1\" content=\"Est. reading time\" \/>\n\t<meta name=\"twitter:data1\" content=\"1 minut\" \/>\n<script type=\"application\/ld+json\" class=\"yoast-schema-graph\">{\"@context\":\"https:\\\/\\\/schema.org\",\"@graph\":[{\"@type\":\"WebPage\",\"@id\":\"https:\\\/\\\/www.kliinikum.ee\\\/meestekliinik\\\/kolleegile\\\/\",\"url\":\"https:\\\/\\\/www.kliinikum.ee\\\/meestekliinik\\\/kolleegile\\\/\",\"name\":\"Kolleegile - Meestekliinik\",\"isPartOf\":{\"@id\":\"https:\\\/\\\/www.kliinikum.ee\\\/meestekliinik\\\/#website\"},\"datePublished\":\"2023-10-12T23:15:29+00:00\",\"dateModified\":\"2023-11-20T08:29:04+00:00\",\"breadcrumb\":{\"@id\":\"https:\\\/\\\/www.kliinikum.ee\\\/meestekliinik\\\/kolleegile\\\/#breadcrumb\"},\"inLanguage\":\"et\",\"potentialAction\":[{\"@type\":\"ReadAction\",\"target\":[\"https:\\\/\\\/www.kliinikum.ee\\\/meestekliinik\\\/kolleegile\\\/\"]}]},{\"@type\":\"BreadcrumbList\",\"@id\":\"https:\\\/\\\/www.kliinikum.ee\\\/meestekliinik\\\/kolleegile\\\/#breadcrumb\",\"itemListElement\":[{\"@type\":\"ListItem\",\"position\":1,\"name\":\"Home\",\"item\":\"https:\\\/\\\/www.kliinikum.ee\\\/meestekliinik\\\/\"},{\"@type\":\"ListItem\",\"position\":2,\"name\":\"Kolleegile\"}]},{\"@type\":\"WebSite\",\"@id\":\"https:\\\/\\\/www.kliinikum.ee\\\/meestekliinik\\\/#website\",\"url\":\"https:\\\/\\\/www.kliinikum.ee\\\/meestekliinik\\\/\",\"name\":\"Meestekliinik\",\"description\":\"Hoolivus, Uuendusmeelsus, P\u00e4devus ja Usaldusv\u00e4\u00e4rsus\",\"potentialAction\":[{\"@type\":\"SearchAction\",\"target\":{\"@type\":\"EntryPoint\",\"urlTemplate\":\"https:\\\/\\\/www.kliinikum.ee\\\/meestekliinik\\\/?s={search_term_string}\"},\"query-input\":{\"@type\":\"PropertyValueSpecification\",\"valueRequired\":true,\"valueName\":\"search_term_string\"}}],\"inLanguage\":\"et\"}]}<\/script>\n<!-- \/ Yoast SEO plugin. -->","yoast_head_json":{"title":"Kolleegile - Meestekliinik","robots":{"index":"index","follow":"follow","max-snippet":"max-snippet:-1","max-image-preview":"max-image-preview:large","max-video-preview":"max-video-preview:-1"},"canonical":"https:\/\/www.kliinikum.ee\/meestekliinik\/kolleegile\/","og_locale":"et_EE","og_type":"article","og_title":"Kolleegile - Meestekliinik","og_description":"Alates 2013.a. kevadest on meestearsti vastuv\u00f5tule p\u00f6\u00f6rdumiseks saatekiri kohustuslik. Oleksime t\u00e4nulikud, kui saatekiri sisaldaks j\u00e4rgmisi andmeid: Meestekliinik tagab kiire v\u00e4ljaspool j\u00e4rjekorda (1-7 t\u00f6\u00f6p\u00e4eva jooksul) vastuv\u00f5tu j\u00e4rgnevate haiguste\/haiguskahtluste korral (kehtib arstipoolse e-konsultatsiooni korral): T\u00dc Kliinikumi Meestekliiniku epikriisid edastatakse tsentraalsesse digilukku ja ilma konkreetse patsiendi v\u00f5i suunava arsti soovita paberkandjal dubleerivat infokandjat enam ei v\u00e4ljastata.Vastuv\u00f5tule registreerimise k\u00fcsimustes [&hellip;]","og_url":"https:\/\/www.kliinikum.ee\/meestekliinik\/kolleegile\/","og_site_name":"Meestekliinik","article_modified_time":"2023-11-20T08:29:04+00:00","twitter_card":"summary_large_image","twitter_misc":{"Est. reading time":"1 minut"},"schema":{"@context":"https:\/\/schema.org","@graph":[{"@type":"WebPage","@id":"https:\/\/www.kliinikum.ee\/meestekliinik\/kolleegile\/","url":"https:\/\/www.kliinikum.ee\/meestekliinik\/kolleegile\/","name":"Kolleegile - Meestekliinik","isPartOf":{"@id":"https:\/\/www.kliinikum.ee\/meestekliinik\/#website"},"datePublished":"2023-10-12T23:15:29+00:00","dateModified":"2023-11-20T08:29:04+00:00","breadcrumb":{"@id":"https:\/\/www.kliinikum.ee\/meestekliinik\/kolleegile\/#breadcrumb"},"inLanguage":"et","potentialAction":[{"@type":"ReadAction","target":["https:\/\/www.kliinikum.ee\/meestekliinik\/kolleegile\/"]}]},{"@type":"BreadcrumbList","@id":"https:\/\/www.kliinikum.ee\/meestekliinik\/kolleegile\/#breadcrumb","itemListElement":[{"@type":"ListItem","position":1,"name":"Home","item":"https:\/\/www.kliinikum.ee\/meestekliinik\/"},{"@type":"ListItem","position":2,"name":"Kolleegile"}]},{"@type":"WebSite","@id":"https:\/\/www.kliinikum.ee\/meestekliinik\/#website","url":"https:\/\/www.kliinikum.ee\/meestekliinik\/","name":"Meestekliinik","description":"Hoolivus, Uuendusmeelsus, P\u00e4devus ja Usaldusv\u00e4\u00e4rsus","potentialAction":[{"@type":"SearchAction","target":{"@type":"EntryPoint","urlTemplate":"https:\/\/www.kliinikum.ee\/meestekliinik\/?s={search_term_string}"},"query-input":{"@type":"PropertyValueSpecification","valueRequired":true,"valueName":"search_term_string"}}],"inLanguage":"et"}]}},"uagb_featured_image_src":{"full":false,"thumbnail":false,"medium":false,"medium_large":false,"large":false,"1536x1536":false,"2048x2048":false},"uagb_author_info":{"display_name":"Kristiina Noortoots","author_link":"https:\/\/www.kliinikum.ee\/meestekliinik\/author\/kristiinn\/"},"uagb_comment_info":0,"uagb_excerpt":"Alates 2013.a. kevadest on meestearsti vastuv\u00f5tule p\u00f6\u00f6rdumiseks saatekiri kohustuslik. Oleksime t\u00e4nulikud, kui saatekiri sisaldaks j\u00e4rgmisi andmeid: Meestekliinik tagab kiire v\u00e4ljaspool j\u00e4rjekorda (1-7 t\u00f6\u00f6p\u00e4eva jooksul) vastuv\u00f5tu j\u00e4rgnevate haiguste\/haiguskahtluste korral (kehtib arstipoolse e-konsultatsiooni korral): T\u00dc Kliinikumi Meestekliiniku epikriisid edastatakse tsentraalsesse digilukku ja ilma konkreetse patsiendi v\u00f5i suunava arsti soovita paberkandjal dubleerivat infokandjat enam ei v\u00e4ljastata.Vastuv\u00f5tule registreerimise k\u00fcsimustes&hellip;","_links":{"self":[{"href":"https:\/\/www.kliinikum.ee\/meestekliinik\/wp-json\/wp\/v2\/pages\/6946","targetHints":{"allow":["GET"]}}],"collection":[{"href":"https:\/\/www.kliinikum.ee\/meestekliinik\/wp-json\/wp\/v2\/pages"}],"about":[{"href":"https:\/\/www.kliinikum.ee\/meestekliinik\/wp-json\/wp\/v2\/types\/page"}],"author":[{"embeddable":true,"href":"https:\/\/www.kliinikum.ee\/meestekliinik\/wp-json\/wp\/v2\/users\/30"}],"replies":[{"embeddable":true,"href":"https:\/\/www.kliinikum.ee\/meestekliinik\/wp-json\/wp\/v2\/comments?post=6946"}],"version-history":[{"count":0,"href":"https:\/\/www.kliinikum.ee\/meestekliinik\/wp-json\/wp\/v2\/pages\/6946\/revisions"}],"wp:attachment":[{"href":"https:\/\/www.kliinikum.ee\/meestekliinik\/wp-json\/wp\/v2\/media?parent=6946"}],"curies":[{"name":"wp","href":"https:\/\/api.w.org\/{rel}","templated":true}]}}