{"id":6949,"date":"2023-10-13T01:19:40","date_gmt":"2023-10-12T23:19:40","guid":{"rendered":"https:\/\/www.kliinikum.ee\/meestekliinik\/?page_id=6949"},"modified":"2023-10-30T11:58:26","modified_gmt":"2023-10-30T09:58:26","slug":"koostoopartnerid","status":"publish","type":"page","link":"https:\/\/www.kliinikum.ee\/meestekliinik\/kliinikust\/koostoopartnerid\/","title":{"rendered":"Koost\u00f6\u00f6partnerid"},"content":{"rendered":"\n<p class=\"has-medium-font-size\"><strong>Tervishoiuteenuse rahastaja<\/strong><\/p>\n\n\n\n<p class=\"has-medium-font-size\">Tervisekassa <a href=\"https:\/\/www.tervisekassa.ee\/\">https:\/\/www.tervisekassa.ee\/<\/a><\/p>\n\n\n\n<p class=\"has-medium-font-size\"><strong>Laboriuuringud<\/strong><\/p>\n\n\n\n<p class=\"has-medium-font-size\">Tartu \u00dclikooli Kliinikumi \u00fchendlabor <a href=\"https:\/\/www.kliinikum.ee\/yhendlabor\/\">https:\/\/www.kliinikum.ee\/yhendlabor\/<\/a><br>Tartu \u00dclikooli Kliinikumi Geneetika ja personaalmeditsiini kliinik <a href=\"https:\/\/www.kliinikum.ee\/geneetika\/\">https:\/\/www.kliinikum.ee\/geneetika\/<\/a><\/p>\n\n\n\n<p class=\"has-medium-font-size\"><strong>Olulisemad kliinilised partnerid<\/strong><\/p>\n\n\n\n<p class=\"has-medium-font-size\">Perearstid \u00fcle Eesti<br>Tartu \u00dclikooli Kliinikumi naistekliinik <a href=\"https:\/\/www.kliinikum.ee\/naistekliinik\/\">https:\/\/www.kliinikum.ee\/naistekliinik\/<\/a><br>Tartu \u00dclikooli Kliinikumi kirurgiakliiniku uroloogia osakond <a href=\"https:\/\/www.kliinikum.ee\/kirurgiakliinik\/osakonnad\/uroloogia-ja-neerusiirdamise-osakond\">https:\/\/www.kliinikum.ee\/kirurgiakliinik\/osakonnad\/uroloogia-ja-neerusiirdamise-osakond<\/a><br>Tartu \u00dclikooli Kliinikumi sisekliinik <a href=\"https:\/\/www.kliinikum.ee\/sisekliinik\/\">https:\/\/www.kliinikum.ee\/sisekliinik\/<\/a><br>Tartu \u00dclikooli Kliinikumi nahahaiguste kliinik <a href=\"https:\/\/www.kliinikum.ee\/nahakliinik\/\">https:\/\/www.kliinikum.ee\/nahakliinik\/<\/a><br>Nova-Vita kliinik <a href=\"https:\/\/novavita.ee\/\">https:\/\/novavita.ee\/<\/a><br>P\u00f5hja-Eesti Regionaalhaigla uroloogia osakond <a href=\"https:\/\/www.regionaalhaigla.ee\/et\/uroloogia\">https:\/\/www.regionaalhaigla.ee\/et\/uroloogia<\/a><br>P\u00f5hja-Eesti Regionaalhaigla v\u00e4hikeskus <a href=\"https:\/\/www.onkoloogiakeskus.ee\/\">https:\/\/www.onkoloogiakeskus.ee\/<\/a><br>Ida-Tallinna Keskhaigla viljatusravi keskus <a href=\"https:\/\/www.itk.ee\/patsiendile\/kliinikud\/naistekliinik\/viljatusravikeskus\">https:\/\/www.itk.ee\/patsiendile\/kliinikud\/naistekliinik\/viljatusravikeskus<\/a><br>Ida- Tallinna Keskhaigla uroloogia osakond <a href=\"https:\/\/www.itk.ee\/patsiendile\/kliinikud\/kirurgiakliinik\/uroloogiakeskus\">https:\/\/www.itk.ee\/patsiendile\/kliinikud\/kirurgiakliinik\/uroloogiakeskus<\/a><br>L\u00e4\u00e4ne-Tallinna Keskhaigla viljatusravi keskus <a href=\"https:\/\/www.viljatusravikeskus.ee\/\">https:\/\/www.viljatusravikeskus.ee\/<\/a><br>Eesti Viljatusravi ja Embr\u00fcoloogia Selts <a href=\"https:\/\/www.viljatusraviselts.ee\/\">https:\/\/www.viljatusraviselts.ee\/<\/a><br>Seksuaalsel Teel Levivate Infektsioonide Eesti \u00dching <a href=\"https:\/\/www.eusti.ee\/\">https:\/\/www.eusti.ee\/<\/a><br>Euroopa Androloogia Akadeemia <a href=\"https:\/\/www.andrologyacademy.net\/\">https:\/\/www.andrologyacademy.net\/<\/a><\/p>\n\n\n\n<p class=\"has-medium-font-size\"><strong>Teaduskoost\u00f6\u00f6<\/strong><\/p>\n\n\n\n<p class=\"has-medium-font-size\">Tartu \u00dclikooli bio- ja siirdemeditsiini instituudi inimese geneetika uurimisgrupp, prof. Maris Laan<br>Tartu \u00dclikooli bio- ja siirdemeditsiini instituudi&nbsp; mikrobioloogia osakond, prof Reet M\u00e4ndar<\/p>\n\n\n\n<p class=\"has-medium-font-size\"><strong>Meeste terviseteadlikkuse kasvatamine<\/strong><\/p>\n\n\n\n<p class=\"has-medium-font-size\">Tervisekassa <a href=\"https:\/\/www.tervisekassa.ee\/\">https:\/\/www.tervisekassa.ee\/<\/a><br>Eesti V\u00e4hiliit <a href=\"https:\/\/cancer.ee\/\">https:\/\/cancer.ee\/<\/a><br>Eesti Seksuaaltervise Liit <a href=\"https:\/\/seksuaaltervis.ee\/estl\">https:\/\/seksuaaltervis.ee\/estl<\/a><br>Pikema S\u00f5pruse P\u00e4ev SA <a href=\"https:\/\/pikemsoprus.ee\/et\/\">https:\/\/pikemsoprus.ee\/et\/<\/a><\/p>\n","protected":false},"excerpt":{"rendered":"<p>Tervishoiuteenuse rahastaja Tervisekassa https:\/\/www.tervisekassa.ee\/ Laboriuuringud Tartu \u00dclikooli Kliinikumi \u00fchendlabor https:\/\/www.kliinikum.ee\/yhendlabor\/Tartu \u00dclikooli Kliinikumi Geneetika ja personaalmeditsiini kliinik https:\/\/www.kliinikum.ee\/geneetika\/ Olulisemad kliinilised partnerid Perearstid \u00fcle EestiTartu \u00dclikooli Kliinikumi naistekliinik https:\/\/www.kliinikum.ee\/naistekliinik\/Tartu \u00dclikooli Kliinikumi kirurgiakliiniku uroloogia osakond https:\/\/www.kliinikum.ee\/kirurgiakliinik\/osakonnad\/uroloogia-ja-neerusiirdamise-osakondTartu \u00dclikooli Kliinikumi sisekliinik https:\/\/www.kliinikum.ee\/sisekliinik\/Tartu \u00dclikooli Kliinikumi nahahaiguste kliinik https:\/\/www.kliinikum.ee\/nahakliinik\/Nova-Vita kliinik https:\/\/novavita.ee\/P\u00f5hja-Eesti Regionaalhaigla uroloogia osakond https:\/\/www.regionaalhaigla.ee\/et\/uroloogiaP\u00f5hja-Eesti Regionaalhaigla v\u00e4hikeskus https:\/\/www.onkoloogiakeskus.ee\/Ida-Tallinna Keskhaigla viljatusravi keskus https:\/\/www.itk.ee\/patsiendile\/kliinikud\/naistekliinik\/viljatusravikeskusIda- [&hellip;]<\/p>\n","protected":false},"author":30,"featured_media":0,"parent":17,"menu_order":8,"comment_status":"closed","ping_status":"closed","template":"","meta":{"_acf_changed":false,"_uag_custom_page_level_css":"","footnotes":""},"class_list":["post-6949","page","type-page","status-publish","hentry"],"acf":[],"yoast_head":"<!-- This site is optimized with the Yoast SEO plugin v27.3 - https:\/\/yoast.com\/product\/yoast-seo-wordpress\/ -->\n<title>Koost\u00f6\u00f6partnerid - Meestekliinik<\/title>\n<meta name=\"robots\" content=\"index, follow, max-snippet:-1, max-image-preview:large, max-video-preview:-1\" \/>\n<link rel=\"canonical\" href=\"https:\/\/www.kliinikum.ee\/meestekliinik\/kliinikust\/koostoopartnerid\/\" \/>\n<meta property=\"og:locale\" content=\"et_EE\" \/>\n<meta property=\"og:type\" content=\"article\" \/>\n<meta property=\"og:title\" content=\"Koost\u00f6\u00f6partnerid - Meestekliinik\" \/>\n<meta property=\"og:description\" content=\"Tervishoiuteenuse rahastaja Tervisekassa https:\/\/www.tervisekassa.ee\/ Laboriuuringud Tartu \u00dclikooli Kliinikumi \u00fchendlabor https:\/\/www.kliinikum.ee\/yhendlabor\/Tartu \u00dclikooli Kliinikumi Geneetika ja personaalmeditsiini kliinik https:\/\/www.kliinikum.ee\/geneetika\/ Olulisemad kliinilised partnerid Perearstid \u00fcle EestiTartu \u00dclikooli Kliinikumi naistekliinik https:\/\/www.kliinikum.ee\/naistekliinik\/Tartu \u00dclikooli Kliinikumi kirurgiakliiniku uroloogia osakond https:\/\/www.kliinikum.ee\/kirurgiakliinik\/osakonnad\/uroloogia-ja-neerusiirdamise-osakondTartu \u00dclikooli Kliinikumi sisekliinik https:\/\/www.kliinikum.ee\/sisekliinik\/Tartu \u00dclikooli Kliinikumi nahahaiguste kliinik https:\/\/www.kliinikum.ee\/nahakliinik\/Nova-Vita kliinik https:\/\/novavita.ee\/P\u00f5hja-Eesti Regionaalhaigla uroloogia osakond https:\/\/www.regionaalhaigla.ee\/et\/uroloogiaP\u00f5hja-Eesti Regionaalhaigla v\u00e4hikeskus https:\/\/www.onkoloogiakeskus.ee\/Ida-Tallinna Keskhaigla viljatusravi keskus https:\/\/www.itk.ee\/patsiendile\/kliinikud\/naistekliinik\/viljatusravikeskusIda- [&hellip;]\" \/>\n<meta property=\"og:url\" content=\"https:\/\/www.kliinikum.ee\/meestekliinik\/kliinikust\/koostoopartnerid\/\" \/>\n<meta property=\"og:site_name\" content=\"Meestekliinik\" \/>\n<meta property=\"article:modified_time\" content=\"2023-10-30T09:58:26+00:00\" \/>\n<meta name=\"twitter:card\" content=\"summary_large_image\" \/>\n<meta name=\"twitter:label1\" content=\"Est. reading time\" \/>\n\t<meta name=\"twitter:data1\" content=\"1 minut\" \/>\n<script type=\"application\/ld+json\" class=\"yoast-schema-graph\">{\"@context\":\"https:\\\/\\\/schema.org\",\"@graph\":[{\"@type\":\"WebPage\",\"@id\":\"https:\\\/\\\/www.kliinikum.ee\\\/meestekliinik\\\/kliinikust\\\/koostoopartnerid\\\/\",\"url\":\"https:\\\/\\\/www.kliinikum.ee\\\/meestekliinik\\\/kliinikust\\\/koostoopartnerid\\\/\",\"name\":\"Koost\u00f6\u00f6partnerid - Meestekliinik\",\"isPartOf\":{\"@id\":\"https:\\\/\\\/www.kliinikum.ee\\\/meestekliinik\\\/#website\"},\"datePublished\":\"2023-10-12T23:19:40+00:00\",\"dateModified\":\"2023-10-30T09:58:26+00:00\",\"breadcrumb\":{\"@id\":\"https:\\\/\\\/www.kliinikum.ee\\\/meestekliinik\\\/kliinikust\\\/koostoopartnerid\\\/#breadcrumb\"},\"inLanguage\":\"et\",\"potentialAction\":[{\"@type\":\"ReadAction\",\"target\":[\"https:\\\/\\\/www.kliinikum.ee\\\/meestekliinik\\\/kliinikust\\\/koostoopartnerid\\\/\"]}]},{\"@type\":\"BreadcrumbList\",\"@id\":\"https:\\\/\\\/www.kliinikum.ee\\\/meestekliinik\\\/kliinikust\\\/koostoopartnerid\\\/#breadcrumb\",\"itemListElement\":[{\"@type\":\"ListItem\",\"position\":1,\"name\":\"Home\",\"item\":\"https:\\\/\\\/www.kliinikum.ee\\\/meestekliinik\\\/\"},{\"@type\":\"ListItem\",\"position\":2,\"name\":\"Kliinikust\",\"item\":\"https:\\\/\\\/www.kliinikum.ee\\\/meestekliinik\\\/kliinikust\\\/\"},{\"@type\":\"ListItem\",\"position\":3,\"name\":\"Koost\u00f6\u00f6partnerid\"}]},{\"@type\":\"WebSite\",\"@id\":\"https:\\\/\\\/www.kliinikum.ee\\\/meestekliinik\\\/#website\",\"url\":\"https:\\\/\\\/www.kliinikum.ee\\\/meestekliinik\\\/\",\"name\":\"Meestekliinik\",\"description\":\"Hoolivus, Uuendusmeelsus, P\u00e4devus ja Usaldusv\u00e4\u00e4rsus\",\"potentialAction\":[{\"@type\":\"SearchAction\",\"target\":{\"@type\":\"EntryPoint\",\"urlTemplate\":\"https:\\\/\\\/www.kliinikum.ee\\\/meestekliinik\\\/?s={search_term_string}\"},\"query-input\":{\"@type\":\"PropertyValueSpecification\",\"valueRequired\":true,\"valueName\":\"search_term_string\"}}],\"inLanguage\":\"et\"}]}<\/script>\n<!-- \/ Yoast SEO plugin. -->","yoast_head_json":{"title":"Koost\u00f6\u00f6partnerid - Meestekliinik","robots":{"index":"index","follow":"follow","max-snippet":"max-snippet:-1","max-image-preview":"max-image-preview:large","max-video-preview":"max-video-preview:-1"},"canonical":"https:\/\/www.kliinikum.ee\/meestekliinik\/kliinikust\/koostoopartnerid\/","og_locale":"et_EE","og_type":"article","og_title":"Koost\u00f6\u00f6partnerid - Meestekliinik","og_description":"Tervishoiuteenuse rahastaja Tervisekassa https:\/\/www.tervisekassa.ee\/ Laboriuuringud Tartu \u00dclikooli Kliinikumi \u00fchendlabor https:\/\/www.kliinikum.ee\/yhendlabor\/Tartu \u00dclikooli Kliinikumi Geneetika ja personaalmeditsiini kliinik https:\/\/www.kliinikum.ee\/geneetika\/ Olulisemad kliinilised partnerid Perearstid \u00fcle EestiTartu \u00dclikooli Kliinikumi naistekliinik https:\/\/www.kliinikum.ee\/naistekliinik\/Tartu \u00dclikooli Kliinikumi kirurgiakliiniku uroloogia osakond https:\/\/www.kliinikum.ee\/kirurgiakliinik\/osakonnad\/uroloogia-ja-neerusiirdamise-osakondTartu \u00dclikooli Kliinikumi sisekliinik https:\/\/www.kliinikum.ee\/sisekliinik\/Tartu \u00dclikooli Kliinikumi nahahaiguste kliinik https:\/\/www.kliinikum.ee\/nahakliinik\/Nova-Vita kliinik https:\/\/novavita.ee\/P\u00f5hja-Eesti Regionaalhaigla uroloogia osakond https:\/\/www.regionaalhaigla.ee\/et\/uroloogiaP\u00f5hja-Eesti Regionaalhaigla v\u00e4hikeskus https:\/\/www.onkoloogiakeskus.ee\/Ida-Tallinna Keskhaigla viljatusravi keskus https:\/\/www.itk.ee\/patsiendile\/kliinikud\/naistekliinik\/viljatusravikeskusIda- [&hellip;]","og_url":"https:\/\/www.kliinikum.ee\/meestekliinik\/kliinikust\/koostoopartnerid\/","og_site_name":"Meestekliinik","article_modified_time":"2023-10-30T09:58:26+00:00","twitter_card":"summary_large_image","twitter_misc":{"Est. reading time":"1 minut"},"schema":{"@context":"https:\/\/schema.org","@graph":[{"@type":"WebPage","@id":"https:\/\/www.kliinikum.ee\/meestekliinik\/kliinikust\/koostoopartnerid\/","url":"https:\/\/www.kliinikum.ee\/meestekliinik\/kliinikust\/koostoopartnerid\/","name":"Koost\u00f6\u00f6partnerid - Meestekliinik","isPartOf":{"@id":"https:\/\/www.kliinikum.ee\/meestekliinik\/#website"},"datePublished":"2023-10-12T23:19:40+00:00","dateModified":"2023-10-30T09:58:26+00:00","breadcrumb":{"@id":"https:\/\/www.kliinikum.ee\/meestekliinik\/kliinikust\/koostoopartnerid\/#breadcrumb"},"inLanguage":"et","potentialAction":[{"@type":"ReadAction","target":["https:\/\/www.kliinikum.ee\/meestekliinik\/kliinikust\/koostoopartnerid\/"]}]},{"@type":"BreadcrumbList","@id":"https:\/\/www.kliinikum.ee\/meestekliinik\/kliinikust\/koostoopartnerid\/#breadcrumb","itemListElement":[{"@type":"ListItem","position":1,"name":"Home","item":"https:\/\/www.kliinikum.ee\/meestekliinik\/"},{"@type":"ListItem","position":2,"name":"Kliinikust","item":"https:\/\/www.kliinikum.ee\/meestekliinik\/kliinikust\/"},{"@type":"ListItem","position":3,"name":"Koost\u00f6\u00f6partnerid"}]},{"@type":"WebSite","@id":"https:\/\/www.kliinikum.ee\/meestekliinik\/#website","url":"https:\/\/www.kliinikum.ee\/meestekliinik\/","name":"Meestekliinik","description":"Hoolivus, Uuendusmeelsus, P\u00e4devus ja Usaldusv\u00e4\u00e4rsus","potentialAction":[{"@type":"SearchAction","target":{"@type":"EntryPoint","urlTemplate":"https:\/\/www.kliinikum.ee\/meestekliinik\/?s={search_term_string}"},"query-input":{"@type":"PropertyValueSpecification","valueRequired":true,"valueName":"search_term_string"}}],"inLanguage":"et"}]}},"uagb_featured_image_src":{"full":false,"thumbnail":false,"medium":false,"medium_large":false,"large":false,"1536x1536":false,"2048x2048":false},"uagb_author_info":{"display_name":"Kristiina Noortoots","author_link":"https:\/\/www.kliinikum.ee\/meestekliinik\/author\/kristiinn\/"},"uagb_comment_info":0,"uagb_excerpt":"Tervishoiuteenuse rahastaja Tervisekassa https:\/\/www.tervisekassa.ee\/ Laboriuuringud Tartu \u00dclikooli Kliinikumi \u00fchendlabor https:\/\/www.kliinikum.ee\/yhendlabor\/Tartu \u00dclikooli Kliinikumi Geneetika ja personaalmeditsiini kliinik https:\/\/www.kliinikum.ee\/geneetika\/ Olulisemad kliinilised partnerid Perearstid \u00fcle EestiTartu \u00dclikooli Kliinikumi naistekliinik https:\/\/www.kliinikum.ee\/naistekliinik\/Tartu \u00dclikooli Kliinikumi kirurgiakliiniku uroloogia osakond https:\/\/www.kliinikum.ee\/kirurgiakliinik\/osakonnad\/uroloogia-ja-neerusiirdamise-osakondTartu \u00dclikooli Kliinikumi sisekliinik https:\/\/www.kliinikum.ee\/sisekliinik\/Tartu \u00dclikooli Kliinikumi nahahaiguste kliinik https:\/\/www.kliinikum.ee\/nahakliinik\/Nova-Vita kliinik https:\/\/novavita.ee\/P\u00f5hja-Eesti Regionaalhaigla uroloogia osakond https:\/\/www.regionaalhaigla.ee\/et\/uroloogiaP\u00f5hja-Eesti Regionaalhaigla v\u00e4hikeskus https:\/\/www.onkoloogiakeskus.ee\/Ida-Tallinna Keskhaigla viljatusravi keskus https:\/\/www.itk.ee\/patsiendile\/kliinikud\/naistekliinik\/viljatusravikeskusIda-&hellip;","_links":{"self":[{"href":"https:\/\/www.kliinikum.ee\/meestekliinik\/wp-json\/wp\/v2\/pages\/6949","targetHints":{"allow":["GET"]}}],"collection":[{"href":"https:\/\/www.kliinikum.ee\/meestekliinik\/wp-json\/wp\/v2\/pages"}],"about":[{"href":"https:\/\/www.kliinikum.ee\/meestekliinik\/wp-json\/wp\/v2\/types\/page"}],"author":[{"embeddable":true,"href":"https:\/\/www.kliinikum.ee\/meestekliinik\/wp-json\/wp\/v2\/users\/30"}],"replies":[{"embeddable":true,"href":"https:\/\/www.kliinikum.ee\/meestekliinik\/wp-json\/wp\/v2\/comments?post=6949"}],"version-history":[{"count":0,"href":"https:\/\/www.kliinikum.ee\/meestekliinik\/wp-json\/wp\/v2\/pages\/6949\/revisions"}],"up":[{"embeddable":true,"href":"https:\/\/www.kliinikum.ee\/meestekliinik\/wp-json\/wp\/v2\/pages\/17"}],"wp:attachment":[{"href":"https:\/\/www.kliinikum.ee\/meestekliinik\/wp-json\/wp\/v2\/media?parent=6949"}],"curies":[{"name":"wp","href":"https:\/\/api.w.org\/{rel}","templated":true}]}}