{"id":7212,"date":"2023-10-20T13:28:07","date_gmt":"2023-10-20T11:28:07","guid":{"rendered":"https:\/\/www.kliinikum.ee\/meestekliinik\/?page_id=7212"},"modified":"2025-03-18T16:33:44","modified_gmt":"2025-03-18T14:33:44","slug":"parkimise-info","status":"publish","type":"page","link":"https:\/\/www.kliinikum.ee\/meestekliinik\/patsiendile\/parkimise-info\/","title":{"rendered":"Parkimise info"},"content":{"rendered":"\n<p class=\"has-medium-font-size\"><strong>TARTU KESKUSE INFO:<\/strong><\/p>\n\n\n\n<p class=\"has-medium-font-size\"><strong>Tartu \u00dclikooli Kliinikumi<\/strong> hoonete \u00fcmbruses on parkimine tasuline. Parkimismaja ja selle vahetus l\u00e4heduses (N. Lunini 16 kinnistu) korraldab parkimist EuroPark Estonia O\u00dc.<br>L. Puusepa 1a, 2, 4, 6, 8 ning N. Lunini 6 ja 14 ja Ravila 19 hoonete parklates korraldab parkimist AS \u00dchisteenused.<\/p>\n\n\n\n<p class=\"has-medium-font-size\"><mark>Parkimistsoon&nbsp;<strong>YT74<\/strong><\/mark><\/p>\n\n\n\n<ul class=\"wp-block-list\">\n<li class=\"has-medium-font-size\">AS \u00dchisteenused parkimisala: L. Puusepa 1a, 2, 4, 6, 8 ning N. Lunini 6, 14 ja Ravila 19 hoonete \u00fcmbrus (kaardil m\u00e4rgitud helesinisega).<\/li>\n\n\n\n<li class=\"has-medium-font-size\">Parkimine tasuline E-R 08.00\u201318.00, parkimise algusaja fikseerimisel (parkimiskellaga) 1h tasuta.<\/li>\n\n\n\n<li class=\"has-medium-font-size\">Tariifid: 1h 1\u20ac, 24h 5\u20ac<\/li>\n<\/ul>\n\n\n\n<p class=\"has-medium-font-size\"><mark>Parkimistsoon&nbsp;<strong>YT76<\/strong><\/mark><\/p>\n\n\n\n<ul class=\"wp-block-list\">\n<li class=\"has-medium-font-size\">AS \u00dchisteenused parkimisala kinnistutel L. Puusepa 8 ja N. Lunini 14 (kaardil m\u00e4rgitud aladel punasega).<\/li>\n\n\n\n<li class=\"has-medium-font-size\">Parkimine tasuline E-R 08.00\u201318.00, parkimise algusaja fikseerimisel (parkimiskellaga)&nbsp;tasuta parkimine esimesed 15 minutit.<\/li>\n\n\n\n<li class=\"has-medium-font-size\">Puudega inimese s\u00f5iduki parkimine invakaardiga tasuta.<\/li>\n\n\n\n<li class=\"has-medium-font-size\">Tariifid: 1h 1\u20ac, 24h 5\u20ac<\/li>\n<\/ul>\n\n\n\n<p class=\"has-medium-font-size\">AS \u00dchisteenuste parkimisalal toimub tasumine parkimisautomaadis sularahas v\u00f5i pangakaardiga. Parkimisautomaadid asuvad: L. Puusepa 8 peauksed, N. Lunini 6 peauks, Ravila 19 parkla, L. Puusepa 1a hoone alumine sissep\u00e4\u00e4s, L. Puusepa 2 k\u00fcljeuks.<\/p>\n\n\n\n<ul class=\"wp-block-list\">\n<li class=\"has-medium-font-size\">Mobiiltelefoniga SMS l\u00fchinumbrile 1902 (s\u00f5numisse auto nr, t\u00fchik ja tsoon, n\u00e4iteks: 111ABC YT74). L\u00f5petamiseks helistage numbrile 1903.<\/li>\n\n\n\n<li class=\"has-medium-font-size\">Portaali&nbsp;<a href=\"https:\/\/www.parkimine.ee\/yhisteenused\/\">parkimine.ee<\/a>&nbsp;kaudu.<\/li>\n<\/ul>\n\n\n\n<p class=\"has-medium-font-size\"><mark>Parkimistsoon&nbsp;<strong>EP201<\/strong><\/mark><\/p>\n\n\n\n<ul class=\"wp-block-list\">\n<li class=\"has-medium-font-size\">Europark Estonia O\u00dc parkimisala: parkimismaja ja N. Lunini 16 kinnistu (kaardil m\u00e4rgitud tumesinisega).<\/li>\n\n\n\n<li class=\"has-medium-font-size\">Parkimine tasuline \u00f6\u00f6p\u00e4evaringselt.<\/li>\n\n\n\n<li class=\"has-medium-font-size\">Tariifid:&nbsp;1h 1.50\u20ac, 24h 5\u20ac<\/li>\n\n\n\n<li class=\"has-medium-font-size\">Tasumine\n<ul class=\"wp-block-list\">\n<li>Parkimisautomaadis sularahas ja pangakaardiga.<\/li>\n\n\n\n<li>Mobiiltelefoniga SMS l\u00fchinumbrile 1902 (s\u00f5numisse auto nr, t\u00fchik ja tsoon, n\u00e4iteks: 111ABC EP201). L\u00f5petamiseks helistage numbrile 1903.<\/li>\n\n\n\n<li>Parkimispilet makseautomaadist 1 n\u00e4dalaks, hinnaga 12\u20ac (v\u00f5imalik osta vaid makseautomaadist).<\/li>\n\n\n\n<li>Europark iseteenindusest&nbsp;<a href=\"http:\/\/www.europark.ee\/\">www.europark.ee<\/a>&nbsp;parkimis\u00f5igus 1 kuu, hinnaga 43\u20ac (v\u00f5imalik osta vaid Europark kodulehe kaudu).<\/li>\n<\/ul>\n<\/li>\n\n\n\n<li class=\"has-medium-font-size\">Lisainfo&nbsp;<a href=\"https:\/\/europark.ee\/\">europark.ee<\/a><\/li>\n<\/ul>\n\n\n\n<p class=\"has-medium-font-size\"><mark>EMO parkla<\/mark><\/p>\n\n\n\n<ul class=\"wp-block-list\">\n<li class=\"has-medium-font-size\">EMO parkla on m\u00f5eldud kasutamiseks EMO patsiendile, s\u00fcnnitajale ja perele, kus arstiabi vajab vasts\u00fcndinu v\u00f5i liikumispuudega laps. EMO parkla asub M-korpuse 0 ja -1 korrusel.<\/li>\n\n\n\n<li class=\"has-medium-font-size\">Parkimine on valideeritud piletiga tasuta 72h. Iga j\u00e4rgnev tund 1\u20ac, \u00f6\u00f6p\u00e4ev 5\u20ac.<\/li>\n\n\n\n<li class=\"has-medium-font-size\">Validaatorid asuvad EMO-s, s\u00fcnnitusosakonnas, neonatoloogia osakonnas ja lastekliiniku infos.<\/li>\n\n\n\n<li class=\"has-medium-font-size\">Parkimise l\u00f5petamiseks sisestage pilet makseterminali ja tasuge sularaha v\u00f5i pangakaardiga.<\/li>\n\n\n\n<li class=\"has-medium-font-size\">Pileti kontrollimise v\u00f5i tasumise hetkest j\u00e4\u00e4b parklast v\u00e4ljumiseks aega 30 minutit.<\/li>\n\n\n\n<li class=\"has-medium-font-size\">Kaotatud v\u00f5i rikutud pileti tasu on 10\u20ac.<\/li>\n<\/ul>\n\n\n\n<p class=\"has-medium-font-size\"><strong>EMO sissep\u00e4\u00e4su ees on lubatud vaid peatuda kuni 30 minutit patsientide peale- v\u00f5i mahamineku ajaks.<\/strong>&nbsp;<strong>Kiirabihalli ees (kollane m\u00e4rgistus \u201cEMO patsient\u201d)<\/strong>&nbsp;<strong>kehtib parkimistsoon YT76.<\/strong><\/p>\n\n\n\n<p class=\"has-medium-font-size\"><a href=\"https:\/\/www.parkimine.ee\/parkimisinfo\/viivistasuotsus-ja-leppetrahv\/leppetrahv\/\">Leppetrahvide vaidlustamine<\/a><\/p>\n\n\n\n<figure class=\"wp-block-image\"><img decoding=\"async\" src=\"https:\/\/www.kliinikum.ee\/wp-content\/uploads\/2023\/02\/emo_parkimine-1.jpg\" alt=\"\" class=\"wp-image-21401\"\/><\/figure>\n\n\n\n<p class=\"has-medium-font-size\"><strong>TALLINNA KESKUSE INFO: <\/strong><\/p>\n\n\n\n<p>Tartu \u00dclikooli Kliinikumi meestekliiniku Tallinna keskus asub \u00dclemiste Citys, Von Baeri Tervisemajas 2, aadressil Sepapaja 12\/1, 6. korrus.<\/p>\n\n\n\n<p>Kuidas tulla?<\/p>\n\n\n\n<p>Meestekliiniku Tallinna keskusesse tulekuks saab kasutada \u00fchistransporti, <strong>bussid<\/strong>&nbsp;7, 15, 45, 49, 64, 65. V\u00e4ljuda Valukoja bussipeatuses.<\/p>\n\n\n\n<p><strong>Rongiga<\/strong> tulles v\u00e4ljuda \u00dclemiste jaamas.<\/p>\n\n\n\n<p><strong>S\u00f5iduautoga<\/strong> tulles s\u00f5iduki registreerimisel Tervisemaja fuajees paiknevas&nbsp;parkimisautomaadis&nbsp;kaardil m\u00e4rgitud aladel 2 tundi parkimist tasuta.<\/p>\n\n\n\n<p>Vaata kaardilt, kus asuvad l\u00e4himad rattaparklad.<\/p>\n\n\n\n<div class=\"wp-block-uagb-image uagb-block-50ede162 wp-block-uagb-image--layout-default wp-block-uagb-image--effect-static wp-block-uagb-image--align-none\"><figure class=\"wp-block-uagb-image__figure\"><img decoding=\"async\" srcset=\"https:\/\/www.kliinikum.ee\/meestekliinik\/wp-content\/uploads\/2024\/12\/TLN-parkimine-1024x577.jpg ,https:\/\/www.kliinikum.ee\/meestekliinik\/wp-content\/uploads\/2024\/12\/TLN-parkimine.jpg 780w, https:\/\/www.kliinikum.ee\/meestekliinik\/wp-content\/uploads\/2024\/12\/TLN-parkimine.jpg 360w\" sizes=\"auto, (max-width: 480px) 150px\" src=\"https:\/\/www.kliinikum.ee\/meestekliinik\/wp-content\/uploads\/2024\/12\/TLN-parkimine-1024x577.jpg\" alt=\"\" class=\"uag-image-17445\" width=\"1182\" height=\"666\" title=\"TLN parkimine\" loading=\"lazy\" role=\"img\"\/><\/figure><\/div>\n\n\n\n<p class=\"has-medium-font-size\"><strong>P\u00c4RNU KESKUSE INFO: <\/strong><\/p>\n\n\n\n<p class=\"has-medium-font-size\">Kliinik asub P\u00e4rnu Tervisekeskuse II korrusel ning parkida on v\u00f5imalik keskuse \u00fcmber olevates parklates tasuta. <\/p>\n\n\n\n<p class=\"has-medium-font-size\"><strong>NARVA KESKUSE INFO: <\/strong><\/p>\n\n\n\n<p class=\"has-medium-font-size\">Kliinik asub Narva eesti keele majas, aadressil <strong>Linda 2<\/strong>, III korrusel aga <strong>sissep\u00e4\u00e4s on Kerese t\u00e4navalt<\/strong>.<br>All ukse juures on <strong>fonolukk, kus tuleb vajutada 3 #. <\/strong><\/p>\n\n\n\n<p class=\"has-medium-font-size\">Parkida on v\u00f5imalik maja k\u00f5rval asuvas parklas tasuta. <br><\/p>\n\n\n\n<figure class=\"wp-block-image size-large\"><img loading=\"lazy\" decoding=\"async\" width=\"1024\" height=\"674\" src=\"https:\/\/www.kliinikum.ee\/meestekliinik\/wp-content\/uploads\/2023\/10\/164139763_4026190470777682_4376775818793886543_n-1-1024x674.jpg\" alt=\"\" class=\"wp-image-7213\" srcset=\"https:\/\/www.kliinikum.ee\/meestekliinik\/wp-content\/uploads\/2023\/10\/164139763_4026190470777682_4376775818793886543_n-1-1024x674.jpg 1024w, https:\/\/www.kliinikum.ee\/meestekliinik\/wp-content\/uploads\/2023\/10\/164139763_4026190470777682_4376775818793886543_n-1-300x198.jpg 300w, https:\/\/www.kliinikum.ee\/meestekliinik\/wp-content\/uploads\/2023\/10\/164139763_4026190470777682_4376775818793886543_n-1-768x506.jpg 768w, https:\/\/www.kliinikum.ee\/meestekliinik\/wp-content\/uploads\/2023\/10\/164139763_4026190470777682_4376775818793886543_n-1.jpg 1040w\" sizes=\"auto, (max-width: 1024px) 100vw, 1024px\" \/><\/figure>\n","protected":false},"excerpt":{"rendered":"<p>TARTU KESKUSE INFO: Tartu \u00dclikooli Kliinikumi hoonete \u00fcmbruses on parkimine tasuline. Parkimismaja ja selle vahetus l\u00e4heduses (N. Lunini 16 kinnistu) korraldab parkimist EuroPark Estonia O\u00dc.L. Puusepa 1a, 2, 4, 6, 8 ning N. Lunini 6 ja 14 ja Ravila 19 hoonete parklates korraldab parkimist AS \u00dchisteenused. Parkimistsoon&nbsp;YT74 Parkimistsoon&nbsp;YT76 AS \u00dchisteenuste parkimisalal toimub tasumine parkimisautomaadis sularahas [&hellip;]<\/p>\n","protected":false},"author":30,"featured_media":0,"parent":15,"menu_order":6,"comment_status":"closed","ping_status":"closed","template":"","meta":{"_acf_changed":false,"_uag_custom_page_level_css":"","footnotes":""},"class_list":["post-7212","page","type-page","status-publish","hentry"],"acf":[],"yoast_head":"<!-- This site is optimized with the Yoast SEO plugin v27.5 - https:\/\/yoast.com\/product\/yoast-seo-wordpress\/ -->\n<title>Parkimise info - Meestekliinik<\/title>\n<meta name=\"robots\" content=\"index, follow, max-snippet:-1, max-image-preview:large, max-video-preview:-1\" \/>\n<link rel=\"canonical\" href=\"https:\/\/www.kliinikum.ee\/meestekliinik\/patsiendile\/parkimise-info\/\" \/>\n<meta property=\"og:locale\" content=\"et_EE\" \/>\n<meta property=\"og:type\" content=\"article\" \/>\n<meta property=\"og:title\" content=\"Parkimise info - Meestekliinik\" \/>\n<meta property=\"og:description\" content=\"TARTU KESKUSE INFO: Tartu \u00dclikooli Kliinikumi hoonete \u00fcmbruses on parkimine tasuline. Parkimismaja ja selle vahetus l\u00e4heduses (N. Lunini 16 kinnistu) korraldab parkimist EuroPark Estonia O\u00dc.L. Puusepa 1a, 2, 4, 6, 8 ning N. Lunini 6 ja 14 ja Ravila 19 hoonete parklates korraldab parkimist AS \u00dchisteenused. Parkimistsoon&nbsp;YT74 Parkimistsoon&nbsp;YT76 AS \u00dchisteenuste parkimisalal toimub tasumine parkimisautomaadis sularahas [&hellip;]\" \/>\n<meta property=\"og:url\" content=\"https:\/\/www.kliinikum.ee\/meestekliinik\/patsiendile\/parkimise-info\/\" \/>\n<meta property=\"og:site_name\" content=\"Meestekliinik\" \/>\n<meta property=\"article:modified_time\" content=\"2025-03-18T14:33:44+00:00\" \/>\n<meta name=\"twitter:card\" content=\"summary_large_image\" \/>\n<meta name=\"twitter:label1\" content=\"Est. reading time\" \/>\n\t<meta name=\"twitter:data1\" content=\"4 minutit\" \/>\n<script type=\"application\/ld+json\" class=\"yoast-schema-graph\">{\"@context\":\"https:\\\/\\\/schema.org\",\"@graph\":[{\"@type\":\"WebPage\",\"@id\":\"https:\\\/\\\/www.kliinikum.ee\\\/meestekliinik\\\/patsiendile\\\/parkimise-info\\\/\",\"url\":\"https:\\\/\\\/www.kliinikum.ee\\\/meestekliinik\\\/patsiendile\\\/parkimise-info\\\/\",\"name\":\"Parkimise info - Meestekliinik\",\"isPartOf\":{\"@id\":\"https:\\\/\\\/www.kliinikum.ee\\\/meestekliinik\\\/#website\"},\"primaryImageOfPage\":{\"@id\":\"https:\\\/\\\/www.kliinikum.ee\\\/meestekliinik\\\/patsiendile\\\/parkimise-info\\\/#primaryimage\"},\"image\":{\"@id\":\"https:\\\/\\\/www.kliinikum.ee\\\/meestekliinik\\\/patsiendile\\\/parkimise-info\\\/#primaryimage\"},\"thumbnailUrl\":\"https:\\\/\\\/www.kliinikum.ee\\\/wp-content\\\/uploads\\\/2023\\\/02\\\/emo_parkimine-1.jpg\",\"datePublished\":\"2023-10-20T11:28:07+00:00\",\"dateModified\":\"2025-03-18T14:33:44+00:00\",\"breadcrumb\":{\"@id\":\"https:\\\/\\\/www.kliinikum.ee\\\/meestekliinik\\\/patsiendile\\\/parkimise-info\\\/#breadcrumb\"},\"inLanguage\":\"et\",\"potentialAction\":[{\"@type\":\"ReadAction\",\"target\":[\"https:\\\/\\\/www.kliinikum.ee\\\/meestekliinik\\\/patsiendile\\\/parkimise-info\\\/\"]}]},{\"@type\":\"ImageObject\",\"inLanguage\":\"et\",\"@id\":\"https:\\\/\\\/www.kliinikum.ee\\\/meestekliinik\\\/patsiendile\\\/parkimise-info\\\/#primaryimage\",\"url\":\"https:\\\/\\\/www.kliinikum.ee\\\/wp-content\\\/uploads\\\/2023\\\/02\\\/emo_parkimine-1.jpg\",\"contentUrl\":\"https:\\\/\\\/www.kliinikum.ee\\\/wp-content\\\/uploads\\\/2023\\\/02\\\/emo_parkimine-1.jpg\"},{\"@type\":\"BreadcrumbList\",\"@id\":\"https:\\\/\\\/www.kliinikum.ee\\\/meestekliinik\\\/patsiendile\\\/parkimise-info\\\/#breadcrumb\",\"itemListElement\":[{\"@type\":\"ListItem\",\"position\":1,\"name\":\"Home\",\"item\":\"https:\\\/\\\/www.kliinikum.ee\\\/meestekliinik\\\/\"},{\"@type\":\"ListItem\",\"position\":2,\"name\":\"Patsiendile\",\"item\":\"https:\\\/\\\/www.kliinikum.ee\\\/meestekliinik\\\/patsiendile\\\/\"},{\"@type\":\"ListItem\",\"position\":3,\"name\":\"Parkimise info\"}]},{\"@type\":\"WebSite\",\"@id\":\"https:\\\/\\\/www.kliinikum.ee\\\/meestekliinik\\\/#website\",\"url\":\"https:\\\/\\\/www.kliinikum.ee\\\/meestekliinik\\\/\",\"name\":\"Meestekliinik\",\"description\":\"Hoolivus, Uuendusmeelsus, P\u00e4devus ja Usaldusv\u00e4\u00e4rsus\",\"potentialAction\":[{\"@type\":\"SearchAction\",\"target\":{\"@type\":\"EntryPoint\",\"urlTemplate\":\"https:\\\/\\\/www.kliinikum.ee\\\/meestekliinik\\\/?s={search_term_string}\"},\"query-input\":{\"@type\":\"PropertyValueSpecification\",\"valueRequired\":true,\"valueName\":\"search_term_string\"}}],\"inLanguage\":\"et\"}]}<\/script>\n<!-- \/ Yoast SEO plugin. -->","yoast_head_json":{"title":"Parkimise info - Meestekliinik","robots":{"index":"index","follow":"follow","max-snippet":"max-snippet:-1","max-image-preview":"max-image-preview:large","max-video-preview":"max-video-preview:-1"},"canonical":"https:\/\/www.kliinikum.ee\/meestekliinik\/patsiendile\/parkimise-info\/","og_locale":"et_EE","og_type":"article","og_title":"Parkimise info - Meestekliinik","og_description":"TARTU KESKUSE INFO: Tartu \u00dclikooli Kliinikumi hoonete \u00fcmbruses on parkimine tasuline. Parkimismaja ja selle vahetus l\u00e4heduses (N. Lunini 16 kinnistu) korraldab parkimist EuroPark Estonia O\u00dc.L. Puusepa 1a, 2, 4, 6, 8 ning N. Lunini 6 ja 14 ja Ravila 19 hoonete parklates korraldab parkimist AS \u00dchisteenused. Parkimistsoon&nbsp;YT74 Parkimistsoon&nbsp;YT76 AS \u00dchisteenuste parkimisalal toimub tasumine parkimisautomaadis sularahas [&hellip;]","og_url":"https:\/\/www.kliinikum.ee\/meestekliinik\/patsiendile\/parkimise-info\/","og_site_name":"Meestekliinik","article_modified_time":"2025-03-18T14:33:44+00:00","twitter_card":"summary_large_image","twitter_misc":{"Est. reading time":"4 minutit"},"schema":{"@context":"https:\/\/schema.org","@graph":[{"@type":"WebPage","@id":"https:\/\/www.kliinikum.ee\/meestekliinik\/patsiendile\/parkimise-info\/","url":"https:\/\/www.kliinikum.ee\/meestekliinik\/patsiendile\/parkimise-info\/","name":"Parkimise info - Meestekliinik","isPartOf":{"@id":"https:\/\/www.kliinikum.ee\/meestekliinik\/#website"},"primaryImageOfPage":{"@id":"https:\/\/www.kliinikum.ee\/meestekliinik\/patsiendile\/parkimise-info\/#primaryimage"},"image":{"@id":"https:\/\/www.kliinikum.ee\/meestekliinik\/patsiendile\/parkimise-info\/#primaryimage"},"thumbnailUrl":"https:\/\/www.kliinikum.ee\/wp-content\/uploads\/2023\/02\/emo_parkimine-1.jpg","datePublished":"2023-10-20T11:28:07+00:00","dateModified":"2025-03-18T14:33:44+00:00","breadcrumb":{"@id":"https:\/\/www.kliinikum.ee\/meestekliinik\/patsiendile\/parkimise-info\/#breadcrumb"},"inLanguage":"et","potentialAction":[{"@type":"ReadAction","target":["https:\/\/www.kliinikum.ee\/meestekliinik\/patsiendile\/parkimise-info\/"]}]},{"@type":"ImageObject","inLanguage":"et","@id":"https:\/\/www.kliinikum.ee\/meestekliinik\/patsiendile\/parkimise-info\/#primaryimage","url":"https:\/\/www.kliinikum.ee\/wp-content\/uploads\/2023\/02\/emo_parkimine-1.jpg","contentUrl":"https:\/\/www.kliinikum.ee\/wp-content\/uploads\/2023\/02\/emo_parkimine-1.jpg"},{"@type":"BreadcrumbList","@id":"https:\/\/www.kliinikum.ee\/meestekliinik\/patsiendile\/parkimise-info\/#breadcrumb","itemListElement":[{"@type":"ListItem","position":1,"name":"Home","item":"https:\/\/www.kliinikum.ee\/meestekliinik\/"},{"@type":"ListItem","position":2,"name":"Patsiendile","item":"https:\/\/www.kliinikum.ee\/meestekliinik\/patsiendile\/"},{"@type":"ListItem","position":3,"name":"Parkimise info"}]},{"@type":"WebSite","@id":"https:\/\/www.kliinikum.ee\/meestekliinik\/#website","url":"https:\/\/www.kliinikum.ee\/meestekliinik\/","name":"Meestekliinik","description":"Hoolivus, Uuendusmeelsus, P\u00e4devus ja Usaldusv\u00e4\u00e4rsus","potentialAction":[{"@type":"SearchAction","target":{"@type":"EntryPoint","urlTemplate":"https:\/\/www.kliinikum.ee\/meestekliinik\/?s={search_term_string}"},"query-input":{"@type":"PropertyValueSpecification","valueRequired":true,"valueName":"search_term_string"}}],"inLanguage":"et"}]}},"uagb_featured_image_src":{"full":false,"thumbnail":false,"medium":false,"medium_large":false,"large":false,"1536x1536":false,"2048x2048":false},"uagb_author_info":{"display_name":"Kristiina Noortoots","author_link":"https:\/\/www.kliinikum.ee\/meestekliinik\/author\/kristiinn\/"},"uagb_comment_info":0,"uagb_excerpt":"TARTU KESKUSE INFO: Tartu \u00dclikooli Kliinikumi hoonete \u00fcmbruses on parkimine tasuline. Parkimismaja ja selle vahetus l\u00e4heduses (N. Lunini 16 kinnistu) korraldab parkimist EuroPark Estonia O\u00dc.L. Puusepa 1a, 2, 4, 6, 8 ning N. Lunini 6 ja 14 ja Ravila 19 hoonete parklates korraldab parkimist AS \u00dchisteenused. Parkimistsoon&nbsp;YT74 Parkimistsoon&nbsp;YT76 AS \u00dchisteenuste parkimisalal toimub tasumine parkimisautomaadis sularahas&hellip;","_links":{"self":[{"href":"https:\/\/www.kliinikum.ee\/meestekliinik\/wp-json\/wp\/v2\/pages\/7212","targetHints":{"allow":["GET"]}}],"collection":[{"href":"https:\/\/www.kliinikum.ee\/meestekliinik\/wp-json\/wp\/v2\/pages"}],"about":[{"href":"https:\/\/www.kliinikum.ee\/meestekliinik\/wp-json\/wp\/v2\/types\/page"}],"author":[{"embeddable":true,"href":"https:\/\/www.kliinikum.ee\/meestekliinik\/wp-json\/wp\/v2\/users\/30"}],"replies":[{"embeddable":true,"href":"https:\/\/www.kliinikum.ee\/meestekliinik\/wp-json\/wp\/v2\/comments?post=7212"}],"version-history":[{"count":0,"href":"https:\/\/www.kliinikum.ee\/meestekliinik\/wp-json\/wp\/v2\/pages\/7212\/revisions"}],"up":[{"embeddable":true,"href":"https:\/\/www.kliinikum.ee\/meestekliinik\/wp-json\/wp\/v2\/pages\/15"}],"wp:attachment":[{"href":"https:\/\/www.kliinikum.ee\/meestekliinik\/wp-json\/wp\/v2\/media?parent=7212"}],"curies":[{"name":"wp","href":"https:\/\/api.w.org\/{rel}","templated":true}]}}