{"id":1358,"date":"2020-12-30T11:21:22","date_gmt":"2020-12-30T09:21:22","guid":{"rendered":"https:\/\/www.kliinikum.ee\/naistekliinik\/?page_id=1358"},"modified":"2025-09-24T09:54:30","modified_gmt":"2025-09-24T06:54:30","slug":"osalustasu-ja-makseinfo","status":"publish","type":"page","link":"https:\/\/www.kliinikum.ee\/naistekliinik\/perekool\/osalustasu-ja-makseinfo\/","title":{"rendered":"Osalustasu, registreerumise ja makseinfo"},"content":{"rendered":"\n<h3 class=\"wp-block-heading wp-el\">Osalustasu:<\/h3>\n\n\n\n<p class=\"wp-el\">Perekooli kontakt\u00f5pe ja videoloengud on tasulised.<br>Kursuste hinnad on erinevad ja s\u00f5ltuvad paketi suurusest.<\/p>\n\n\n\n<p class=\"wp-el\">Perekooli kontakt\u00f5ppe (koosneb viiest loengut) hind on <strong>68 eurot<\/strong> (koos kaaslasega).<\/p>\n\n\n\n<h3 class=\"wp-block-heading wp-el\">Registreerumine:<\/h3>\n\n\n\n<p class=\"wp-el\">Loengute ja loengupakettide nimekirja p\u00e4\u00e4semiseks kl\u00f5psake kas &#8220;Miks osaleda perekoolis?&#8221; lehek\u00fclje \u00fclaservas paikneval kirjal &#8220;<a href=\"https:\/\/app.hopitude.com\/et\/calendar?cl=2231\" target=\"_blank\" rel=\"noreferrer noopener\">Registreerimine<\/a>&#8220;, v\u00f5i iga paketi kirjelduse all olevale lausele <strong>&#8220;Kursusele registreerumine&#8221;<\/strong>. <\/p>\n\n\n\n<p class=\"wp-el\">Valige avanenud kalendrist Teile sobiv loeng. Sellele kl\u00f5psates avanevad registreerumise v\u00e4ljad, mis tuleb t\u00e4ita. Loengule registreerimisel palume \u00e4ra m\u00e4rkida korrektne <strong>meiliaadress<\/strong>. Tasumine paketi v\u00f5i loengu eest toimub otse registreerumisel interneti teel.<\/p>\n\n\n\n<p class=\"wp-el\"><strong>Veebikursus asub Kliinikumi \u00f5ppekeskkonnas Moodle<\/strong>, mis on leitav siin:  <a href=\"https:\/\/moodle.kliinikum.ee\/\" target=\"_blank\" rel=\"noreferrer noopener\">https:\/\/moodle.kliinikum.ee\/<\/a><br><strong>Registreerimine <\/strong>kursusele v\u00f5i loengule <strong>l\u00f5peb 2 p\u00e4eva enne kursuse v\u00f5i loengu algust<\/strong>.<\/p>\n\n\n\n<p class=\"wp-el\">Valitud kursusel <strong>osalemiseks luuakse igale osalejale individuaalne \u201eK\u00fclalisjuurdep\u00e4\u00e4s\u201c ja parool, mis saadetakse koos veebiaadressiga osaleja e-mailile hiljemalt 2 p\u00e4eva jooksul peale registreerimise sulgemist!<\/strong><\/p>\n\n\n\n<p class=\"wp-el\"><strong>Perekooli kontakt\u00f5ppe loengud<\/strong> toimuvad Naistekliiniku perekeskuses <strong>L.Puusepa 8 C-korpuse v\u00f5imlemissaalis (C1035)<\/strong> kolmap\u00e4eva \u00f5htuti p\u00e4rast t\u00f6\u00f6p\u00e4eva kell 17.30 \u2013 19.00.<\/p>\n\n\n\n<h3 class=\"wp-block-heading wp-el\"><\/h3>\n","protected":false},"excerpt":{"rendered":"<p>Osalustasu: Perekooli kontakt\u00f5pe ja videoloengud on tasulised.Kursuste hinnad on erinevad ja s\u00f5ltuvad paketi suurusest. Perekooli kontakt\u00f5ppe (koosneb viiest loengut) hind&#8230;<\/p>\n","protected":false},"author":11,"featured_media":0,"parent":421,"menu_order":35,"comment_status":"closed","ping_status":"closed","template":"","meta":{"_acf_changed":false,"inline_featured_image":false,"advgb_blocks_editor_width":"","advgb_blocks_columns_visual_guide":"","footnotes":"","_links_to":"","_links_to_target":""},"class_list":["post-1358","page","type-page","status-publish","hentry"],"acf":[],"yoast_head":"<!-- This site is optimized with the Yoast SEO plugin v27.3 - https:\/\/yoast.com\/product\/yoast-seo-wordpress\/ -->\n<title>Osalustasu, registreerumise ja makseinfo - Naistekliinik<\/title>\n<meta name=\"robots\" content=\"index, follow, max-snippet:-1, max-image-preview:large, max-video-preview:-1\" \/>\n<link rel=\"canonical\" href=\"https:\/\/www.kliinikum.ee\/naistekliinik\/perekool\/osalustasu-ja-makseinfo\/\" \/>\n<meta property=\"og:locale\" content=\"et_EE\" \/>\n<meta property=\"og:type\" content=\"article\" \/>\n<meta property=\"og:title\" content=\"Osalustasu, registreerumise ja makseinfo - Naistekliinik\" \/>\n<meta property=\"og:description\" content=\"Osalustasu: Perekooli kontakt\u00f5pe ja videoloengud on tasulised.Kursuste hinnad on erinevad ja s\u00f5ltuvad paketi suurusest. Perekooli kontakt\u00f5ppe (koosneb viiest loengut) hind...\" \/>\n<meta property=\"og:url\" content=\"https:\/\/www.kliinikum.ee\/naistekliinik\/perekool\/osalustasu-ja-makseinfo\/\" \/>\n<meta property=\"og:site_name\" content=\"Naistekliinik\" \/>\n<meta property=\"article:modified_time\" content=\"2025-09-24T06:54:30+00:00\" \/>\n<meta name=\"twitter:card\" content=\"summary_large_image\" \/>\n<meta name=\"twitter:label1\" content=\"Est. reading time\" \/>\n\t<meta name=\"twitter:data1\" content=\"1 minut\" \/>\n<script type=\"application\/ld+json\" class=\"yoast-schema-graph\">{\"@context\":\"https:\\\/\\\/schema.org\",\"@graph\":[{\"@type\":\"WebPage\",\"@id\":\"https:\\\/\\\/www.kliinikum.ee\\\/naistekliinik\\\/perekool\\\/osalustasu-ja-makseinfo\\\/\",\"url\":\"https:\\\/\\\/www.kliinikum.ee\\\/naistekliinik\\\/perekool\\\/osalustasu-ja-makseinfo\\\/\",\"name\":\"Osalustasu, registreerumise ja makseinfo - Naistekliinik\",\"isPartOf\":{\"@id\":\"https:\\\/\\\/www.kliinikum.ee\\\/naistekliinik\\\/#website\"},\"datePublished\":\"2020-12-30T09:21:22+00:00\",\"dateModified\":\"2025-09-24T06:54:30+00:00\",\"breadcrumb\":{\"@id\":\"https:\\\/\\\/www.kliinikum.ee\\\/naistekliinik\\\/perekool\\\/osalustasu-ja-makseinfo\\\/#breadcrumb\"},\"inLanguage\":\"et\",\"potentialAction\":[{\"@type\":\"ReadAction\",\"target\":[\"https:\\\/\\\/www.kliinikum.ee\\\/naistekliinik\\\/perekool\\\/osalustasu-ja-makseinfo\\\/\"]}]},{\"@type\":\"BreadcrumbList\",\"@id\":\"https:\\\/\\\/www.kliinikum.ee\\\/naistekliinik\\\/perekool\\\/osalustasu-ja-makseinfo\\\/#breadcrumb\",\"itemListElement\":[{\"@type\":\"ListItem\",\"position\":1,\"name\":\"Home\",\"item\":\"https:\\\/\\\/www.kliinikum.ee\\\/naistekliinik\\\/\"},{\"@type\":\"ListItem\",\"position\":2,\"name\":\"Perekool\",\"item\":\"https:\\\/\\\/www.kliinikum.ee\\\/naistekliinik\\\/perekool\\\/\"},{\"@type\":\"ListItem\",\"position\":3,\"name\":\"Osalustasu, registreerumise ja makseinfo\"}]},{\"@type\":\"WebSite\",\"@id\":\"https:\\\/\\\/www.kliinikum.ee\\\/naistekliinik\\\/#website\",\"url\":\"https:\\\/\\\/www.kliinikum.ee\\\/naistekliinik\\\/\",\"name\":\"Naistekliinik\",\"description\":\"Hoolivus P\u00e4devus Usaldusv\u00e4\u00e4rsus\",\"potentialAction\":[{\"@type\":\"SearchAction\",\"target\":{\"@type\":\"EntryPoint\",\"urlTemplate\":\"https:\\\/\\\/www.kliinikum.ee\\\/naistekliinik\\\/?s={search_term_string}\"},\"query-input\":{\"@type\":\"PropertyValueSpecification\",\"valueRequired\":true,\"valueName\":\"search_term_string\"}}],\"inLanguage\":\"et\"}]}<\/script>\n<!-- \/ Yoast SEO plugin. -->","yoast_head_json":{"title":"Osalustasu, registreerumise ja makseinfo - Naistekliinik","robots":{"index":"index","follow":"follow","max-snippet":"max-snippet:-1","max-image-preview":"max-image-preview:large","max-video-preview":"max-video-preview:-1"},"canonical":"https:\/\/www.kliinikum.ee\/naistekliinik\/perekool\/osalustasu-ja-makseinfo\/","og_locale":"et_EE","og_type":"article","og_title":"Osalustasu, registreerumise ja makseinfo - Naistekliinik","og_description":"Osalustasu: Perekooli kontakt\u00f5pe ja videoloengud on tasulised.Kursuste hinnad on erinevad ja s\u00f5ltuvad paketi suurusest. Perekooli kontakt\u00f5ppe (koosneb viiest loengut) hind...","og_url":"https:\/\/www.kliinikum.ee\/naistekliinik\/perekool\/osalustasu-ja-makseinfo\/","og_site_name":"Naistekliinik","article_modified_time":"2025-09-24T06:54:30+00:00","twitter_card":"summary_large_image","twitter_misc":{"Est. reading time":"1 minut"},"schema":{"@context":"https:\/\/schema.org","@graph":[{"@type":"WebPage","@id":"https:\/\/www.kliinikum.ee\/naistekliinik\/perekool\/osalustasu-ja-makseinfo\/","url":"https:\/\/www.kliinikum.ee\/naistekliinik\/perekool\/osalustasu-ja-makseinfo\/","name":"Osalustasu, registreerumise ja makseinfo - Naistekliinik","isPartOf":{"@id":"https:\/\/www.kliinikum.ee\/naistekliinik\/#website"},"datePublished":"2020-12-30T09:21:22+00:00","dateModified":"2025-09-24T06:54:30+00:00","breadcrumb":{"@id":"https:\/\/www.kliinikum.ee\/naistekliinik\/perekool\/osalustasu-ja-makseinfo\/#breadcrumb"},"inLanguage":"et","potentialAction":[{"@type":"ReadAction","target":["https:\/\/www.kliinikum.ee\/naistekliinik\/perekool\/osalustasu-ja-makseinfo\/"]}]},{"@type":"BreadcrumbList","@id":"https:\/\/www.kliinikum.ee\/naistekliinik\/perekool\/osalustasu-ja-makseinfo\/#breadcrumb","itemListElement":[{"@type":"ListItem","position":1,"name":"Home","item":"https:\/\/www.kliinikum.ee\/naistekliinik\/"},{"@type":"ListItem","position":2,"name":"Perekool","item":"https:\/\/www.kliinikum.ee\/naistekliinik\/perekool\/"},{"@type":"ListItem","position":3,"name":"Osalustasu, registreerumise ja makseinfo"}]},{"@type":"WebSite","@id":"https:\/\/www.kliinikum.ee\/naistekliinik\/#website","url":"https:\/\/www.kliinikum.ee\/naistekliinik\/","name":"Naistekliinik","description":"Hoolivus P\u00e4devus Usaldusv\u00e4\u00e4rsus","potentialAction":[{"@type":"SearchAction","target":{"@type":"EntryPoint","urlTemplate":"https:\/\/www.kliinikum.ee\/naistekliinik\/?s={search_term_string}"},"query-input":{"@type":"PropertyValueSpecification","valueRequired":true,"valueName":"search_term_string"}}],"inLanguage":"et"}]}},"coauthors":[],"author_meta":{"author_link":"https:\/\/www.kliinikum.ee\/naistekliinik\/author\/haldur\/","display_name":"Haldur"},"relative_dates":{"created":"Posted 5 aastat ago","modified":"Updated 7 kuud ago"},"absolute_dates":{"created":"Posted on 30. dets. 2020","modified":"Updated on 24. sept. 2025"},"absolute_dates_time":{"created":"Posted on 30. dets. 2020 11:21","modified":"Updated on 24. sept. 2025 09:54"},"featured_img_caption":"","featured_img":false,"series_order":"","_links":{"self":[{"href":"https:\/\/www.kliinikum.ee\/naistekliinik\/wp-json\/wp\/v2\/pages\/1358","targetHints":{"allow":["GET"]}}],"collection":[{"href":"https:\/\/www.kliinikum.ee\/naistekliinik\/wp-json\/wp\/v2\/pages"}],"about":[{"href":"https:\/\/www.kliinikum.ee\/naistekliinik\/wp-json\/wp\/v2\/types\/page"}],"author":[{"embeddable":true,"href":"https:\/\/www.kliinikum.ee\/naistekliinik\/wp-json\/wp\/v2\/users\/11"}],"replies":[{"embeddable":true,"href":"https:\/\/www.kliinikum.ee\/naistekliinik\/wp-json\/wp\/v2\/comments?post=1358"}],"version-history":[{"count":0,"href":"https:\/\/www.kliinikum.ee\/naistekliinik\/wp-json\/wp\/v2\/pages\/1358\/revisions"}],"up":[{"embeddable":true,"href":"https:\/\/www.kliinikum.ee\/naistekliinik\/wp-json\/wp\/v2\/pages\/421"}],"wp:attachment":[{"href":"https:\/\/www.kliinikum.ee\/naistekliinik\/wp-json\/wp\/v2\/media?parent=1358"}],"curies":[{"name":"wp","href":"https:\/\/api.w.org\/{rel}","templated":true}]}}