{"id":1474,"date":"2021-01-25T14:48:57","date_gmt":"2021-01-25T12:48:57","guid":{"rendered":"https:\/\/www.kliinikum.ee\/naistekliinik\/?page_id=1474"},"modified":"2026-03-17T09:26:41","modified_gmt":"2026-03-17T07:26:41","slug":"seksuaaltervise-keskus","status":"publish","type":"page","link":"https:\/\/www.kliinikum.ee\/naistekliinik\/patsiendile\/seksuaaltervise-keskus\/","title":{"rendered":"Noorte seksuaaltervise teenused"},"content":{"rendered":"\n<p class=\"wp-el\"><strong>Seksuaaltervise keskus asub Tartus Vaksali 17, 3. korrusel<\/strong><\/p>\n\n\n\n<p class=\"wp-el\"><strong>Oleme avatud<\/strong>: E-N 8.30-17 ja R 8.30-13.30<\/p>\n\n\n\n<p class=\"wp-el\"><strong>Registreerumine: <\/strong><\/p>\n\n\n\n<p class=\"wp-el\">Aja saab broneerida ka&nbsp;<a href=\"https:\/\/www.terviseportaal.ee\/\">terviseportaalis<\/a>. Sisestage otsinguribale &#8220;noorte seksuaaltervis&#8221;&nbsp;&nbsp;ning seej\u00e4rel saate vastavalt enda vajadusele teha j\u00e4rgneva valiku:<\/p>\n\n\n\n<ul class=\"wp-block-list wp-el\">\n<li>g\u00fcnekoloogi vastuv\u00f5tt (noorte seksuaaltervis),<\/li>\n\n\n\n<li>\u00e4mmaemanda vastuv\u00f5tt (noorte seksuaaltervis)<\/li>\n\n\n\n<li>meestearsti vastuv\u00f5tt (noorte seksuaaltervis)<\/li>\n<\/ul>\n\n\n\n<p class=\"wp-el\">lisa asutuseks Tartu \u00dclikooli Kliinikum ja kui aadressiks on Vaksali 17, siis oledki registreerumas meie keskuse vastuv\u00f5tule.<\/p>\n\n\n\n<p class=\"wp-el\">Naistearsti vastuv\u00f5tule tundub j\u00e4rjekord pikk?&nbsp; Vaata aegu <strong>\u00e4mmaemanda vastuv\u00f5tule<\/strong>! \u00c4mmaemanda vastuv\u00f5tt kestab 30 minutit, tal on oskused n\u00f5ustada rasestumisvastase vahendite osas (milline vahend valida, kasutamise alustamine, kasutamine, kasutamise ajal tekkivad k\u00fcsimused, vahendi vahetamine), &nbsp;teha g\u00fcnekoloogilist l\u00e4bivaatust, testida seksuaalsel teel levivate haiguste (suguhaigused), &nbsp;tupep\u00f5letike suhtes. \u00c4mmaemand saab v\u00e4lja kirjutada rasestumisvastase vahendi retsepte ja ka tupep\u00f5letike ravimeid<\/p>\n\n\n\n<p class=\"wp-el\">Kui sul ei ole veel \u00f5igusi kasutada digiregistratuuri (oled alla 18 a. vana), saad soovi korral aja registreerida <a href=\"https:\/\/app.hopitude.com\/et\/calendar?cl=2231\">siin<\/a> <\/p>\n\n\n\n<p class=\"wp-el\">Otsi <strong>rohelise<\/strong> v\u00e4rviga aegu &#8211; noorte seksuaaltervise n\u00f5ustaja. Tema vastuv\u00f5tul saab teha teste suguhaigustele, k\u00fcsida rasestumisvastast vahendit ja saada vahendite kohta infot ning teha ka g\u00fcnekoloogilise l\u00e4bivaatuse.<\/p>\n\n\n\n<div class=\"wp-block-advgb-columns advgb-columns-wrapper\" id=\"advgb-cols-1c91d7e3-674e-445d-8ef4-da5de2fdb94d\"><div class=\"advgb-columns-container\"><div class=\"advgb-columns advgb-columns-row advgb-is-mobile advgb-columns-2 layout-12-12 mbl-layout-stacked vgutter-10\">\n<div class=\"wp-block-advgb-column advgb-column advgb-is-half-tablet advgb-is-full-mobile\" id=\"advgb-col-2e635408-84b6-40fe-ad9e-b2c7033181c5\"><div class=\"advgb-column-inner\" style=\"border-style:none;border-width:1px\">\n<figure class=\"wp-block-embed is-type-video is-provider-youtube wp-block-embed-youtube\"><div style=\"display: contents;\" >\n\n<div data-fullscreen=\"disabled\" data-mode=\"lightbox\" data-oembed=\"1\" data-provider=\"youtube\" data-reset-after-played id=\"arve-youtube-wos_nnucaco\" class=\"arve arve-hover-effect-darken\">\n\t<div class=\"arve-inner\">\n\t\t<div style=\"aspect-ratio:585\/329\" class=\"arve-embed arve-embed--has-aspect-ratio\">\n\t\t\t<div class=\"arve-ar\" style=\"padding-top:56.239316%\"><\/div>\n\t\t\t\n\t\t\t<img decoding=\"async\" alt=\"Tartu \u00dclikooli kliinikumi seksuaaltervise keskus 2022\" class=\"arve-thumbnail\" height=\"360\" loading=\"lazy\" sizes=\"auto\" src=\"https:\/\/i.ytimg.com\/vi\/WOS_nnUCAco\/hqdefault.jpg\" srcset=\"https:\/\/i.ytimg.com\/vi_webp\/WOS_nnUCAco\/hqdefault.webp 480w, https:\/\/i.ytimg.com\/vi_webp\/WOS_nnUCAco\/sddefault.webp 640w, https:\/\/i.ytimg.com\/vi_webp\/WOS_nnUCAco\/maxresdefault.webp 1280w\" width=\"480\">\n\t\t\t<button aria-haspopup=\"dialog\" aria-label=\"Play video: Tartu \u00dclikooli kliinikumi seksuaaltervise keskus 2022\" class=\"arve-play-btn arve-play-btn--youtube\" data-attr=\"{&quot;credentialless&quot;:true,&quot;referrerpolicy&quot;:&quot;strict-origin-when-cross-origin&quot;,&quot;sandbox&quot;:&quot;allow-scripts allow-same-origin allow-presentation allow-popups allow-popups-to-escape-sandbox&quot;,&quot;allow&quot;:&quot;accelerometer \\u0027none\\u0027;autoplay;bluetooth \\u0027none\\u0027;browsing-topics \\u0027none\\u0027;camera \\u0027none\\u0027;clipboard-read \\u0027none\\u0027;clipboard-write;display-capture \\u0027none\\u0027;encrypted-media \\u0027none\\u0027;gamepad \\u0027none\\u0027;geolocation \\u0027none\\u0027;gyroscope \\u0027none\\u0027;hid \\u0027none\\u0027;identity-credentials-get \\u0027none\\u0027;idle-detection \\u0027none\\u0027;keyboard-map \\u0027none\\u0027;local-fonts;magnetometer \\u0027none\\u0027;microphone \\u0027none\\u0027;midi \\u0027none\\u0027;otp-credentials \\u0027none\\u0027;payment \\u0027none\\u0027;picture-in-picture;publickey-credentials-create \\u0027none\\u0027;publickey-credentials-get \\u0027none\\u0027;screen-wake-lock \\u0027none\\u0027;serial \\u0027none\\u0027;summarizer \\u0027none\\u0027;sync-xhr;usb \\u0027none\\u0027;web-share;window-management \\u0027none\\u0027;xr-spatial-tracking \\u0027none\\u0027;&quot;,&quot;class&quot;:&quot; fitvidsignore&quot;,&quot;data-arve&quot;:&quot;arve-youtube-wos_nnucaco&quot;,&quot;data-src-no-ap&quot;:&quot;https:\\\/\\\/www.youtube.com\\\/embed\\\/WOS_nnUCAco?feature=oembed\\u0026iv_load_policy=3\\u0026modestbranding=1\\u0026rel=0\\u0026autohide=1\\u0026playsinline=1\\u0026autoplay=0\\u0026enablejsapi=1&quot;,&quot;frameborder&quot;:&quot;0&quot;,&quot;height&quot;:0,&quot;width&quot;:0,&quot;title&quot;:&quot;Tartu \\u00dclikooli kliinikumi seksuaaltervise keskus 2022&quot;,&quot;name&quot;:&quot;&quot;,&quot;loading&quot;:&quot;eager&quot;,&quot;allowfullscreen&quot;:&quot;&quot;,&quot;scrolling&quot;:&quot;no&quot;,&quot;data-lenis-prevent&quot;:&quot;&quot;}\" data-height=\"660.24957264957\" data-iframe=\"https:\/\/www.youtube.com\/embed\/WOS_nnUCAco?feature=oembed&amp;iv_load_policy=3&amp;modestbranding=1&amp;rel=0&amp;autohide=1&amp;playsinline=1&amp;autoplay=1&amp;enablejsapi=1\" data-target=\"#arve-youtube-wos_nnucaco\" data-thumb=\"https:\/\/i.ytimg.com\/vi\/WOS_nnUCAco\/hqdefault.jpg\" data-width=\"1174\" href=\"https:\/\/www.youtube.com\/watch?v=WOS_nnUCAco\" role=\"button\" type=\"button\"><svg class=\"arve-play-svg arve-play-svg--youtube\" focusable=\"false\" aria-hidden=\"true\" width=\"68\" viewBox=\"0 0 68 48\" xmlns=\"http:\/\/www.w3.org\/2000\/svg\"><path fill=\"#1f1f1e\" fill-opacity=\"0.81\" d=\"m .66,37.62 c 0,0 .66,4.70 2.70,6.77 2.58,2.71 5.98,2.63 7.49,2.91 5.43,.52 23.10,.68 23.12,.68 .00,-1.3e-5 14.29,-0.02 23.81,-0.71 1.32,-0.15 4.22,-0.17 6.81,-2.89 2.03,-2.07 2.70,-6.77 2.70,-6.77 0,0 .67,-5.52 .67,-11.04 l 0,-5.17 c 0,-5.52 -0.67,-11.04 -0.67,-11.04 0,0 -0.66,-4.70 -2.70,-6.77 C 62.03,.86 59.13,.84 57.80,.69 48.28,0 34.00,0 34.00,0 33.97,0 19.69,0 10.18,.69 8.85,.84 5.95,.86 3.36,3.58 1.32,5.65 .66,10.35 .66,10.35 c 0,0 -0.55,4.50 -0.66,9.45 l 0,8.36 c .10,4.94 .66,9.45 .66,9.45 z\"><\/path><path fill=\"#fff\" d=\"m 26.96,13.67 18.37,9.62 -18.37,9.55 -0.00,-19.17 z\" ><\/path><path fill=\"#ccc\" d=\"M 45.02,23.46 45.32,23.28 26.96,13.67 43.32,24.34 45.02,23.46 z\" ><\/path><\/svg><\/button>\n\t\t\t\n\t\t<\/div>\n\t\t\n\t<\/div>\n\t\n\t\n\t<script type=\"application\/ld+json\">{\"@context\":\"http:\\\/\\\/schema.org\\\/\",\"@id\":\"https:\\\/\\\/www.kliinikum.ee\\\/naistekliinik\\\/patsiendile\\\/seksuaaltervise-keskus\\\/#arve-youtube-wos_nnucaco\",\"@type\":\"VideoObject\",\"author\":{\"@type\":\"Organization\",\"name\":\"Tartu \\u00dclikooli Kliinikum\"},\"embedURL\":\"https:\\\/\\\/www.youtube.com\\\/embed\\\/WOS_nnUCAco?feature=oembed&iv_load_policy=3&modestbranding=1&rel=0&autohide=1&playsinline=1&autoplay=1&enablejsapi=1\",\"name\":\"Tartu \\u00dclikooli kliinikumi seksuaaltervise keskus 2022\",\"thumbnailUrl\":\"https:\\\/\\\/i.ytimg.com\\\/vi\\\/WOS_nnUCAco\\\/hqdefault.jpg\",\"uploadDate\":\"2022-10-07T05:47:29Z\",\"description\":\"Seksuaaltervise keskus asub Tartus Vaksali 17, 3. korrusel Oleme avatud: E-N 8.30-17 ja R 8.30-13.30 Registreerumine: Aja saab broneerida ka&nbsp;terviseportaalis. Sisestage otsinguribale \\\"noorte seksuaaltervis\\\"&nbsp;&nbsp;ning seej\\u00e4rel saate vastavalt enda vajadusele teha j\\u00e4rgneva valiku: g\\u00fcnekoloo\"}<\/script>\n\t\n<\/div>\n<\/div><\/figure>\n<\/div><\/div>\n\n\n\n<div class=\"wp-block-advgb-column advgb-column advgb-is-half-tablet advgb-is-full-mobile\" id=\"advgb-col-2b196d12-f469-4d76-9275-1edd07f212cf\"><div class=\"advgb-column-inner\" style=\"border-style:none;border-width:1px\"><\/div><\/div>\n<\/div><\/div><\/div>\n\n\n\n<p class=\"wp-el\"><a href=\"https:\/\/www.kliinikum.ee\/naistekliinik\/patsiendile\/seksuaaltervise-keskus\/noorte-seksuaaltervisealane-noustamine\/\">Noorte n\u00f5ustamine<\/a><\/p>\n\n\n\n<p class=\"wp-el\"><a href=\"https:\/\/www.kliinikum.ee\/naistekliinik\/patsiendile\/seksuaaltervise-keskus\/seksuaalhariduslikud-loengud\/\">Seksuaalhariduslikud loengud <\/a><\/p>\n\n\n\n<p class=\"wp-el\"><a href=\"https:\/\/www.kliinikum.ee\/naistekliinik\/patsiendile\/seksuaaltervise-keskus\/naistearsti-tasuline-vastuvott\/\">Naistearsti tasuline vastuv\u00f5tt<\/a><\/p>\n<style class=\"advgb-styles-renderer\">#advgb-col-2e635408-84b6-40fe-ad9e-b2c7033181c5>.advgb-column-inner{}@media screen and (max-width: 1023px) {#advgb-col-2e635408-84b6-40fe-ad9e-b2c7033181c5>.advgb-column-inner{}}@media screen and (max-width: 767px) {#advgb-col-2e635408-84b6-40fe-ad9e-b2c7033181c5>.advgb-column-inner{}}#advgb-col-2b196d12-f469-4d76-9275-1edd07f212cf>.advgb-column-inner{}@media screen and (max-width: 1023px) {#advgb-col-2b196d12-f469-4d76-9275-1edd07f212cf>.advgb-column-inner{}}@media screen and (max-width: 767px) {#advgb-col-2b196d12-f469-4d76-9275-1edd07f212cf>.advgb-column-inner{}}#advgb-cols-1c91d7e3-674e-445d-8ef4-da5de2fdb94d{}@media screen and (max-width: 1023px) {#advgb-cols-1c91d7e3-674e-445d-8ef4-da5de2fdb94d{}}@media screen and (max-width: 767px) {#advgb-cols-1c91d7e3-674e-445d-8ef4-da5de2fdb94d{}}#advgb-col-2e635408-84b6-40fe-ad9e-b2c7033181c5>.advgb-column-inner{}@media screen and (max-width: 1023px) {#advgb-col-2e635408-84b6-40fe-ad9e-b2c7033181c5>.advgb-column-inner{}}@media screen and (max-width: 767px) {#advgb-col-2e635408-84b6-40fe-ad9e-b2c7033181c5>.advgb-column-inner{}}#advgb-col-2b196d12-f469-4d76-9275-1edd07f212cf>.advgb-column-inner{}@media screen and (max-width: 1023px) {#advgb-col-2b196d12-f469-4d76-9275-1edd07f212cf>.advgb-column-inner{}}@media screen and (max-width: 767px) {#advgb-col-2b196d12-f469-4d76-9275-1edd07f212cf>.advgb-column-inner{}}<\/style>","protected":false},"excerpt":{"rendered":"<p>Seksuaaltervise keskus asub Tartus Vaksali 17, 3. korrusel Oleme avatud: E-N 8.30-17 ja R 8.30-13.30 Registreerumine: Aja saab broneerida ka&nbsp;terviseportaalis&#8230;.<\/p>\n","protected":false},"author":11,"featured_media":0,"parent":418,"menu_order":95,"comment_status":"closed","ping_status":"closed","template":"","meta":{"_acf_changed":false,"inline_featured_image":false,"advgb_blocks_editor_width":"","advgb_blocks_columns_visual_guide":"","footnotes":"","_links_to":"","_links_to_target":""},"class_list":["post-1474","page","type-page","status-publish","hentry"],"acf":[],"yoast_head":"<!-- This site is optimized with the Yoast SEO plugin v27.5 - https:\/\/yoast.com\/product\/yoast-seo-wordpress\/ -->\n<title>Noorte seksuaaltervise teenused - Naistekliinik<\/title>\n<meta name=\"robots\" content=\"index, follow, max-snippet:-1, max-image-preview:large, max-video-preview:-1\" \/>\n<link rel=\"canonical\" href=\"https:\/\/www.kliinikum.ee\/naistekliinik\/patsiendile\/seksuaaltervise-keskus\/\" \/>\n<meta property=\"og:locale\" content=\"et_EE\" \/>\n<meta property=\"og:type\" content=\"article\" \/>\n<meta property=\"og:title\" content=\"Noorte seksuaaltervise teenused - Naistekliinik\" \/>\n<meta property=\"og:description\" content=\"Seksuaaltervise keskus asub Tartus Vaksali 17, 3. korrusel Oleme avatud: E-N 8.30-17 ja R 8.30-13.30 Registreerumine: Aja saab broneerida ka&nbsp;terviseportaalis....\" \/>\n<meta property=\"og:url\" content=\"https:\/\/www.kliinikum.ee\/naistekliinik\/patsiendile\/seksuaaltervise-keskus\/\" \/>\n<meta property=\"og:site_name\" content=\"Naistekliinik\" \/>\n<meta property=\"article:modified_time\" content=\"2026-03-17T07:26:41+00:00\" \/>\n<meta name=\"twitter:card\" content=\"summary_large_image\" \/>\n<meta name=\"twitter:label1\" content=\"Est. reading time\" \/>\n\t<meta name=\"twitter:data1\" content=\"1 minut\" \/>\n<script type=\"application\/ld+json\" class=\"yoast-schema-graph\">{\"@context\":\"https:\\\/\\\/schema.org\",\"@graph\":[{\"@type\":\"WebPage\",\"@id\":\"https:\\\/\\\/www.kliinikum.ee\\\/naistekliinik\\\/patsiendile\\\/seksuaaltervise-keskus\\\/\",\"url\":\"https:\\\/\\\/www.kliinikum.ee\\\/naistekliinik\\\/patsiendile\\\/seksuaaltervise-keskus\\\/\",\"name\":\"Noorte seksuaaltervise teenused - Naistekliinik\",\"isPartOf\":{\"@id\":\"https:\\\/\\\/www.kliinikum.ee\\\/naistekliinik\\\/#website\"},\"datePublished\":\"2021-01-25T12:48:57+00:00\",\"dateModified\":\"2026-03-17T07:26:41+00:00\",\"breadcrumb\":{\"@id\":\"https:\\\/\\\/www.kliinikum.ee\\\/naistekliinik\\\/patsiendile\\\/seksuaaltervise-keskus\\\/#breadcrumb\"},\"inLanguage\":\"et\",\"potentialAction\":[{\"@type\":\"ReadAction\",\"target\":[\"https:\\\/\\\/www.kliinikum.ee\\\/naistekliinik\\\/patsiendile\\\/seksuaaltervise-keskus\\\/\"]}]},{\"@type\":\"BreadcrumbList\",\"@id\":\"https:\\\/\\\/www.kliinikum.ee\\\/naistekliinik\\\/patsiendile\\\/seksuaaltervise-keskus\\\/#breadcrumb\",\"itemListElement\":[{\"@type\":\"ListItem\",\"position\":1,\"name\":\"Home\",\"item\":\"https:\\\/\\\/www.kliinikum.ee\\\/naistekliinik\\\/\"},{\"@type\":\"ListItem\",\"position\":2,\"name\":\"Patsiendile\",\"item\":\"https:\\\/\\\/www.kliinikum.ee\\\/naistekliinik\\\/patsiendile\\\/\"},{\"@type\":\"ListItem\",\"position\":3,\"name\":\"Noorte seksuaaltervise teenused\"}]},{\"@type\":\"WebSite\",\"@id\":\"https:\\\/\\\/www.kliinikum.ee\\\/naistekliinik\\\/#website\",\"url\":\"https:\\\/\\\/www.kliinikum.ee\\\/naistekliinik\\\/\",\"name\":\"Naistekliinik\",\"description\":\"Hoolivus P\u00e4devus Usaldusv\u00e4\u00e4rsus\",\"potentialAction\":[{\"@type\":\"SearchAction\",\"target\":{\"@type\":\"EntryPoint\",\"urlTemplate\":\"https:\\\/\\\/www.kliinikum.ee\\\/naistekliinik\\\/?s={search_term_string}\"},\"query-input\":{\"@type\":\"PropertyValueSpecification\",\"valueRequired\":true,\"valueName\":\"search_term_string\"}}],\"inLanguage\":\"et\"}]}<\/script>\n<!-- \/ Yoast SEO plugin. -->","yoast_head_json":{"title":"Noorte seksuaaltervise teenused - Naistekliinik","robots":{"index":"index","follow":"follow","max-snippet":"max-snippet:-1","max-image-preview":"max-image-preview:large","max-video-preview":"max-video-preview:-1"},"canonical":"https:\/\/www.kliinikum.ee\/naistekliinik\/patsiendile\/seksuaaltervise-keskus\/","og_locale":"et_EE","og_type":"article","og_title":"Noorte seksuaaltervise teenused - Naistekliinik","og_description":"Seksuaaltervise keskus asub Tartus Vaksali 17, 3. korrusel Oleme avatud: E-N 8.30-17 ja R 8.30-13.30 Registreerumine: Aja saab broneerida ka&nbsp;terviseportaalis....","og_url":"https:\/\/www.kliinikum.ee\/naistekliinik\/patsiendile\/seksuaaltervise-keskus\/","og_site_name":"Naistekliinik","article_modified_time":"2026-03-17T07:26:41+00:00","twitter_card":"summary_large_image","twitter_misc":{"Est. reading time":"1 minut"},"schema":{"@context":"https:\/\/schema.org","@graph":[{"@type":"WebPage","@id":"https:\/\/www.kliinikum.ee\/naistekliinik\/patsiendile\/seksuaaltervise-keskus\/","url":"https:\/\/www.kliinikum.ee\/naistekliinik\/patsiendile\/seksuaaltervise-keskus\/","name":"Noorte seksuaaltervise teenused - Naistekliinik","isPartOf":{"@id":"https:\/\/www.kliinikum.ee\/naistekliinik\/#website"},"datePublished":"2021-01-25T12:48:57+00:00","dateModified":"2026-03-17T07:26:41+00:00","breadcrumb":{"@id":"https:\/\/www.kliinikum.ee\/naistekliinik\/patsiendile\/seksuaaltervise-keskus\/#breadcrumb"},"inLanguage":"et","potentialAction":[{"@type":"ReadAction","target":["https:\/\/www.kliinikum.ee\/naistekliinik\/patsiendile\/seksuaaltervise-keskus\/"]}]},{"@type":"BreadcrumbList","@id":"https:\/\/www.kliinikum.ee\/naistekliinik\/patsiendile\/seksuaaltervise-keskus\/#breadcrumb","itemListElement":[{"@type":"ListItem","position":1,"name":"Home","item":"https:\/\/www.kliinikum.ee\/naistekliinik\/"},{"@type":"ListItem","position":2,"name":"Patsiendile","item":"https:\/\/www.kliinikum.ee\/naistekliinik\/patsiendile\/"},{"@type":"ListItem","position":3,"name":"Noorte seksuaaltervise teenused"}]},{"@type":"WebSite","@id":"https:\/\/www.kliinikum.ee\/naistekliinik\/#website","url":"https:\/\/www.kliinikum.ee\/naistekliinik\/","name":"Naistekliinik","description":"Hoolivus P\u00e4devus Usaldusv\u00e4\u00e4rsus","potentialAction":[{"@type":"SearchAction","target":{"@type":"EntryPoint","urlTemplate":"https:\/\/www.kliinikum.ee\/naistekliinik\/?s={search_term_string}"},"query-input":{"@type":"PropertyValueSpecification","valueRequired":true,"valueName":"search_term_string"}}],"inLanguage":"et"}]}},"coauthors":[],"author_meta":{"author_link":"https:\/\/www.kliinikum.ee\/naistekliinik\/author\/haldur\/","display_name":"Haldur"},"relative_dates":{"created":"Posted 5 aastat ago","modified":"Updated 2 kuud ago"},"absolute_dates":{"created":"Posted on 25. jaan. 2021","modified":"Updated on 17. m\u00e4rts 2026"},"absolute_dates_time":{"created":"Posted on 25. jaan. 2021 02:48","modified":"Updated on 17. m\u00e4rts 2026 09:26"},"featured_img_caption":"","featured_img":false,"series_order":"","_links":{"self":[{"href":"https:\/\/www.kliinikum.ee\/naistekliinik\/wp-json\/wp\/v2\/pages\/1474","targetHints":{"allow":["GET"]}}],"collection":[{"href":"https:\/\/www.kliinikum.ee\/naistekliinik\/wp-json\/wp\/v2\/pages"}],"about":[{"href":"https:\/\/www.kliinikum.ee\/naistekliinik\/wp-json\/wp\/v2\/types\/page"}],"author":[{"embeddable":true,"href":"https:\/\/www.kliinikum.ee\/naistekliinik\/wp-json\/wp\/v2\/users\/11"}],"replies":[{"embeddable":true,"href":"https:\/\/www.kliinikum.ee\/naistekliinik\/wp-json\/wp\/v2\/comments?post=1474"}],"version-history":[{"count":0,"href":"https:\/\/www.kliinikum.ee\/naistekliinik\/wp-json\/wp\/v2\/pages\/1474\/revisions"}],"up":[{"embeddable":true,"href":"https:\/\/www.kliinikum.ee\/naistekliinik\/wp-json\/wp\/v2\/pages\/418"}],"wp:attachment":[{"href":"https:\/\/www.kliinikum.ee\/naistekliinik\/wp-json\/wp\/v2\/media?parent=1474"}],"curies":[{"name":"wp","href":"https:\/\/api.w.org\/{rel}","templated":true}]}}