{"id":2956,"date":"2023-11-02T13:37:04","date_gmt":"2023-11-02T11:37:04","guid":{"rendered":"https:\/\/www.kliinikum.ee\/naistekliinik\/?page_id=2956"},"modified":"2025-12-23T13:13:57","modified_gmt":"2025-12-23T11:13:57","slug":"tervist_toetavad_teenused","status":"publish","type":"page","link":"https:\/\/www.kliinikum.ee\/naistekliinik\/tervist_toetavad_teenused\/","title":{"rendered":"Tervist toetavad teenused"},"content":{"rendered":"<div id=\"acf-block-block_6f8d8b532bd4ab0cf66604ca0f8286f0\" class=\"acf-block-element  block-accordion\">\r\n<div class=\"accordion\" id=\"accordion-block_6f8d8b532bd4ab0cf66604ca0f8286f0\"><div class=\"card\"><div class=\"card-header\" id=\"heading1-block_6f8d8b532bd4ab0cf66604ca0f8286f0\"><button type=\"button\" class=\"collapsed\" data-toggle=\"collapse\" data-target=\"#collapse1-block_6f8d8b532bd4ab0cf66604ca0f8286f0\" aria-controls=\"collapse1-block_6f8d8b532bd4ab0cf66604ca0f8286f0\">N\u00f5ustamine ja h\u00fcvitised lapseootel peredele <\/button><\/div><div id=\"collapse1-block_6f8d8b532bd4ab0cf66604ca0f8286f0\" class=\"collapse\" aria-labelledby=\"heading1-block_6f8d8b532bd4ab0cf66604ca0f8286f0\" data-parent=\"#accordion-block_6f8d8b532bd4ab0cf66604ca0f8286f0\"><div class=\"card-body\"><div class=\"gutenberg-content\"><p><strong>N\u00f5ustamine raseduse, s\u00fcnnituse ja s\u00fcnnitusj\u00e4rgse perioodiga seotud seadusandluse alal.<br \/>\n<\/strong>N\u00f5ustaja: <em><strong>Terje Soots<\/strong><\/em> <span style=\"color: #ff0000;\">(<\/span><a href=\"mailto:terje.soots@kliinikum.ee\">Terje.Soots@kliinikum.ee)<\/a><\/p>\n<p><strong>Registreerimine<\/strong> vastuv\u00f5tule toimub naistekliiniku registratuuri kaudu.<\/p>\n<p>Vastuv\u00f5tt toimub L.Puusepa 8, G-2 korpuses, I korrusel (naisten\u00f5uandla) kabinetis 147.<\/p>\n<p>Vajadusel on eelneval kokkuleppel v\u00f5imalik ka telefonin\u00f5ustamine.<\/p>\n<p><span style=\"color: #ff0000;\"><strong>NB!<\/strong> <\/span>Teenus on saadaval <span style=\"color: #ff0000;\">ainult naistekliinikus <span style=\"color: #000000;\">rasedusaegsel j\u00e4lgimisel olevatele rasedatele.<\/span><\/span><\/p>\n<\/div><\/div><\/div><\/div><div class=\"card\"><div class=\"card-header\" id=\"heading2-block_6f8d8b532bd4ab0cf66604ca0f8286f0\"><button type=\"button\" class=\"collapsed\" data-toggle=\"collapse\" data-target=\"#collapse2-block_6f8d8b532bd4ab0cf66604ca0f8286f0\" aria-controls=\"collapse2-block_6f8d8b532bd4ab0cf66604ca0f8286f0\">Toitumisterapeut<\/button><\/div><div id=\"collapse2-block_6f8d8b532bd4ab0cf66604ca0f8286f0\" class=\"collapse\" aria-labelledby=\"heading2-block_6f8d8b532bd4ab0cf66604ca0f8286f0\" data-parent=\"#accordion-block_6f8d8b532bd4ab0cf66604ca0f8286f0\"><div class=\"card-body\"><div class=\"gutenberg-content\"><p><strong>TOITUMISN\u00d5USTAMINE<\/strong><\/p>\n<p>Naisten\u00f5uandla perekeskus alustab <strong>toitumisterapeudi <\/strong>teenuse pakkumisega. Teenus on <strong>tasuline<\/strong> ja ei kuulu Tervisekassa poolt kompenseeritavate teenuste nimekirja. Oodatud on ennek\u00f5ike naistekliiniku patsiendid, kuid huvi korral on oodatud ka teiste kliinikute patsiendid.<\/p>\n<p>Kellele v\u00f5iks toitumisterapeudi visiidist abi olla?<\/p>\n<ul>\n<li>Raseduse planeerijad, eriti \u00fcle- ja alakaalulised naised<\/li>\n<li>Rasedad, kellel on suur kaaluiive, kuid ei ole diagnoositud rasedusdiabeeti<\/li>\n<li>Kaasuvate endokrinoloogiliste probleemidega patsiendid (nt pol\u00fcts\u00fcstiliste munasarjade s\u00fcndroomiga v\u00f5i enneaegse menopausiga naised)<\/li>\n<li>Bariaatrilist operatsiooni planeerivad v\u00f5i selle j\u00e4rgsed naised<\/li>\n<li>Bariaatrilise operatsiooni l\u00e4binud rasedad<\/li>\n<li>Menopausiaegse kaalut\u00f5usuga h\u00e4das olevad naised<\/li>\n<li>Naised, kes soovivad parandada oma teadmisi tervislikust toitumisest<\/li>\n<li>\u00dclekaalulised lapsed (vastuv\u00f5tul koos lapsevanemaga)<\/li>\n<\/ul>\n<p>&nbsp;<\/p>\n<p><strong>Toitumisterapeudi<\/strong> vastuv\u00f5tule v\u00f5id tulla, kui soovite:<\/p>\n<ul>\n<li>hinnangut oma men\u00fc\u00fcle- toidugruppide tasakaal ja vastavus toitumisp\u00fcramiidile<\/li>\n<li>oma toitumist tervislikumaks muuta<\/li>\n<li>kui teie eesm\u00e4rk on kehakaalu langetada v\u00f5i hoopis t\u00f5sta<\/li>\n<li>olete noor teismeline, kelle kasvav organism vajab toitaineid tavaolukorrast erinevalt<\/li>\n<li>teha oma peres tervislikumaid valikuid<\/li>\n<li>soovite n\u00f5uandeid, kuidas \u00fche pereliikme erivajaduste t\u00f5ttu toitumises saavad ka teised pereliikmed toetada ja sama men\u00fc\u00fcd v\u00e4ikeste t\u00e4iendustega j\u00e4rgida.<\/li>\n<\/ul>\n<p>Oma t\u00f6\u00f6s l\u00e4htub toitumisterapeut riiklikest t\u00f5endusp\u00f5histest toitumissoovitustest,\u00a0 ravijuhistest ja Tervise Arengu Instituudi materjalidest erinevate haigusseisundite korral. Tasakaalus ja vajadusp\u00f5hine toitumine aitab mitmete haiguste korral toetada arsti poolt m\u00e4\u00e4ratud ravi ja patsiendi eesm\u00e4rke.<\/p>\n<p><strong>Toitumisn\u00f5ustamise vastuv\u00f5tul <\/strong>on meil on 50-60 minutit aega, kus vaatame \u00fcle ja kaardistame hetkeolukorra. Selleks tuleb eelnevalt t\u00e4ita registreerimis leht ning t\u00e4ita kahe p\u00e4eva kohta toidup\u00e4evik, mille teile saadame registreerimise j\u00e4rgselt.\u00a0 Efektiivsema n\u00f5ustamise tagab 2 p\u00e4eva enne kohtumist patsiendi poolt tagasi saadetud t\u00e4idetud <a href=\"https:\/\/www.kliinikum.ee\/naistekliinik\/wp-content\/uploads\/2023\/12\/tt-noustamisele-reg-ankeet.doc\">ankeet<\/a>. Kohtumisel saad hinnangu hetkeolukorrale tervisliku toitumise p\u00f5him\u00f5tetest l\u00e4htuvalt, misj\u00e4rel saab teha muutusi vastavalt elustiilile, v\u00f5imalustele ja vajadustele juba olemasolevas men\u00fc\u00fcs. Kaasa saab ka vajalikud lisamaterjalid ja tegevuskava. Vajadusel lepime kokku ka j\u00e4rgmise kohtumise aja.<\/p>\n<p>Reeglina valmis men\u00fc\u00fcd n\u00f5ustamiselt kaasa ei saa. Miks? Meie k\u00f5igi p\u00e4evar\u00fctm on erinev, elustiil, v\u00f5imalused, energiavajadus ja toidueelistused. Etteantud men\u00fc\u00fc j\u00e4rgi toitumine ei ole j\u00e4tkusuutlik. Oluline on mitmekesisus! Toitumiskava puhul annab inimene vastutuse endalt \u00e4ra ja seega ei ole ka kava j\u00e4rgimine nagunii t\u00e4pne ega p\u00fcsiv protsess.<\/p>\n<p><strong>Kus toimub?<\/strong><\/p>\n<p>Toitumisterapeudi vastuv\u00f5tt toimub Naistekliiniku Perekeskuses, L. Puusepa 8 (sissep\u00e4\u00e4s L. Puusepa t\u00e4nava poolt), <strong>C korpuse I korrusel, ruumis 37 (C1041) <\/strong>(registratuurist ei ole vaja l\u00e4bi minna). Palume minna otse ruumi ukse juurde ootealale.<\/p>\n<p><strong>Neljap\u00e4eviti kell 10.30; 11.30; 12.30<\/strong><\/p>\n<p>Vajalik on etteregistreerimine. <a href=\"https:\/\/app.hopitude.com\/et\/calendar?cl=2231\"><strong>REGISTREERIDA SAAD SIIN<\/strong><\/a><\/p>\n<p>Parkimise info leiad <a href=\"https:\/\/www.kliinikum.ee\/patsiendile\/parkimine\/\">siit<\/a><\/p>\n<p>NB! Tegemist on tasulise teenusega.<\/p>\n<p>\u00dche visiidi maksumus 67 \u20ac (tasutakse broneerimisel)<\/p>\n<p>&nbsp;<\/p>\n<p style=\"text-align: center;\"><strong>Toitumisterapeut Kendra Kairi Vaino\u00a0 \u00a0 \u00a0 \u00a0 \u00a0 \u00a0 \u00a0 \u00a0 \u00a0 <img loading=\"lazy\" decoding=\"async\" class=\"alignnone wp-image-2991\" src=\"https:\/\/www.kliinikum.ee\/naistekliinik\/wp-content\/uploads\/2023\/12\/k.-vaino.jpg\" alt=\"\" width=\"127\" height=\"158\" \/> <\/strong><\/p>\n<p style=\"background: white; vertical-align: baseline; margin: 18.75pt 0cm 12pt; text-align: center;\"><strong><span style=\"color: black; letter-spacing: .75pt; background: whitesmoke;\">Treeneri ja toitumisterapeudina saan sulle pakkuda mitmek\u00fclgset abi parema enesetunde ja elukvaliteedi saavutamisel ka mitmete haiguste korral. Eesm\u00e4rgip\u00e4rane toitumine m\u00e4\u00e4rab suurema osa tulemusest, kuid hea enesetunde aluseks on v\u00f5imaluste piires ka liikumine ja aktiivne eluviis. <\/span><\/strong><\/p>\n<p style=\"text-align: center;\">\n<\/div><\/div><\/div><\/div><div class=\"card\"><div class=\"card-header\" id=\"heading3-block_6f8d8b532bd4ab0cf66604ca0f8286f0\"><button type=\"button\" class=\"collapsed\" data-toggle=\"collapse\" data-target=\"#collapse3-block_6f8d8b532bd4ab0cf66604ca0f8286f0\" aria-controls=\"collapse3-block_6f8d8b532bd4ab0cf66604ca0f8286f0\">Rasedate v\u00f5imlemine ja jooga<\/button><\/div><div id=\"collapse3-block_6f8d8b532bd4ab0cf66604ca0f8286f0\" class=\"collapse\" aria-labelledby=\"heading3-block_6f8d8b532bd4ab0cf66604ca0f8286f0\" data-parent=\"#accordion-block_6f8d8b532bd4ab0cf66604ca0f8286f0\"><div class=\"card-body\"><div class=\"gutenberg-content\"><p><strong>JOOGATUNNID BEEBIOOTAJALE<\/strong><\/p>\n<p>Joogatunnid sobivad kohe alates esimestest raseduskuudest v\u00f5i isegi rasedust planeerides, kuna toetavad rasedust, lapse arengut ema\u00fcsas ning valmistavad sind ette s\u00fcnnituseks ja emarolliks ning \u00f5petavad kuulama ja usaldama oma sisemist tarkust.<\/p>\n<p><strong>Igas joogatunnis praktiseerime:<\/strong><\/p>\n<ul>\n<li>pingeid v\u00e4hendavaid, r\u00fchti toetavaid harjutusi kogu kehale<\/li>\n<li>vereringet ja venivust parandavaid harjutusi vaagna- ja s\u00fcnnitusteede piirkonnale<\/li>\n<li>s\u00fcnnitusasendeid ja k\u00e4itumismudeleid<\/li>\n<li>hingamis- ja l\u00f5dvestumistehnika harjutamist<\/li>\n<li>keskendumisharjutusi ning enese h\u00e4\u00e4lestamist s\u00fcnnitusele ja lapsele.<\/li>\n<\/ul>\n<p>Beebiootaja joogatund kestab<strong> 90 minutit<\/strong> ja koosneb 3 osast:<\/p>\n<p>Hingamistehnika praktiseerimine, harjutused ja asendid (asanad) ning l\u00f5dvestumine.<\/p>\n<p><strong>Joogatundi tulles:<\/strong><\/p>\n<ul>\n<li>v\u00f5imleme sokkides<\/li>\n<li>v\u00f5ta kaasa joogivesi<\/li>\n<li>v\u00f5ta kaasa oma pleed mugavaks l\u00f5dvestuseks<\/li>\n<\/ul>\n<p>&nbsp;<\/p>\n<p><strong>Kus toimub?<\/strong><br \/>\nTreening toimub Naistekliiniku Perekeskuses, L. Puusepa 8 (sissep\u00e4\u00e4s L. Puusepa t\u00e4nava poolt),\u00a0 <strong>C korpuse I korrusel, v\u00f5imlemissaalis (C1035)<\/strong><br \/>\n<strong>Teisip\u00e4eviti kell 18-19.30 ja Neljap\u00e4eviti kell 10-11.30\u00a0 \u00a0<em>(suvisel perioodil toimub ainult teisip\u00e4evane treening)<\/em><\/strong><\/p>\n<p>Vajalik on etteregistreerimine. <a href=\"https:\/\/app.hopitude.com\/et\/calendar?cl=2231\"><strong>TREENINGUTELE SAAD REGISTREERIDA SIIN<\/strong><\/a><\/p>\n<p>Treenijale on riietusruum, kus on lukustatavad kapid, du\u0161iruum, wc.<\/p>\n<p>Parkimise info leiad <a href=\"https:\/\/www.kliinikum.ee\/patsiendile\/parkimine\/\">siit<\/a><\/p>\n<p>NB! Tegemist on tasulise teenusega.<br \/>\n\u00dche treeningu maksumus 13\u20ac<br \/>\nPakett 4x \u2013 41\u20ac<br \/>\nPakett 8x \u2013 82\u20ac<\/p>\n<p>&nbsp;<\/p>\n<p><img loading=\"lazy\" decoding=\"async\" class=\"alignnone wp-image-3326 alignleft\" src=\"https:\/\/www.kliinikum.ee\/naistekliinik\/wp-content\/uploads\/2024\/03\/img_2769-scaled.jpeg\" alt=\"\" width=\"338\" height=\"253\" srcset=\"https:\/\/www.kliinikum.ee\/naistekliinik\/wp-content\/uploads\/2024\/03\/img_2769-scaled.jpeg 2560w, https:\/\/www.kliinikum.ee\/naistekliinik\/wp-content\/uploads\/2024\/03\/img_2769-1400x1050.jpeg 1400w\" sizes=\"auto, (max-width: 338px) 100vw, 338px\" \/>\u00a0 \u00a0 \u00a0 \u00a0 \u00a0 \u00a0 \u00a0 \u00a0 \u00a0 <img loading=\"lazy\" decoding=\"async\" class=\"alignnone wp-image-3323 alignleft\" src=\"https:\/\/www.kliinikum.ee\/naistekliinik\/wp-content\/uploads\/2024\/03\/foto-ops-adeya--scaled.jpg\" alt=\"\" width=\"188\" height=\"282\" srcset=\"https:\/\/www.kliinikum.ee\/naistekliinik\/wp-content\/uploads\/2024\/03\/foto-ops-adeya--scaled.jpg 1707w, https:\/\/www.kliinikum.ee\/naistekliinik\/wp-content\/uploads\/2024\/03\/foto-ops-adeya--933x1400.jpg 933w\" sizes=\"auto, (max-width: 188px) 100vw, 188px\" \/><\/p>\n<p>&nbsp;<\/p>\n<p style=\"text-align: center;\">\u00a0<strong> \u00a0 \u00a0 \u00a0<\/strong><\/p>\n<p style=\"text-align: center;\"><strong>Joogatunde juhendab 15 aastase kogemusega <em>sertifitseeritud<\/em> jooga\u00f5petaja Adeya.<\/strong><\/p>\n<p>&nbsp;<\/p>\n<p>&nbsp;<\/p>\n<p>&nbsp;<\/p>\n<p>Pildid on kasutatud pildil olijate n\u00f5usolekul.<\/p>\n<\/div><\/div><\/div><\/div><div class=\"card\"><div class=\"card-header\" id=\"heading4-block_6f8d8b532bd4ab0cf66604ca0f8286f0\"><button type=\"button\" class=\"collapsed\" data-toggle=\"collapse\" data-target=\"#collapse4-block_6f8d8b532bd4ab0cf66604ca0f8286f0\" aria-controls=\"collapse4-block_6f8d8b532bd4ab0cf66604ca0f8286f0\">Broneeri aeg siin:<\/button><\/div><div id=\"collapse4-block_6f8d8b532bd4ab0cf66604ca0f8286f0\" class=\"collapse\" aria-labelledby=\"heading4-block_6f8d8b532bd4ab0cf66604ca0f8286f0\" data-parent=\"#accordion-block_6f8d8b532bd4ab0cf66604ca0f8286f0\"><div class=\"card-body\"><div class=\"gutenberg-content\"><p>&nbsp;<\/p>\n<p><iframe loading=\"lazy\" src=\"https:\/\/app.hopitude.com\/et\/calendar?cl=2231\" width=\"100%\" height=\"500px\"><br \/>\n<\/iframe><\/p>\n<\/div><\/div><\/div><\/div><\/div><\/div>","protected":false},"excerpt":{"rendered":"","protected":false},"author":18,"featured_media":0,"parent":0,"menu_order":9,"comment_status":"closed","ping_status":"closed","template":"","meta":{"_acf_changed":false,"inline_featured_image":false,"advgb_blocks_editor_width":"","advgb_blocks_columns_visual_guide":"","footnotes":"","_links_to":"","_links_to_target":""},"class_list":["post-2956","page","type-page","status-publish","hentry"],"acf":[],"yoast_head":"<!-- This site is optimized with the Yoast SEO plugin v27.5 - https:\/\/yoast.com\/product\/yoast-seo-wordpress\/ -->\n<title>Tervist toetavad teenused - Naistekliinik<\/title>\n<meta name=\"robots\" content=\"index, follow, max-snippet:-1, max-image-preview:large, max-video-preview:-1\" \/>\n<link rel=\"canonical\" href=\"https:\/\/www.kliinikum.ee\/naistekliinik\/tervist_toetavad_teenused\/\" \/>\n<meta property=\"og:locale\" content=\"et_EE\" \/>\n<meta property=\"og:type\" content=\"article\" \/>\n<meta property=\"og:title\" content=\"Tervist toetavad teenused - Naistekliinik\" \/>\n<meta property=\"og:url\" content=\"https:\/\/www.kliinikum.ee\/naistekliinik\/tervist_toetavad_teenused\/\" \/>\n<meta property=\"og:site_name\" content=\"Naistekliinik\" \/>\n<meta property=\"article:modified_time\" content=\"2025-12-23T11:13:57+00:00\" \/>\n<meta name=\"twitter:card\" content=\"summary_large_image\" \/>\n<script type=\"application\/ld+json\" class=\"yoast-schema-graph\">{\"@context\":\"https:\\\/\\\/schema.org\",\"@graph\":[{\"@type\":\"WebPage\",\"@id\":\"https:\\\/\\\/www.kliinikum.ee\\\/naistekliinik\\\/tervist_toetavad_teenused\\\/\",\"url\":\"https:\\\/\\\/www.kliinikum.ee\\\/naistekliinik\\\/tervist_toetavad_teenused\\\/\",\"name\":\"Tervist toetavad teenused - Naistekliinik\",\"isPartOf\":{\"@id\":\"https:\\\/\\\/www.kliinikum.ee\\\/naistekliinik\\\/#website\"},\"datePublished\":\"2023-11-02T11:37:04+00:00\",\"dateModified\":\"2025-12-23T11:13:57+00:00\",\"breadcrumb\":{\"@id\":\"https:\\\/\\\/www.kliinikum.ee\\\/naistekliinik\\\/tervist_toetavad_teenused\\\/#breadcrumb\"},\"inLanguage\":\"et\",\"potentialAction\":[{\"@type\":\"ReadAction\",\"target\":[\"https:\\\/\\\/www.kliinikum.ee\\\/naistekliinik\\\/tervist_toetavad_teenused\\\/\"]}]},{\"@type\":\"BreadcrumbList\",\"@id\":\"https:\\\/\\\/www.kliinikum.ee\\\/naistekliinik\\\/tervist_toetavad_teenused\\\/#breadcrumb\",\"itemListElement\":[{\"@type\":\"ListItem\",\"position\":1,\"name\":\"Home\",\"item\":\"https:\\\/\\\/www.kliinikum.ee\\\/naistekliinik\\\/\"},{\"@type\":\"ListItem\",\"position\":2,\"name\":\"Tervist toetavad teenused\"}]},{\"@type\":\"WebSite\",\"@id\":\"https:\\\/\\\/www.kliinikum.ee\\\/naistekliinik\\\/#website\",\"url\":\"https:\\\/\\\/www.kliinikum.ee\\\/naistekliinik\\\/\",\"name\":\"Naistekliinik\",\"description\":\"Hoolivus P\u00e4devus Usaldusv\u00e4\u00e4rsus\",\"potentialAction\":[{\"@type\":\"SearchAction\",\"target\":{\"@type\":\"EntryPoint\",\"urlTemplate\":\"https:\\\/\\\/www.kliinikum.ee\\\/naistekliinik\\\/?s={search_term_string}\"},\"query-input\":{\"@type\":\"PropertyValueSpecification\",\"valueRequired\":true,\"valueName\":\"search_term_string\"}}],\"inLanguage\":\"et\"}]}<\/script>\n<!-- \/ Yoast SEO plugin. -->","yoast_head_json":{"title":"Tervist toetavad teenused - Naistekliinik","robots":{"index":"index","follow":"follow","max-snippet":"max-snippet:-1","max-image-preview":"max-image-preview:large","max-video-preview":"max-video-preview:-1"},"canonical":"https:\/\/www.kliinikum.ee\/naistekliinik\/tervist_toetavad_teenused\/","og_locale":"et_EE","og_type":"article","og_title":"Tervist toetavad teenused - Naistekliinik","og_url":"https:\/\/www.kliinikum.ee\/naistekliinik\/tervist_toetavad_teenused\/","og_site_name":"Naistekliinik","article_modified_time":"2025-12-23T11:13:57+00:00","twitter_card":"summary_large_image","schema":{"@context":"https:\/\/schema.org","@graph":[{"@type":"WebPage","@id":"https:\/\/www.kliinikum.ee\/naistekliinik\/tervist_toetavad_teenused\/","url":"https:\/\/www.kliinikum.ee\/naistekliinik\/tervist_toetavad_teenused\/","name":"Tervist toetavad teenused - Naistekliinik","isPartOf":{"@id":"https:\/\/www.kliinikum.ee\/naistekliinik\/#website"},"datePublished":"2023-11-02T11:37:04+00:00","dateModified":"2025-12-23T11:13:57+00:00","breadcrumb":{"@id":"https:\/\/www.kliinikum.ee\/naistekliinik\/tervist_toetavad_teenused\/#breadcrumb"},"inLanguage":"et","potentialAction":[{"@type":"ReadAction","target":["https:\/\/www.kliinikum.ee\/naistekliinik\/tervist_toetavad_teenused\/"]}]},{"@type":"BreadcrumbList","@id":"https:\/\/www.kliinikum.ee\/naistekliinik\/tervist_toetavad_teenused\/#breadcrumb","itemListElement":[{"@type":"ListItem","position":1,"name":"Home","item":"https:\/\/www.kliinikum.ee\/naistekliinik\/"},{"@type":"ListItem","position":2,"name":"Tervist toetavad teenused"}]},{"@type":"WebSite","@id":"https:\/\/www.kliinikum.ee\/naistekliinik\/#website","url":"https:\/\/www.kliinikum.ee\/naistekliinik\/","name":"Naistekliinik","description":"Hoolivus P\u00e4devus Usaldusv\u00e4\u00e4rsus","potentialAction":[{"@type":"SearchAction","target":{"@type":"EntryPoint","urlTemplate":"https:\/\/www.kliinikum.ee\/naistekliinik\/?s={search_term_string}"},"query-input":{"@type":"PropertyValueSpecification","valueRequired":true,"valueName":"search_term_string"}}],"inLanguage":"et"}]}},"coauthors":[],"author_meta":{"author_link":"https:\/\/www.kliinikum.ee\/naistekliinik\/author\/janef\/","display_name":"Jane Freimann"},"relative_dates":{"created":"Posted 3 aastat ago","modified":"Updated 4 kuud ago"},"absolute_dates":{"created":"Posted on 2. nov. 2023","modified":"Updated on 23. dets. 2025"},"absolute_dates_time":{"created":"Posted on 2. nov. 2023 01:37","modified":"Updated on 23. dets. 2025 01:13"},"featured_img_caption":"","featured_img":false,"series_order":"","_links":{"self":[{"href":"https:\/\/www.kliinikum.ee\/naistekliinik\/wp-json\/wp\/v2\/pages\/2956","targetHints":{"allow":["GET"]}}],"collection":[{"href":"https:\/\/www.kliinikum.ee\/naistekliinik\/wp-json\/wp\/v2\/pages"}],"about":[{"href":"https:\/\/www.kliinikum.ee\/naistekliinik\/wp-json\/wp\/v2\/types\/page"}],"author":[{"embeddable":true,"href":"https:\/\/www.kliinikum.ee\/naistekliinik\/wp-json\/wp\/v2\/users\/18"}],"replies":[{"embeddable":true,"href":"https:\/\/www.kliinikum.ee\/naistekliinik\/wp-json\/wp\/v2\/comments?post=2956"}],"version-history":[{"count":0,"href":"https:\/\/www.kliinikum.ee\/naistekliinik\/wp-json\/wp\/v2\/pages\/2956\/revisions"}],"wp:attachment":[{"href":"https:\/\/www.kliinikum.ee\/naistekliinik\/wp-json\/wp\/v2\/media?parent=2956"}],"curies":[{"name":"wp","href":"https:\/\/api.w.org\/{rel}","templated":true}]}}