{"id":569,"date":"2020-10-07T09:11:56","date_gmt":"2020-10-07T06:11:56","guid":{"rendered":"https:\/\/www.kliinikum.ee\/naistekliinik_uus\/?page_id=569"},"modified":"2023-01-26T12:30:02","modified_gmt":"2023-01-26T10:30:02","slug":"spiraali-paigaldamine","status":"publish","type":"page","link":"https:\/\/www.kliinikum.ee\/naistekliinik\/patsiendile\/naistehaigused-ja-protseduurid\/spiraali-paigaldamine\/","title":{"rendered":"Emakasisese vahendi\u00a0 (ESV) paigaldamine"},"content":{"rendered":"\n<p class=\"wp-el\"><strong>&nbsp;&nbsp;&nbsp;&nbsp;&nbsp;&nbsp;&nbsp;&nbsp;&nbsp;&nbsp;&nbsp;&nbsp;&nbsp;&nbsp;&nbsp;&nbsp;&nbsp;&nbsp;&nbsp;&nbsp;&nbsp;&nbsp;&nbsp;&nbsp;&nbsp;&nbsp;&nbsp;&nbsp;&nbsp;&nbsp;&nbsp;&nbsp;&nbsp;&nbsp;&nbsp;&nbsp;&nbsp;&nbsp;&nbsp;&nbsp;&nbsp;&nbsp;&nbsp;&nbsp;&nbsp;&nbsp;&nbsp;&nbsp;&nbsp;&nbsp; &nbsp;&nbsp;&nbsp;&nbsp;&nbsp;&nbsp;&nbsp;&nbsp;&nbsp;&nbsp;&nbsp;&nbsp;&nbsp;&nbsp;&nbsp;&nbsp;&nbsp;&nbsp;&nbsp;&nbsp;&nbsp;&nbsp;<\/strong><\/p>\n\n\n\n<p class=\"wp-el\">Emakasisene vahend asetatakse raseduse v\u00e4ltimiseks emaka\u00f5\u00f5nde.<\/p>\n\n\n\n<p class=\"wp-el\"><strong>Mittehormonaalne ESV<\/strong> sisaldab meditsiiniliselt puhast metalli (vaske, h\u00f5bedat v\u00f5i kulda), ta m\u00f5jutab seemnerakkude liikuvust, v\u00e4hendades nende v\u00f5imet viljastada munarakku.<\/p>\n\n\n\n<p class=\"wp-el\"><strong>Hormonaalne ESV ehk emakasisene s\u00fcsteem (ESS) <\/strong>sisaldab kollaskeha hormooni (progestiini) ning &nbsp;muudab emaka limaskesta raseduse jaoks liiga \u00f5hukeseks; tihendab emakakaela kanali sekreeti nii, et&nbsp; munarakkuviljastavate spermatosoidide p\u00e4\u00e4s emakasse on raskendatud; v\u00e4hendab spermatosoidide liikuvust emakas ja munajuhades; harva v\u00f5ib \u00e4ra j\u00e4\u00e4da ka ovulatsioon. Hormonaalne ESV on saadaval kahes suuruses ja erineva hormooni annusega.<\/p>\n\n\n\n<p class=\"wp-el\">ESV sobib naistele,&nbsp; kes soovivad pikaajalist&nbsp; raseduse v\u00e4ltimist (kontratseptsiooni) ja kes mingil p\u00f5hjusel ei tohi v\u00f5i ei taha kasutada muid rasestumisvastaseid &nbsp;meetodeid. Nii hormonaalne kui mittehormonaalne ESV sobivad imetavale emale, kuna ei m\u00f5juta rinnapiima hulka ega kvaliteeti. Hormonaalne ESV sobib ravivahendina naistele, kellel on vererohked menstruatsioonid, kuna aitab v\u00e4hendada vereeritust ja sellest tingitud aneemiat.<\/p>\n\n\n\n<p class=\"wp-el\">M\u00f5lemat t\u00fc\u00fcpi emakasisest vahendit saab paigaldada nii s\u00fcnnitanud kui s\u00fcnnitamata naisele.<\/p>\n\n\n\n<p class=\"wp-el\">S\u00f5ltuvalt ESV t\u00fc\u00fcbist kaitseb see raseduse eest kolm kuni kuus aastat ja rasestumisvastane toime avaldub kohe peale paigaldamist.<\/p>\n\n\n\n<p class=\"wp-el\">ESV paigaldamise eelselt on vajalik g\u00fcnekoloogiline l\u00e4bivaatus ning vajadusel anal\u00fc\u00fcside v\u00f5tmine.<\/p>\n\n\n\n<p class=\"wp-el\"><strong>ESV paigaldamine<\/strong> v\u00f5ib p\u00f5hjustada v\u00e4hest valu v\u00f5i ebamugavust paigaldamise ajal ja vahetult p\u00e4rast seda. Selle leevendamiseks on soovitav 30 min enne protseduuri v\u00f5tta&nbsp; ibuprofeeni ja\/v\u00f5i paratsetamooli.<\/p>\n\n\n\n<p class=\"wp-el\">ESV v\u00f5ib paigaldada igal ajal, kuid peab olema kindel, et Te ei ole rase. &nbsp;Enne ESV paigaldamist v\u00f5ib arst paluda Teil teha rasedustest. S\u00fcnnitusj\u00e4rgselt on soovitav ESV paigaldada mitte varem kui 6-8 n\u00e4dalat p\u00e4rast s\u00fcnnitust. P\u00e4rast raseduse katkestamist v\u00f5ib ESV paigaldada kohe.<\/p>\n\n\n\n<p class=\"wp-el\"><strong>P\u00e4rast ESV paigaldamist<\/strong> v\u00f5ib l\u00fchikest aega esineda alak\u00f5huvalu. Valu leevendamiseks kasutage k\u00e4sim\u00fc\u00fcgis saada olevaid valuvaigisteid (nt ibuprofeen 400 mg kuni 3 korda p\u00e4evas v\u00f5i paratsetamool 1 g kuni 3 korda p\u00e4evas).&nbsp; 7 p\u00e4eva jooksul p\u00e4rast ESV paigaldamist \u00e4rge olge ilma kondoomita vahekorras. Metalli sisaldava spiraali paigaldamise j\u00e4rgselt v\u00f5ib esimestel&nbsp; kuudel menstruatsioon olla tavalisest vererohkem ja kesta kauem.<\/p>\n\n\n\n<p class=\"wp-el\"><strong>Mittehormonaalset ESV ei tohi paigaldada<\/strong> kui naine on rase v\u00f5i kahtlustab rasedust; suguelundite \u00e4geda p\u00f5letiku ja ebaselge p\u00f5hjusega veritsuste korral; kui naisel esineb v\u00f5i kahtlustatakse emaka- v\u00f5i emakakaela v\u00e4hki; emaka v\u00e4\u00e4rarendite v\u00f5i emaka\u00f5\u00f5ne kuju oluliselt muutvate kasvajate esinemisel; vere h\u00fc\u00fcbimish\u00e4irete ja vase allergia korral. Samuti ei ole mittehormonaalne ESV sobiv, kui naisel esinevad v\u00e4ga vererohked menstruatsioonid ja nendest tingitud kehvveresus e. aneemia.<\/p>\n\n\n\n<p class=\"wp-el\"><strong>Hormonaalset ESV ei tohi paigaldada<\/strong> kui naine on rase v\u00f5i kahtlustab rasedust; suguelundite \u00e4geda p\u00f5letiku ja ebaselge p\u00f5hjusega veritsuste korral; kui naisel esineb v\u00f5i kahtlustatakse emaka-, &nbsp;emakakaela- v\u00f5i rinnav\u00e4hki; kui esineb maksahaigus v\u00f5i maksakasvaja; esineb emaka v\u00e4\u00e4rarend v\u00f5i emaka\u00f5\u00f5ne kuju oluliselt muutev kasvaja; on allergia silikoonile, pol\u00fcet\u00fcleenile, r\u00e4nile, baariumsulfaadile v\u00f5i raudoksiidile.<\/p>\n\n\n\n<p class=\"wp-el\"><strong>V\u00f5imalikud t\u00fcsistused<\/strong><\/p>\n\n\n\n<ul class=\"wp-el wp-block-list\">\n<li>ESV v\u00e4ljumine. Emakalihase kokkut\u00f5mbed menstruatsiooni ajal ning rohke vereeritus v\u00f5ivad l\u00fckata ESV emakast emakakaelakanalisse v\u00f5i tuppe. Tavaliselt kaasneb sellega k\u00f5huvalu ja vereeritus. ESV v\u00e4ljumise kahtluse korral p\u00f6\u00f6rduge kontrolliks naistearsti juurde.<\/li>\n\n\n\n<li>Rasestumine ESV kasutamise ajal. Kui olete rasestunud ja soovite rasedust s\u00e4ilitada, on soovitav ESV eemaldada. Kui ESV eemaldatakse raseduse ajal v\u00f5i kui ESV eemaldamine eba\u00f5nnestub ja see j\u00e4\u00e4b raseduse ajaks emakasse, on suurem oht raseduse katkemiseks v\u00f5i enneaegseks s\u00fcnnituseks. ESV kasutamise ajal on v\u00f5imalik ka emakav\u00e4lise raseduse tekkimine. Positiivse rasedustesti korral on vajalik koheselt p\u00f6\u00f6rduda naistearsti vastuv\u00f5tule.<\/li>\n\n\n\n<li>Aneemia e. kehvveresus. Mittehormonaalne ESV v\u00f5ib suurendada menstruaalvere hulka ja seega ka aneemia riski. Hormonaalse ESV kasutamisel on menstruatsioonid enamasti v\u00e4hese vereeritusega ning aneemiat ei teki.<\/li>\n\n\n\n<li>Hormonaalse ESV paigaldamise j\u00e4rgselt v\u00f5ib esineda m\u00e4\u00e4rivat veritsust kuni 2 kuu jooksul, harva kauem.<\/li>\n\n\n\n<li>Hormonaalse ESV kasutamisel v\u00f5ib menstruatsioon muutuda v\u00e4ga v\u00e4heseks v\u00f5i ka puududa. Tegemist ei ole haigusliku muutusega.<\/li>\n\n\n\n<li>Emaka mulgustumine (perforatsioon). V\u00e4ga harva, enamasti paigaldamise ajal, v\u00f5ib ESV tungida emaka seina v\u00f5i l\u00e4bida emaka seina.<\/li>\n<\/ul>\n\n\n\n<p class=\"wp-el\">ESV saab patsiendi soovil eemaldada igal ajal. Peale ESV eemaldamist taastub naise viljastumisv\u00f5ime.<\/p>\n","protected":false},"excerpt":{"rendered":"<p>&nbsp;&nbsp;&nbsp;&nbsp;&nbsp;&nbsp;&nbsp;&nbsp;&nbsp;&nbsp;&nbsp;&nbsp;&nbsp;&nbsp;&nbsp;&nbsp;&nbsp;&nbsp;&nbsp;&nbsp;&nbsp;&nbsp;&nbsp;&nbsp;&nbsp;&nbsp;&nbsp;&nbsp;&nbsp;&nbsp;&nbsp;&nbsp;&nbsp;&nbsp;&nbsp;&nbsp;&nbsp;&nbsp;&nbsp;&nbsp;&nbsp;&nbsp;&nbsp;&nbsp;&nbsp;&nbsp;&nbsp;&nbsp;&nbsp;&nbsp; &nbsp;&nbsp;&nbsp;&nbsp;&nbsp;&nbsp;&nbsp;&nbsp;&nbsp;&nbsp;&nbsp;&nbsp;&nbsp;&nbsp;&nbsp;&nbsp;&nbsp;&nbsp;&nbsp;&nbsp;&nbsp;&nbsp; Emakasisene vahend asetatakse raseduse v\u00e4ltimiseks emaka\u00f5\u00f5nde. Mittehormonaalne ESV sisaldab meditsiiniliselt puhast metalli (vaske, h\u00f5bedat v\u00f5i kulda), ta m\u00f5jutab&#8230;<\/p>\n","protected":false},"author":11,"featured_media":0,"parent":514,"menu_order":100,"comment_status":"closed","ping_status":"closed","template":"","meta":{"_acf_changed":false,"inline_featured_image":false,"advgb_blocks_editor_width":"","advgb_blocks_columns_visual_guide":"","footnotes":"","_links_to":"","_links_to_target":""},"class_list":["post-569","page","type-page","status-publish","hentry"],"acf":[],"yoast_head":"<!-- This site is optimized with the Yoast SEO plugin v27.3 - https:\/\/yoast.com\/product\/yoast-seo-wordpress\/ -->\n<title>Emakasisese vahendi\u00a0 (ESV) paigaldamine - Naistekliinik<\/title>\n<meta name=\"robots\" content=\"index, follow, max-snippet:-1, max-image-preview:large, max-video-preview:-1\" \/>\n<link rel=\"canonical\" href=\"https:\/\/www.kliinikum.ee\/naistekliinik\/patsiendile\/naistehaigused-ja-protseduurid\/spiraali-paigaldamine\/\" \/>\n<meta property=\"og:locale\" content=\"et_EE\" \/>\n<meta property=\"og:type\" content=\"article\" \/>\n<meta property=\"og:title\" content=\"Emakasisese vahendi\u00a0 (ESV) paigaldamine - Naistekliinik\" \/>\n<meta property=\"og:description\" content=\"&nbsp;&nbsp;&nbsp;&nbsp;&nbsp;&nbsp;&nbsp;&nbsp;&nbsp;&nbsp;&nbsp;&nbsp;&nbsp;&nbsp;&nbsp;&nbsp;&nbsp;&nbsp;&nbsp;&nbsp;&nbsp;&nbsp;&nbsp;&nbsp;&nbsp;&nbsp;&nbsp;&nbsp;&nbsp;&nbsp;&nbsp;&nbsp;&nbsp;&nbsp;&nbsp;&nbsp;&nbsp;&nbsp;&nbsp;&nbsp;&nbsp;&nbsp;&nbsp;&nbsp;&nbsp;&nbsp;&nbsp;&nbsp;&nbsp;&nbsp; &nbsp;&nbsp;&nbsp;&nbsp;&nbsp;&nbsp;&nbsp;&nbsp;&nbsp;&nbsp;&nbsp;&nbsp;&nbsp;&nbsp;&nbsp;&nbsp;&nbsp;&nbsp;&nbsp;&nbsp;&nbsp;&nbsp; Emakasisene vahend asetatakse raseduse v\u00e4ltimiseks emaka\u00f5\u00f5nde. Mittehormonaalne ESV sisaldab meditsiiniliselt puhast metalli (vaske, h\u00f5bedat v\u00f5i kulda), ta m\u00f5jutab...\" \/>\n<meta property=\"og:url\" content=\"https:\/\/www.kliinikum.ee\/naistekliinik\/patsiendile\/naistehaigused-ja-protseduurid\/spiraali-paigaldamine\/\" \/>\n<meta property=\"og:site_name\" content=\"Naistekliinik\" \/>\n<meta property=\"article:modified_time\" content=\"2023-01-26T10:30:02+00:00\" \/>\n<meta name=\"twitter:card\" content=\"summary_large_image\" \/>\n<meta name=\"twitter:label1\" content=\"Est. reading time\" \/>\n\t<meta name=\"twitter:data1\" content=\"4 minutit\" \/>\n<script type=\"application\/ld+json\" class=\"yoast-schema-graph\">{\"@context\":\"https:\\\/\\\/schema.org\",\"@graph\":[{\"@type\":\"WebPage\",\"@id\":\"https:\\\/\\\/www.kliinikum.ee\\\/naistekliinik\\\/patsiendile\\\/naistehaigused-ja-protseduurid\\\/spiraali-paigaldamine\\\/\",\"url\":\"https:\\\/\\\/www.kliinikum.ee\\\/naistekliinik\\\/patsiendile\\\/naistehaigused-ja-protseduurid\\\/spiraali-paigaldamine\\\/\",\"name\":\"Emakasisese vahendi\u00a0 (ESV) paigaldamine - Naistekliinik\",\"isPartOf\":{\"@id\":\"https:\\\/\\\/www.kliinikum.ee\\\/naistekliinik\\\/#website\"},\"datePublished\":\"2020-10-07T06:11:56+00:00\",\"dateModified\":\"2023-01-26T10:30:02+00:00\",\"breadcrumb\":{\"@id\":\"https:\\\/\\\/www.kliinikum.ee\\\/naistekliinik\\\/patsiendile\\\/naistehaigused-ja-protseduurid\\\/spiraali-paigaldamine\\\/#breadcrumb\"},\"inLanguage\":\"et\",\"potentialAction\":[{\"@type\":\"ReadAction\",\"target\":[\"https:\\\/\\\/www.kliinikum.ee\\\/naistekliinik\\\/patsiendile\\\/naistehaigused-ja-protseduurid\\\/spiraali-paigaldamine\\\/\"]}]},{\"@type\":\"BreadcrumbList\",\"@id\":\"https:\\\/\\\/www.kliinikum.ee\\\/naistekliinik\\\/patsiendile\\\/naistehaigused-ja-protseduurid\\\/spiraali-paigaldamine\\\/#breadcrumb\",\"itemListElement\":[{\"@type\":\"ListItem\",\"position\":1,\"name\":\"Home\",\"item\":\"https:\\\/\\\/www.kliinikum.ee\\\/naistekliinik\\\/\"},{\"@type\":\"ListItem\",\"position\":2,\"name\":\"Patsiendile\",\"item\":\"https:\\\/\\\/www.kliinikum.ee\\\/naistekliinik\\\/patsiendile\\\/\"},{\"@type\":\"ListItem\",\"position\":3,\"name\":\"Naistehaigused ja protseduurid\",\"item\":\"https:\\\/\\\/www.kliinikum.ee\\\/naistekliinik\\\/patsiendile\\\/naistehaigused-ja-protseduurid\\\/\"},{\"@type\":\"ListItem\",\"position\":4,\"name\":\"Emakasisese vahendi\u00a0 (ESV) paigaldamine\"}]},{\"@type\":\"WebSite\",\"@id\":\"https:\\\/\\\/www.kliinikum.ee\\\/naistekliinik\\\/#website\",\"url\":\"https:\\\/\\\/www.kliinikum.ee\\\/naistekliinik\\\/\",\"name\":\"Naistekliinik\",\"description\":\"Hoolivus P\u00e4devus Usaldusv\u00e4\u00e4rsus\",\"potentialAction\":[{\"@type\":\"SearchAction\",\"target\":{\"@type\":\"EntryPoint\",\"urlTemplate\":\"https:\\\/\\\/www.kliinikum.ee\\\/naistekliinik\\\/?s={search_term_string}\"},\"query-input\":{\"@type\":\"PropertyValueSpecification\",\"valueRequired\":true,\"valueName\":\"search_term_string\"}}],\"inLanguage\":\"et\"}]}<\/script>\n<!-- \/ Yoast SEO plugin. -->","yoast_head_json":{"title":"Emakasisese vahendi\u00a0 (ESV) paigaldamine - Naistekliinik","robots":{"index":"index","follow":"follow","max-snippet":"max-snippet:-1","max-image-preview":"max-image-preview:large","max-video-preview":"max-video-preview:-1"},"canonical":"https:\/\/www.kliinikum.ee\/naistekliinik\/patsiendile\/naistehaigused-ja-protseduurid\/spiraali-paigaldamine\/","og_locale":"et_EE","og_type":"article","og_title":"Emakasisese vahendi\u00a0 (ESV) paigaldamine - Naistekliinik","og_description":"&nbsp;&nbsp;&nbsp;&nbsp;&nbsp;&nbsp;&nbsp;&nbsp;&nbsp;&nbsp;&nbsp;&nbsp;&nbsp;&nbsp;&nbsp;&nbsp;&nbsp;&nbsp;&nbsp;&nbsp;&nbsp;&nbsp;&nbsp;&nbsp;&nbsp;&nbsp;&nbsp;&nbsp;&nbsp;&nbsp;&nbsp;&nbsp;&nbsp;&nbsp;&nbsp;&nbsp;&nbsp;&nbsp;&nbsp;&nbsp;&nbsp;&nbsp;&nbsp;&nbsp;&nbsp;&nbsp;&nbsp;&nbsp;&nbsp;&nbsp; &nbsp;&nbsp;&nbsp;&nbsp;&nbsp;&nbsp;&nbsp;&nbsp;&nbsp;&nbsp;&nbsp;&nbsp;&nbsp;&nbsp;&nbsp;&nbsp;&nbsp;&nbsp;&nbsp;&nbsp;&nbsp;&nbsp; Emakasisene vahend asetatakse raseduse v\u00e4ltimiseks emaka\u00f5\u00f5nde. Mittehormonaalne ESV sisaldab meditsiiniliselt puhast metalli (vaske, h\u00f5bedat v\u00f5i kulda), ta m\u00f5jutab...","og_url":"https:\/\/www.kliinikum.ee\/naistekliinik\/patsiendile\/naistehaigused-ja-protseduurid\/spiraali-paigaldamine\/","og_site_name":"Naistekliinik","article_modified_time":"2023-01-26T10:30:02+00:00","twitter_card":"summary_large_image","twitter_misc":{"Est. reading time":"4 minutit"},"schema":{"@context":"https:\/\/schema.org","@graph":[{"@type":"WebPage","@id":"https:\/\/www.kliinikum.ee\/naistekliinik\/patsiendile\/naistehaigused-ja-protseduurid\/spiraali-paigaldamine\/","url":"https:\/\/www.kliinikum.ee\/naistekliinik\/patsiendile\/naistehaigused-ja-protseduurid\/spiraali-paigaldamine\/","name":"Emakasisese vahendi\u00a0 (ESV) paigaldamine - Naistekliinik","isPartOf":{"@id":"https:\/\/www.kliinikum.ee\/naistekliinik\/#website"},"datePublished":"2020-10-07T06:11:56+00:00","dateModified":"2023-01-26T10:30:02+00:00","breadcrumb":{"@id":"https:\/\/www.kliinikum.ee\/naistekliinik\/patsiendile\/naistehaigused-ja-protseduurid\/spiraali-paigaldamine\/#breadcrumb"},"inLanguage":"et","potentialAction":[{"@type":"ReadAction","target":["https:\/\/www.kliinikum.ee\/naistekliinik\/patsiendile\/naistehaigused-ja-protseduurid\/spiraali-paigaldamine\/"]}]},{"@type":"BreadcrumbList","@id":"https:\/\/www.kliinikum.ee\/naistekliinik\/patsiendile\/naistehaigused-ja-protseduurid\/spiraali-paigaldamine\/#breadcrumb","itemListElement":[{"@type":"ListItem","position":1,"name":"Home","item":"https:\/\/www.kliinikum.ee\/naistekliinik\/"},{"@type":"ListItem","position":2,"name":"Patsiendile","item":"https:\/\/www.kliinikum.ee\/naistekliinik\/patsiendile\/"},{"@type":"ListItem","position":3,"name":"Naistehaigused ja protseduurid","item":"https:\/\/www.kliinikum.ee\/naistekliinik\/patsiendile\/naistehaigused-ja-protseduurid\/"},{"@type":"ListItem","position":4,"name":"Emakasisese vahendi\u00a0 (ESV) paigaldamine"}]},{"@type":"WebSite","@id":"https:\/\/www.kliinikum.ee\/naistekliinik\/#website","url":"https:\/\/www.kliinikum.ee\/naistekliinik\/","name":"Naistekliinik","description":"Hoolivus P\u00e4devus Usaldusv\u00e4\u00e4rsus","potentialAction":[{"@type":"SearchAction","target":{"@type":"EntryPoint","urlTemplate":"https:\/\/www.kliinikum.ee\/naistekliinik\/?s={search_term_string}"},"query-input":{"@type":"PropertyValueSpecification","valueRequired":true,"valueName":"search_term_string"}}],"inLanguage":"et"}]}},"coauthors":[],"author_meta":{"author_link":"https:\/\/www.kliinikum.ee\/naistekliinik\/author\/haldur\/","display_name":"Haldur"},"relative_dates":{"created":"Posted 6 aastat ago","modified":"Updated 3 aastat ago"},"absolute_dates":{"created":"Posted on 7. okt. 2020","modified":"Updated on 26. jaan. 2023"},"absolute_dates_time":{"created":"Posted on 7. okt. 2020 09:11","modified":"Updated on 26. jaan. 2023 12:30"},"featured_img_caption":"","featured_img":false,"series_order":"","_links":{"self":[{"href":"https:\/\/www.kliinikum.ee\/naistekliinik\/wp-json\/wp\/v2\/pages\/569","targetHints":{"allow":["GET"]}}],"collection":[{"href":"https:\/\/www.kliinikum.ee\/naistekliinik\/wp-json\/wp\/v2\/pages"}],"about":[{"href":"https:\/\/www.kliinikum.ee\/naistekliinik\/wp-json\/wp\/v2\/types\/page"}],"author":[{"embeddable":true,"href":"https:\/\/www.kliinikum.ee\/naistekliinik\/wp-json\/wp\/v2\/users\/11"}],"replies":[{"embeddable":true,"href":"https:\/\/www.kliinikum.ee\/naistekliinik\/wp-json\/wp\/v2\/comments?post=569"}],"version-history":[{"count":0,"href":"https:\/\/www.kliinikum.ee\/naistekliinik\/wp-json\/wp\/v2\/pages\/569\/revisions"}],"up":[{"embeddable":true,"href":"https:\/\/www.kliinikum.ee\/naistekliinik\/wp-json\/wp\/v2\/pages\/514"}],"wp:attachment":[{"href":"https:\/\/www.kliinikum.ee\/naistekliinik\/wp-json\/wp\/v2\/media?parent=569"}],"curies":[{"name":"wp","href":"https:\/\/api.w.org\/{rel}","templated":true}]}}