{"id":577,"date":"2020-10-07T09:16:28","date_gmt":"2020-10-07T06:16:28","guid":{"rendered":"https:\/\/www.kliinikum.ee\/naistekliinik_uus\/?page_id=577"},"modified":"2020-10-07T09:16:29","modified_gmt":"2020-10-07T06:16:29","slug":"emakaoone-abrasioon-ja-prooviabrasioon","status":"publish","type":"page","link":"https:\/\/www.kliinikum.ee\/naistekliinik\/patsiendile\/naistehaigused-ja-protseduurid\/emakaoone-abrasioon-ja-prooviabrasioon\/","title":{"rendered":"Emaka\u00f5\u00f5ne abrasioon ja prooviabrasioon"},"content":{"rendered":"\n<p class=\"wp-el\">Emaka\u00f5\u00f5ne abrasioon (k\u00f5nekeeles ka emaka\u00f5\u00f5ne puhastus) on protseduur, mille k\u00e4igus eemaldatakse spetsiaalse aasataolise instrumendiga (k\u00fcretiga) emaka\u00f5\u00f5nt vooderdav limaskest. Emaka limaskest taastub \u00fcldjuhul j\u00e4rgmise menstruatsioonits\u00fckli k\u00e4igus.<\/p>\n\n\n\n<p class=\"wp-el\"><strong>Abrasiooni peamiseks n\u00e4idustuseks on emakaverejooks, mis v\u00f5ib olla tingitud<br><\/strong>\u2022 menstruatsioonits\u00fckli h\u00e4iretest<br>\u2022 raseduse t\u00fcsistustest: raseduse iseeneslik katkemine, loote kasvu peetus ja hukkumine varases raseduse j\u00e4rgus (nn. peetunud rasedus).<\/p>\n\n\n\n<p class=\"wp-el\">Peetunud raseduse korral teostatakse abrasioon ka juhtudel kui verejooksu ei ole, kuna reeglina tekib iseeneslik verejooks varem v\u00f5i hiljem niikuinii.<br>Abrasiooni \u00fcheks alaliigiks on prooviabrasioon (emakalimaskesta kaabe diagnoosi t\u00e4psustamiseks)<\/p>\n\n\n\n<p class=\"wp-el\"><strong>Prooviabrasiooni n\u00e4idustuseks on:<br><\/strong>\u2022 ebaselge p\u00f5hjusega emakaverejooksud;<br>\u2022 ultraheliuuringul avastatud emaka limaskesta patoloogia (nt. pol\u00fc\u00fcp) v\u00f5i selle kahtlus;<br>\u2022 emakakaela onkots\u00fctoloogilisel uuringul ebat\u00fc\u00fcpiline tulemus.<\/p>\n\n\n\n<p class=\"wp-el\"><strong>Protseduuri kulg<br><\/strong>Emaka\u00f5\u00f5ne abrasioon teostatakse l\u00fchiaegses narkoosis tupe kaudu. Esmalt teostatakse g\u00fcnekoloogiline l\u00e4bivaatus, et t\u00e4psustada emaka suurust ja asendit. Seej\u00e4rel laiendatakse vajadusel emakakaelakanalit ning eemaldatakse emaka\u00f5\u00f5nest limaskest v\u00f5i raseduse korral peetunud looteosised. Vajadusel saadetakse kaabe uuringule. Kogu protseduur kestab orienteeruvalt 5-15 minutit.<\/p>\n\n\n\n<p class=\"wp-el\"><strong>Protseduurij\u00e4rgne periood<br><\/strong>Abrasiooni j\u00e4rgselt viibite j\u00e4lgimisel m\u00f5ne tunni v\u00e4ltel. Kui olete narkoosist t\u00e4ielikult toibunud, v\u00f5ite haiglast lahkuda eelnevalt personali informeerides.<br>\u2022 24 tunni jooksul p\u00e4rast narkoosi ei ole lubatud juhtida autot ega teha muid kiiret reageerimist n\u00f5udvaid toiminguid. Narkoosiks kasutatud ravimid v\u00f5ivad aeglustada reaktsioonikiirust.<br>\u2022 Peale emaka\u00f5\u00f5ne abrasiooni v\u00f5ib esineda veritsust tupest 2 n\u00e4dala v\u00e4ltel.<br>\u2022 Rohke vereerituse, palaviku v\u00f5i k\u00f5huvalu t\u00f5ttu tuleb p\u00f6\u00f6rduda p\u00e4eval naisten\u00f5uandlasse arsti vastuv\u00f5tule v\u00f5i muul ajal haiglasse.<br>\u2022 Suguelu pole soovitav 2 n\u00e4dala v\u00e4ltel peale abrasiooni.<br>\u2022 Uus menstruatsioon peaks algama 4-5 n\u00e4dala p\u00e4rast peale abrasiooni teostamist. Kui menstruatsioon ei ole selleks ajaks alanud, p\u00f6\u00f6rduge p\u00f5hjuse v\u00e4ljaselgitamiseks arsti poole.<\/p>\n\n\n\n<p class=\"wp-el\"><strong>V\u00f5imalikud t\u00fcsistused<br><\/strong>Abrasioonij\u00e4rgselt v\u00f5ib tekkida verejooks, mis on tingitud emaka kokkut\u00f5mmete h\u00e4irumisest.<br>Verejooksu peatamiseks kasutatakse emaka kokkut\u00f5mbeid tugevdavaid ravimeid.<br>Protseduuri ajal v\u00f5ib tekkida emaka v\u00f5i emakakaela vigastus. Vigastuse oht on suurem, kui naine ei ole s\u00fcnnitanud, esinevad emaka v\u00e4\u00e4rarendid (nt. emaka vahesein) v\u00f5i emaka\u00f5\u00f5s on deformeerunud m\u00fcoomis\u00f5lme(de) t\u00f5ttu. Emakaseina vigastuse korral v\u00f5ib tekkida vajadus operatsiooniks.<br>Abrasioonij\u00e4rgselt v\u00f5ib tekkida vere ja raseduse korral looteosiste peetus emaka\u00f5\u00f5nde. M\u00f5lemal juhul on vajalik hiljem emakakaela uuesti laiendada ja emaka\u00f5\u00f5s veelkordselt abraseerida.<br>Abrasioonij\u00e4rgselt v\u00f5ib tekkida emaka ja v\u00e4ikse vaagna organite p\u00f5letik, mis vajab antibakteriaalset ravi.<br>Risk p\u00f5letike tekkeks on oluliselt suurem, kui esinevad sugulisel teel levivad infektsioonitekitajad.<br>On v\u00f5imalikud ka narkoosist tingitud t\u00fcsistused. Need on enamasti seotud \u00fclitundlikkusega ravimitele.<br>V\u00f5imalik on ka toidu ja joomise keelu eiramisest tingitud oksendamine narkoosi ajal ning sellele j\u00e4rgnev oksemasside sattumine hingamisteedesse ja l\u00e4mbumisoht.<\/p>\n\n\n\n<p class=\"wp-el\"><strong>Et viia t\u00fcsistuste tekke risk v\u00f5imalikult v\u00e4ikeseks palume Teid informeerida arsti:<br><\/strong>\u2022 oma teada olevatest haigustest ja tarvitatavatest ravimitest.<br>\u2022 oma tervislikust seisundist protseduurile tulles<br>\u2022 teada olevast \u00fclitundlikkusest ravimitele<br>Enne protseduurile tulekut peate olema 6 tundi s\u00f6\u00f6mata ja joomata, ei tohi suitsetada ega n\u00e4rida n\u00e4rimiskummi, et v\u00e4ltida oksendamist ja happelise maosisu sattumist kopsudesse.<\/p>\n","protected":false},"excerpt":{"rendered":"<p>Emaka\u00f5\u00f5ne abrasioon (k\u00f5nekeeles ka emaka\u00f5\u00f5ne puhastus) on protseduur, mille k\u00e4igus eemaldatakse spetsiaalse aasataolise instrumendiga (k\u00fcretiga) emaka\u00f5\u00f5nt vooderdav limaskest. Emaka limaskest&#8230;<\/p>\n","protected":false},"author":11,"featured_media":0,"parent":514,"menu_order":140,"comment_status":"closed","ping_status":"closed","template":"","meta":{"_acf_changed":false,"inline_featured_image":false,"advgb_blocks_editor_width":"","advgb_blocks_columns_visual_guide":"","footnotes":"","_links_to":"","_links_to_target":""},"class_list":["post-577","page","type-page","status-publish","hentry"],"acf":[],"yoast_head":"<!-- This site is optimized with the Yoast SEO plugin v27.5 - https:\/\/yoast.com\/product\/yoast-seo-wordpress\/ -->\n<title>Emaka\u00f5\u00f5ne abrasioon ja prooviabrasioon - Naistekliinik<\/title>\n<meta name=\"robots\" content=\"index, follow, max-snippet:-1, max-image-preview:large, max-video-preview:-1\" \/>\n<link rel=\"canonical\" href=\"https:\/\/www.kliinikum.ee\/naistekliinik\/patsiendile\/naistehaigused-ja-protseduurid\/emakaoone-abrasioon-ja-prooviabrasioon\/\" \/>\n<meta property=\"og:locale\" content=\"et_EE\" \/>\n<meta property=\"og:type\" content=\"article\" \/>\n<meta property=\"og:title\" content=\"Emaka\u00f5\u00f5ne abrasioon ja prooviabrasioon - Naistekliinik\" \/>\n<meta property=\"og:description\" content=\"Emaka\u00f5\u00f5ne abrasioon (k\u00f5nekeeles ka emaka\u00f5\u00f5ne puhastus) on protseduur, mille k\u00e4igus eemaldatakse spetsiaalse aasataolise instrumendiga (k\u00fcretiga) emaka\u00f5\u00f5nt vooderdav limaskest. Emaka limaskest...\" \/>\n<meta property=\"og:url\" content=\"https:\/\/www.kliinikum.ee\/naistekliinik\/patsiendile\/naistehaigused-ja-protseduurid\/emakaoone-abrasioon-ja-prooviabrasioon\/\" \/>\n<meta property=\"og:site_name\" content=\"Naistekliinik\" \/>\n<meta property=\"article:modified_time\" content=\"2020-10-07T06:16:29+00:00\" \/>\n<meta name=\"twitter:card\" content=\"summary_large_image\" \/>\n<meta name=\"twitter:label1\" content=\"Est. reading time\" \/>\n\t<meta name=\"twitter:data1\" content=\"3 minutit\" \/>\n<script type=\"application\/ld+json\" class=\"yoast-schema-graph\">{\"@context\":\"https:\\\/\\\/schema.org\",\"@graph\":[{\"@type\":\"WebPage\",\"@id\":\"https:\\\/\\\/www.kliinikum.ee\\\/naistekliinik\\\/patsiendile\\\/naistehaigused-ja-protseduurid\\\/emakaoone-abrasioon-ja-prooviabrasioon\\\/\",\"url\":\"https:\\\/\\\/www.kliinikum.ee\\\/naistekliinik\\\/patsiendile\\\/naistehaigused-ja-protseduurid\\\/emakaoone-abrasioon-ja-prooviabrasioon\\\/\",\"name\":\"Emaka\u00f5\u00f5ne abrasioon ja prooviabrasioon - Naistekliinik\",\"isPartOf\":{\"@id\":\"https:\\\/\\\/www.kliinikum.ee\\\/naistekliinik\\\/#website\"},\"datePublished\":\"2020-10-07T06:16:28+00:00\",\"dateModified\":\"2020-10-07T06:16:29+00:00\",\"breadcrumb\":{\"@id\":\"https:\\\/\\\/www.kliinikum.ee\\\/naistekliinik\\\/patsiendile\\\/naistehaigused-ja-protseduurid\\\/emakaoone-abrasioon-ja-prooviabrasioon\\\/#breadcrumb\"},\"inLanguage\":\"et\",\"potentialAction\":[{\"@type\":\"ReadAction\",\"target\":[\"https:\\\/\\\/www.kliinikum.ee\\\/naistekliinik\\\/patsiendile\\\/naistehaigused-ja-protseduurid\\\/emakaoone-abrasioon-ja-prooviabrasioon\\\/\"]}]},{\"@type\":\"BreadcrumbList\",\"@id\":\"https:\\\/\\\/www.kliinikum.ee\\\/naistekliinik\\\/patsiendile\\\/naistehaigused-ja-protseduurid\\\/emakaoone-abrasioon-ja-prooviabrasioon\\\/#breadcrumb\",\"itemListElement\":[{\"@type\":\"ListItem\",\"position\":1,\"name\":\"Home\",\"item\":\"https:\\\/\\\/www.kliinikum.ee\\\/naistekliinik\\\/\"},{\"@type\":\"ListItem\",\"position\":2,\"name\":\"Patsiendile\",\"item\":\"https:\\\/\\\/www.kliinikum.ee\\\/naistekliinik\\\/patsiendile\\\/\"},{\"@type\":\"ListItem\",\"position\":3,\"name\":\"Naistehaigused ja protseduurid\",\"item\":\"https:\\\/\\\/www.kliinikum.ee\\\/naistekliinik\\\/patsiendile\\\/naistehaigused-ja-protseduurid\\\/\"},{\"@type\":\"ListItem\",\"position\":4,\"name\":\"Emaka\u00f5\u00f5ne abrasioon ja prooviabrasioon\"}]},{\"@type\":\"WebSite\",\"@id\":\"https:\\\/\\\/www.kliinikum.ee\\\/naistekliinik\\\/#website\",\"url\":\"https:\\\/\\\/www.kliinikum.ee\\\/naistekliinik\\\/\",\"name\":\"Naistekliinik\",\"description\":\"Hoolivus P\u00e4devus Usaldusv\u00e4\u00e4rsus\",\"potentialAction\":[{\"@type\":\"SearchAction\",\"target\":{\"@type\":\"EntryPoint\",\"urlTemplate\":\"https:\\\/\\\/www.kliinikum.ee\\\/naistekliinik\\\/?s={search_term_string}\"},\"query-input\":{\"@type\":\"PropertyValueSpecification\",\"valueRequired\":true,\"valueName\":\"search_term_string\"}}],\"inLanguage\":\"et\"}]}<\/script>\n<!-- \/ Yoast SEO plugin. -->","yoast_head_json":{"title":"Emaka\u00f5\u00f5ne abrasioon ja prooviabrasioon - Naistekliinik","robots":{"index":"index","follow":"follow","max-snippet":"max-snippet:-1","max-image-preview":"max-image-preview:large","max-video-preview":"max-video-preview:-1"},"canonical":"https:\/\/www.kliinikum.ee\/naistekliinik\/patsiendile\/naistehaigused-ja-protseduurid\/emakaoone-abrasioon-ja-prooviabrasioon\/","og_locale":"et_EE","og_type":"article","og_title":"Emaka\u00f5\u00f5ne abrasioon ja prooviabrasioon - Naistekliinik","og_description":"Emaka\u00f5\u00f5ne abrasioon (k\u00f5nekeeles ka emaka\u00f5\u00f5ne puhastus) on protseduur, mille k\u00e4igus eemaldatakse spetsiaalse aasataolise instrumendiga (k\u00fcretiga) emaka\u00f5\u00f5nt vooderdav limaskest. Emaka limaskest...","og_url":"https:\/\/www.kliinikum.ee\/naistekliinik\/patsiendile\/naistehaigused-ja-protseduurid\/emakaoone-abrasioon-ja-prooviabrasioon\/","og_site_name":"Naistekliinik","article_modified_time":"2020-10-07T06:16:29+00:00","twitter_card":"summary_large_image","twitter_misc":{"Est. reading time":"3 minutit"},"schema":{"@context":"https:\/\/schema.org","@graph":[{"@type":"WebPage","@id":"https:\/\/www.kliinikum.ee\/naistekliinik\/patsiendile\/naistehaigused-ja-protseduurid\/emakaoone-abrasioon-ja-prooviabrasioon\/","url":"https:\/\/www.kliinikum.ee\/naistekliinik\/patsiendile\/naistehaigused-ja-protseduurid\/emakaoone-abrasioon-ja-prooviabrasioon\/","name":"Emaka\u00f5\u00f5ne abrasioon ja prooviabrasioon - Naistekliinik","isPartOf":{"@id":"https:\/\/www.kliinikum.ee\/naistekliinik\/#website"},"datePublished":"2020-10-07T06:16:28+00:00","dateModified":"2020-10-07T06:16:29+00:00","breadcrumb":{"@id":"https:\/\/www.kliinikum.ee\/naistekliinik\/patsiendile\/naistehaigused-ja-protseduurid\/emakaoone-abrasioon-ja-prooviabrasioon\/#breadcrumb"},"inLanguage":"et","potentialAction":[{"@type":"ReadAction","target":["https:\/\/www.kliinikum.ee\/naistekliinik\/patsiendile\/naistehaigused-ja-protseduurid\/emakaoone-abrasioon-ja-prooviabrasioon\/"]}]},{"@type":"BreadcrumbList","@id":"https:\/\/www.kliinikum.ee\/naistekliinik\/patsiendile\/naistehaigused-ja-protseduurid\/emakaoone-abrasioon-ja-prooviabrasioon\/#breadcrumb","itemListElement":[{"@type":"ListItem","position":1,"name":"Home","item":"https:\/\/www.kliinikum.ee\/naistekliinik\/"},{"@type":"ListItem","position":2,"name":"Patsiendile","item":"https:\/\/www.kliinikum.ee\/naistekliinik\/patsiendile\/"},{"@type":"ListItem","position":3,"name":"Naistehaigused ja protseduurid","item":"https:\/\/www.kliinikum.ee\/naistekliinik\/patsiendile\/naistehaigused-ja-protseduurid\/"},{"@type":"ListItem","position":4,"name":"Emaka\u00f5\u00f5ne abrasioon ja prooviabrasioon"}]},{"@type":"WebSite","@id":"https:\/\/www.kliinikum.ee\/naistekliinik\/#website","url":"https:\/\/www.kliinikum.ee\/naistekliinik\/","name":"Naistekliinik","description":"Hoolivus P\u00e4devus Usaldusv\u00e4\u00e4rsus","potentialAction":[{"@type":"SearchAction","target":{"@type":"EntryPoint","urlTemplate":"https:\/\/www.kliinikum.ee\/naistekliinik\/?s={search_term_string}"},"query-input":{"@type":"PropertyValueSpecification","valueRequired":true,"valueName":"search_term_string"}}],"inLanguage":"et"}]}},"coauthors":[],"author_meta":{"author_link":"https:\/\/www.kliinikum.ee\/naistekliinik\/author\/haldur\/","display_name":"Haldur"},"relative_dates":{"created":"Posted 6 aastat ago","modified":"Updated 6 aastat ago"},"absolute_dates":{"created":"Posted on 7. okt. 2020","modified":"Updated on 7. okt. 2020"},"absolute_dates_time":{"created":"Posted on 7. okt. 2020 09:16","modified":"Updated on 7. okt. 2020 09:16"},"featured_img_caption":"","featured_img":false,"series_order":"","_links":{"self":[{"href":"https:\/\/www.kliinikum.ee\/naistekliinik\/wp-json\/wp\/v2\/pages\/577","targetHints":{"allow":["GET"]}}],"collection":[{"href":"https:\/\/www.kliinikum.ee\/naistekliinik\/wp-json\/wp\/v2\/pages"}],"about":[{"href":"https:\/\/www.kliinikum.ee\/naistekliinik\/wp-json\/wp\/v2\/types\/page"}],"author":[{"embeddable":true,"href":"https:\/\/www.kliinikum.ee\/naistekliinik\/wp-json\/wp\/v2\/users\/11"}],"replies":[{"embeddable":true,"href":"https:\/\/www.kliinikum.ee\/naistekliinik\/wp-json\/wp\/v2\/comments?post=577"}],"version-history":[{"count":0,"href":"https:\/\/www.kliinikum.ee\/naistekliinik\/wp-json\/wp\/v2\/pages\/577\/revisions"}],"up":[{"embeddable":true,"href":"https:\/\/www.kliinikum.ee\/naistekliinik\/wp-json\/wp\/v2\/pages\/514"}],"wp:attachment":[{"href":"https:\/\/www.kliinikum.ee\/naistekliinik\/wp-json\/wp\/v2\/media?parent=577"}],"curies":[{"name":"wp","href":"https:\/\/api.w.org\/{rel}","templated":true}]}}