{"id":583,"date":"2020-10-07T09:20:20","date_gmt":"2020-10-07T06:20:20","guid":{"rendered":"https:\/\/www.kliinikum.ee\/naistekliinik_uus\/?page_id=583"},"modified":"2024-08-05T09:18:23","modified_gmt":"2024-08-05T06:18:23","slug":"laparoskoopia","status":"publish","type":"page","link":"https:\/\/www.kliinikum.ee\/naistekliinik\/patsiendile\/naistehaigused-ja-protseduurid\/laparoskoopia\/","title":{"rendered":"Laparoskoopia g\u00fcnekoloogias"},"content":{"rendered":"\n<h1 class=\"wp-block-heading wp-el\"><\/h1>\n\n\n\n<p class=\"wp-el\">Laparoskoopia on endoskoopiline operatsioonimeetod, mille puhul k\u00f5hukatteid ei avata traditsioonilise k\u00f5hul\u00f5ikega, vaid operatsioon teostatakse l\u00e4bi v\u00e4ikeste avauste k\u00f5hu\u00f5\u00f5nde viidud spetsiaalsete instrumentide abil. Laparoskoopia eeliseks avatud k\u00f5hu\u00f5\u00f5ne l\u00f5ikuste ees on oluliselt v\u00e4iksem kudede trauma, millest tulenevalt on operatsioonij\u00e4rgne taastumine kiirem, haavavalu ja operatsiooniarmid v\u00e4iksemad.<\/p>\n\n\n\n<p class=\"wp-el\">Laparoskoopia k\u00e4igus saab vaadelda k\u00f5hu\u00f5\u00f5ne organeid erinevate haiguste ja muutuste avastamiseks, saab v\u00f5tta uuringuteks proove, kontrollida munajuhade l\u00e4bitavust (diagnostiline laparoskoopia) ning teostada erinevaid operatsioone (operatiivne laparoskoopia).<\/p>\n\n\n\n<figure class=\"wp-block-image size-large is-resized\"><img loading=\"lazy\" decoding=\"async\" width=\"444\" height=\"368\" src=\"https:\/\/www.kliinikum.ee\/naistekliinik\/wp-content\/uploads\/2020\/10\/laparoskoopia.jpg\" alt=\"\" class=\"wp-image-604\" style=\"width:1171px;height:auto\" \/><\/figure>\n\n\n\n<p class=\"wp-el\">Laparoskoopiliselt on v\u00f5imalik teostada erineva raskusastmega operatsioone:<\/p>\n\n\n\n<ul class=\"wp-block-list wp-el\">\n<li>liidete vabastamine k\u00f5hukoopas.<\/li>\n\n\n\n<li>Operatsioonid steriliseerimise eesm\u00e4rgil.<\/li>\n\n\n\n<li>Operatsioonid endometrioosi korral.<\/li>\n\n\n\n<li>Healoomuliste munasarja-, munajuha- ja emakakasvajate eemaldamine.<\/li>\n\n\n\n<li>Operatsioonid erakorraliste seisundite korral (ektoopiline ehk emakav\u00e4line rasedus, p\u00f5letikulised protsessid, verejooks munasarjast, ts\u00fcsti l\u00f5hkemine, kasvaja, munasarja- v\u00f5i munajuha p\u00f6\u00f6rdumine).<\/li>\n\n\n\n<li>Emaka eemaldamisega seotud operatsioonid:\n<ul class=\"wp-block-list wp-el\">\n<li><em>laparoskoopiline supratservikaalne h\u00fcsterektoomia\u00a0<\/em>ehk\u00a0<strong>LASH\u00a0<\/strong>on emaka osaline eemaldamine, emakakael j\u00e4etakse alles. Emakas t\u00fckeldatakse spetsiaalse instrumendi abil ja v\u00e4ljutatakse k\u00f5hukoopast preparaadikoti sees v\u00e4ikese k\u00f5huhaava kaudu;<\/li>\n\n\n\n<li><em>laparoskoopiline h\u00fcsterektoomia\u00a0<\/em>ehk\u00a0<strong>LH\u00a0<\/strong>on emaka eemaldamine koos emakakaelaga<em>.<\/em>\u00a0Emakas v\u00e4ljutatakse tupe kaudu, tupehaav \u00f5mmeldakse laparoskoopiliselt.<\/li>\n<\/ul>\n<\/li>\n\n\n\n<li>Emaka ja tupeseinte allavajega seotud operatsioonid:\n<ul class=\"wp-block-list wp-el\">\n<li><em>laparoskoopiline lateraalsuspensioon\u00a0<\/em>ehk\u00a0<strong>LLS\u00a0<\/strong>ja\u00a0<em>laparoskoopiline pektopeksia\u00a0<\/em>ehk\u00a0<strong>LP\u00a0<\/strong>on n\u00e4idustatud teatud t\u00fc\u00fcpi vaagnaorganite allavaje esinemisel. Spetsiaalsete v\u00f5rks\u00fcsteemidega t\u00f5stetakse nii emakas kui ka tupeseinad \u00f5igele anatoomilisele tasandile. V\u00f5rgu kinnituskohad on nende kahe meetodi puhul v\u00e4ikese erinevusega. Millist meetodit valida, s\u00f5ltub naise anatoomiast ja allavaje iseloomust. Nende operatsioonide korral ei ole tingimata vajalik emaka eemaldamine;<\/li>\n\n\n\n<li><em>laparoskoopiline sakrokolpopeksia\u00a0<\/em>ehk\u00a0<strong>LSP\u00a0<\/strong>on n\u00e4idustatud ulatuslikuma vaagnaorganite allavaje korral. Selle meetodi valimise korral on parema tulemuse saavutamiseks vajalik teostada ka laparoskoopiline supratservikaalne h\u00fcsterektoomia (LASH). Seej\u00e4rel fikseeritakse disainitud Y- kujuline v\u00f5rk emakakaela k\u00f6ndile ja kinnitatakse selgroo k\u00fclge.<\/li>\n<\/ul>\n<\/li>\n<\/ul>\n\n\n\n<p class=\"wp-el\"><strong>Operatsiooniks ettevalmistus<\/strong><\/p>\n\n\n\n<p class=\"wp-el\">1 kuu enne operatsiooni on vajalik teha operatsioonieelsed anal\u00fc\u00fcsid, selleks tuleb registreeruda naistearsti vastuv\u00f5tule.<\/p>\n\n\n\n<p class=\"wp-el\">\u00dcle 70-aasta vanustel, s\u00fcdamehaigusi, suhkruhaigust v\u00f5i muid kroonilisi haigusi p\u00f5devatel patsientidel ja \u00fclekaalulistel patsientidel, kellel KMI&gt;40, palume enne haiglasse tulekut k\u00e4ia anestesioloogi visiidil, et otsustada sobiv anesteesia meetod. Anestesioloogi juurde on vajalik saatekiri, mille annab Teile naistearst. Enne operatsiooni verevedeldajate \u00e4raj\u00e4tmise kohta saate informatsiooni samuti anestesioloogilt. Semaglutiidi v\u00f5ib s\u00fcstida hiljemalt 1 n\u00e4dal enne operatsiooni.<\/p>\n\n\n\n<p class=\"wp-el\">Haiglasse tuleku p\u00e4eval vormistatakse Teid haiglasse, t\u00e4idetakse haiguslugu. Operatsiooni l\u00f5plik plaan ja maht otsustatakse Teid opereeriva arsti\/arstide poolt, sealjuures arvestatakse v\u00f5imalusel ka Teie poolseid soove. Arst informeerib Teid operatsiooni olemusest, samuti pakutava teenuse osutamisega kaasnevatest ohtudest ja tagaj\u00e4rgedest.<\/p>\n\n\n\n<p class=\"wp-el\">Et viia t\u00fcsistuste tekke risk v\u00f5imalikult v\u00e4ikeseks, palume Teid enne laparoskoopiat informeerida arsti:<\/p>\n\n\n\n<ul class=\"wp-block-list wp-el\">\n<li>enda teadaolevatest haigustest ja tarvitatavatest ravimitest,<\/li>\n\n\n\n<li>enda terviseseisundist operatsioonile tulles (nt viirusinfektsioon),<\/li>\n\n\n\n<li>teadaolevast \u00fclitundlikkusest ravimitele.<\/li>\n<\/ul>\n\n\n\n<p class=\"wp-el\">Operatsioon toimub reeglina j\u00e4rgmisel p\u00e4eval.<\/p>\n\n\n\n<p class=\"wp-el\">Operatsioonip\u00e4eval peate olema s\u00f6\u00f6mata v\u00e4hemalt 6 tundi ja joomata (gaseerimata vesi) kuni 1 tund enne operatsiooni.<\/p>\n\n\n\n<p class=\"wp-el\">Operatsioonip\u00e4eval ei tohi suitsetada ega n\u00e4rida n\u00e4rimiskummi, et v\u00e4ltida oksendamist ja happelise maosisu sattumist kopsudesse.<\/p>\n\n\n\n<p class=\"wp-el\">Operatsioonile eelneva dieedi ja lahtistite kasutamise osas j\u00e4rgige arsti soovitusi.<\/p>\n\n\n\n<p class=\"wp-el\"><strong>Operatsiooni kulg<\/strong><\/p>\n\n\n\n<p class=\"wp-el\">Operatsioon teostatakse \u00fcldnarkoosis. Esmalt t\u00e4idetakse k\u00f5hu\u00f5\u00f5s s\u00fcsihappegaasiga l\u00e4bi spetsiaalse \u00f5hun\u00f5ela. Gaas t\u00f5stab k\u00f5hu eesseina siseorganitest k\u00f5rgemale, tagades sellega hea n\u00e4htavuse k\u00f5hukoopas ja piisava ruumi instrumentide kasutamiseks. Nahale tehakse 3-4 l\u00f5iget: 1-2 cm pikkune l\u00f5ige nabar\u00f5nga l\u00e4hedale, mille kaudu viiakse k\u00f5hu\u00f5\u00f5nde laparoskoop, ja 2-3 umbes 0,5-2cm pikkust l\u00f5iget alak\u00f5hule, mille kaudu viiakse k\u00f5hu\u00f5\u00f5nde operatsiooniinstrumendid. M\u00f5ne operatsiooni puhul (LLS) tehakse alak\u00f5hule 5 v\u00e4ikest haava.<\/p>\n\n\n\n<p class=\"wp-el\">Operatsiooni kestus on keskmiselt 1-3 tundi s\u00f5ltuvalt operatsiooni mahust.<\/p>\n\n\n\n<p class=\"wp-el\">P\u00e4rast operatsiooni l\u00f5petamist lastakse gaas k\u00f5hu\u00f5\u00f5nest v\u00e4lja ning haavad suletakse.<\/p>\n\n\n\n<p class=\"wp-el\">Eemaldatud koed (ts\u00fcst, m\u00fcoomis\u00f5lm, emakas jt) saadetakse alati histoloogilisele uuringule. Histoloogiline uuring v\u00f5imaldab kinnitada ja t\u00e4psustada diagnoosi. Uuringu tulemused edastatakse digilukku umbes 2 n\u00e4dala m\u00f6\u00f6dudes.<\/p>\n\n\n\n<p class=\"wp-el\">Operatsioonil v\u00f5ib harva esineda j\u00e4rgmiseid t\u00fcsistusi:<\/p>\n\n\n\n<ul class=\"wp-block-list wp-el\">\n<li>k\u00f5husisene verejooks;<\/li>\n\n\n\n<li>tromboos (veresoone ummistumine vereh\u00fc\u00fcbega);<\/li>\n\n\n\n<li>gaasemboolia (veresoone sulgumine gaasimulliga);<\/li>\n\n\n\n<li>siseorganite (soolte, kusep\u00f5ie, veresoonte vigastused) mehhaanilised v\u00f5i elektrilised traumad. Selliste t\u00fcsistuste tagaj\u00e4rjel on m\u00f5nikord vajalik avada k\u00f5hu\u00f5\u00f5s traditsioonilise k\u00f5hul\u00f5ikega. Vigastuse hilisemal ilmnemisel v\u00f5ib olla vajalik kordusoperatsioon;<\/li>\n\n\n\n<li>narkoosist tingitud t\u00fcsistused. Need on enamasti seotud \u00fclitundlikkusega ravimitele. V\u00f5imalik on ka toidu ja joomise keelu eiramisest tingitud oksendamine narkoosi ajal ning sellele j\u00e4rgnev oksemasside sattumine hingamisteedesse ja l\u00e4mbumisoht.<\/li>\n<\/ul>\n\n\n\n<p class=\"wp-el\">NB! Operatsiooni ajal v\u00f5ib tekkida olukord, kus planeeritav operatsioon ei ole tehniliselt laparoskoopiliselt teostatav. N\u00e4iteks esinevad k\u00f5hu\u00f5\u00f5nes tugevad liited, mis takistavad p\u00e4\u00e4su k\u00f5hu\u00f5\u00f5nde v\u00f5i ei ulatu instrumendid opereeritava piirkonnani rohke rasvkoe t\u00f5ttu k\u00f5hu eesseinal. Samuti v\u00f5ib haigusprotsess osutuda ulatuslikumaks ja vajada laialdasemat juurdep\u00e4\u00e4su opereeritavale piirkonnale. Sellistel juhtudel minnakse \u00fcle avatud k\u00f5hu\u00f5\u00f5ne l\u00f5ikusele.<\/p>\n\n\n\n<p class=\"wp-el\"><strong>Operatsioonij\u00e4rgne periood<\/strong><\/p>\n\n\n\n<p class=\"wp-el\">P\u00e4rast operatsiooni j\u00e4lgitakse Teid k\u00f5igepealt \u00e4rkamisruumis (<em>recovery<\/em>), sealt viiakse edasi g\u00fcnekoloogia osakonda. Suuremate operatsioonide korral j\u00e4lgitakse Teid g\u00fcnekoloogia osakonna intensiivravipalatis j\u00e4rgmise p\u00e4eva hommikuni. Edasi viiakse Teid tagasi oma palatisse. Lihtsamate operatsioonide korral viiakse Teid p\u00e4rast operatsioonij\u00e4rgset \u00e4rkamist tavapalatisse. Haiglas viibite tavaliselt 2-3 p\u00e4eva, suuremate operatsioonide korral saate koju vastavalt terviseseisundile. Vajadusel kirjutatakse Teile koju kaasa valuvaigistid v\u00f5i p\u00f5letikuvastased ravimid. J\u00e4relkontrolli vajadus otsustatakse individuaalselt.<\/p>\n\n\n\n<p class=\"wp-el\">K\u00f5huhaava \u00f5mblused eemaldab pere\u00f5de 6-8 p\u00e4eva p\u00e4rast operatsiooni.<\/p>\n\n\n\n<p class=\"wp-el\">Teil on \u00f5igus t\u00f6\u00f6v\u00f5imetuslehele, mis v\u00e4ljastatakse haiglas, seda saab pikendada nii naistearst kui ka perearst.<\/p>\n\n\n\n<p class=\"wp-el\">Operatsioonij\u00e4rgselt on soovitav v\u00e4ltida raskuste t\u00f5stmist (\u00fcle 5-6 kg). Toit peaks olema kergesti seeditav, mitte tekitama k\u00f5hugaase ja k\u00f5hukinnisust.<\/p>\n\n\n\n<p class=\"wp-el\">Re\u017eiimist r\u00e4\u00e4gib Teile t\u00e4psemalt opereerinud naistearst.<\/p>\n\n\n\n<p class=\"wp-el\">Sagedasemad probleemid vahetult p\u00e4rast operatsiooni on l\u00fchiajaline k\u00f5huvalu, valu kiirgumine \u00f5lga ja kaela, tavaliselt m\u00f6\u00f6duvad need s\u00fcmptomid 2-3 (harva 7) p\u00e4eva jooksul.<\/p>\n\n\n\n<p class=\"wp-el\">T\u00fcsistused ja probleemid v\u00f5ivad ilmneda ka 1 kuu jooksul p\u00e4rast operatsiooni.<\/p>\n\n\n\n<p class=\"wp-el\">Kindlasti tuleb arsti juurde p\u00f6\u00f6rduda, kui operatsioonij\u00e4rgselt tekib kodus:<\/p>\n\n\n\n<ul class=\"wp-block-list wp-el\">\n<li>kehatemperatuuri t\u00f5us \u00fcle 38\u00b0C;<\/li>\n\n\n\n<li>tugev valu k\u00f5hus;<\/li>\n\n\n\n<li>olulised seedetalituse ja urineerimish\u00e4ired;<\/li>\n\n\n\n<li>rohke ja ebameeldivalt l\u00f5hnav eritis tupest;<\/li>\n\n\n\n<li>verejooks suguelunditest.<\/li>\n<\/ul>\n\n\n\n<p class=\"wp-el\"><strong>T\u00f6\u00f6p\u00e4evadel kell 08.00-18.00 p\u00f6\u00f6rduge naisten\u00f5uandla valvekabinetti; n\u00e4dalavahetusel, \u00f6\u00f6sel ja riigip\u00fchadel EMOsse.<\/strong><\/p>\n\n\n\n<p class=\"wp-el\"><em>Koostajad: dr \u00dclle Kadastik ja dr Pille Soplepmann<br>2024<\/em><\/p>\n","protected":false},"excerpt":{"rendered":"<p>Laparoskoopia on endoskoopiline operatsioonimeetod, mille puhul k\u00f5hukatteid ei avata traditsioonilise k\u00f5hul\u00f5ikega, vaid operatsioon teostatakse l\u00e4bi v\u00e4ikeste avauste k\u00f5hu\u00f5\u00f5nde viidud spetsiaalsete&#8230;<\/p>\n","protected":false},"author":11,"featured_media":0,"parent":514,"menu_order":170,"comment_status":"closed","ping_status":"closed","template":"","meta":{"_acf_changed":false,"inline_featured_image":false,"advgb_blocks_editor_width":"","advgb_blocks_columns_visual_guide":"","footnotes":"","_links_to":"","_links_to_target":""},"class_list":["post-583","page","type-page","status-publish","hentry"],"acf":[],"yoast_head":"<!-- This site is optimized with the Yoast SEO plugin v27.5 - https:\/\/yoast.com\/product\/yoast-seo-wordpress\/ -->\n<title>Laparoskoopia g\u00fcnekoloogias - Naistekliinik<\/title>\n<meta name=\"robots\" content=\"index, follow, max-snippet:-1, max-image-preview:large, max-video-preview:-1\" \/>\n<link rel=\"canonical\" href=\"https:\/\/www.kliinikum.ee\/naistekliinik\/patsiendile\/naistehaigused-ja-protseduurid\/laparoskoopia\/\" \/>\n<meta property=\"og:locale\" content=\"et_EE\" \/>\n<meta property=\"og:type\" content=\"article\" \/>\n<meta property=\"og:title\" content=\"Laparoskoopia g\u00fcnekoloogias - Naistekliinik\" \/>\n<meta property=\"og:description\" content=\"Laparoskoopia on endoskoopiline operatsioonimeetod, mille puhul k\u00f5hukatteid ei avata traditsioonilise k\u00f5hul\u00f5ikega, vaid operatsioon teostatakse l\u00e4bi v\u00e4ikeste avauste k\u00f5hu\u00f5\u00f5nde viidud spetsiaalsete...\" \/>\n<meta property=\"og:url\" content=\"https:\/\/www.kliinikum.ee\/naistekliinik\/patsiendile\/naistehaigused-ja-protseduurid\/laparoskoopia\/\" \/>\n<meta property=\"og:site_name\" content=\"Naistekliinik\" \/>\n<meta property=\"article:modified_time\" content=\"2024-08-05T06:18:23+00:00\" \/>\n<meta property=\"og:image\" content=\"https:\/\/www.kliinikum.ee\/naistekliinik\/wp-content\/uploads\/2020\/10\/laparoskoopia.jpg\" \/>\n<meta name=\"twitter:card\" content=\"summary_large_image\" \/>\n<meta name=\"twitter:label1\" content=\"Est. reading time\" \/>\n\t<meta name=\"twitter:data1\" content=\"5 minutit\" \/>\n<script type=\"application\/ld+json\" class=\"yoast-schema-graph\">{\"@context\":\"https:\\\/\\\/schema.org\",\"@graph\":[{\"@type\":\"WebPage\",\"@id\":\"https:\\\/\\\/www.kliinikum.ee\\\/naistekliinik\\\/patsiendile\\\/naistehaigused-ja-protseduurid\\\/laparoskoopia\\\/\",\"url\":\"https:\\\/\\\/www.kliinikum.ee\\\/naistekliinik\\\/patsiendile\\\/naistehaigused-ja-protseduurid\\\/laparoskoopia\\\/\",\"name\":\"Laparoskoopia g\u00fcnekoloogias - Naistekliinik\",\"isPartOf\":{\"@id\":\"https:\\\/\\\/www.kliinikum.ee\\\/naistekliinik\\\/#website\"},\"primaryImageOfPage\":{\"@id\":\"https:\\\/\\\/www.kliinikum.ee\\\/naistekliinik\\\/patsiendile\\\/naistehaigused-ja-protseduurid\\\/laparoskoopia\\\/#primaryimage\"},\"image\":{\"@id\":\"https:\\\/\\\/www.kliinikum.ee\\\/naistekliinik\\\/patsiendile\\\/naistehaigused-ja-protseduurid\\\/laparoskoopia\\\/#primaryimage\"},\"thumbnailUrl\":\"https:\\\/\\\/www.kliinikum.ee\\\/naistekliinik\\\/wp-content\\\/uploads\\\/2020\\\/10\\\/laparoskoopia.jpg\",\"datePublished\":\"2020-10-07T06:20:20+00:00\",\"dateModified\":\"2024-08-05T06:18:23+00:00\",\"breadcrumb\":{\"@id\":\"https:\\\/\\\/www.kliinikum.ee\\\/naistekliinik\\\/patsiendile\\\/naistehaigused-ja-protseduurid\\\/laparoskoopia\\\/#breadcrumb\"},\"inLanguage\":\"et\",\"potentialAction\":[{\"@type\":\"ReadAction\",\"target\":[\"https:\\\/\\\/www.kliinikum.ee\\\/naistekliinik\\\/patsiendile\\\/naistehaigused-ja-protseduurid\\\/laparoskoopia\\\/\"]}]},{\"@type\":\"ImageObject\",\"inLanguage\":\"et\",\"@id\":\"https:\\\/\\\/www.kliinikum.ee\\\/naistekliinik\\\/patsiendile\\\/naistehaigused-ja-protseduurid\\\/laparoskoopia\\\/#primaryimage\",\"url\":\"https:\\\/\\\/www.kliinikum.ee\\\/naistekliinik\\\/wp-content\\\/uploads\\\/2020\\\/10\\\/laparoskoopia.jpg\",\"contentUrl\":\"https:\\\/\\\/www.kliinikum.ee\\\/naistekliinik\\\/wp-content\\\/uploads\\\/2020\\\/10\\\/laparoskoopia.jpg\",\"width\":444,\"height\":368},{\"@type\":\"BreadcrumbList\",\"@id\":\"https:\\\/\\\/www.kliinikum.ee\\\/naistekliinik\\\/patsiendile\\\/naistehaigused-ja-protseduurid\\\/laparoskoopia\\\/#breadcrumb\",\"itemListElement\":[{\"@type\":\"ListItem\",\"position\":1,\"name\":\"Home\",\"item\":\"https:\\\/\\\/www.kliinikum.ee\\\/naistekliinik\\\/\"},{\"@type\":\"ListItem\",\"position\":2,\"name\":\"Patsiendile\",\"item\":\"https:\\\/\\\/www.kliinikum.ee\\\/naistekliinik\\\/patsiendile\\\/\"},{\"@type\":\"ListItem\",\"position\":3,\"name\":\"Naistehaigused ja protseduurid\",\"item\":\"https:\\\/\\\/www.kliinikum.ee\\\/naistekliinik\\\/patsiendile\\\/naistehaigused-ja-protseduurid\\\/\"},{\"@type\":\"ListItem\",\"position\":4,\"name\":\"Laparoskoopia g\u00fcnekoloogias\"}]},{\"@type\":\"WebSite\",\"@id\":\"https:\\\/\\\/www.kliinikum.ee\\\/naistekliinik\\\/#website\",\"url\":\"https:\\\/\\\/www.kliinikum.ee\\\/naistekliinik\\\/\",\"name\":\"Naistekliinik\",\"description\":\"Hoolivus P\u00e4devus Usaldusv\u00e4\u00e4rsus\",\"potentialAction\":[{\"@type\":\"SearchAction\",\"target\":{\"@type\":\"EntryPoint\",\"urlTemplate\":\"https:\\\/\\\/www.kliinikum.ee\\\/naistekliinik\\\/?s={search_term_string}\"},\"query-input\":{\"@type\":\"PropertyValueSpecification\",\"valueRequired\":true,\"valueName\":\"search_term_string\"}}],\"inLanguage\":\"et\"}]}<\/script>\n<!-- \/ Yoast SEO plugin. -->","yoast_head_json":{"title":"Laparoskoopia g\u00fcnekoloogias - Naistekliinik","robots":{"index":"index","follow":"follow","max-snippet":"max-snippet:-1","max-image-preview":"max-image-preview:large","max-video-preview":"max-video-preview:-1"},"canonical":"https:\/\/www.kliinikum.ee\/naistekliinik\/patsiendile\/naistehaigused-ja-protseduurid\/laparoskoopia\/","og_locale":"et_EE","og_type":"article","og_title":"Laparoskoopia g\u00fcnekoloogias - Naistekliinik","og_description":"Laparoskoopia on endoskoopiline operatsioonimeetod, mille puhul k\u00f5hukatteid ei avata traditsioonilise k\u00f5hul\u00f5ikega, vaid operatsioon teostatakse l\u00e4bi v\u00e4ikeste avauste k\u00f5hu\u00f5\u00f5nde viidud spetsiaalsete...","og_url":"https:\/\/www.kliinikum.ee\/naistekliinik\/patsiendile\/naistehaigused-ja-protseduurid\/laparoskoopia\/","og_site_name":"Naistekliinik","article_modified_time":"2024-08-05T06:18:23+00:00","og_image":[{"url":"https:\/\/www.kliinikum.ee\/naistekliinik\/wp-content\/uploads\/2020\/10\/laparoskoopia.jpg","type":"","width":"","height":""}],"twitter_card":"summary_large_image","twitter_misc":{"Est. reading time":"5 minutit"},"schema":{"@context":"https:\/\/schema.org","@graph":[{"@type":"WebPage","@id":"https:\/\/www.kliinikum.ee\/naistekliinik\/patsiendile\/naistehaigused-ja-protseduurid\/laparoskoopia\/","url":"https:\/\/www.kliinikum.ee\/naistekliinik\/patsiendile\/naistehaigused-ja-protseduurid\/laparoskoopia\/","name":"Laparoskoopia g\u00fcnekoloogias - Naistekliinik","isPartOf":{"@id":"https:\/\/www.kliinikum.ee\/naistekliinik\/#website"},"primaryImageOfPage":{"@id":"https:\/\/www.kliinikum.ee\/naistekliinik\/patsiendile\/naistehaigused-ja-protseduurid\/laparoskoopia\/#primaryimage"},"image":{"@id":"https:\/\/www.kliinikum.ee\/naistekliinik\/patsiendile\/naistehaigused-ja-protseduurid\/laparoskoopia\/#primaryimage"},"thumbnailUrl":"https:\/\/www.kliinikum.ee\/naistekliinik\/wp-content\/uploads\/2020\/10\/laparoskoopia.jpg","datePublished":"2020-10-07T06:20:20+00:00","dateModified":"2024-08-05T06:18:23+00:00","breadcrumb":{"@id":"https:\/\/www.kliinikum.ee\/naistekliinik\/patsiendile\/naistehaigused-ja-protseduurid\/laparoskoopia\/#breadcrumb"},"inLanguage":"et","potentialAction":[{"@type":"ReadAction","target":["https:\/\/www.kliinikum.ee\/naistekliinik\/patsiendile\/naistehaigused-ja-protseduurid\/laparoskoopia\/"]}]},{"@type":"ImageObject","inLanguage":"et","@id":"https:\/\/www.kliinikum.ee\/naistekliinik\/patsiendile\/naistehaigused-ja-protseduurid\/laparoskoopia\/#primaryimage","url":"https:\/\/www.kliinikum.ee\/naistekliinik\/wp-content\/uploads\/2020\/10\/laparoskoopia.jpg","contentUrl":"https:\/\/www.kliinikum.ee\/naistekliinik\/wp-content\/uploads\/2020\/10\/laparoskoopia.jpg","width":444,"height":368},{"@type":"BreadcrumbList","@id":"https:\/\/www.kliinikum.ee\/naistekliinik\/patsiendile\/naistehaigused-ja-protseduurid\/laparoskoopia\/#breadcrumb","itemListElement":[{"@type":"ListItem","position":1,"name":"Home","item":"https:\/\/www.kliinikum.ee\/naistekliinik\/"},{"@type":"ListItem","position":2,"name":"Patsiendile","item":"https:\/\/www.kliinikum.ee\/naistekliinik\/patsiendile\/"},{"@type":"ListItem","position":3,"name":"Naistehaigused ja protseduurid","item":"https:\/\/www.kliinikum.ee\/naistekliinik\/patsiendile\/naistehaigused-ja-protseduurid\/"},{"@type":"ListItem","position":4,"name":"Laparoskoopia g\u00fcnekoloogias"}]},{"@type":"WebSite","@id":"https:\/\/www.kliinikum.ee\/naistekliinik\/#website","url":"https:\/\/www.kliinikum.ee\/naistekliinik\/","name":"Naistekliinik","description":"Hoolivus P\u00e4devus Usaldusv\u00e4\u00e4rsus","potentialAction":[{"@type":"SearchAction","target":{"@type":"EntryPoint","urlTemplate":"https:\/\/www.kliinikum.ee\/naistekliinik\/?s={search_term_string}"},"query-input":{"@type":"PropertyValueSpecification","valueRequired":true,"valueName":"search_term_string"}}],"inLanguage":"et"}]}},"coauthors":[],"author_meta":{"author_link":"https:\/\/www.kliinikum.ee\/naistekliinik\/author\/haldur\/","display_name":"Haldur"},"relative_dates":{"created":"Posted 6 aastat ago","modified":"Updated 2 aastat ago"},"absolute_dates":{"created":"Posted on 7. okt. 2020","modified":"Updated on 5. aug. 2024"},"absolute_dates_time":{"created":"Posted on 7. okt. 2020 09:20","modified":"Updated on 5. aug. 2024 09:18"},"featured_img_caption":"","featured_img":false,"series_order":"","_links":{"self":[{"href":"https:\/\/www.kliinikum.ee\/naistekliinik\/wp-json\/wp\/v2\/pages\/583","targetHints":{"allow":["GET"]}}],"collection":[{"href":"https:\/\/www.kliinikum.ee\/naistekliinik\/wp-json\/wp\/v2\/pages"}],"about":[{"href":"https:\/\/www.kliinikum.ee\/naistekliinik\/wp-json\/wp\/v2\/types\/page"}],"author":[{"embeddable":true,"href":"https:\/\/www.kliinikum.ee\/naistekliinik\/wp-json\/wp\/v2\/users\/11"}],"replies":[{"embeddable":true,"href":"https:\/\/www.kliinikum.ee\/naistekliinik\/wp-json\/wp\/v2\/comments?post=583"}],"version-history":[{"count":0,"href":"https:\/\/www.kliinikum.ee\/naistekliinik\/wp-json\/wp\/v2\/pages\/583\/revisions"}],"up":[{"embeddable":true,"href":"https:\/\/www.kliinikum.ee\/naistekliinik\/wp-json\/wp\/v2\/pages\/514"}],"wp:attachment":[{"href":"https:\/\/www.kliinikum.ee\/naistekliinik\/wp-json\/wp\/v2\/media?parent=583"}],"curies":[{"name":"wp","href":"https:\/\/api.w.org\/{rel}","templated":true}]}}