{"id":585,"date":"2020-10-07T09:21:26","date_gmt":"2020-10-07T06:21:26","guid":{"rendered":"https:\/\/www.kliinikum.ee\/naistekliinik_uus\/?page_id=585"},"modified":"2023-01-24T14:57:03","modified_gmt":"2023-01-24T12:57:03","slug":"raseduse-katkestamine-ravimite-abil","status":"publish","type":"page","link":"https:\/\/www.kliinikum.ee\/naistekliinik\/patsiendile\/naistehaigused-ja-protseduurid\/raseduse-katkestamine-ravimite-abil\/","title":{"rendered":"Raseduse katkestamine ravimite abil"},"content":{"rendered":"\n<p class=\"wp-el\">Raseduse katkestamist reguleerib Eestis \u201eRaseduse katkestamise ja steriliseerimise seadus\u201c, mille kohaselt v\u00f5ib rasedust katkestada naise omal soovil ja allkirjastatud avalduse alusel, kui rasedus on kestnud v\u00e4hem kui 12 n\u00e4dalat.<\/p>\n\n\n\n<p class=\"wp-el\"><strong>Enne raseduse katkestamist<\/strong><\/p>\n\n\n\n<p class=\"wp-el\">Esimesel ambulatoorsel visiidil tuvastab arst raseduse ja selle kestuse, m\u00e4\u00e4rab vajalikud anal\u00fc\u00fcsid ja vajadusel ravi ning n\u00f5ustab rasedust katkestada soovivat isikut. Raseduse tuvastanud arsti on vajalik informeerida oma tervislikust seisundist, k\u00f5igist p\u00f5etud ja k\u00e4esolevatest haigustest, tarvitatavatest ravimitest ja \u00fclitundlikkusest ravimite suhtes.<\/p>\n\n\n\n<p class=\"wp-el\"><strong>Raseduse medikamentoosse katkestamise olemus<\/strong><\/p>\n\n\n\n<p class=\"wp-el\">Medikamentoosne abort on raseduse katkestamine ravimite abil. Kasutatakse kahe ravimi kombinatsiooni: mifepristoon ja misoprostool. Medikamentoossel abordil on \u00fcksikud terviseprobleemidega seotud vastun\u00e4idustused, mille teeb kindlaks arst. Mifepristooni ja misoprostooli kombinatsioon on ohutu \u2012 pole t\u00e4heldatud pikaajalisi riske tervisele.<\/p>\n\n\n\n<p class=\"wp-el\">Esimesel visiidil, kui patsient on otsustanud medikamentoosse abordi kasuks, manustatakse mifepristooni suu kaudu.<\/p>\n\n\n\n<p class=\"wp-el\">Teisel visiidil&nbsp;(24\u201248 tundi p\u00e4rast mifepristooni manustamist) manustatakse misoprostooli tupe v\u00f5i suu kaudu. P\u00e4rast mifepristooni manustamist v\u00f5ib rasedus katkeda 2\u20135% juhtudest ja kui see ultraheliuuringuga kinnitatakse, pole misoprostooli manustamine vajalik. P\u00e4rast misoprostooli manustamist katkeb rasedus enamikul naistest 4\u20136 tunni, 90% naistest 24 tunni v\u00e4ltel. Vajadusel on Teil selleks p\u00e4evaks \u00f5igus saada t\u00f6\u00f6v\u00f5imetusleht.<\/p>\n\n\n\n<p class=\"wp-el\">Kui Teie veri on reesusnegatiivne ja raseduse suurus on \u00fcle 9 n\u00e4dala, manustatakse Teile p\u00e4rast raseduse katkestamist ravimit (Rhesonativ), et ennetada v\u00f5imalikku reesuskonflikti j\u00e4rgenevate raseduste ajal<\/p>\n\n\n\n<p class=\"wp-el\"><strong>Raseduse medikamentoosse katkestamisega kaasnevad s\u00fcmptomid<\/strong><\/p>\n\n\n\n<p class=\"wp-el\">Medikamentoosset raseduse katkestamist v\u00f5ib v\u00f5rrelda raseduse iseenesliku katkemise protsessiga, mille k\u00e4igus tekivad valulikud emaka kokkut\u00f5mbed ja vereeritus tupe kaudu. Kramplike alak\u00f5huvalude esinemine v\u00f5ib olla normaalne paari tunni kuni paari p\u00e4eva v\u00e4ltel. Valutustamist medikamentoosse abordi ajal ja p\u00e4rast pakutakse k\u00f5ikidele naistele. Lisaks s\u00f5nalisele toetusele kasutatakse erinevaid valuvaigistavaid ravimeid (nt ibuprofeen 400\u2013800 mg suukaudselt).<\/p>\n\n\n\n<p class=\"wp-el\">P\u00e4rast aborti esinev vereeritus on tavalise menstruatsiooniga v\u00f5rreldes vererohkem ja kestab pikemat aega, kuid ei m\u00f5juta enamasti vere hemoglobiini taset. Vereeritus on seda suurem, mida kauem on rasedus kestnud. Vereeritus on k\u00f5ige intensiivsem 3\u22126 tundi p\u00e4rast misoprostooli manustamist. P\u00e4rast raseduse katkestamist kestab vereeritus tupest (mis ei ole menstruatsioon) v\u00e4henevas hulgas keskmiselt 2 n\u00e4dalat, kuid \u00fcksikutel juhtudel kuni 45 p\u00e4eva.<\/p>\n\n\n\n<p class=\"wp-el\">P\u00e4rast misoprostooli manustamist v\u00f5ib 1\u22122 tunni jooksul tekkida palavik ja k\u00fclmav\u00e4rinad. Umbes pooltel naistest tekib iiveldus ja kolmandikul oksendamine. Need s\u00fcmptomid v\u00f5ivad olla seotud ka rasedusega. P\u00e4rast misoprostooli manustamist esineb kuni neljandikul naistest kerge ja iseeneslikult m\u00f6\u00f6duv k\u00f5hulahtisus, mis reeglina ravi ei vaja. Esineda v\u00f5ib m\u00f6\u00f6duvat peavalu, minestustunnet ja uimasust.<\/p>\n\n\n\n<p class=\"wp-el\"><strong>Raseduse medikamentoosse katkestamise v\u00f5imalikud t\u00fcsistused ja erakorralise p\u00f6\u00f6rdumise n\u00e4idustused<\/strong><\/p>\n\n\n\n<p class=\"wp-el\">Raseduse katkestamine on \u00fcldiselt ohutu protseduur. Arvestada tuleb j\u00e4rgmiste v\u00f5imalike t\u00fcsistustega, mil on vajalik erakorraline p\u00f6\u00f6rdumine naistearsti juurde v\u00f5i \u00f6\u00f6p\u00e4evaringselt haigla erakorralise vastuv\u00f5tu osakonda.<\/p>\n\n\n\n<ul class=\"wp-el wp-block-list\">\n<li>Verejooks (esinemissagedus &lt;1 : 1000). Vereklompide eritumine, kahe suure h\u00fcgieenisideme t\u00e4ism\u00e4rgumine kahe j\u00e4rjestikuse tunni v\u00e4ltel, minestamine ja tugev n\u00f5rkustunne viitavad suurenenud verekaotusele, mis vajab erakorralist abi. Kui vereeritus tupest on kestnud kauem kui 45 p\u00e4eva p\u00e4rast medikamentoosset aborti v\u00f5i vereeritus j\u00e4tkub p\u00e4rast j\u00e4rgmist menstruatsiooni, siis on vajalik p\u00f6\u00f6rduda erakorraliselt tervishoiuasutusse.<\/li>\n\n\n\n<li>Raseduse j\u00e4tkumine (&lt;1 : 100). Raseduse j\u00e4tkumisele viitavad s\u00fcmptomid on v\u00e4ga v\u00e4ike vereeritus medikamentoosse abordi ajal ja j\u00e4rgselt, rindade hellus ja suurenemine, iiveldus\/oksendamine, v\u00e4simus, muutunud isu, sagenenud urineerimine. Raseduse j\u00e4tkumise t\u00f5en\u00e4osus suureneb kauem kestnud raseduse korral. Raseduse j\u00e4tkumise kinnitab arst ning sel juhul tuleb abordi protseduuri korrata \u2013 selleks teostatakse emaka\u00f5\u00f5ne kirurgiline puhastamine v\u00f5i manustatakse korduvalt misoprostooli.<\/li>\n\n\n\n<li>Mittet\u00e4ielik abort (5 : 100). Mittet\u00e4ieliku raseduse katkemise korral, kui puuduvad rohke vereeritus ja p\u00f5letikutunnused, v\u00f5ib rakendada j\u00e4lgimistaktikat. Paljudel juhtudel t\u00fchjeneb emaka\u00f5\u00f5s iseeneslikult. Soovituslik kontrolli aeg on p\u00e4rast menstruatsiooni. 5% patsientidel v\u00f5ib mittet\u00e4ieliku abordi t\u00f5ttu olla vajalik kirurgiline sekkumine v\u00f5i korduv misoprostooli manustamine<\/li>\n\n\n\n<li>Vaagnaorganite p\u00f5letik. P\u00f5letikule v\u00f5ivad viidata palavik, alak\u00f5huvalu, k\u00fclmav\u00e4rinad ja\/v\u00f5i m\u00e4dane eritis tupest. Kui p\u00e4rast misoprostooli manustamist kestab palavik&nbsp; \u00fcle 4 tunni v\u00f5i palavik tekib j\u00e4rgmistel p\u00e4evadel p\u00e4rast misoprostooli manustamist, v\u00f5ib see olla p\u00f5letiku tunnuseks. Kramplike valude esinemine v\u00f5ib olla normaalne paari tunni kuni paari p\u00e4eva v\u00e4ltel. Valud koos tugevama veritsuse ja\/v\u00f5i palavikuga vajavad t\u00e4psustavaid uuringuid.<\/li>\n<\/ul>\n\n\n\n<p class=\"wp-el\"><strong>P\u00e4rast raseduse medikamentoosset katkestamist<\/strong><\/p>\n\n\n\n<p class=\"wp-el\">Abordij\u00e4rgse visiidi vajalikkuse otsustab ja lepib kokku arst arvestades ka Teie soove. Abordij\u00e4rgne visiit on kindlasti vajalik patsientidele, kelle rasedus oli suurem kui 9 n\u00e4dalat ja k\u00f5igile, kelle rasedus katkes kodus.<\/p>\n\n\n\n<p class=\"wp-el\">Kahe n\u00e4dala v\u00e4ltel p\u00e4rast aborti ei ole soovitatav seksuaalelu ilma kondoomita, tupetampoonide kasutamine, vannis k\u00e4imine ja ujumine.<\/p>\n\n\n\n<p class=\"wp-el\">J\u00e4rgmine menstruatsioon peaks algama 4\u22126 n\u00e4dalat p\u00e4rast raseduse katkestamist. Kui seda ei ole toimunud, p\u00f6\u00f6rduge naistearsti poole.<\/p>\n\n\n\n<p class=\"wp-el\"><strong>Soovimatust rasedusest hoidumine<\/strong><\/p>\n\n\n\n<p class=\"wp-el\">P\u00e4rast raseduse katkestamist taastub rasestumisv\u00f5ime kohe, mist\u00f5ttu tuleb uue raseduse v\u00e4ltimiseks alustada efektiivse rasestumisvastase meetodi kasutamist kohe p\u00e4rast aborti. Hormonaalseid rasestumisvastaseid preparaate (pillid, minipillid, implantaat, s\u00fcstitavad progestageenid) v\u00f5ib hakata kasutama samal p\u00e4eval kui manustatakse mifepristooni tablett, kuid need on efektiivsed, kui alustada kasutamist nelja abordij\u00e4rgse p\u00e4eva jooksul. Tuper\u00f5nga ja plaastri korral tuleb alustada kasutamist hiljemalt abordi toimumise p\u00e4eval. Enne emakasisese rasestumisvastase vahendi paigaldamist tuleb sedastada abordi toimumine. Teile sobivate rasestumisvastaste meetodite kasutamise osas saate pidada n\u00f5u arsti v\u00f5i \u00e4mmaemandaga, oluline on, et see toimuks enne aborti.<\/p>\n\n\n\n<p class=\"wp-el\"><em>Koostatud: SA T\u00dcK naistekliinikus<br>04\/2019<\/em><\/p>\n","protected":false},"excerpt":{"rendered":"<p>Raseduse katkestamist reguleerib Eestis \u201eRaseduse katkestamise ja steriliseerimise seadus\u201c, mille kohaselt v\u00f5ib rasedust katkestada naise omal soovil ja allkirjastatud avalduse&#8230;<\/p>\n","protected":false},"author":11,"featured_media":0,"parent":514,"menu_order":180,"comment_status":"closed","ping_status":"closed","template":"","meta":{"_acf_changed":false,"inline_featured_image":false,"advgb_blocks_editor_width":"","advgb_blocks_columns_visual_guide":"","footnotes":"","_links_to":"","_links_to_target":""},"class_list":["post-585","page","type-page","status-publish","hentry"],"acf":[],"yoast_head":"<!-- This site is optimized with the Yoast SEO plugin v27.3 - https:\/\/yoast.com\/product\/yoast-seo-wordpress\/ -->\n<title>Raseduse katkestamine ravimite abil - Naistekliinik<\/title>\n<meta name=\"robots\" content=\"index, follow, max-snippet:-1, max-image-preview:large, max-video-preview:-1\" \/>\n<link rel=\"canonical\" href=\"https:\/\/www.kliinikum.ee\/naistekliinik\/patsiendile\/naistehaigused-ja-protseduurid\/raseduse-katkestamine-ravimite-abil\/\" \/>\n<meta property=\"og:locale\" content=\"et_EE\" \/>\n<meta property=\"og:type\" content=\"article\" \/>\n<meta property=\"og:title\" content=\"Raseduse katkestamine ravimite abil - Naistekliinik\" \/>\n<meta property=\"og:description\" content=\"Raseduse katkestamist reguleerib Eestis \u201eRaseduse katkestamise ja steriliseerimise seadus\u201c, mille kohaselt v\u00f5ib rasedust katkestada naise omal soovil ja allkirjastatud avalduse...\" \/>\n<meta property=\"og:url\" content=\"https:\/\/www.kliinikum.ee\/naistekliinik\/patsiendile\/naistehaigused-ja-protseduurid\/raseduse-katkestamine-ravimite-abil\/\" \/>\n<meta property=\"og:site_name\" content=\"Naistekliinik\" \/>\n<meta property=\"article:modified_time\" content=\"2023-01-24T12:57:03+00:00\" \/>\n<meta name=\"twitter:card\" content=\"summary_large_image\" \/>\n<meta name=\"twitter:label1\" content=\"Est. reading time\" \/>\n\t<meta name=\"twitter:data1\" content=\"5 minutit\" \/>\n<script type=\"application\/ld+json\" class=\"yoast-schema-graph\">{\"@context\":\"https:\\\/\\\/schema.org\",\"@graph\":[{\"@type\":\"WebPage\",\"@id\":\"https:\\\/\\\/www.kliinikum.ee\\\/naistekliinik\\\/patsiendile\\\/naistehaigused-ja-protseduurid\\\/raseduse-katkestamine-ravimite-abil\\\/\",\"url\":\"https:\\\/\\\/www.kliinikum.ee\\\/naistekliinik\\\/patsiendile\\\/naistehaigused-ja-protseduurid\\\/raseduse-katkestamine-ravimite-abil\\\/\",\"name\":\"Raseduse katkestamine ravimite abil - Naistekliinik\",\"isPartOf\":{\"@id\":\"https:\\\/\\\/www.kliinikum.ee\\\/naistekliinik\\\/#website\"},\"datePublished\":\"2020-10-07T06:21:26+00:00\",\"dateModified\":\"2023-01-24T12:57:03+00:00\",\"breadcrumb\":{\"@id\":\"https:\\\/\\\/www.kliinikum.ee\\\/naistekliinik\\\/patsiendile\\\/naistehaigused-ja-protseduurid\\\/raseduse-katkestamine-ravimite-abil\\\/#breadcrumb\"},\"inLanguage\":\"et\",\"potentialAction\":[{\"@type\":\"ReadAction\",\"target\":[\"https:\\\/\\\/www.kliinikum.ee\\\/naistekliinik\\\/patsiendile\\\/naistehaigused-ja-protseduurid\\\/raseduse-katkestamine-ravimite-abil\\\/\"]}]},{\"@type\":\"BreadcrumbList\",\"@id\":\"https:\\\/\\\/www.kliinikum.ee\\\/naistekliinik\\\/patsiendile\\\/naistehaigused-ja-protseduurid\\\/raseduse-katkestamine-ravimite-abil\\\/#breadcrumb\",\"itemListElement\":[{\"@type\":\"ListItem\",\"position\":1,\"name\":\"Home\",\"item\":\"https:\\\/\\\/www.kliinikum.ee\\\/naistekliinik\\\/\"},{\"@type\":\"ListItem\",\"position\":2,\"name\":\"Patsiendile\",\"item\":\"https:\\\/\\\/www.kliinikum.ee\\\/naistekliinik\\\/patsiendile\\\/\"},{\"@type\":\"ListItem\",\"position\":3,\"name\":\"Naistehaigused ja protseduurid\",\"item\":\"https:\\\/\\\/www.kliinikum.ee\\\/naistekliinik\\\/patsiendile\\\/naistehaigused-ja-protseduurid\\\/\"},{\"@type\":\"ListItem\",\"position\":4,\"name\":\"Raseduse katkestamine ravimite abil\"}]},{\"@type\":\"WebSite\",\"@id\":\"https:\\\/\\\/www.kliinikum.ee\\\/naistekliinik\\\/#website\",\"url\":\"https:\\\/\\\/www.kliinikum.ee\\\/naistekliinik\\\/\",\"name\":\"Naistekliinik\",\"description\":\"Hoolivus P\u00e4devus Usaldusv\u00e4\u00e4rsus\",\"potentialAction\":[{\"@type\":\"SearchAction\",\"target\":{\"@type\":\"EntryPoint\",\"urlTemplate\":\"https:\\\/\\\/www.kliinikum.ee\\\/naistekliinik\\\/?s={search_term_string}\"},\"query-input\":{\"@type\":\"PropertyValueSpecification\",\"valueRequired\":true,\"valueName\":\"search_term_string\"}}],\"inLanguage\":\"et\"}]}<\/script>\n<!-- \/ Yoast SEO plugin. -->","yoast_head_json":{"title":"Raseduse katkestamine ravimite abil - Naistekliinik","robots":{"index":"index","follow":"follow","max-snippet":"max-snippet:-1","max-image-preview":"max-image-preview:large","max-video-preview":"max-video-preview:-1"},"canonical":"https:\/\/www.kliinikum.ee\/naistekliinik\/patsiendile\/naistehaigused-ja-protseduurid\/raseduse-katkestamine-ravimite-abil\/","og_locale":"et_EE","og_type":"article","og_title":"Raseduse katkestamine ravimite abil - Naistekliinik","og_description":"Raseduse katkestamist reguleerib Eestis \u201eRaseduse katkestamise ja steriliseerimise seadus\u201c, mille kohaselt v\u00f5ib rasedust katkestada naise omal soovil ja allkirjastatud avalduse...","og_url":"https:\/\/www.kliinikum.ee\/naistekliinik\/patsiendile\/naistehaigused-ja-protseduurid\/raseduse-katkestamine-ravimite-abil\/","og_site_name":"Naistekliinik","article_modified_time":"2023-01-24T12:57:03+00:00","twitter_card":"summary_large_image","twitter_misc":{"Est. reading time":"5 minutit"},"schema":{"@context":"https:\/\/schema.org","@graph":[{"@type":"WebPage","@id":"https:\/\/www.kliinikum.ee\/naistekliinik\/patsiendile\/naistehaigused-ja-protseduurid\/raseduse-katkestamine-ravimite-abil\/","url":"https:\/\/www.kliinikum.ee\/naistekliinik\/patsiendile\/naistehaigused-ja-protseduurid\/raseduse-katkestamine-ravimite-abil\/","name":"Raseduse katkestamine ravimite abil - Naistekliinik","isPartOf":{"@id":"https:\/\/www.kliinikum.ee\/naistekliinik\/#website"},"datePublished":"2020-10-07T06:21:26+00:00","dateModified":"2023-01-24T12:57:03+00:00","breadcrumb":{"@id":"https:\/\/www.kliinikum.ee\/naistekliinik\/patsiendile\/naistehaigused-ja-protseduurid\/raseduse-katkestamine-ravimite-abil\/#breadcrumb"},"inLanguage":"et","potentialAction":[{"@type":"ReadAction","target":["https:\/\/www.kliinikum.ee\/naistekliinik\/patsiendile\/naistehaigused-ja-protseduurid\/raseduse-katkestamine-ravimite-abil\/"]}]},{"@type":"BreadcrumbList","@id":"https:\/\/www.kliinikum.ee\/naistekliinik\/patsiendile\/naistehaigused-ja-protseduurid\/raseduse-katkestamine-ravimite-abil\/#breadcrumb","itemListElement":[{"@type":"ListItem","position":1,"name":"Home","item":"https:\/\/www.kliinikum.ee\/naistekliinik\/"},{"@type":"ListItem","position":2,"name":"Patsiendile","item":"https:\/\/www.kliinikum.ee\/naistekliinik\/patsiendile\/"},{"@type":"ListItem","position":3,"name":"Naistehaigused ja protseduurid","item":"https:\/\/www.kliinikum.ee\/naistekliinik\/patsiendile\/naistehaigused-ja-protseduurid\/"},{"@type":"ListItem","position":4,"name":"Raseduse katkestamine ravimite abil"}]},{"@type":"WebSite","@id":"https:\/\/www.kliinikum.ee\/naistekliinik\/#website","url":"https:\/\/www.kliinikum.ee\/naistekliinik\/","name":"Naistekliinik","description":"Hoolivus P\u00e4devus Usaldusv\u00e4\u00e4rsus","potentialAction":[{"@type":"SearchAction","target":{"@type":"EntryPoint","urlTemplate":"https:\/\/www.kliinikum.ee\/naistekliinik\/?s={search_term_string}"},"query-input":{"@type":"PropertyValueSpecification","valueRequired":true,"valueName":"search_term_string"}}],"inLanguage":"et"}]}},"coauthors":[],"author_meta":{"author_link":"https:\/\/www.kliinikum.ee\/naistekliinik\/author\/haldur\/","display_name":"Haldur"},"relative_dates":{"created":"Posted 6 aastat ago","modified":"Updated 3 aastat ago"},"absolute_dates":{"created":"Posted on 7. okt. 2020","modified":"Updated on 24. jaan. 2023"},"absolute_dates_time":{"created":"Posted on 7. okt. 2020 09:21","modified":"Updated on 24. jaan. 2023 02:57"},"featured_img_caption":"","featured_img":false,"series_order":"","_links":{"self":[{"href":"https:\/\/www.kliinikum.ee\/naistekliinik\/wp-json\/wp\/v2\/pages\/585","targetHints":{"allow":["GET"]}}],"collection":[{"href":"https:\/\/www.kliinikum.ee\/naistekliinik\/wp-json\/wp\/v2\/pages"}],"about":[{"href":"https:\/\/www.kliinikum.ee\/naistekliinik\/wp-json\/wp\/v2\/types\/page"}],"author":[{"embeddable":true,"href":"https:\/\/www.kliinikum.ee\/naistekliinik\/wp-json\/wp\/v2\/users\/11"}],"replies":[{"embeddable":true,"href":"https:\/\/www.kliinikum.ee\/naistekliinik\/wp-json\/wp\/v2\/comments?post=585"}],"version-history":[{"count":0,"href":"https:\/\/www.kliinikum.ee\/naistekliinik\/wp-json\/wp\/v2\/pages\/585\/revisions"}],"up":[{"embeddable":true,"href":"https:\/\/www.kliinikum.ee\/naistekliinik\/wp-json\/wp\/v2\/pages\/514"}],"wp:attachment":[{"href":"https:\/\/www.kliinikum.ee\/naistekliinik\/wp-json\/wp\/v2\/media?parent=585"}],"curies":[{"name":"wp","href":"https:\/\/api.w.org\/{rel}","templated":true}]}}