{"id":96,"date":"2020-08-07T11:07:08","date_gmt":"2020-08-07T08:07:08","guid":{"rendered":"https:\/\/www.kliinikum.ee\/naistekliinik_uus\/?page_id=96"},"modified":"2023-09-04T11:35:55","modified_gmt":"2023-09-04T08:35:55","slug":"kuidas-tootame","status":"publish","type":"page","link":"https:\/\/www.kliinikum.ee\/naistekliinik\/imetamisnoustamine\/kuidas-tootame\/","title":{"rendered":"Kuidas t\u00f6\u00f6tame?"},"content":{"rendered":"\n<p class=\"wp-el\"><strong>E-mailile<\/strong> (<a href=\"mailto:imetamine@kliinikum.ee\">imetamine@kliinikum.ee<\/a>) saabunud <strong>k\u00fcsimustele vastatakse<\/strong> <strong>3-5 t\u00f6\u00f6p\u00e4eva<\/strong> jooksul. S\u00f5ltuvalt k\u00fcsimusest &#8211; murest v\u00f5ib juhtuda, et Sind ja Sinu beebit oodatatakse lisaks ka imetamisn\u00f5ustaja vastuv\u00f5tule, kuid see toimub juba poolte kokkuleppel. <\/p>\n\n\n\n<p class=\"wp-el\">Tavavasuv\u00f5tt kestab kuni 1 tund. Kui on vajalik ka proovitoitmine, siis selle \u00f5nnestumiseks on hea kui laps pole 1,5-2 tundi enne vastuv\u00f5ttu s\u00fc\u00fca saanud.<\/p>\n\n\n\n<p class=\"wp-el\">Kuna vastuv\u00f5tud toimuvad meil erinevates kohtades (<strong>L. Puusepa 8 &#8211; C korpus ruum 39 ja 44<\/strong>; <strong>M\u00f5isavahe 34B &#8211; ruum 126<\/strong>),  siis olge t\u00e4helepanelikud, kus Teid oodatakse.<\/p>\n","protected":false},"excerpt":{"rendered":"<p>E-mailile (imetamine@kliinikum.ee) saabunud k\u00fcsimustele vastatakse 3-5 t\u00f6\u00f6p\u00e4eva jooksul. S\u00f5ltuvalt k\u00fcsimusest &#8211; murest v\u00f5ib juhtuda, et Sind ja Sinu beebit oodatatakse&#8230;<\/p>\n","protected":false},"author":11,"featured_media":0,"parent":91,"menu_order":20,"comment_status":"closed","ping_status":"closed","template":"","meta":{"_acf_changed":false,"inline_featured_image":false,"advgb_blocks_editor_width":"","advgb_blocks_columns_visual_guide":"","footnotes":"","_links_to":"","_links_to_target":""},"class_list":["post-96","page","type-page","status-publish","hentry"],"acf":[],"yoast_head":"<!-- This site is optimized with the Yoast SEO plugin v27.5 - https:\/\/yoast.com\/product\/yoast-seo-wordpress\/ -->\n<title>Kuidas t\u00f6\u00f6tame? - Naistekliinik<\/title>\n<meta name=\"robots\" content=\"index, follow, max-snippet:-1, max-image-preview:large, max-video-preview:-1\" \/>\n<link rel=\"canonical\" href=\"https:\/\/www.kliinikum.ee\/naistekliinik\/imetamisnoustamine\/kuidas-tootame\/\" \/>\n<meta property=\"og:locale\" content=\"et_EE\" \/>\n<meta property=\"og:type\" content=\"article\" \/>\n<meta property=\"og:title\" content=\"Kuidas t\u00f6\u00f6tame? - Naistekliinik\" \/>\n<meta property=\"og:description\" content=\"E-mailile (imetamine@kliinikum.ee) saabunud k\u00fcsimustele vastatakse 3-5 t\u00f6\u00f6p\u00e4eva jooksul. S\u00f5ltuvalt k\u00fcsimusest &#8211; murest v\u00f5ib juhtuda, et Sind ja Sinu beebit oodatatakse...\" \/>\n<meta property=\"og:url\" content=\"https:\/\/www.kliinikum.ee\/naistekliinik\/imetamisnoustamine\/kuidas-tootame\/\" \/>\n<meta property=\"og:site_name\" content=\"Naistekliinik\" \/>\n<meta property=\"article:modified_time\" content=\"2023-09-04T08:35:55+00:00\" \/>\n<meta name=\"twitter:card\" content=\"summary_large_image\" \/>\n<meta name=\"twitter:label1\" content=\"Est. reading time\" \/>\n\t<meta name=\"twitter:data1\" content=\"1 minut\" \/>\n<script type=\"application\/ld+json\" class=\"yoast-schema-graph\">{\"@context\":\"https:\\\/\\\/schema.org\",\"@graph\":[{\"@type\":\"WebPage\",\"@id\":\"https:\\\/\\\/www.kliinikum.ee\\\/naistekliinik\\\/imetamisnoustamine\\\/kuidas-tootame\\\/\",\"url\":\"https:\\\/\\\/www.kliinikum.ee\\\/naistekliinik\\\/imetamisnoustamine\\\/kuidas-tootame\\\/\",\"name\":\"Kuidas t\u00f6\u00f6tame? - Naistekliinik\",\"isPartOf\":{\"@id\":\"https:\\\/\\\/www.kliinikum.ee\\\/naistekliinik\\\/#website\"},\"datePublished\":\"2020-08-07T08:07:08+00:00\",\"dateModified\":\"2023-09-04T08:35:55+00:00\",\"breadcrumb\":{\"@id\":\"https:\\\/\\\/www.kliinikum.ee\\\/naistekliinik\\\/imetamisnoustamine\\\/kuidas-tootame\\\/#breadcrumb\"},\"inLanguage\":\"et\",\"potentialAction\":[{\"@type\":\"ReadAction\",\"target\":[\"https:\\\/\\\/www.kliinikum.ee\\\/naistekliinik\\\/imetamisnoustamine\\\/kuidas-tootame\\\/\"]}]},{\"@type\":\"BreadcrumbList\",\"@id\":\"https:\\\/\\\/www.kliinikum.ee\\\/naistekliinik\\\/imetamisnoustamine\\\/kuidas-tootame\\\/#breadcrumb\",\"itemListElement\":[{\"@type\":\"ListItem\",\"position\":1,\"name\":\"Home\",\"item\":\"https:\\\/\\\/www.kliinikum.ee\\\/naistekliinik\\\/\"},{\"@type\":\"ListItem\",\"position\":2,\"name\":\"Imetamisn\u00f5ustamine\",\"item\":\"https:\\\/\\\/www.kliinikum.ee\\\/naistekliinik\\\/imetamisnoustamine\\\/\"},{\"@type\":\"ListItem\",\"position\":3,\"name\":\"Kuidas t\u00f6\u00f6tame?\"}]},{\"@type\":\"WebSite\",\"@id\":\"https:\\\/\\\/www.kliinikum.ee\\\/naistekliinik\\\/#website\",\"url\":\"https:\\\/\\\/www.kliinikum.ee\\\/naistekliinik\\\/\",\"name\":\"Naistekliinik\",\"description\":\"Hoolivus P\u00e4devus Usaldusv\u00e4\u00e4rsus\",\"potentialAction\":[{\"@type\":\"SearchAction\",\"target\":{\"@type\":\"EntryPoint\",\"urlTemplate\":\"https:\\\/\\\/www.kliinikum.ee\\\/naistekliinik\\\/?s={search_term_string}\"},\"query-input\":{\"@type\":\"PropertyValueSpecification\",\"valueRequired\":true,\"valueName\":\"search_term_string\"}}],\"inLanguage\":\"et\"}]}<\/script>\n<!-- \/ Yoast SEO plugin. -->","yoast_head_json":{"title":"Kuidas t\u00f6\u00f6tame? - Naistekliinik","robots":{"index":"index","follow":"follow","max-snippet":"max-snippet:-1","max-image-preview":"max-image-preview:large","max-video-preview":"max-video-preview:-1"},"canonical":"https:\/\/www.kliinikum.ee\/naistekliinik\/imetamisnoustamine\/kuidas-tootame\/","og_locale":"et_EE","og_type":"article","og_title":"Kuidas t\u00f6\u00f6tame? - Naistekliinik","og_description":"E-mailile (imetamine@kliinikum.ee) saabunud k\u00fcsimustele vastatakse 3-5 t\u00f6\u00f6p\u00e4eva jooksul. S\u00f5ltuvalt k\u00fcsimusest &#8211; murest v\u00f5ib juhtuda, et Sind ja Sinu beebit oodatatakse...","og_url":"https:\/\/www.kliinikum.ee\/naistekliinik\/imetamisnoustamine\/kuidas-tootame\/","og_site_name":"Naistekliinik","article_modified_time":"2023-09-04T08:35:55+00:00","twitter_card":"summary_large_image","twitter_misc":{"Est. reading time":"1 minut"},"schema":{"@context":"https:\/\/schema.org","@graph":[{"@type":"WebPage","@id":"https:\/\/www.kliinikum.ee\/naistekliinik\/imetamisnoustamine\/kuidas-tootame\/","url":"https:\/\/www.kliinikum.ee\/naistekliinik\/imetamisnoustamine\/kuidas-tootame\/","name":"Kuidas t\u00f6\u00f6tame? - Naistekliinik","isPartOf":{"@id":"https:\/\/www.kliinikum.ee\/naistekliinik\/#website"},"datePublished":"2020-08-07T08:07:08+00:00","dateModified":"2023-09-04T08:35:55+00:00","breadcrumb":{"@id":"https:\/\/www.kliinikum.ee\/naistekliinik\/imetamisnoustamine\/kuidas-tootame\/#breadcrumb"},"inLanguage":"et","potentialAction":[{"@type":"ReadAction","target":["https:\/\/www.kliinikum.ee\/naistekliinik\/imetamisnoustamine\/kuidas-tootame\/"]}]},{"@type":"BreadcrumbList","@id":"https:\/\/www.kliinikum.ee\/naistekliinik\/imetamisnoustamine\/kuidas-tootame\/#breadcrumb","itemListElement":[{"@type":"ListItem","position":1,"name":"Home","item":"https:\/\/www.kliinikum.ee\/naistekliinik\/"},{"@type":"ListItem","position":2,"name":"Imetamisn\u00f5ustamine","item":"https:\/\/www.kliinikum.ee\/naistekliinik\/imetamisnoustamine\/"},{"@type":"ListItem","position":3,"name":"Kuidas t\u00f6\u00f6tame?"}]},{"@type":"WebSite","@id":"https:\/\/www.kliinikum.ee\/naistekliinik\/#website","url":"https:\/\/www.kliinikum.ee\/naistekliinik\/","name":"Naistekliinik","description":"Hoolivus P\u00e4devus Usaldusv\u00e4\u00e4rsus","potentialAction":[{"@type":"SearchAction","target":{"@type":"EntryPoint","urlTemplate":"https:\/\/www.kliinikum.ee\/naistekliinik\/?s={search_term_string}"},"query-input":{"@type":"PropertyValueSpecification","valueRequired":true,"valueName":"search_term_string"}}],"inLanguage":"et"}]}},"coauthors":[],"author_meta":{"author_link":"https:\/\/www.kliinikum.ee\/naistekliinik\/author\/haldur\/","display_name":"Haldur"},"relative_dates":{"created":"Posted 6 aastat ago","modified":"Updated 3 aastat ago"},"absolute_dates":{"created":"Posted on 7. aug. 2020","modified":"Updated on 4. sept. 2023"},"absolute_dates_time":{"created":"Posted on 7. aug. 2020 11:07","modified":"Updated on 4. sept. 2023 11:35"},"featured_img_caption":"","featured_img":false,"series_order":"","_links":{"self":[{"href":"https:\/\/www.kliinikum.ee\/naistekliinik\/wp-json\/wp\/v2\/pages\/96","targetHints":{"allow":["GET"]}}],"collection":[{"href":"https:\/\/www.kliinikum.ee\/naistekliinik\/wp-json\/wp\/v2\/pages"}],"about":[{"href":"https:\/\/www.kliinikum.ee\/naistekliinik\/wp-json\/wp\/v2\/types\/page"}],"author":[{"embeddable":true,"href":"https:\/\/www.kliinikum.ee\/naistekliinik\/wp-json\/wp\/v2\/users\/11"}],"replies":[{"embeddable":true,"href":"https:\/\/www.kliinikum.ee\/naistekliinik\/wp-json\/wp\/v2\/comments?post=96"}],"version-history":[{"count":0,"href":"https:\/\/www.kliinikum.ee\/naistekliinik\/wp-json\/wp\/v2\/pages\/96\/revisions"}],"up":[{"embeddable":true,"href":"https:\/\/www.kliinikum.ee\/naistekliinik\/wp-json\/wp\/v2\/pages\/91"}],"wp:attachment":[{"href":"https:\/\/www.kliinikum.ee\/naistekliinik\/wp-json\/wp\/v2\/media?parent=96"}],"curies":[{"name":"wp","href":"https:\/\/api.w.org\/{rel}","templated":true}]}}