{"id":6046,"date":"2023-11-29T09:23:22","date_gmt":"2023-11-29T07:23:22","guid":{"rendered":"https:\/\/www.kliinikum.ee\/narvikliinik\/?page_id=6046"},"modified":"2023-12-19T11:43:42","modified_gmt":"2023-12-19T09:43:42","slug":"vastuvott-haiglaravile","status":"publish","type":"page","link":"https:\/\/www.kliinikum.ee\/narvikliinik\/patsiendile\/vastuvott-haiglaravile\/","title":{"rendered":"Vastuv\u00f5tt haiglaravile"},"content":{"rendered":"\n<p class=\"has-medium-font-size\">Haiglaravi ja p\u00e4evakirurgia patsientidel palume esmalt p\u00f6\u00f6rduda L.\u00a0Puusepa v\u00f5i N. Lunini t\u00e4nava poolsesse registratuuri, kus vormistatakse Teie saabumine ja juhatatakse edasi osakonda v\u00f5i p\u00e4evakirurgiasse.<\/p>\n\n\n\n<p class=\"has-medium-font-size\"><br>Voodip\u00e4eva tasu on Kliinikumis 2,50 EUR p\u00e4ev.<\/p>\n\n\n\n<p class=\"has-medium-font-size\"><strong>Mida osakonda ravile tulles kaasa v\u00f5tta:<\/strong><\/p>\n\n\n\n<ul class=\"wp-block-list\">\n<li class=\"has-medium-font-size\">isikut t\u00f5endav dokument,<\/li>\n\n\n\n<li class=\"has-medium-font-size\">saatekiri osakonda (on olemas elektroonselt v\u00f5i paberkandjal),<\/li>\n\n\n\n<li class=\"has-medium-font-size\">eelnevate uuringute andmed, kui need on paberkandjal,<\/li>\n\n\n\n<li class=\"has-medium-font-size\">vahetusjalan\u00f5ud,<\/li>\n\n\n\n<li class=\"has-medium-font-size\">isiklikud h\u00fcgieenitarbed,<\/li>\n\n\n\n<li class=\"has-medium-font-size\">igap\u00e4evaselt tarvitatavad ravimid originaalpakendis.<\/li>\n<\/ul>\n\n\n\n<p class=\"has-medium-font-size\"><strong>P\u00e4evakirurgia operatsioonile tulles v\u00f5tke kaasa:<\/strong><\/p>\n\n\n\n<ul class=\"wp-block-list\">\n<li class=\"has-medium-font-size\">isikut t\u00f5endav dokument,<\/li>\n\n\n\n<li class=\"has-medium-font-size\">saatekiri operatsioonile (on olemas elektroonselt v\u00f5i paberkandjal),<\/li>\n\n\n\n<li class=\"has-medium-font-size\">igap\u00e4evaselt tarvitatavad ravimid originaalpakendis.<\/li>\n<\/ul>\n\n\n\n<div class=\"wp-block-file\"><a id=\"wp-block-file--media-1c349a26-28e5-4ede-afa2-3d225b621556\" href=\"https:\/\/www.kliinikum.ee\/narvikliinik\/wp-content\/uploads\/2023\/11\/Karpaalkanalioperatsiooni-meelespea.docx\">Karpaalkanalioperatsiooni-meelespea<\/a><\/div>\n\n\n\n<div class=\"wp-block-file\"><a id=\"wp-block-file--media-1529016a-c112-4660-aa75-a52b0453c9ad\" href=\"https:\/\/www.kliinikum.ee\/narvikliinik\/wp-content\/uploads\/2023\/11\/Patsiendi-Meelespea-Neurokirurgia-osakonda-tulekul.docx\">Patsiendi-Meelespea-Neurokirurgia-osakonda-tulekul<\/a><\/div>\n\n\n\n<figure class=\"wp-block-image size-large\"><img loading=\"lazy\" decoding=\"async\" width=\"1024\" height=\"683\" src=\"https:\/\/www.kliinikum.ee\/narvikliinik\/wp-content\/uploads\/2023\/12\/IMG_4126-1024x683.jpg\" alt=\"\" class=\"wp-image-6173\" srcset=\"https:\/\/www.kliinikum.ee\/narvikliinik\/wp-content\/uploads\/2023\/12\/IMG_4126-1024x683.jpg 1024w, https:\/\/www.kliinikum.ee\/narvikliinik\/wp-content\/uploads\/2023\/12\/IMG_4126-300x200.jpg 300w, https:\/\/www.kliinikum.ee\/narvikliinik\/wp-content\/uploads\/2023\/12\/IMG_4126-768x512.jpg 768w, https:\/\/www.kliinikum.ee\/narvikliinik\/wp-content\/uploads\/2023\/12\/IMG_4126-1536x1024.jpg 1536w, https:\/\/www.kliinikum.ee\/narvikliinik\/wp-content\/uploads\/2023\/12\/IMG_4126-2048x1365.jpg 2048w, https:\/\/www.kliinikum.ee\/narvikliinik\/wp-content\/uploads\/2023\/12\/IMG_4126-scaled.jpg 2560w\" sizes=\"auto, (max-width: 1024px) 100vw, 1024px\" \/><\/figure>\n","protected":false},"excerpt":{"rendered":"<p>Haiglaravi ja p\u00e4evakirurgia patsientidel palume esmalt p\u00f6\u00f6rduda L.\u00a0Puusepa v\u00f5i N. Lunini t\u00e4nava poolsesse registratuuri, kus vormistatakse Teie saabumine ja juhatatakse edasi osakonda v\u00f5i p\u00e4evakirurgiasse. Voodip\u00e4eva tasu on Kliinikumis 2,50 EUR p\u00e4ev. Mida osakonda ravile tulles kaasa v\u00f5tta: P\u00e4evakirurgia operatsioonile tulles v\u00f5tke kaasa:<\/p>\n","protected":false},"author":34,"featured_media":0,"parent":15,"menu_order":2,"comment_status":"closed","ping_status":"closed","template":"","meta":{"_acf_changed":false,"_uag_custom_page_level_css":"","footnotes":""},"class_list":["post-6046","page","type-page","status-publish","hentry"],"acf":[],"yoast_head":"<!-- This site is optimized with the Yoast SEO plugin v27.3 - https:\/\/yoast.com\/product\/yoast-seo-wordpress\/ -->\n<title>Vastuv\u00f5tt haiglaravile - N\u00e4rvikliinik<\/title>\n<meta name=\"robots\" content=\"index, follow, max-snippet:-1, max-image-preview:large, max-video-preview:-1\" \/>\n<link rel=\"canonical\" href=\"https:\/\/www.kliinikum.ee\/narvikliinik\/patsiendile\/vastuvott-haiglaravile\/\" \/>\n<meta property=\"og:locale\" content=\"et_EE\" \/>\n<meta property=\"og:type\" content=\"article\" \/>\n<meta property=\"og:title\" content=\"Vastuv\u00f5tt haiglaravile - N\u00e4rvikliinik\" \/>\n<meta property=\"og:description\" content=\"Haiglaravi ja p\u00e4evakirurgia patsientidel palume esmalt p\u00f6\u00f6rduda L.\u00a0Puusepa v\u00f5i N. Lunini t\u00e4nava poolsesse registratuuri, kus vormistatakse Teie saabumine ja juhatatakse edasi osakonda v\u00f5i p\u00e4evakirurgiasse. Voodip\u00e4eva tasu on Kliinikumis 2,50 EUR p\u00e4ev. Mida osakonda ravile tulles kaasa v\u00f5tta: P\u00e4evakirurgia operatsioonile tulles v\u00f5tke kaasa:\" \/>\n<meta property=\"og:url\" content=\"https:\/\/www.kliinikum.ee\/narvikliinik\/patsiendile\/vastuvott-haiglaravile\/\" \/>\n<meta property=\"og:site_name\" content=\"N\u00e4rvikliinik\" \/>\n<meta property=\"article:modified_time\" content=\"2023-12-19T09:43:42+00:00\" \/>\n<meta property=\"og:image\" content=\"https:\/\/www.kliinikum.ee\/narvikliinik\/wp-content\/uploads\/2023\/12\/IMG_4126-1024x683.jpg\" \/>\n<meta name=\"twitter:card\" content=\"summary_large_image\" \/>\n<meta name=\"twitter:label1\" content=\"Est. reading time\" \/>\n\t<meta name=\"twitter:data1\" content=\"1 minut\" \/>\n<script type=\"application\/ld+json\" class=\"yoast-schema-graph\">{\"@context\":\"https:\\\/\\\/schema.org\",\"@graph\":[{\"@type\":\"WebPage\",\"@id\":\"https:\\\/\\\/www.kliinikum.ee\\\/narvikliinik\\\/patsiendile\\\/vastuvott-haiglaravile\\\/\",\"url\":\"https:\\\/\\\/www.kliinikum.ee\\\/narvikliinik\\\/patsiendile\\\/vastuvott-haiglaravile\\\/\",\"name\":\"Vastuv\u00f5tt haiglaravile - N\u00e4rvikliinik\",\"isPartOf\":{\"@id\":\"https:\\\/\\\/www.kliinikum.ee\\\/narvikliinik\\\/#website\"},\"primaryImageOfPage\":{\"@id\":\"https:\\\/\\\/www.kliinikum.ee\\\/narvikliinik\\\/patsiendile\\\/vastuvott-haiglaravile\\\/#primaryimage\"},\"image\":{\"@id\":\"https:\\\/\\\/www.kliinikum.ee\\\/narvikliinik\\\/patsiendile\\\/vastuvott-haiglaravile\\\/#primaryimage\"},\"thumbnailUrl\":\"https:\\\/\\\/www.kliinikum.ee\\\/narvikliinik\\\/wp-content\\\/uploads\\\/2023\\\/12\\\/IMG_4126-1024x683.jpg\",\"datePublished\":\"2023-11-29T07:23:22+00:00\",\"dateModified\":\"2023-12-19T09:43:42+00:00\",\"breadcrumb\":{\"@id\":\"https:\\\/\\\/www.kliinikum.ee\\\/narvikliinik\\\/patsiendile\\\/vastuvott-haiglaravile\\\/#breadcrumb\"},\"inLanguage\":\"et\",\"potentialAction\":[{\"@type\":\"ReadAction\",\"target\":[\"https:\\\/\\\/www.kliinikum.ee\\\/narvikliinik\\\/patsiendile\\\/vastuvott-haiglaravile\\\/\"]}]},{\"@type\":\"ImageObject\",\"inLanguage\":\"et\",\"@id\":\"https:\\\/\\\/www.kliinikum.ee\\\/narvikliinik\\\/patsiendile\\\/vastuvott-haiglaravile\\\/#primaryimage\",\"url\":\"https:\\\/\\\/www.kliinikum.ee\\\/narvikliinik\\\/wp-content\\\/uploads\\\/2023\\\/12\\\/IMG_4126-scaled.jpg\",\"contentUrl\":\"https:\\\/\\\/www.kliinikum.ee\\\/narvikliinik\\\/wp-content\\\/uploads\\\/2023\\\/12\\\/IMG_4126-scaled.jpg\",\"width\":2560,\"height\":1706},{\"@type\":\"BreadcrumbList\",\"@id\":\"https:\\\/\\\/www.kliinikum.ee\\\/narvikliinik\\\/patsiendile\\\/vastuvott-haiglaravile\\\/#breadcrumb\",\"itemListElement\":[{\"@type\":\"ListItem\",\"position\":1,\"name\":\"Home\",\"item\":\"https:\\\/\\\/www.kliinikum.ee\\\/narvikliinik\\\/\"},{\"@type\":\"ListItem\",\"position\":2,\"name\":\"Patsiendile\",\"item\":\"https:\\\/\\\/www.kliinikum.ee\\\/narvikliinik\\\/patsiendile\\\/\"},{\"@type\":\"ListItem\",\"position\":3,\"name\":\"Vastuv\u00f5tt haiglaravile\"}]},{\"@type\":\"WebSite\",\"@id\":\"https:\\\/\\\/www.kliinikum.ee\\\/narvikliinik\\\/#website\",\"url\":\"https:\\\/\\\/www.kliinikum.ee\\\/narvikliinik\\\/\",\"name\":\"N\u00e4rvikliinik\",\"description\":\"Hoolivus, Uuendusmeelsus, P\u00e4devus ja Usaldusv\u00e4\u00e4rsus\",\"potentialAction\":[{\"@type\":\"SearchAction\",\"target\":{\"@type\":\"EntryPoint\",\"urlTemplate\":\"https:\\\/\\\/www.kliinikum.ee\\\/narvikliinik\\\/?s={search_term_string}\"},\"query-input\":{\"@type\":\"PropertyValueSpecification\",\"valueRequired\":true,\"valueName\":\"search_term_string\"}}],\"inLanguage\":\"et\"}]}<\/script>\n<!-- \/ Yoast SEO plugin. -->","yoast_head_json":{"title":"Vastuv\u00f5tt haiglaravile - N\u00e4rvikliinik","robots":{"index":"index","follow":"follow","max-snippet":"max-snippet:-1","max-image-preview":"max-image-preview:large","max-video-preview":"max-video-preview:-1"},"canonical":"https:\/\/www.kliinikum.ee\/narvikliinik\/patsiendile\/vastuvott-haiglaravile\/","og_locale":"et_EE","og_type":"article","og_title":"Vastuv\u00f5tt haiglaravile - N\u00e4rvikliinik","og_description":"Haiglaravi ja p\u00e4evakirurgia patsientidel palume esmalt p\u00f6\u00f6rduda L.\u00a0Puusepa v\u00f5i N. Lunini t\u00e4nava poolsesse registratuuri, kus vormistatakse Teie saabumine ja juhatatakse edasi osakonda v\u00f5i p\u00e4evakirurgiasse. Voodip\u00e4eva tasu on Kliinikumis 2,50 EUR p\u00e4ev. Mida osakonda ravile tulles kaasa v\u00f5tta: P\u00e4evakirurgia operatsioonile tulles v\u00f5tke kaasa:","og_url":"https:\/\/www.kliinikum.ee\/narvikliinik\/patsiendile\/vastuvott-haiglaravile\/","og_site_name":"N\u00e4rvikliinik","article_modified_time":"2023-12-19T09:43:42+00:00","og_image":[{"url":"https:\/\/www.kliinikum.ee\/narvikliinik\/wp-content\/uploads\/2023\/12\/IMG_4126-1024x683.jpg","type":"","width":"","height":""}],"twitter_card":"summary_large_image","twitter_misc":{"Est. reading time":"1 minut"},"schema":{"@context":"https:\/\/schema.org","@graph":[{"@type":"WebPage","@id":"https:\/\/www.kliinikum.ee\/narvikliinik\/patsiendile\/vastuvott-haiglaravile\/","url":"https:\/\/www.kliinikum.ee\/narvikliinik\/patsiendile\/vastuvott-haiglaravile\/","name":"Vastuv\u00f5tt haiglaravile - N\u00e4rvikliinik","isPartOf":{"@id":"https:\/\/www.kliinikum.ee\/narvikliinik\/#website"},"primaryImageOfPage":{"@id":"https:\/\/www.kliinikum.ee\/narvikliinik\/patsiendile\/vastuvott-haiglaravile\/#primaryimage"},"image":{"@id":"https:\/\/www.kliinikum.ee\/narvikliinik\/patsiendile\/vastuvott-haiglaravile\/#primaryimage"},"thumbnailUrl":"https:\/\/www.kliinikum.ee\/narvikliinik\/wp-content\/uploads\/2023\/12\/IMG_4126-1024x683.jpg","datePublished":"2023-11-29T07:23:22+00:00","dateModified":"2023-12-19T09:43:42+00:00","breadcrumb":{"@id":"https:\/\/www.kliinikum.ee\/narvikliinik\/patsiendile\/vastuvott-haiglaravile\/#breadcrumb"},"inLanguage":"et","potentialAction":[{"@type":"ReadAction","target":["https:\/\/www.kliinikum.ee\/narvikliinik\/patsiendile\/vastuvott-haiglaravile\/"]}]},{"@type":"ImageObject","inLanguage":"et","@id":"https:\/\/www.kliinikum.ee\/narvikliinik\/patsiendile\/vastuvott-haiglaravile\/#primaryimage","url":"https:\/\/www.kliinikum.ee\/narvikliinik\/wp-content\/uploads\/2023\/12\/IMG_4126-scaled.jpg","contentUrl":"https:\/\/www.kliinikum.ee\/narvikliinik\/wp-content\/uploads\/2023\/12\/IMG_4126-scaled.jpg","width":2560,"height":1706},{"@type":"BreadcrumbList","@id":"https:\/\/www.kliinikum.ee\/narvikliinik\/patsiendile\/vastuvott-haiglaravile\/#breadcrumb","itemListElement":[{"@type":"ListItem","position":1,"name":"Home","item":"https:\/\/www.kliinikum.ee\/narvikliinik\/"},{"@type":"ListItem","position":2,"name":"Patsiendile","item":"https:\/\/www.kliinikum.ee\/narvikliinik\/patsiendile\/"},{"@type":"ListItem","position":3,"name":"Vastuv\u00f5tt haiglaravile"}]},{"@type":"WebSite","@id":"https:\/\/www.kliinikum.ee\/narvikliinik\/#website","url":"https:\/\/www.kliinikum.ee\/narvikliinik\/","name":"N\u00e4rvikliinik","description":"Hoolivus, Uuendusmeelsus, P\u00e4devus ja Usaldusv\u00e4\u00e4rsus","potentialAction":[{"@type":"SearchAction","target":{"@type":"EntryPoint","urlTemplate":"https:\/\/www.kliinikum.ee\/narvikliinik\/?s={search_term_string}"},"query-input":{"@type":"PropertyValueSpecification","valueRequired":true,"valueName":"search_term_string"}}],"inLanguage":"et"}]}},"uagb_featured_image_src":{"full":false,"thumbnail":false,"medium":false,"medium_large":false,"large":false,"1536x1536":false,"2048x2048":false},"uagb_author_info":{"display_name":"Jane Freimann","author_link":"https:\/\/www.kliinikum.ee\/narvikliinik\/author\/janef\/"},"uagb_comment_info":0,"uagb_excerpt":"Haiglaravi ja p\u00e4evakirurgia patsientidel palume esmalt p\u00f6\u00f6rduda L.\u00a0Puusepa v\u00f5i N. Lunini t\u00e4nava poolsesse registratuuri, kus vormistatakse Teie saabumine ja juhatatakse edasi osakonda v\u00f5i p\u00e4evakirurgiasse. Voodip\u00e4eva tasu on Kliinikumis 2,50 EUR p\u00e4ev. Mida osakonda ravile tulles kaasa v\u00f5tta: P\u00e4evakirurgia operatsioonile tulles v\u00f5tke kaasa:","_links":{"self":[{"href":"https:\/\/www.kliinikum.ee\/narvikliinik\/wp-json\/wp\/v2\/pages\/6046","targetHints":{"allow":["GET"]}}],"collection":[{"href":"https:\/\/www.kliinikum.ee\/narvikliinik\/wp-json\/wp\/v2\/pages"}],"about":[{"href":"https:\/\/www.kliinikum.ee\/narvikliinik\/wp-json\/wp\/v2\/types\/page"}],"author":[{"embeddable":true,"href":"https:\/\/www.kliinikum.ee\/narvikliinik\/wp-json\/wp\/v2\/users\/34"}],"replies":[{"embeddable":true,"href":"https:\/\/www.kliinikum.ee\/narvikliinik\/wp-json\/wp\/v2\/comments?post=6046"}],"version-history":[{"count":0,"href":"https:\/\/www.kliinikum.ee\/narvikliinik\/wp-json\/wp\/v2\/pages\/6046\/revisions"}],"up":[{"embeddable":true,"href":"https:\/\/www.kliinikum.ee\/narvikliinik\/wp-json\/wp\/v2\/pages\/15"}],"wp:attachment":[{"href":"https:\/\/www.kliinikum.ee\/narvikliinik\/wp-json\/wp\/v2\/media?parent=6046"}],"curies":[{"name":"wp","href":"https:\/\/api.w.org\/{rel}","templated":true}]}}