{"id":5930,"date":"2024-01-26T10:15:24","date_gmt":"2024-01-26T08:15:24","guid":{"rendered":"https:\/\/www.kliinikum.ee\/psyhhiaatriakliinik\/?page_id=5930"},"modified":"2025-09-19T11:03:56","modified_gmt":"2025-09-19T09:03:56","slug":"uldpsuhhiaatriaosakond","status":"publish","type":"page","link":"https:\/\/www.kliinikum.ee\/psyhhiaatriakliinik\/kliinikust\/uldpsuhhiaatria-keskus\/uldpsuhhiaatriaosakond\/","title":{"rendered":"\u00dcldps\u00fchhiaatria osakond"},"content":{"rendered":"\n<p class=\"has-medium-font-size\"><strong>Keskuse juht<\/strong> 731 8780<br><strong>\u00d5endusjuht<\/strong> 731 8772<br><strong>Valve\u00f5de<\/strong>\u00a0731 8783 <\/p>\n\n\n\n<p><\/p>\n\n\n\n<p><\/p>\n\n\n\n<p><\/p>\n\n\n\n<ul class=\"wp-block-list\">\n<li class=\"has-medium-font-size\">Kui ambulatoorne abi ei ole piisav, t\u00e4idab eriarst suunamiskirja, mille p\u00f5hjal keskuse spetsialistid hindavad haiglaravi n\u00e4idustatust.<\/li>\n\n\n\n<li class=\"has-medium-font-size\">Haiglaravi on n\u00e4idustatud, kui ps\u00fc\u00fchilise seisundi hindamiseks ja ravi l\u00e4biviimiseks on vajalik patsiendi j\u00e4lgimine \u00f6\u00f6p\u00e4evaringselt.<\/li>\n\n\n\n<li class=\"has-medium-font-size\">\u00dcldps\u00fchhiaatria osakonnas ravitakse \u00e4revus-, meeleolu- ja s\u00f5ltuvush\u00e4iretega (alkohol, rahustid) patsiente.<\/li>\n\n\n\n<li class=\"has-medium-font-size\">Osakonnas ravitakse patsiente alates 18. eluaastast.<\/li>\n\n\n\n<li class=\"has-medium-font-size\">Osakonnas on 37 statsionaarset voodikohta (1-, &nbsp;ja 3- kohalised) ning kaks j\u00e4lgimispalatit.<\/li>\n\n\n\n<li class=\"has-medium-font-size\">Haiglaravile\/uuringutele saamiseks statsionaari registreerib osakonnajuhataja isiku eelnevalt &nbsp;haiglaj\u00e4rjekorda.<\/li>\n\n\n\n<li class=\"has-medium-font-size\">Erakorralise haiglaravi vajaduse otsustab valvearst.<\/li>\n\n\n\n<li class=\"has-medium-font-size\">\u00dcldps\u00fchhiaatria osakonnas toimuvad: individuaalne ps\u00fchhoteraapia (kognitiivne-ja k\u00e4itumisteraapia, kriisin\u00f5ustamine, pereteraapia, dialektiline k\u00e4itumisteraapia), grupiteraapia, f\u00fcsioteraapia ja tegevusteraapia.<\/li>\n\n\n\n<li class=\"has-medium-font-size\">Osakonnas viiakse l\u00e4bi ps\u00fchholoogilisi uuringuid ning s\u00f5jav\u00e4ek\u00f5lbulikkuse ja kohtups\u00fchhiaatrilisi\/ kohtups\u00fchholoogilisi ekspertiise.<\/li>\n\n\n\n<li class=\"has-medium-font-size\">P\u00e4eva tegevusse kuuluvad ravimite manustamine, vestlused ps\u00fchhiaatrite, ps\u00fchholoogide, vaimse tervise \u00f5dedega, tegevusteraapia, grupiteraapia, f\u00fcsioteraapia. Vajadusel kaasatakse vestlusele pereliikmeid ja l\u00e4hedasi.<\/li>\n\n\n\n<li class=\"has-medium-font-size\">Osakonnas on v\u00f5imalik konsulteerida sisearstiga.<\/li>\n<\/ul>\n\n\n\n<p class=\"has-medium-font-size\"><a href=\"https:\/\/www.kliinikum.ee\/psyhhiaatriakliinik\/wp-content\/uploads\/2024\/01\/Yldpsyhhiaatriakeskuse_sisekord.pdf\">\u00dcldps\u00fchhiaatriakeskuse sisekord<\/a><\/p>\n","protected":false},"excerpt":{"rendered":"<p>Keskuse juht 731 8780\u00d5endusjuht 731 8772Valve\u00f5de\u00a0731 8783 \u00dcldps\u00fchhiaatriakeskuse sisekord<\/p>\n","protected":false},"author":32,"featured_media":0,"parent":5860,"menu_order":1,"comment_status":"closed","ping_status":"closed","template":"","meta":{"_acf_changed":false,"_uag_custom_page_level_css":"","footnotes":""},"class_list":["post-5930","page","type-page","status-publish","hentry"],"acf":[],"yoast_head":"<!-- This site is optimized with the Yoast SEO plugin v27.3 - https:\/\/yoast.com\/product\/yoast-seo-wordpress\/ -->\n<title>\u00dcldps\u00fchhiaatria osakond - Ps\u00fchhiaatriakliinik<\/title>\n<meta name=\"robots\" content=\"index, follow, max-snippet:-1, max-image-preview:large, max-video-preview:-1\" \/>\n<link rel=\"canonical\" href=\"https:\/\/www.kliinikum.ee\/psyhhiaatriakliinik\/kliinikust\/uldpsuhhiaatria-keskus\/uldpsuhhiaatriaosakond\/\" \/>\n<meta property=\"og:locale\" content=\"et_EE\" \/>\n<meta property=\"og:type\" content=\"article\" \/>\n<meta property=\"og:title\" content=\"\u00dcldps\u00fchhiaatria osakond - Ps\u00fchhiaatriakliinik\" \/>\n<meta property=\"og:description\" content=\"Keskuse juht 731 8780\u00d5endusjuht 731 8772Valve\u00f5de\u00a0731 8783 \u00dcldps\u00fchhiaatriakeskuse sisekord\" \/>\n<meta property=\"og:url\" content=\"https:\/\/www.kliinikum.ee\/psyhhiaatriakliinik\/kliinikust\/uldpsuhhiaatria-keskus\/uldpsuhhiaatriaosakond\/\" \/>\n<meta property=\"og:site_name\" content=\"Ps\u00fchhiaatriakliinik\" \/>\n<meta property=\"article:modified_time\" content=\"2025-09-19T09:03:56+00:00\" \/>\n<meta name=\"twitter:card\" content=\"summary_large_image\" \/>\n<meta name=\"twitter:label1\" content=\"Est. reading time\" \/>\n\t<meta name=\"twitter:data1\" content=\"1 minut\" \/>\n<script type=\"application\/ld+json\" class=\"yoast-schema-graph\">{\"@context\":\"https:\\\/\\\/schema.org\",\"@graph\":[{\"@type\":\"WebPage\",\"@id\":\"https:\\\/\\\/www.kliinikum.ee\\\/psyhhiaatriakliinik\\\/kliinikust\\\/uldpsuhhiaatria-keskus\\\/uldpsuhhiaatriaosakond\\\/\",\"url\":\"https:\\\/\\\/www.kliinikum.ee\\\/psyhhiaatriakliinik\\\/kliinikust\\\/uldpsuhhiaatria-keskus\\\/uldpsuhhiaatriaosakond\\\/\",\"name\":\"\u00dcldps\u00fchhiaatria osakond - Ps\u00fchhiaatriakliinik\",\"isPartOf\":{\"@id\":\"https:\\\/\\\/www.kliinikum.ee\\\/psyhhiaatriakliinik\\\/#website\"},\"datePublished\":\"2024-01-26T08:15:24+00:00\",\"dateModified\":\"2025-09-19T09:03:56+00:00\",\"breadcrumb\":{\"@id\":\"https:\\\/\\\/www.kliinikum.ee\\\/psyhhiaatriakliinik\\\/kliinikust\\\/uldpsuhhiaatria-keskus\\\/uldpsuhhiaatriaosakond\\\/#breadcrumb\"},\"inLanguage\":\"et\",\"potentialAction\":[{\"@type\":\"ReadAction\",\"target\":[\"https:\\\/\\\/www.kliinikum.ee\\\/psyhhiaatriakliinik\\\/kliinikust\\\/uldpsuhhiaatria-keskus\\\/uldpsuhhiaatriaosakond\\\/\"]}]},{\"@type\":\"BreadcrumbList\",\"@id\":\"https:\\\/\\\/www.kliinikum.ee\\\/psyhhiaatriakliinik\\\/kliinikust\\\/uldpsuhhiaatria-keskus\\\/uldpsuhhiaatriaosakond\\\/#breadcrumb\",\"itemListElement\":[{\"@type\":\"ListItem\",\"position\":1,\"name\":\"Home\",\"item\":\"https:\\\/\\\/www.kliinikum.ee\\\/psyhhiaatriakliinik\\\/\"},{\"@type\":\"ListItem\",\"position\":2,\"name\":\"Kliinikust\",\"item\":\"https:\\\/\\\/www.kliinikum.ee\\\/psyhhiaatriakliinik\\\/kliinikust\\\/\"},{\"@type\":\"ListItem\",\"position\":3,\"name\":\"\u00dcldps\u00fchhiaatria keskus\",\"item\":\"https:\\\/\\\/www.kliinikum.ee\\\/psyhhiaatriakliinik\\\/kliinikust\\\/uldpsuhhiaatria-keskus\\\/\"},{\"@type\":\"ListItem\",\"position\":4,\"name\":\"\u00dcldps\u00fchhiaatria osakond\"}]},{\"@type\":\"WebSite\",\"@id\":\"https:\\\/\\\/www.kliinikum.ee\\\/psyhhiaatriakliinik\\\/#website\",\"url\":\"https:\\\/\\\/www.kliinikum.ee\\\/psyhhiaatriakliinik\\\/\",\"name\":\"Ps\u00fchhiaatriakliinik\",\"description\":\"Hoolivus, Uuendusmeelsus, P\u00e4devus ja Usaldusv\u00e4\u00e4rsus\",\"potentialAction\":[{\"@type\":\"SearchAction\",\"target\":{\"@type\":\"EntryPoint\",\"urlTemplate\":\"https:\\\/\\\/www.kliinikum.ee\\\/psyhhiaatriakliinik\\\/?s={search_term_string}\"},\"query-input\":{\"@type\":\"PropertyValueSpecification\",\"valueRequired\":true,\"valueName\":\"search_term_string\"}}],\"inLanguage\":\"et\"}]}<\/script>\n<!-- \/ Yoast SEO plugin. -->","yoast_head_json":{"title":"\u00dcldps\u00fchhiaatria osakond - Ps\u00fchhiaatriakliinik","robots":{"index":"index","follow":"follow","max-snippet":"max-snippet:-1","max-image-preview":"max-image-preview:large","max-video-preview":"max-video-preview:-1"},"canonical":"https:\/\/www.kliinikum.ee\/psyhhiaatriakliinik\/kliinikust\/uldpsuhhiaatria-keskus\/uldpsuhhiaatriaosakond\/","og_locale":"et_EE","og_type":"article","og_title":"\u00dcldps\u00fchhiaatria osakond - Ps\u00fchhiaatriakliinik","og_description":"Keskuse juht 731 8780\u00d5endusjuht 731 8772Valve\u00f5de\u00a0731 8783 \u00dcldps\u00fchhiaatriakeskuse sisekord","og_url":"https:\/\/www.kliinikum.ee\/psyhhiaatriakliinik\/kliinikust\/uldpsuhhiaatria-keskus\/uldpsuhhiaatriaosakond\/","og_site_name":"Ps\u00fchhiaatriakliinik","article_modified_time":"2025-09-19T09:03:56+00:00","twitter_card":"summary_large_image","twitter_misc":{"Est. reading time":"1 minut"},"schema":{"@context":"https:\/\/schema.org","@graph":[{"@type":"WebPage","@id":"https:\/\/www.kliinikum.ee\/psyhhiaatriakliinik\/kliinikust\/uldpsuhhiaatria-keskus\/uldpsuhhiaatriaosakond\/","url":"https:\/\/www.kliinikum.ee\/psyhhiaatriakliinik\/kliinikust\/uldpsuhhiaatria-keskus\/uldpsuhhiaatriaosakond\/","name":"\u00dcldps\u00fchhiaatria osakond - Ps\u00fchhiaatriakliinik","isPartOf":{"@id":"https:\/\/www.kliinikum.ee\/psyhhiaatriakliinik\/#website"},"datePublished":"2024-01-26T08:15:24+00:00","dateModified":"2025-09-19T09:03:56+00:00","breadcrumb":{"@id":"https:\/\/www.kliinikum.ee\/psyhhiaatriakliinik\/kliinikust\/uldpsuhhiaatria-keskus\/uldpsuhhiaatriaosakond\/#breadcrumb"},"inLanguage":"et","potentialAction":[{"@type":"ReadAction","target":["https:\/\/www.kliinikum.ee\/psyhhiaatriakliinik\/kliinikust\/uldpsuhhiaatria-keskus\/uldpsuhhiaatriaosakond\/"]}]},{"@type":"BreadcrumbList","@id":"https:\/\/www.kliinikum.ee\/psyhhiaatriakliinik\/kliinikust\/uldpsuhhiaatria-keskus\/uldpsuhhiaatriaosakond\/#breadcrumb","itemListElement":[{"@type":"ListItem","position":1,"name":"Home","item":"https:\/\/www.kliinikum.ee\/psyhhiaatriakliinik\/"},{"@type":"ListItem","position":2,"name":"Kliinikust","item":"https:\/\/www.kliinikum.ee\/psyhhiaatriakliinik\/kliinikust\/"},{"@type":"ListItem","position":3,"name":"\u00dcldps\u00fchhiaatria keskus","item":"https:\/\/www.kliinikum.ee\/psyhhiaatriakliinik\/kliinikust\/uldpsuhhiaatria-keskus\/"},{"@type":"ListItem","position":4,"name":"\u00dcldps\u00fchhiaatria osakond"}]},{"@type":"WebSite","@id":"https:\/\/www.kliinikum.ee\/psyhhiaatriakliinik\/#website","url":"https:\/\/www.kliinikum.ee\/psyhhiaatriakliinik\/","name":"Ps\u00fchhiaatriakliinik","description":"Hoolivus, Uuendusmeelsus, P\u00e4devus ja Usaldusv\u00e4\u00e4rsus","potentialAction":[{"@type":"SearchAction","target":{"@type":"EntryPoint","urlTemplate":"https:\/\/www.kliinikum.ee\/psyhhiaatriakliinik\/?s={search_term_string}"},"query-input":{"@type":"PropertyValueSpecification","valueRequired":true,"valueName":"search_term_string"}}],"inLanguage":"et"}]}},"uagb_featured_image_src":{"full":false,"thumbnail":false,"medium":false,"medium_large":false,"large":false,"1536x1536":false,"2048x2048":false},"uagb_author_info":{"display_name":"Jane Freimann","author_link":"https:\/\/www.kliinikum.ee\/psyhhiaatriakliinik\/author\/janef\/"},"uagb_comment_info":0,"uagb_excerpt":"Keskuse juht 731 8780\u00d5endusjuht 731 8772Valve\u00f5de\u00a0731 8783 \u00dcldps\u00fchhiaatriakeskuse sisekord","_links":{"self":[{"href":"https:\/\/www.kliinikum.ee\/psyhhiaatriakliinik\/wp-json\/wp\/v2\/pages\/5930","targetHints":{"allow":["GET"]}}],"collection":[{"href":"https:\/\/www.kliinikum.ee\/psyhhiaatriakliinik\/wp-json\/wp\/v2\/pages"}],"about":[{"href":"https:\/\/www.kliinikum.ee\/psyhhiaatriakliinik\/wp-json\/wp\/v2\/types\/page"}],"author":[{"embeddable":true,"href":"https:\/\/www.kliinikum.ee\/psyhhiaatriakliinik\/wp-json\/wp\/v2\/users\/32"}],"replies":[{"embeddable":true,"href":"https:\/\/www.kliinikum.ee\/psyhhiaatriakliinik\/wp-json\/wp\/v2\/comments?post=5930"}],"version-history":[{"count":0,"href":"https:\/\/www.kliinikum.ee\/psyhhiaatriakliinik\/wp-json\/wp\/v2\/pages\/5930\/revisions"}],"up":[{"embeddable":true,"href":"https:\/\/www.kliinikum.ee\/psyhhiaatriakliinik\/wp-json\/wp\/v2\/pages\/5860"}],"wp:attachment":[{"href":"https:\/\/www.kliinikum.ee\/psyhhiaatriakliinik\/wp-json\/wp\/v2\/media?parent=5930"}],"curies":[{"name":"wp","href":"https:\/\/api.w.org\/{rel}","templated":true}]}}