{"id":5859,"date":"2023-09-20T12:41:29","date_gmt":"2023-09-20T10:41:29","guid":{"rendered":"https:\/\/www.kliinikum.ee\/rohelisemkliinikum\/?page_id=5859"},"modified":"2023-09-20T12:55:29","modified_gmt":"2023-09-20T10:55:29","slug":"keskkonnapoliitika","status":"publish","type":"page","link":"https:\/\/www.kliinikum.ee\/rohelisemkliinikum\/keskkonnapoliitika\/","title":{"rendered":"Keskkonnapoliitika"},"content":{"rendered":"\n<p class=\"has-medium-font-size\">Kliinikumi keskkonnapoliitika koostamise, j\u00e4rgimise ja avalikustamise eesm\u00e4rk on teadvustada kliinikumi tegevusest tulenevaid olulise keskkonnam\u00f5juga keskkonnaaspekte ning t\u00e4psustada, millised on reaalsed v\u00f5imalused \u00f6koloogilise jalaj\u00e4lje v\u00e4hendamiseks.<\/p>\n\n\n\n<p class=\"has-medium-font-size\">Haiglad tervishoiuteenuse pakkujatena omavad olulist m\u00f5ju nii heaolule kui keskkonnale, mist\u00f5ttu soovib Tartu \u00dclikooli Kliinikum olla avatud ning l\u00e4bipaistev oma tegevustes. Seet\u00f5ttu on Tartu \u00dclikooli Kliinikum Eesti suurima tervishoiuteenuste pakkujana seadnud endale eesm\u00e4rgiks j\u00e4rgida j\u00e4tkusuutliku arengu eesm\u00e4rke, et osutada tervishoiuteenust \u00fcmbritsevat elu- ja looduskeskkonda s\u00e4\u00e4stes.<\/p>\n\n\n\n<p class=\"has-medium-font-size\">Tartu \u00dclikooli Kliinikum soovib v\u00e4hendada oma tegevusega kaasnevat negatiivset keskkonnam\u00f5ju ja parendada pidevalt keskkonnategevuse tulemuslikkust.<\/p>\n\n\n\n<p class=\"has-medium-font-size\">Selleks Tartu \u00dclikooli Kliinikum:<\/p>\n\n\n\n<ul class=\"wp-block-list\">\n<li class=\"has-medium-font-size\">J\u00e4rgib oma tegevuses kehtivate asjakohaste keskkonnaalaste \u00f5igusaktide n\u00f5udeid.<\/li>\n\n\n\n<li class=\"has-medium-font-size\">V\u00f5tab kasutusele meetmed, mis tagavad ressursside ja energia s\u00e4\u00e4stliku kasutamise.<\/li>\n\n\n\n<li class=\"has-medium-font-size\">Panustab pidevalt oma j\u00e4\u00e4tmek\u00e4itluss\u00fcsteemi arendamisse, arvestades valdkonna parimaid tavasid ja lahendusi.<\/li>\n\n\n\n<li class=\"has-medium-font-size\">Parandab t\u00f6\u00f6keskkonda, kaasates selleks t\u00f6\u00f6tajaid ja uurides nende vajadusi.<\/li>\n\n\n\n<li class=\"has-medium-font-size\">Hindab uute investeerimisotsuste tegemisel nende m\u00f5ju loodus- ja elukeskkonnale.<\/li>\n\n\n\n<li class=\"has-medium-font-size\">T\u00f5stab t\u00f6\u00f6tajate keskkonnateadlikkust l\u00e4bi regulaarsete koolituste.<\/li>\n\n\n\n<li class=\"has-medium-font-size\">T\u00f5stab patsientide rahulolu l\u00e4bi avalikustatud keskkonnapoliitika ning negatiivse keskkonnam\u00f5ju v\u00e4hendamise.<\/li>\n\n\n\n<li class=\"has-medium-font-size\">Suurendab kogukonna \u00fchtsustunnet kaasates kogukonna kliinikumi kui piirkonna suurima asutuse keskkonnaalase tegevuse v\u00e4ljat\u00f6\u00f6tamisse ja parendamisse.<\/li>\n\n\n\n<li class=\"has-medium-font-size\">Teeb koost\u00f6\u00f6d nii patsientidega, t\u00f6\u00f6tajatega, koost\u00f6\u00f6partnerite ja ekspertidega kui ka teiste huvigruppidega.<\/li>\n\n\n\n<li class=\"has-medium-font-size\">T\u00e4iustab pidevalt oma keskkonnajuhtimiss\u00fcsteemi.<\/li>\n<\/ul>\n\n\n\n<p class=\"has-medium-font-size\">Tartu \u00dclikooli Kliinikumi keskkonnapoliitika on \u00fcldsusele k\u00e4ttesaadav.<\/p>\n","protected":false},"excerpt":{"rendered":"<p>Kliinikumi keskkonnapoliitika koostamise, j\u00e4rgimise ja avalikustamise eesm\u00e4rk on teadvustada kliinikumi tegevusest tulenevaid olulise keskkonnam\u00f5juga keskkonnaaspekte ning t\u00e4psustada, millised on reaalsed v\u00f5imalused \u00f6koloogilise jalaj\u00e4lje v\u00e4hendamiseks. Haiglad tervishoiuteenuse pakkujatena omavad olulist m\u00f5ju nii heaolule kui keskkonnale, mist\u00f5ttu soovib Tartu \u00dclikooli Kliinikum olla avatud ning l\u00e4bipaistev oma tegevustes. Seet\u00f5ttu on Tartu \u00dclikooli Kliinikum Eesti suurima tervishoiuteenuste pakkujana seadnud [&hellip;]<\/p>\n","protected":false},"author":31,"featured_media":0,"parent":0,"menu_order":3,"comment_status":"closed","ping_status":"closed","template":"","meta":{"_acf_changed":false,"_uag_custom_page_level_css":"","footnotes":""},"class_list":["post-5859","page","type-page","status-publish","hentry"],"acf":[],"yoast_head":"<!-- This site is optimized with the Yoast SEO plugin v27.3 - https:\/\/yoast.com\/product\/yoast-seo-wordpress\/ -->\n<title>Keskkonnapoliitika - RohelisemKliinikum<\/title>\n<meta name=\"robots\" content=\"index, follow, max-snippet:-1, max-image-preview:large, max-video-preview:-1\" \/>\n<link rel=\"canonical\" href=\"https:\/\/www.kliinikum.ee\/rohelisemkliinikum\/keskkonnapoliitika\/\" \/>\n<meta property=\"og:locale\" content=\"et_EE\" \/>\n<meta property=\"og:type\" content=\"article\" \/>\n<meta property=\"og:title\" content=\"Keskkonnapoliitika - RohelisemKliinikum\" \/>\n<meta property=\"og:description\" content=\"Kliinikumi keskkonnapoliitika koostamise, j\u00e4rgimise ja avalikustamise eesm\u00e4rk on teadvustada kliinikumi tegevusest tulenevaid olulise keskkonnam\u00f5juga keskkonnaaspekte ning t\u00e4psustada, millised on reaalsed v\u00f5imalused \u00f6koloogilise jalaj\u00e4lje v\u00e4hendamiseks. Haiglad tervishoiuteenuse pakkujatena omavad olulist m\u00f5ju nii heaolule kui keskkonnale, mist\u00f5ttu soovib Tartu \u00dclikooli Kliinikum olla avatud ning l\u00e4bipaistev oma tegevustes. Seet\u00f5ttu on Tartu \u00dclikooli Kliinikum Eesti suurima tervishoiuteenuste pakkujana seadnud [&hellip;]\" \/>\n<meta property=\"og:url\" content=\"https:\/\/www.kliinikum.ee\/rohelisemkliinikum\/keskkonnapoliitika\/\" \/>\n<meta property=\"og:site_name\" content=\"RohelisemKliinikum\" \/>\n<meta property=\"article:modified_time\" content=\"2023-09-20T10:55:29+00:00\" \/>\n<meta name=\"twitter:card\" content=\"summary_large_image\" \/>\n<meta name=\"twitter:label1\" content=\"Est. reading time\" \/>\n\t<meta name=\"twitter:data1\" content=\"2 minutit\" \/>\n<script type=\"application\/ld+json\" class=\"yoast-schema-graph\">{\"@context\":\"https:\\\/\\\/schema.org\",\"@graph\":[{\"@type\":\"WebPage\",\"@id\":\"https:\\\/\\\/www.kliinikum.ee\\\/rohelisemkliinikum\\\/keskkonnapoliitika\\\/\",\"url\":\"https:\\\/\\\/www.kliinikum.ee\\\/rohelisemkliinikum\\\/keskkonnapoliitika\\\/\",\"name\":\"Keskkonnapoliitika - RohelisemKliinikum\",\"isPartOf\":{\"@id\":\"https:\\\/\\\/www.kliinikum.ee\\\/rohelisemkliinikum\\\/#website\"},\"datePublished\":\"2023-09-20T10:41:29+00:00\",\"dateModified\":\"2023-09-20T10:55:29+00:00\",\"breadcrumb\":{\"@id\":\"https:\\\/\\\/www.kliinikum.ee\\\/rohelisemkliinikum\\\/keskkonnapoliitika\\\/#breadcrumb\"},\"inLanguage\":\"et\",\"potentialAction\":[{\"@type\":\"ReadAction\",\"target\":[\"https:\\\/\\\/www.kliinikum.ee\\\/rohelisemkliinikum\\\/keskkonnapoliitika\\\/\"]}]},{\"@type\":\"BreadcrumbList\",\"@id\":\"https:\\\/\\\/www.kliinikum.ee\\\/rohelisemkliinikum\\\/keskkonnapoliitika\\\/#breadcrumb\",\"itemListElement\":[{\"@type\":\"ListItem\",\"position\":1,\"name\":\"Home\",\"item\":\"https:\\\/\\\/www.kliinikum.ee\\\/rohelisemkliinikum\\\/\"},{\"@type\":\"ListItem\",\"position\":2,\"name\":\"Keskkonnapoliitika\"}]},{\"@type\":\"WebSite\",\"@id\":\"https:\\\/\\\/www.kliinikum.ee\\\/rohelisemkliinikum\\\/#website\",\"url\":\"https:\\\/\\\/www.kliinikum.ee\\\/rohelisemkliinikum\\\/\",\"name\":\"RohelisemKliinikum\",\"description\":\"Hoolivus, Uuendusmeelsus, P\u00e4devus ja Usaldusv\u00e4\u00e4rsus\",\"potentialAction\":[{\"@type\":\"SearchAction\",\"target\":{\"@type\":\"EntryPoint\",\"urlTemplate\":\"https:\\\/\\\/www.kliinikum.ee\\\/rohelisemkliinikum\\\/?s={search_term_string}\"},\"query-input\":{\"@type\":\"PropertyValueSpecification\",\"valueRequired\":true,\"valueName\":\"search_term_string\"}}],\"inLanguage\":\"et\"}]}<\/script>\n<!-- \/ Yoast SEO plugin. -->","yoast_head_json":{"title":"Keskkonnapoliitika - RohelisemKliinikum","robots":{"index":"index","follow":"follow","max-snippet":"max-snippet:-1","max-image-preview":"max-image-preview:large","max-video-preview":"max-video-preview:-1"},"canonical":"https:\/\/www.kliinikum.ee\/rohelisemkliinikum\/keskkonnapoliitika\/","og_locale":"et_EE","og_type":"article","og_title":"Keskkonnapoliitika - RohelisemKliinikum","og_description":"Kliinikumi keskkonnapoliitika koostamise, j\u00e4rgimise ja avalikustamise eesm\u00e4rk on teadvustada kliinikumi tegevusest tulenevaid olulise keskkonnam\u00f5juga keskkonnaaspekte ning t\u00e4psustada, millised on reaalsed v\u00f5imalused \u00f6koloogilise jalaj\u00e4lje v\u00e4hendamiseks. Haiglad tervishoiuteenuse pakkujatena omavad olulist m\u00f5ju nii heaolule kui keskkonnale, mist\u00f5ttu soovib Tartu \u00dclikooli Kliinikum olla avatud ning l\u00e4bipaistev oma tegevustes. Seet\u00f5ttu on Tartu \u00dclikooli Kliinikum Eesti suurima tervishoiuteenuste pakkujana seadnud [&hellip;]","og_url":"https:\/\/www.kliinikum.ee\/rohelisemkliinikum\/keskkonnapoliitika\/","og_site_name":"RohelisemKliinikum","article_modified_time":"2023-09-20T10:55:29+00:00","twitter_card":"summary_large_image","twitter_misc":{"Est. reading time":"2 minutit"},"schema":{"@context":"https:\/\/schema.org","@graph":[{"@type":"WebPage","@id":"https:\/\/www.kliinikum.ee\/rohelisemkliinikum\/keskkonnapoliitika\/","url":"https:\/\/www.kliinikum.ee\/rohelisemkliinikum\/keskkonnapoliitika\/","name":"Keskkonnapoliitika - RohelisemKliinikum","isPartOf":{"@id":"https:\/\/www.kliinikum.ee\/rohelisemkliinikum\/#website"},"datePublished":"2023-09-20T10:41:29+00:00","dateModified":"2023-09-20T10:55:29+00:00","breadcrumb":{"@id":"https:\/\/www.kliinikum.ee\/rohelisemkliinikum\/keskkonnapoliitika\/#breadcrumb"},"inLanguage":"et","potentialAction":[{"@type":"ReadAction","target":["https:\/\/www.kliinikum.ee\/rohelisemkliinikum\/keskkonnapoliitika\/"]}]},{"@type":"BreadcrumbList","@id":"https:\/\/www.kliinikum.ee\/rohelisemkliinikum\/keskkonnapoliitika\/#breadcrumb","itemListElement":[{"@type":"ListItem","position":1,"name":"Home","item":"https:\/\/www.kliinikum.ee\/rohelisemkliinikum\/"},{"@type":"ListItem","position":2,"name":"Keskkonnapoliitika"}]},{"@type":"WebSite","@id":"https:\/\/www.kliinikum.ee\/rohelisemkliinikum\/#website","url":"https:\/\/www.kliinikum.ee\/rohelisemkliinikum\/","name":"RohelisemKliinikum","description":"Hoolivus, Uuendusmeelsus, P\u00e4devus ja Usaldusv\u00e4\u00e4rsus","potentialAction":[{"@type":"SearchAction","target":{"@type":"EntryPoint","urlTemplate":"https:\/\/www.kliinikum.ee\/rohelisemkliinikum\/?s={search_term_string}"},"query-input":{"@type":"PropertyValueSpecification","valueRequired":true,"valueName":"search_term_string"}}],"inLanguage":"et"}]}},"uagb_featured_image_src":{"full":false,"thumbnail":false,"medium":false,"medium_large":false,"large":false,"1536x1536":false,"2048x2048":false},"uagb_author_info":{"display_name":"Jane Freimann","author_link":"https:\/\/www.kliinikum.ee\/rohelisemkliinikum\/author\/janef\/"},"uagb_comment_info":0,"uagb_excerpt":"Kliinikumi keskkonnapoliitika koostamise, j\u00e4rgimise ja avalikustamise eesm\u00e4rk on teadvustada kliinikumi tegevusest tulenevaid olulise keskkonnam\u00f5juga keskkonnaaspekte ning t\u00e4psustada, millised on reaalsed v\u00f5imalused \u00f6koloogilise jalaj\u00e4lje v\u00e4hendamiseks. Haiglad tervishoiuteenuse pakkujatena omavad olulist m\u00f5ju nii heaolule kui keskkonnale, mist\u00f5ttu soovib Tartu \u00dclikooli Kliinikum olla avatud ning l\u00e4bipaistev oma tegevustes. Seet\u00f5ttu on Tartu \u00dclikooli Kliinikum Eesti suurima tervishoiuteenuste pakkujana seadnud&hellip;","_links":{"self":[{"href":"https:\/\/www.kliinikum.ee\/rohelisemkliinikum\/wp-json\/wp\/v2\/pages\/5859","targetHints":{"allow":["GET"]}}],"collection":[{"href":"https:\/\/www.kliinikum.ee\/rohelisemkliinikum\/wp-json\/wp\/v2\/pages"}],"about":[{"href":"https:\/\/www.kliinikum.ee\/rohelisemkliinikum\/wp-json\/wp\/v2\/types\/page"}],"author":[{"embeddable":true,"href":"https:\/\/www.kliinikum.ee\/rohelisemkliinikum\/wp-json\/wp\/v2\/users\/31"}],"replies":[{"embeddable":true,"href":"https:\/\/www.kliinikum.ee\/rohelisemkliinikum\/wp-json\/wp\/v2\/comments?post=5859"}],"version-history":[{"count":0,"href":"https:\/\/www.kliinikum.ee\/rohelisemkliinikum\/wp-json\/wp\/v2\/pages\/5859\/revisions"}],"wp:attachment":[{"href":"https:\/\/www.kliinikum.ee\/rohelisemkliinikum\/wp-json\/wp\/v2\/media?parent=5859"}],"curies":[{"name":"wp","href":"https:\/\/api.w.org\/{rel}","templated":true}]}}