{"id":5922,"date":"2023-11-08T12:17:49","date_gmt":"2023-11-08T10:17:49","guid":{"rendered":"https:\/\/www.kliinikum.ee\/silmakliinik\/?page_id=5922"},"modified":"2023-11-10T14:18:54","modified_gmt":"2023-11-10T12:18:54","slug":"statsionaarne-vastuvott","status":"publish","type":"page","link":"https:\/\/www.kliinikum.ee\/silmakliinik\/patsiendile\/statsionaarne-vastuvott\/","title":{"rendered":"Statsionaarne vastuv\u00f5tt"},"content":{"rendered":"\n<p class=\"has-medium-font-size\"><strong>Operatsiooniaja m\u00e4\u00e4ramiseks v\u00f5i muutmiseks helistage palun telefonil &nbsp;731 9747. <\/strong><\/p>\n\n\n\n<p class=\"has-medium-font-size\"><strong>Haiglaravile tulek<\/strong><br>Plaanilisele operatiivsele ravile j\u00e4rjestab patsiendid&nbsp;T\u00dc Kliinikumi Silmakliiniku silmaarst. Ambulatoorsel vastuv\u00f5tul otsustatakse operatsiooni vajalikkus ja lepitakse kokku sobiv operatsioonip\u00e4ev.<\/p>\n\n\n\n<p class=\"has-medium-font-size\">Haiglasse tulles palume kaasa v\u00f5tta:<\/p>\n\n\n\n<ul class=\"wp-block-list\">\n<li class=\"has-medium-font-size\">silmaarsti saatekiri<\/li>\n\n\n\n<li class=\"has-medium-font-size\">pass v\u00f5i ID-kaart<\/li>\n\n\n\n<li class=\"has-medium-font-size\">t\u00f5end \u00fcldtervise kohta ja EKG<\/li>\n\n\n\n<li class=\"has-medium-font-size\">isiklikud h\u00fcgieenitarbed<\/li>\n\n\n\n<li class=\"has-medium-font-size\">toasussid<\/li>\n\n\n\n<li class=\"has-medium-font-size\">soovi korral hommikumantel<\/li>\n<\/ul>\n\n\n\n<p class=\"has-medium-font-size\"><strong>Vastuv\u00f5tt<\/strong><\/p>\n\n\n\n<p class=\"has-medium-font-size\">Haiglasse vastuv\u00f5tt ja vormistamine toimub L.Puusepa 8, J-korpuse II korrusel \u00f5epostis.&nbsp; Osakonna valve\u00f5de vormistab Teie saabumise, tutvustab osakonda ja saadab palatisse. Saabumisp\u00e4eval kindlustatakse Teile l\u00f5unas\u00f6\u00f6k&nbsp;kell 13.30.&nbsp;<br>Haiglasse tulles palume mitte kaasa v\u00f5tta suurt summat raha ja v\u00e4\u00e4risesemeid. Kui Teil mingil p\u00f5hjusel on kaasas v\u00e4\u00e4risesemeid, raha vms, palume need anda osakonda \u00f5e k\u00e4tte sheifi hoiule.<\/p>\n\n\n\n<p class=\"has-medium-font-size\"><strong>Soovitused silmaoperatsioonile tulijale<br><\/strong>Plaanilised operatsioonid l\u00fckatakse edasi \u00e4gedate haiguste korral ja krooniliste haiguste \u00e4genedes. Haigestumisest ja operatsioonile mittetulemisest teatada silmahaiguste osakonda telefonil <strong>731 9763 <\/strong>v\u00f5i sekret\u00e4rile <strong>731 9747.<\/strong><\/p>\n\n\n\n<p class=\"has-medium-font-size\"><strong>Patsientide k\u00fclastamine<br><\/strong>Soovitav ajavahemik k\u00fclastamiseks on t\u00f6\u00f6p\u00e4evadel pealel\u00f5unasel ajal (14.00-19.00), puhkep\u00e4evadel 10.00-19.00.<br>K\u00fclastajatel palume kaasa v\u00f5tta vahetusjalatsid.&nbsp;<\/p>\n\n\n\n<p class=\"has-medium-font-size\"><strong>Telefoni\u00fchendus<\/strong><br>L\u00e4hedased&nbsp;ja tuttavad v\u00f5ivad Teile helistada osakonna valve\u00f5e telefonil 731 9763, sobivaim aeg selleks on p\u00e4rast l\u00f5unat.<\/p>\n\n\n\n<p class=\"has-medium-font-size\">Lisainformatsiooni&nbsp;saamiseks helistage telefonil 731 8111.<\/p>\n\n\n\n<p><strong><br><\/strong><\/p>\n","protected":false},"excerpt":{"rendered":"<p>Operatsiooniaja m\u00e4\u00e4ramiseks v\u00f5i muutmiseks helistage palun telefonil &nbsp;731 9747. Haiglaravile tulekPlaanilisele operatiivsele ravile j\u00e4rjestab patsiendid&nbsp;T\u00dc Kliinikumi Silmakliiniku silmaarst. Ambulatoorsel vastuv\u00f5tul otsustatakse operatsiooni vajalikkus ja lepitakse kokku sobiv operatsioonip\u00e4ev. Haiglasse tulles palume kaasa v\u00f5tta: Vastuv\u00f5tt Haiglasse vastuv\u00f5tt ja vormistamine toimub L.Puusepa 8, J-korpuse II korrusel \u00f5epostis.&nbsp; Osakonna valve\u00f5de vormistab Teie saabumise, tutvustab osakonda ja saadab palatisse. [&hellip;]<\/p>\n","protected":false},"author":34,"featured_media":0,"parent":15,"menu_order":2,"comment_status":"closed","ping_status":"closed","template":"","meta":{"_acf_changed":false,"_uag_custom_page_level_css":"","footnotes":""},"class_list":["post-5922","page","type-page","status-publish","hentry"],"acf":[],"yoast_head":"<!-- This site is optimized with the Yoast SEO plugin v27.3 - https:\/\/yoast.com\/product\/yoast-seo-wordpress\/ -->\n<title>Statsionaarne vastuv\u00f5tt - Silmakliinik<\/title>\n<meta name=\"robots\" content=\"index, follow, max-snippet:-1, max-image-preview:large, max-video-preview:-1\" \/>\n<link rel=\"canonical\" href=\"https:\/\/www.kliinikum.ee\/silmakliinik\/patsiendile\/statsionaarne-vastuvott\/\" \/>\n<meta property=\"og:locale\" content=\"et_EE\" \/>\n<meta property=\"og:type\" content=\"article\" \/>\n<meta property=\"og:title\" content=\"Statsionaarne vastuv\u00f5tt - Silmakliinik\" \/>\n<meta property=\"og:description\" content=\"Operatsiooniaja m\u00e4\u00e4ramiseks v\u00f5i muutmiseks helistage palun telefonil &nbsp;731 9747. Haiglaravile tulekPlaanilisele operatiivsele ravile j\u00e4rjestab patsiendid&nbsp;T\u00dc Kliinikumi Silmakliiniku silmaarst. Ambulatoorsel vastuv\u00f5tul otsustatakse operatsiooni vajalikkus ja lepitakse kokku sobiv operatsioonip\u00e4ev. Haiglasse tulles palume kaasa v\u00f5tta: Vastuv\u00f5tt Haiglasse vastuv\u00f5tt ja vormistamine toimub L.Puusepa 8, J-korpuse II korrusel \u00f5epostis.&nbsp; Osakonna valve\u00f5de vormistab Teie saabumise, tutvustab osakonda ja saadab palatisse. [&hellip;]\" \/>\n<meta property=\"og:url\" content=\"https:\/\/www.kliinikum.ee\/silmakliinik\/patsiendile\/statsionaarne-vastuvott\/\" \/>\n<meta property=\"og:site_name\" content=\"Silmakliinik\" \/>\n<meta property=\"article:modified_time\" content=\"2023-11-10T12:18:54+00:00\" \/>\n<meta name=\"twitter:card\" content=\"summary_large_image\" \/>\n<meta name=\"twitter:label1\" content=\"Est. reading time\" \/>\n\t<meta name=\"twitter:data1\" content=\"1 minut\" \/>\n<script type=\"application\/ld+json\" class=\"yoast-schema-graph\">{\"@context\":\"https:\\\/\\\/schema.org\",\"@graph\":[{\"@type\":\"WebPage\",\"@id\":\"https:\\\/\\\/www.kliinikum.ee\\\/silmakliinik\\\/patsiendile\\\/statsionaarne-vastuvott\\\/\",\"url\":\"https:\\\/\\\/www.kliinikum.ee\\\/silmakliinik\\\/patsiendile\\\/statsionaarne-vastuvott\\\/\",\"name\":\"Statsionaarne vastuv\u00f5tt - Silmakliinik\",\"isPartOf\":{\"@id\":\"https:\\\/\\\/www.kliinikum.ee\\\/silmakliinik\\\/#website\"},\"datePublished\":\"2023-11-08T10:17:49+00:00\",\"dateModified\":\"2023-11-10T12:18:54+00:00\",\"breadcrumb\":{\"@id\":\"https:\\\/\\\/www.kliinikum.ee\\\/silmakliinik\\\/patsiendile\\\/statsionaarne-vastuvott\\\/#breadcrumb\"},\"inLanguage\":\"et\",\"potentialAction\":[{\"@type\":\"ReadAction\",\"target\":[\"https:\\\/\\\/www.kliinikum.ee\\\/silmakliinik\\\/patsiendile\\\/statsionaarne-vastuvott\\\/\"]}]},{\"@type\":\"BreadcrumbList\",\"@id\":\"https:\\\/\\\/www.kliinikum.ee\\\/silmakliinik\\\/patsiendile\\\/statsionaarne-vastuvott\\\/#breadcrumb\",\"itemListElement\":[{\"@type\":\"ListItem\",\"position\":1,\"name\":\"Home\",\"item\":\"https:\\\/\\\/www.kliinikum.ee\\\/silmakliinik\\\/\"},{\"@type\":\"ListItem\",\"position\":2,\"name\":\"Patsiendile\",\"item\":\"https:\\\/\\\/www.kliinikum.ee\\\/silmakliinik\\\/patsiendile\\\/\"},{\"@type\":\"ListItem\",\"position\":3,\"name\":\"Statsionaarne vastuv\u00f5tt\"}]},{\"@type\":\"WebSite\",\"@id\":\"https:\\\/\\\/www.kliinikum.ee\\\/silmakliinik\\\/#website\",\"url\":\"https:\\\/\\\/www.kliinikum.ee\\\/silmakliinik\\\/\",\"name\":\"Silmakliinik\",\"description\":\"Hoolivus, Uuendusmeelsus, P\u00e4devus ja Usaldusv\u00e4\u00e4rsus\",\"potentialAction\":[{\"@type\":\"SearchAction\",\"target\":{\"@type\":\"EntryPoint\",\"urlTemplate\":\"https:\\\/\\\/www.kliinikum.ee\\\/silmakliinik\\\/?s={search_term_string}\"},\"query-input\":{\"@type\":\"PropertyValueSpecification\",\"valueRequired\":true,\"valueName\":\"search_term_string\"}}],\"inLanguage\":\"et\"}]}<\/script>\n<!-- \/ Yoast SEO plugin. -->","yoast_head_json":{"title":"Statsionaarne vastuv\u00f5tt - Silmakliinik","robots":{"index":"index","follow":"follow","max-snippet":"max-snippet:-1","max-image-preview":"max-image-preview:large","max-video-preview":"max-video-preview:-1"},"canonical":"https:\/\/www.kliinikum.ee\/silmakliinik\/patsiendile\/statsionaarne-vastuvott\/","og_locale":"et_EE","og_type":"article","og_title":"Statsionaarne vastuv\u00f5tt - Silmakliinik","og_description":"Operatsiooniaja m\u00e4\u00e4ramiseks v\u00f5i muutmiseks helistage palun telefonil &nbsp;731 9747. Haiglaravile tulekPlaanilisele operatiivsele ravile j\u00e4rjestab patsiendid&nbsp;T\u00dc Kliinikumi Silmakliiniku silmaarst. Ambulatoorsel vastuv\u00f5tul otsustatakse operatsiooni vajalikkus ja lepitakse kokku sobiv operatsioonip\u00e4ev. Haiglasse tulles palume kaasa v\u00f5tta: Vastuv\u00f5tt Haiglasse vastuv\u00f5tt ja vormistamine toimub L.Puusepa 8, J-korpuse II korrusel \u00f5epostis.&nbsp; Osakonna valve\u00f5de vormistab Teie saabumise, tutvustab osakonda ja saadab palatisse. [&hellip;]","og_url":"https:\/\/www.kliinikum.ee\/silmakliinik\/patsiendile\/statsionaarne-vastuvott\/","og_site_name":"Silmakliinik","article_modified_time":"2023-11-10T12:18:54+00:00","twitter_card":"summary_large_image","twitter_misc":{"Est. reading time":"1 minut"},"schema":{"@context":"https:\/\/schema.org","@graph":[{"@type":"WebPage","@id":"https:\/\/www.kliinikum.ee\/silmakliinik\/patsiendile\/statsionaarne-vastuvott\/","url":"https:\/\/www.kliinikum.ee\/silmakliinik\/patsiendile\/statsionaarne-vastuvott\/","name":"Statsionaarne vastuv\u00f5tt - Silmakliinik","isPartOf":{"@id":"https:\/\/www.kliinikum.ee\/silmakliinik\/#website"},"datePublished":"2023-11-08T10:17:49+00:00","dateModified":"2023-11-10T12:18:54+00:00","breadcrumb":{"@id":"https:\/\/www.kliinikum.ee\/silmakliinik\/patsiendile\/statsionaarne-vastuvott\/#breadcrumb"},"inLanguage":"et","potentialAction":[{"@type":"ReadAction","target":["https:\/\/www.kliinikum.ee\/silmakliinik\/patsiendile\/statsionaarne-vastuvott\/"]}]},{"@type":"BreadcrumbList","@id":"https:\/\/www.kliinikum.ee\/silmakliinik\/patsiendile\/statsionaarne-vastuvott\/#breadcrumb","itemListElement":[{"@type":"ListItem","position":1,"name":"Home","item":"https:\/\/www.kliinikum.ee\/silmakliinik\/"},{"@type":"ListItem","position":2,"name":"Patsiendile","item":"https:\/\/www.kliinikum.ee\/silmakliinik\/patsiendile\/"},{"@type":"ListItem","position":3,"name":"Statsionaarne vastuv\u00f5tt"}]},{"@type":"WebSite","@id":"https:\/\/www.kliinikum.ee\/silmakliinik\/#website","url":"https:\/\/www.kliinikum.ee\/silmakliinik\/","name":"Silmakliinik","description":"Hoolivus, Uuendusmeelsus, P\u00e4devus ja Usaldusv\u00e4\u00e4rsus","potentialAction":[{"@type":"SearchAction","target":{"@type":"EntryPoint","urlTemplate":"https:\/\/www.kliinikum.ee\/silmakliinik\/?s={search_term_string}"},"query-input":{"@type":"PropertyValueSpecification","valueRequired":true,"valueName":"search_term_string"}}],"inLanguage":"et"}]}},"uagb_featured_image_src":{"full":false,"thumbnail":false,"medium":false,"medium_large":false,"large":false,"1536x1536":false,"2048x2048":false},"uagb_author_info":{"display_name":"Jane Freimann","author_link":"https:\/\/www.kliinikum.ee\/silmakliinik\/author\/janef\/"},"uagb_comment_info":0,"uagb_excerpt":"Operatsiooniaja m\u00e4\u00e4ramiseks v\u00f5i muutmiseks helistage palun telefonil &nbsp;731 9747. Haiglaravile tulekPlaanilisele operatiivsele ravile j\u00e4rjestab patsiendid&nbsp;T\u00dc Kliinikumi Silmakliiniku silmaarst. Ambulatoorsel vastuv\u00f5tul otsustatakse operatsiooni vajalikkus ja lepitakse kokku sobiv operatsioonip\u00e4ev. Haiglasse tulles palume kaasa v\u00f5tta: Vastuv\u00f5tt Haiglasse vastuv\u00f5tt ja vormistamine toimub L.Puusepa 8, J-korpuse II korrusel \u00f5epostis.&nbsp; Osakonna valve\u00f5de vormistab Teie saabumise, tutvustab osakonda ja saadab palatisse.&hellip;","_links":{"self":[{"href":"https:\/\/www.kliinikum.ee\/silmakliinik\/wp-json\/wp\/v2\/pages\/5922","targetHints":{"allow":["GET"]}}],"collection":[{"href":"https:\/\/www.kliinikum.ee\/silmakliinik\/wp-json\/wp\/v2\/pages"}],"about":[{"href":"https:\/\/www.kliinikum.ee\/silmakliinik\/wp-json\/wp\/v2\/types\/page"}],"author":[{"embeddable":true,"href":"https:\/\/www.kliinikum.ee\/silmakliinik\/wp-json\/wp\/v2\/users\/34"}],"replies":[{"embeddable":true,"href":"https:\/\/www.kliinikum.ee\/silmakliinik\/wp-json\/wp\/v2\/comments?post=5922"}],"version-history":[{"count":0,"href":"https:\/\/www.kliinikum.ee\/silmakliinik\/wp-json\/wp\/v2\/pages\/5922\/revisions"}],"up":[{"embeddable":true,"href":"https:\/\/www.kliinikum.ee\/silmakliinik\/wp-json\/wp\/v2\/pages\/15"}],"wp:attachment":[{"href":"https:\/\/www.kliinikum.ee\/silmakliinik\/wp-json\/wp\/v2\/media?parent=5922"}],"curies":[{"name":"wp","href":"https:\/\/api.w.org\/{rel}","templated":true}]}}