{"id":12119,"date":"2024-08-02T10:26:12","date_gmt":"2024-08-02T08:26:12","guid":{"rendered":"https:\/\/www.kliinikum.ee\/stomatoloogia\/?page_id=12119"},"modified":"2026-02-11T13:19:46","modified_gmt":"2026-02-11T11:19:46","slug":"hambatehniline-labor","status":"publish","type":"page","link":"https:\/\/www.kliinikum.ee\/stomatoloogia\/kliinikust\/hambatehniline-labor\/","title":{"rendered":"Hambatehniline labor"},"content":{"rendered":"\n<p class=\"has-medium-font-size\">Hambatehnilises laboris valmistatakse erinevat liiki hambaproteese - nii suust eemaldatavaid kui ka fikseeritud proteese.<\/p>\n\n\n\n<p class=\"has-medium-font-size\">Tellimusel valmistatakse&nbsp; hambaproteese ka teistele asutustele ja erafirmadele Tartu piires (v\u00f5imalus saata ka kogu Eesti piires). Soovi korral saadame Teile hinnakirja ja labori saatelehed kas e-mailile v\u00f5i paberkandjal.<\/p>\n\n\n\n<p class=\"has-medium-font-size\">T\u00e4iendav info vanemhambatehnik Merili Helmj\u00e4rv, telefon  5331 9381, merili.helmjarv@kliinikum.ee v\u00f5i digihambalabor@kliinikum.ee.<br><\/p>\n\n\n\n<p class=\"has-medium-font-size\"><strong>Valmistame j\u00e4rgmisi t\u00f6\u00f6liike:<\/strong><\/p>\n\n\n\n<ul class=\"wp-block-list\">\n<li class=\"has-medium-font-size\">Kaped: hambumuskaped, valgenduskaped, spordikaped, operatsioonikaped<\/li>\n\n\n\n<li class=\"has-medium-font-size\">Totaal- ja partsiaalproteesid<\/li>\n\n\n\n<li class=\"has-medium-font-size\">Implantaatidele kinnituvad kroonid ja sillad<\/li>\n\n\n\n<li class=\"has-medium-font-size\">Tsirkooniumkroonid ja sillad<\/li>\n\n\n\n<li class=\"has-medium-font-size\">Metallokeraamilised kroonid ja sillad<\/li>\n\n\n\n<li class=\"has-medium-font-size\">Keraamilised hambakroonid<\/li>\n\n\n\n<li class=\"has-medium-font-size\">B\u00fc\u00fcgelproteesid<\/li>\n\n\n\n<li class=\"has-medium-font-size\">Ortodontilised t\u00f6\u00f6d<\/li>\n\n\n\n<li class=\"has-medium-font-size\">Proteesiparandused<\/li>\n\n\n\n<li class=\"has-medium-font-size\">Individuaalsed k\u00f5rvaotsikud<\/li>\n\n\n\n<li class=\"has-medium-font-size\">Skaneeritud t\u00f6\u00f6de (kroonid, implantaadi kroonid, sillad, mudelid)vastuv\u00f5tmine 3Shape ja Medit programmidega, printimine ja freesimine.<\/li>\n<\/ul>\n\n\n\n<p class=\"has-medium-font-size\"><strong>NB! Tellides v\u00e4ljastpoolt Kliinikumi, tuleb arvestada k\u00f5ikide t\u00f6\u00f6de puhul transpordi ajaga.<\/strong> <strong>Transporti saab tellida telefonidel: 731 9381 v\u00f5i 731 9385<\/strong> <strong>kell 8.00-15.00. Peale kella 15.00 saab transpordi tellida j\u00e4rgmise p\u00e4eva hommikuks.<\/strong><\/p>\n","protected":false},"excerpt":{"rendered":"<p>Hambatehnilises laboris valmistatakse erinevat liiki hambaproteese - nii suust eemaldatavaid kui ka fikseeritud proteese. Tellimusel valmistatakse&nbsp; hambaproteese ka teistele asutustele ja erafirmadele Tartu piires (v\u00f5imalus saata ka kogu Eesti piires). Soovi korral saadame Teile hinnakirja ja labori saatelehed kas e-mailile v\u00f5i paberkandjal. T\u00e4iendav info vanemhambatehnik Merili Helmj\u00e4rv, telefon 5331 9381, merili.helmjarv@kliinikum.ee v\u00f5i digihambalabor@kliinikum.ee. Valmistame j\u00e4rgmisi [&hellip;]<\/p>\n","protected":false},"author":30,"featured_media":0,"parent":17,"menu_order":3,"comment_status":"closed","ping_status":"closed","template":"","meta":{"_acf_changed":false,"_uag_custom_page_level_css":"","footnotes":""},"class_list":["post-12119","page","type-page","status-publish","hentry"],"acf":[],"yoast_head":"<!-- This site is optimized with the Yoast SEO plugin v27.3 - https:\/\/yoast.com\/product\/yoast-seo-wordpress\/ -->\n<title>Hambatehniline labor - Stomatoloogia kliinik<\/title>\n<meta name=\"robots\" content=\"index, follow, max-snippet:-1, max-image-preview:large, max-video-preview:-1\" \/>\n<link rel=\"canonical\" href=\"https:\/\/www.kliinikum.ee\/stomatoloogia\/kliinikust\/hambatehniline-labor\/\" \/>\n<meta property=\"og:locale\" content=\"et_EE\" \/>\n<meta property=\"og:type\" content=\"article\" \/>\n<meta property=\"og:title\" content=\"Hambatehniline labor - Stomatoloogia kliinik\" \/>\n<meta property=\"og:description\" content=\"Hambatehnilises laboris valmistatakse erinevat liiki hambaproteese - nii suust eemaldatavaid kui ka fikseeritud proteese. Tellimusel valmistatakse&nbsp; hambaproteese ka teistele asutustele ja erafirmadele Tartu piires (v\u00f5imalus saata ka kogu Eesti piires). Soovi korral saadame Teile hinnakirja ja labori saatelehed kas e-mailile v\u00f5i paberkandjal. T\u00e4iendav info vanemhambatehnik Merili Helmj\u00e4rv, telefon 5331 9381, merili.helmjarv@kliinikum.ee v\u00f5i digihambalabor@kliinikum.ee. Valmistame j\u00e4rgmisi [&hellip;]\" \/>\n<meta property=\"og:url\" content=\"https:\/\/www.kliinikum.ee\/stomatoloogia\/kliinikust\/hambatehniline-labor\/\" \/>\n<meta property=\"og:site_name\" content=\"Stomatoloogia kliinik\" \/>\n<meta property=\"article:modified_time\" content=\"2026-02-11T11:19:46+00:00\" \/>\n<meta name=\"twitter:card\" content=\"summary_large_image\" \/>\n<meta name=\"twitter:label1\" content=\"Est. reading time\" \/>\n\t<meta name=\"twitter:data1\" content=\"1 minut\" \/>\n<script type=\"application\/ld+json\" class=\"yoast-schema-graph\">{\"@context\":\"https:\\\/\\\/schema.org\",\"@graph\":[{\"@type\":\"WebPage\",\"@id\":\"https:\\\/\\\/www.kliinikum.ee\\\/stomatoloogia\\\/kliinikust\\\/hambatehniline-labor\\\/\",\"url\":\"https:\\\/\\\/www.kliinikum.ee\\\/stomatoloogia\\\/kliinikust\\\/hambatehniline-labor\\\/\",\"name\":\"Hambatehniline labor - Stomatoloogia kliinik\",\"isPartOf\":{\"@id\":\"https:\\\/\\\/www.kliinikum.ee\\\/stomatoloogia\\\/#website\"},\"datePublished\":\"2024-08-02T08:26:12+00:00\",\"dateModified\":\"2026-02-11T11:19:46+00:00\",\"breadcrumb\":{\"@id\":\"https:\\\/\\\/www.kliinikum.ee\\\/stomatoloogia\\\/kliinikust\\\/hambatehniline-labor\\\/#breadcrumb\"},\"inLanguage\":\"et\",\"potentialAction\":[{\"@type\":\"ReadAction\",\"target\":[\"https:\\\/\\\/www.kliinikum.ee\\\/stomatoloogia\\\/kliinikust\\\/hambatehniline-labor\\\/\"]}]},{\"@type\":\"BreadcrumbList\",\"@id\":\"https:\\\/\\\/www.kliinikum.ee\\\/stomatoloogia\\\/kliinikust\\\/hambatehniline-labor\\\/#breadcrumb\",\"itemListElement\":[{\"@type\":\"ListItem\",\"position\":1,\"name\":\"Home\",\"item\":\"https:\\\/\\\/www.kliinikum.ee\\\/stomatoloogia\\\/\"},{\"@type\":\"ListItem\",\"position\":2,\"name\":\"Kliinikust\",\"item\":\"https:\\\/\\\/www.kliinikum.ee\\\/stomatoloogia\\\/kliinikust\\\/\"},{\"@type\":\"ListItem\",\"position\":3,\"name\":\"Hambatehniline labor\"}]},{\"@type\":\"WebSite\",\"@id\":\"https:\\\/\\\/www.kliinikum.ee\\\/stomatoloogia\\\/#website\",\"url\":\"https:\\\/\\\/www.kliinikum.ee\\\/stomatoloogia\\\/\",\"name\":\"Stomatoloogia kliinik\",\"description\":\"Hoolivus, Uuendusmeelsus, P\u00e4devus ja Usaldusv\u00e4\u00e4rsus\",\"potentialAction\":[{\"@type\":\"SearchAction\",\"target\":{\"@type\":\"EntryPoint\",\"urlTemplate\":\"https:\\\/\\\/www.kliinikum.ee\\\/stomatoloogia\\\/?s={search_term_string}\"},\"query-input\":{\"@type\":\"PropertyValueSpecification\",\"valueRequired\":true,\"valueName\":\"search_term_string\"}}],\"inLanguage\":\"et\"}]}<\/script>\n<!-- \/ Yoast SEO plugin. -->","yoast_head_json":{"title":"Hambatehniline labor - Stomatoloogia kliinik","robots":{"index":"index","follow":"follow","max-snippet":"max-snippet:-1","max-image-preview":"max-image-preview:large","max-video-preview":"max-video-preview:-1"},"canonical":"https:\/\/www.kliinikum.ee\/stomatoloogia\/kliinikust\/hambatehniline-labor\/","og_locale":"et_EE","og_type":"article","og_title":"Hambatehniline labor - Stomatoloogia kliinik","og_description":"Hambatehnilises laboris valmistatakse erinevat liiki hambaproteese - nii suust eemaldatavaid kui ka fikseeritud proteese. Tellimusel valmistatakse&nbsp; hambaproteese ka teistele asutustele ja erafirmadele Tartu piires (v\u00f5imalus saata ka kogu Eesti piires). Soovi korral saadame Teile hinnakirja ja labori saatelehed kas e-mailile v\u00f5i paberkandjal. T\u00e4iendav info vanemhambatehnik Merili Helmj\u00e4rv, telefon 5331 9381, merili.helmjarv@kliinikum.ee v\u00f5i digihambalabor@kliinikum.ee. Valmistame j\u00e4rgmisi [&hellip;]","og_url":"https:\/\/www.kliinikum.ee\/stomatoloogia\/kliinikust\/hambatehniline-labor\/","og_site_name":"Stomatoloogia kliinik","article_modified_time":"2026-02-11T11:19:46+00:00","twitter_card":"summary_large_image","twitter_misc":{"Est. reading time":"1 minut"},"schema":{"@context":"https:\/\/schema.org","@graph":[{"@type":"WebPage","@id":"https:\/\/www.kliinikum.ee\/stomatoloogia\/kliinikust\/hambatehniline-labor\/","url":"https:\/\/www.kliinikum.ee\/stomatoloogia\/kliinikust\/hambatehniline-labor\/","name":"Hambatehniline labor - Stomatoloogia kliinik","isPartOf":{"@id":"https:\/\/www.kliinikum.ee\/stomatoloogia\/#website"},"datePublished":"2024-08-02T08:26:12+00:00","dateModified":"2026-02-11T11:19:46+00:00","breadcrumb":{"@id":"https:\/\/www.kliinikum.ee\/stomatoloogia\/kliinikust\/hambatehniline-labor\/#breadcrumb"},"inLanguage":"et","potentialAction":[{"@type":"ReadAction","target":["https:\/\/www.kliinikum.ee\/stomatoloogia\/kliinikust\/hambatehniline-labor\/"]}]},{"@type":"BreadcrumbList","@id":"https:\/\/www.kliinikum.ee\/stomatoloogia\/kliinikust\/hambatehniline-labor\/#breadcrumb","itemListElement":[{"@type":"ListItem","position":1,"name":"Home","item":"https:\/\/www.kliinikum.ee\/stomatoloogia\/"},{"@type":"ListItem","position":2,"name":"Kliinikust","item":"https:\/\/www.kliinikum.ee\/stomatoloogia\/kliinikust\/"},{"@type":"ListItem","position":3,"name":"Hambatehniline labor"}]},{"@type":"WebSite","@id":"https:\/\/www.kliinikum.ee\/stomatoloogia\/#website","url":"https:\/\/www.kliinikum.ee\/stomatoloogia\/","name":"Stomatoloogia kliinik","description":"Hoolivus, Uuendusmeelsus, P\u00e4devus ja Usaldusv\u00e4\u00e4rsus","potentialAction":[{"@type":"SearchAction","target":{"@type":"EntryPoint","urlTemplate":"https:\/\/www.kliinikum.ee\/stomatoloogia\/?s={search_term_string}"},"query-input":{"@type":"PropertyValueSpecification","valueRequired":true,"valueName":"search_term_string"}}],"inLanguage":"et"}]}},"uagb_featured_image_src":{"full":false,"thumbnail":false,"medium":false,"medium_large":false,"large":false,"1536x1536":false,"2048x2048":false},"uagb_author_info":{"display_name":"Marge Muld","author_link":"https:\/\/www.kliinikum.ee\/stomatoloogia\/author\/margemu\/"},"uagb_comment_info":0,"uagb_excerpt":"Hambatehnilises laboris valmistatakse erinevat liiki hambaproteese - nii suust eemaldatavaid kui ka fikseeritud proteese. Tellimusel valmistatakse&nbsp; hambaproteese ka teistele asutustele ja erafirmadele Tartu piires (v\u00f5imalus saata ka kogu Eesti piires). Soovi korral saadame Teile hinnakirja ja labori saatelehed kas e-mailile v\u00f5i paberkandjal. T\u00e4iendav info vanemhambatehnik Merili Helmj\u00e4rv, telefon 5331 9381, merili.helmjarv@kliinikum.ee v\u00f5i digihambalabor@kliinikum.ee. Valmistame j\u00e4rgmisi&hellip;","_links":{"self":[{"href":"https:\/\/www.kliinikum.ee\/stomatoloogia\/wp-json\/wp\/v2\/pages\/12119","targetHints":{"allow":["GET"]}}],"collection":[{"href":"https:\/\/www.kliinikum.ee\/stomatoloogia\/wp-json\/wp\/v2\/pages"}],"about":[{"href":"https:\/\/www.kliinikum.ee\/stomatoloogia\/wp-json\/wp\/v2\/types\/page"}],"author":[{"embeddable":true,"href":"https:\/\/www.kliinikum.ee\/stomatoloogia\/wp-json\/wp\/v2\/users\/30"}],"replies":[{"embeddable":true,"href":"https:\/\/www.kliinikum.ee\/stomatoloogia\/wp-json\/wp\/v2\/comments?post=12119"}],"version-history":[{"count":0,"href":"https:\/\/www.kliinikum.ee\/stomatoloogia\/wp-json\/wp\/v2\/pages\/12119\/revisions"}],"up":[{"embeddable":true,"href":"https:\/\/www.kliinikum.ee\/stomatoloogia\/wp-json\/wp\/v2\/pages\/17"}],"wp:attachment":[{"href":"https:\/\/www.kliinikum.ee\/stomatoloogia\/wp-json\/wp\/v2\/media?parent=12119"}],"curies":[{"name":"wp","href":"https:\/\/api.w.org\/{rel}","templated":true}]}}