{"id":17,"date":"2022-11-14T10:00:52","date_gmt":"2022-11-14T10:00:52","guid":{"rendered":"http:\/\/localhost\/?page_id=17"},"modified":"2024-08-02T10:36:14","modified_gmt":"2024-08-02T08:36:14","slug":"kliinikust","status":"publish","type":"page","link":"https:\/\/www.kliinikum.ee\/stomatoloogia\/kliinikust\/","title":{"rendered":"Kliinikust"},"content":{"rendered":"\n<p class=\"has-medium-font-size\">Tartu \u00dclikooli Kliinikumi stomatoloogia kliinik kuulub piirkondlikku tervishoiuasutusse, mis osutab ambulatoorset eriarstiabi k\u00f5igile Eesti Vabariigi elanikele. Koost\u00f6\u00f6s Tartu Tervishoiu K\u00f5rgkooli, Tallinna Tervishoiu K\u00f5rgkooli ja Tartu \u00dclikooli meditsiiniteaduste valdkonnaga toimub meditsiinipersonalile (arstidele, \u00f5dedele ja hambatehnikutele) diplomieelse ning diplomij\u00e4rgse v\u00e4lja- ja t\u00e4iend\u00f5ppe andmine ning meditsiinialane teadust\u00f6\u00f6.<\/p>\n\n\n\n<p class=\"has-medium-font-size\">Kliinik koosneb kuuest  osakonnast:<\/p>\n\n\n\n<ul class=\"wp-block-list\">\n<li class=\"has-medium-font-size\"><strong>Suu-ja hambahaiguste osakond<\/strong><\/li>\n\n\n\n<li class=\"has-medium-font-size\"><strong>Suukirurgia osakond<\/strong><\/li>\n\n\n\n<li class=\"has-medium-font-size\"><strong>Lastestomatoloogia osakond<\/strong><\/li>\n\n\n\n<li class=\"has-medium-font-size\"><strong>Hambaproteesikeskus<\/strong><\/li>\n\n\n\n<li class=\"has-medium-font-size\"><a href=\"https:\/\/www.kliinikum.ee\/stomatoloogia\/wp-admin\/post.php?post=12119&amp;action=edit&amp;lang=et\"><strong>Hambatehniline labor<\/strong><\/a><\/li>\n\n\n\n<li class=\"has-medium-font-size\"><strong>N\u00e4o-l\u00f5ualuudekirurgia osakond&nbsp;<\/strong><\/li>\n<\/ul>\n\n\n\n<p class=\"has-medium-font-size\">Tartu \u00dclikooli Kliinikumi stomatoloogia kliinik osutab ambulatoorset&nbsp;teenust: <strong>L. Puusepa 1a<\/strong>, IV korrus<strong>, L. Puusepa 8,<\/strong> C-korpus, I korrus, kabinet 31 (esmaabi L, P), &nbsp;<strong>L. Puusepa 8<\/strong>, C-korpus, kabinet 30 (C1047), Tartu Veeriku koolis (Veeriku 41), Tartu Hiie Koolis (Hiie 11), Tartu Descartes\u00b4i Koolis (Anne 65), Tartu Hansa Koolis (Anne 63), Tartu Kivilinna Koolis (Kaunase pst 71) ning Tartu Rakenduslikus Kolled\u017eis (P\u00f5llu 11 ja Kopli 11).<\/p>\n\n\n\n<figure class=\"wp-block-image size-large is-resized\"><img loading=\"lazy\" decoding=\"async\" width=\"1024\" height=\"683\" src=\"https:\/\/www.kliinikum.ee\/stomatoloogia\/wp-content\/uploads\/2023\/04\/IMG_3531-9-1024x683.jpg\" alt=\"\" class=\"wp-image-6558\" style=\"width:768px;height:512px\" srcset=\"https:\/\/www.kliinikum.ee\/stomatoloogia\/wp-content\/uploads\/2023\/04\/IMG_3531-9-1024x683.jpg 1024w, https:\/\/www.kliinikum.ee\/stomatoloogia\/wp-content\/uploads\/2023\/04\/IMG_3531-9-300x200.jpg 300w, https:\/\/www.kliinikum.ee\/stomatoloogia\/wp-content\/uploads\/2023\/04\/IMG_3531-9-768x512.jpg 768w, https:\/\/www.kliinikum.ee\/stomatoloogia\/wp-content\/uploads\/2023\/04\/IMG_3531-9-1536x1024.jpg 1536w, https:\/\/www.kliinikum.ee\/stomatoloogia\/wp-content\/uploads\/2023\/04\/IMG_3531-9-2048x1365.jpg 2048w, https:\/\/www.kliinikum.ee\/stomatoloogia\/wp-content\/uploads\/2023\/04\/IMG_3531-9-scaled.jpg 2560w\" sizes=\"auto, (max-width: 1024px) 100vw, 1024px\" \/><\/figure>\n","protected":false},"excerpt":{"rendered":"<p>Tartu \u00dclikooli Kliinikumi stomatoloogia kliinik kuulub piirkondlikku tervishoiuasutusse, mis osutab ambulatoorset eriarstiabi k\u00f5igile Eesti Vabariigi elanikele. Koost\u00f6\u00f6s Tartu Tervishoiu K\u00f5rgkooli, Tallinna Tervishoiu K\u00f5rgkooli ja Tartu \u00dclikooli meditsiiniteaduste valdkonnaga toimub meditsiinipersonalile (arstidele, \u00f5dedele ja hambatehnikutele) diplomieelse ning diplomij\u00e4rgse v\u00e4lja- ja t\u00e4iend\u00f5ppe andmine ning meditsiinialane teadust\u00f6\u00f6. Kliinik koosneb kuuest osakonnast: Tartu \u00dclikooli Kliinikumi stomatoloogia kliinik osutab ambulatoorset&nbsp;teenust: [&hellip;]<\/p>\n","protected":false},"author":33,"featured_media":0,"parent":0,"menu_order":0,"comment_status":"closed","ping_status":"closed","template":"","meta":{"_acf_changed":false,"_uag_custom_page_level_css":"","footnotes":""},"class_list":["post-17","page","type-page","status-publish","hentry"],"acf":[],"yoast_head":"<!-- This site is optimized with the Yoast SEO plugin v27.3 - https:\/\/yoast.com\/product\/yoast-seo-wordpress\/ -->\n<title>Kliinikust - Stomatoloogia kliinik<\/title>\n<meta name=\"robots\" content=\"index, follow, max-snippet:-1, max-image-preview:large, max-video-preview:-1\" \/>\n<link rel=\"canonical\" href=\"https:\/\/www.kliinikum.ee\/stomatoloogia\/kliinikust\/\" \/>\n<meta property=\"og:locale\" content=\"et_EE\" \/>\n<meta property=\"og:type\" content=\"article\" \/>\n<meta property=\"og:title\" content=\"Kliinikust - Stomatoloogia kliinik\" \/>\n<meta property=\"og:description\" content=\"Tartu \u00dclikooli Kliinikumi stomatoloogia kliinik kuulub piirkondlikku tervishoiuasutusse, mis osutab ambulatoorset eriarstiabi k\u00f5igile Eesti Vabariigi elanikele. Koost\u00f6\u00f6s Tartu Tervishoiu K\u00f5rgkooli, Tallinna Tervishoiu K\u00f5rgkooli ja Tartu \u00dclikooli meditsiiniteaduste valdkonnaga toimub meditsiinipersonalile (arstidele, \u00f5dedele ja hambatehnikutele) diplomieelse ning diplomij\u00e4rgse v\u00e4lja- ja t\u00e4iend\u00f5ppe andmine ning meditsiinialane teadust\u00f6\u00f6. Kliinik koosneb kuuest osakonnast: Tartu \u00dclikooli Kliinikumi stomatoloogia kliinik osutab ambulatoorset&nbsp;teenust: [&hellip;]\" \/>\n<meta property=\"og:url\" content=\"https:\/\/www.kliinikum.ee\/stomatoloogia\/kliinikust\/\" \/>\n<meta property=\"og:site_name\" content=\"Stomatoloogia kliinik\" \/>\n<meta property=\"article:modified_time\" content=\"2024-08-02T08:36:14+00:00\" \/>\n<meta property=\"og:image\" content=\"https:\/\/www.kliinikum.ee\/stomatoloogia\/wp-content\/uploads\/2023\/04\/IMG_3531-9-1024x683.jpg\" \/>\n<meta name=\"twitter:card\" content=\"summary_large_image\" \/>\n<meta name=\"twitter:label1\" content=\"Est. reading time\" \/>\n\t<meta name=\"twitter:data1\" content=\"1 minut\" \/>\n<script type=\"application\/ld+json\" class=\"yoast-schema-graph\">{\"@context\":\"https:\\\/\\\/schema.org\",\"@graph\":[{\"@type\":\"WebPage\",\"@id\":\"https:\\\/\\\/www.kliinikum.ee\\\/stomatoloogia\\\/kliinikust\\\/\",\"url\":\"https:\\\/\\\/www.kliinikum.ee\\\/stomatoloogia\\\/kliinikust\\\/\",\"name\":\"Kliinikust - Stomatoloogia kliinik\",\"isPartOf\":{\"@id\":\"https:\\\/\\\/www.kliinikum.ee\\\/stomatoloogia\\\/#website\"},\"primaryImageOfPage\":{\"@id\":\"https:\\\/\\\/www.kliinikum.ee\\\/stomatoloogia\\\/kliinikust\\\/#primaryimage\"},\"image\":{\"@id\":\"https:\\\/\\\/www.kliinikum.ee\\\/stomatoloogia\\\/kliinikust\\\/#primaryimage\"},\"thumbnailUrl\":\"https:\\\/\\\/www.kliinikum.ee\\\/stomatoloogia\\\/wp-content\\\/uploads\\\/2023\\\/04\\\/IMG_3531-9-1024x683.jpg\",\"datePublished\":\"2022-11-14T10:00:52+00:00\",\"dateModified\":\"2024-08-02T08:36:14+00:00\",\"breadcrumb\":{\"@id\":\"https:\\\/\\\/www.kliinikum.ee\\\/stomatoloogia\\\/kliinikust\\\/#breadcrumb\"},\"inLanguage\":\"et\",\"potentialAction\":[{\"@type\":\"ReadAction\",\"target\":[\"https:\\\/\\\/www.kliinikum.ee\\\/stomatoloogia\\\/kliinikust\\\/\"]}]},{\"@type\":\"ImageObject\",\"inLanguage\":\"et\",\"@id\":\"https:\\\/\\\/www.kliinikum.ee\\\/stomatoloogia\\\/kliinikust\\\/#primaryimage\",\"url\":\"https:\\\/\\\/www.kliinikum.ee\\\/stomatoloogia\\\/wp-content\\\/uploads\\\/2023\\\/04\\\/IMG_3531-9-scaled.jpg\",\"contentUrl\":\"https:\\\/\\\/www.kliinikum.ee\\\/stomatoloogia\\\/wp-content\\\/uploads\\\/2023\\\/04\\\/IMG_3531-9-scaled.jpg\",\"width\":2560,\"height\":1706},{\"@type\":\"BreadcrumbList\",\"@id\":\"https:\\\/\\\/www.kliinikum.ee\\\/stomatoloogia\\\/kliinikust\\\/#breadcrumb\",\"itemListElement\":[{\"@type\":\"ListItem\",\"position\":1,\"name\":\"Home\",\"item\":\"https:\\\/\\\/www.kliinikum.ee\\\/stomatoloogia\\\/\"},{\"@type\":\"ListItem\",\"position\":2,\"name\":\"Kliinikust\"}]},{\"@type\":\"WebSite\",\"@id\":\"https:\\\/\\\/www.kliinikum.ee\\\/stomatoloogia\\\/#website\",\"url\":\"https:\\\/\\\/www.kliinikum.ee\\\/stomatoloogia\\\/\",\"name\":\"Stomatoloogia kliinik\",\"description\":\"Hoolivus, Uuendusmeelsus, P\u00e4devus ja Usaldusv\u00e4\u00e4rsus\",\"potentialAction\":[{\"@type\":\"SearchAction\",\"target\":{\"@type\":\"EntryPoint\",\"urlTemplate\":\"https:\\\/\\\/www.kliinikum.ee\\\/stomatoloogia\\\/?s={search_term_string}\"},\"query-input\":{\"@type\":\"PropertyValueSpecification\",\"valueRequired\":true,\"valueName\":\"search_term_string\"}}],\"inLanguage\":\"et\"}]}<\/script>\n<!-- \/ Yoast SEO plugin. -->","yoast_head_json":{"title":"Kliinikust - Stomatoloogia kliinik","robots":{"index":"index","follow":"follow","max-snippet":"max-snippet:-1","max-image-preview":"max-image-preview:large","max-video-preview":"max-video-preview:-1"},"canonical":"https:\/\/www.kliinikum.ee\/stomatoloogia\/kliinikust\/","og_locale":"et_EE","og_type":"article","og_title":"Kliinikust - Stomatoloogia kliinik","og_description":"Tartu \u00dclikooli Kliinikumi stomatoloogia kliinik kuulub piirkondlikku tervishoiuasutusse, mis osutab ambulatoorset eriarstiabi k\u00f5igile Eesti Vabariigi elanikele. Koost\u00f6\u00f6s Tartu Tervishoiu K\u00f5rgkooli, Tallinna Tervishoiu K\u00f5rgkooli ja Tartu \u00dclikooli meditsiiniteaduste valdkonnaga toimub meditsiinipersonalile (arstidele, \u00f5dedele ja hambatehnikutele) diplomieelse ning diplomij\u00e4rgse v\u00e4lja- ja t\u00e4iend\u00f5ppe andmine ning meditsiinialane teadust\u00f6\u00f6. Kliinik koosneb kuuest osakonnast: Tartu \u00dclikooli Kliinikumi stomatoloogia kliinik osutab ambulatoorset&nbsp;teenust: [&hellip;]","og_url":"https:\/\/www.kliinikum.ee\/stomatoloogia\/kliinikust\/","og_site_name":"Stomatoloogia kliinik","article_modified_time":"2024-08-02T08:36:14+00:00","og_image":[{"url":"https:\/\/www.kliinikum.ee\/stomatoloogia\/wp-content\/uploads\/2023\/04\/IMG_3531-9-1024x683.jpg","type":"","width":"","height":""}],"twitter_card":"summary_large_image","twitter_misc":{"Est. reading time":"1 minut"},"schema":{"@context":"https:\/\/schema.org","@graph":[{"@type":"WebPage","@id":"https:\/\/www.kliinikum.ee\/stomatoloogia\/kliinikust\/","url":"https:\/\/www.kliinikum.ee\/stomatoloogia\/kliinikust\/","name":"Kliinikust - Stomatoloogia kliinik","isPartOf":{"@id":"https:\/\/www.kliinikum.ee\/stomatoloogia\/#website"},"primaryImageOfPage":{"@id":"https:\/\/www.kliinikum.ee\/stomatoloogia\/kliinikust\/#primaryimage"},"image":{"@id":"https:\/\/www.kliinikum.ee\/stomatoloogia\/kliinikust\/#primaryimage"},"thumbnailUrl":"https:\/\/www.kliinikum.ee\/stomatoloogia\/wp-content\/uploads\/2023\/04\/IMG_3531-9-1024x683.jpg","datePublished":"2022-11-14T10:00:52+00:00","dateModified":"2024-08-02T08:36:14+00:00","breadcrumb":{"@id":"https:\/\/www.kliinikum.ee\/stomatoloogia\/kliinikust\/#breadcrumb"},"inLanguage":"et","potentialAction":[{"@type":"ReadAction","target":["https:\/\/www.kliinikum.ee\/stomatoloogia\/kliinikust\/"]}]},{"@type":"ImageObject","inLanguage":"et","@id":"https:\/\/www.kliinikum.ee\/stomatoloogia\/kliinikust\/#primaryimage","url":"https:\/\/www.kliinikum.ee\/stomatoloogia\/wp-content\/uploads\/2023\/04\/IMG_3531-9-scaled.jpg","contentUrl":"https:\/\/www.kliinikum.ee\/stomatoloogia\/wp-content\/uploads\/2023\/04\/IMG_3531-9-scaled.jpg","width":2560,"height":1706},{"@type":"BreadcrumbList","@id":"https:\/\/www.kliinikum.ee\/stomatoloogia\/kliinikust\/#breadcrumb","itemListElement":[{"@type":"ListItem","position":1,"name":"Home","item":"https:\/\/www.kliinikum.ee\/stomatoloogia\/"},{"@type":"ListItem","position":2,"name":"Kliinikust"}]},{"@type":"WebSite","@id":"https:\/\/www.kliinikum.ee\/stomatoloogia\/#website","url":"https:\/\/www.kliinikum.ee\/stomatoloogia\/","name":"Stomatoloogia kliinik","description":"Hoolivus, Uuendusmeelsus, P\u00e4devus ja Usaldusv\u00e4\u00e4rsus","potentialAction":[{"@type":"SearchAction","target":{"@type":"EntryPoint","urlTemplate":"https:\/\/www.kliinikum.ee\/stomatoloogia\/?s={search_term_string}"},"query-input":{"@type":"PropertyValueSpecification","valueRequired":true,"valueName":"search_term_string"}}],"inLanguage":"et"}]}},"uagb_featured_image_src":{"full":false,"thumbnail":false,"medium":false,"medium_large":false,"large":false,"1536x1536":false,"2048x2048":false},"uagb_author_info":{"display_name":"erkky","author_link":"https:\/\/www.kliinikum.ee\/stomatoloogia\/author\/erkky\/"},"uagb_comment_info":0,"uagb_excerpt":"Tartu \u00dclikooli Kliinikumi stomatoloogia kliinik kuulub piirkondlikku tervishoiuasutusse, mis osutab ambulatoorset eriarstiabi k\u00f5igile Eesti Vabariigi elanikele. Koost\u00f6\u00f6s Tartu Tervishoiu K\u00f5rgkooli, Tallinna Tervishoiu K\u00f5rgkooli ja Tartu \u00dclikooli meditsiiniteaduste valdkonnaga toimub meditsiinipersonalile (arstidele, \u00f5dedele ja hambatehnikutele) diplomieelse ning diplomij\u00e4rgse v\u00e4lja- ja t\u00e4iend\u00f5ppe andmine ning meditsiinialane teadust\u00f6\u00f6. Kliinik koosneb kuuest osakonnast: Tartu \u00dclikooli Kliinikumi stomatoloogia kliinik osutab ambulatoorset&nbsp;teenust:&hellip;","_links":{"self":[{"href":"https:\/\/www.kliinikum.ee\/stomatoloogia\/wp-json\/wp\/v2\/pages\/17","targetHints":{"allow":["GET"]}}],"collection":[{"href":"https:\/\/www.kliinikum.ee\/stomatoloogia\/wp-json\/wp\/v2\/pages"}],"about":[{"href":"https:\/\/www.kliinikum.ee\/stomatoloogia\/wp-json\/wp\/v2\/types\/page"}],"author":[{"embeddable":true,"href":"https:\/\/www.kliinikum.ee\/stomatoloogia\/wp-json\/wp\/v2\/users\/33"}],"replies":[{"embeddable":true,"href":"https:\/\/www.kliinikum.ee\/stomatoloogia\/wp-json\/wp\/v2\/comments?post=17"}],"version-history":[{"count":0,"href":"https:\/\/www.kliinikum.ee\/stomatoloogia\/wp-json\/wp\/v2\/pages\/17\/revisions"}],"wp:attachment":[{"href":"https:\/\/www.kliinikum.ee\/stomatoloogia\/wp-json\/wp\/v2\/media?parent=17"}],"curies":[{"name":"wp","href":"https:\/\/api.w.org\/{rel}","templated":true}]}}