{"id":6250,"date":"2023-03-30T10:37:40","date_gmt":"2023-03-30T08:37:40","guid":{"rendered":"https:\/\/www.kliinikum.ee\/stomatoloogia\/?page_id=6250"},"modified":"2024-11-14T15:17:49","modified_gmt":"2024-11-14T13:17:49","slug":"muofunktsionaalne-teraapia","status":"publish","type":"page","link":"https:\/\/www.kliinikum.ee\/stomatoloogia\/patsiendile\/muofunktsionaalne-teraapia\/","title":{"rendered":"M\u00fcofunktsionaalne teraapia"},"content":{"rendered":"\n<p class=\"has-medium-font-size\">Stomatoloogia kliinikus diagnoositakse m\u00fcofunktsionaalseid h\u00e4ireid ja osutatakse teraapiat lastele, noorukitele ja t\u00e4iskasvanutele. Vastuv\u00f5tule saab p\u00f6\u00f6rduda j\u00e4rgnevatel juhtudel:      <\/p>\n\n\n\n<ul class=\"wp-block-list\">\n<li class=\"has-medium-font-size\">suuhingamine (sh segat\u00fc\u00fcpi hingamine),<\/li>\n\n\n\n<li class=\"has-medium-font-size\">uneaegsed hingamish\u00e4ired,<\/li>\n\n\n\n<li class=\"has-medium-font-size\">uneapnoe,<\/li>\n\n\n\n<li class=\"has-medium-font-size\">infantiilne ehk at\u00fc\u00fcpiline neelamismuster (neelamisel liigub keel hammaste vastu v\u00f5i vahele),<\/li>\n\n\n\n<li class=\"has-medium-font-size\">hammaste krigistamine,<\/li>\n\n\n\n<li class=\"has-medium-font-size\">p\u00f6idla imemine, <\/li>\n\n\n\n<li class=\"has-medium-font-size\">intensiivne k\u00fc\u00fcnte n\u00e4rimine, <\/li>\n\n\n\n<li class=\"has-medium-font-size\"> pingetunne ja valulikku alal\u00f5ualiigese piirkonnas ja\/v\u00f5i m\u00e4lumislihastes ning pre- ja postoperatiivne sekkumine keelekida vabastamisel,<\/li>\n\n\n\n<li class=\"has-medium-font-size\">h\u00e4\u00e4ldus- ja k\u00f5neprobleemid.<\/li>\n<\/ul>\n\n\n\n<p class=\"has-medium-font-size\">&nbsp;<strong>M\u00fcofunktsionaalne terapeut Liis Linde,&nbsp;<\/strong>kontakt<strong>:&nbsp;<\/strong><a href=\"mailto:liis.linde@kliinikum.ee\">liis.linde@kliinikum.ee<\/a><\/p>\n\n\n\n<p class=\"has-medium-font-size\"><strong>M\u00fcofunktsionaalne terapeut Kelly P\u00e4rnalaas, kontakt kelly.parnalaas@kliinikum.ee<\/strong><\/p>\n\n\n\n<p class=\"has-medium-font-size\"><strong>Registreerimine vastuv\u00f5tule telefonil  731 9282. Tasulise vastuv\u00f5tu korral saatekirja n\u00f5uet ei ole.<\/strong><\/p>\n\n\n\n<p class=\"has-medium-font-size\">M\u00fcofuntsionaalsesse teraapiasse saab last suunata hambaarst ja ortodont. Tervisekassa kompenseerib m\u00fcofunktsionaalse teraapia teenuse osutamise, kui hambaarst v\u00f5i ortodont on teinud saatekirja ravile.<\/p>\n\n\n\n<p><\/p>\n","protected":false},"excerpt":{"rendered":"<p>Stomatoloogia kliinikus diagnoositakse m\u00fcofunktsionaalseid h\u00e4ireid ja osutatakse teraapiat lastele, noorukitele ja t\u00e4iskasvanutele. Vastuv\u00f5tule saab p\u00f6\u00f6rduda j\u00e4rgnevatel juhtudel: &nbsp;M\u00fcofunktsionaalne terapeut Liis Linde,&nbsp;kontakt:&nbsp;liis.linde@kliinikum.ee M\u00fcofunktsionaalne terapeut Kelly P\u00e4rnalaas, kontakt kelly.parnalaas@kliinikum.ee Registreerimine vastuv\u00f5tule telefonil 731 9282. Tasulise vastuv\u00f5tu korral saatekirja n\u00f5uet ei ole. M\u00fcofuntsionaalsesse teraapiasse saab last suunata hambaarst ja ortodont. Tervisekassa kompenseerib m\u00fcofunktsionaalse teraapia teenuse osutamise, kui hambaarst [&hellip;]<\/p>\n","protected":false},"author":34,"featured_media":0,"parent":15,"menu_order":5,"comment_status":"closed","ping_status":"closed","template":"","meta":{"_acf_changed":false,"_uag_custom_page_level_css":"","footnotes":""},"class_list":["post-6250","page","type-page","status-publish","hentry"],"acf":[],"yoast_head":"<!-- This site is optimized with the Yoast SEO plugin v27.3 - https:\/\/yoast.com\/product\/yoast-seo-wordpress\/ -->\n<title>M\u00fcofunktsionaalne teraapia - Stomatoloogia kliinik<\/title>\n<meta name=\"robots\" content=\"index, follow, max-snippet:-1, max-image-preview:large, max-video-preview:-1\" \/>\n<link rel=\"canonical\" href=\"https:\/\/www.kliinikum.ee\/stomatoloogia\/patsiendile\/muofunktsionaalne-teraapia\/\" \/>\n<meta property=\"og:locale\" content=\"et_EE\" \/>\n<meta property=\"og:type\" content=\"article\" \/>\n<meta property=\"og:title\" content=\"M\u00fcofunktsionaalne teraapia - Stomatoloogia kliinik\" \/>\n<meta property=\"og:description\" content=\"Stomatoloogia kliinikus diagnoositakse m\u00fcofunktsionaalseid h\u00e4ireid ja osutatakse teraapiat lastele, noorukitele ja t\u00e4iskasvanutele. Vastuv\u00f5tule saab p\u00f6\u00f6rduda j\u00e4rgnevatel juhtudel: &nbsp;M\u00fcofunktsionaalne terapeut Liis Linde,&nbsp;kontakt:&nbsp;liis.linde@kliinikum.ee M\u00fcofunktsionaalne terapeut Kelly P\u00e4rnalaas, kontakt kelly.parnalaas@kliinikum.ee Registreerimine vastuv\u00f5tule telefonil 731 9282. Tasulise vastuv\u00f5tu korral saatekirja n\u00f5uet ei ole. M\u00fcofuntsionaalsesse teraapiasse saab last suunata hambaarst ja ortodont. Tervisekassa kompenseerib m\u00fcofunktsionaalse teraapia teenuse osutamise, kui hambaarst [&hellip;]\" \/>\n<meta property=\"og:url\" content=\"https:\/\/www.kliinikum.ee\/stomatoloogia\/patsiendile\/muofunktsionaalne-teraapia\/\" \/>\n<meta property=\"og:site_name\" content=\"Stomatoloogia kliinik\" \/>\n<meta property=\"article:modified_time\" content=\"2024-11-14T13:17:49+00:00\" \/>\n<meta name=\"twitter:card\" content=\"summary_large_image\" \/>\n<meta name=\"twitter:label1\" content=\"Est. reading time\" \/>\n\t<meta name=\"twitter:data1\" content=\"1 minut\" \/>\n<script type=\"application\/ld+json\" class=\"yoast-schema-graph\">{\"@context\":\"https:\\\/\\\/schema.org\",\"@graph\":[{\"@type\":\"WebPage\",\"@id\":\"https:\\\/\\\/www.kliinikum.ee\\\/stomatoloogia\\\/patsiendile\\\/muofunktsionaalne-teraapia\\\/\",\"url\":\"https:\\\/\\\/www.kliinikum.ee\\\/stomatoloogia\\\/patsiendile\\\/muofunktsionaalne-teraapia\\\/\",\"name\":\"M\u00fcofunktsionaalne teraapia - Stomatoloogia kliinik\",\"isPartOf\":{\"@id\":\"https:\\\/\\\/www.kliinikum.ee\\\/stomatoloogia\\\/#website\"},\"datePublished\":\"2023-03-30T08:37:40+00:00\",\"dateModified\":\"2024-11-14T13:17:49+00:00\",\"breadcrumb\":{\"@id\":\"https:\\\/\\\/www.kliinikum.ee\\\/stomatoloogia\\\/patsiendile\\\/muofunktsionaalne-teraapia\\\/#breadcrumb\"},\"inLanguage\":\"et\",\"potentialAction\":[{\"@type\":\"ReadAction\",\"target\":[\"https:\\\/\\\/www.kliinikum.ee\\\/stomatoloogia\\\/patsiendile\\\/muofunktsionaalne-teraapia\\\/\"]}]},{\"@type\":\"BreadcrumbList\",\"@id\":\"https:\\\/\\\/www.kliinikum.ee\\\/stomatoloogia\\\/patsiendile\\\/muofunktsionaalne-teraapia\\\/#breadcrumb\",\"itemListElement\":[{\"@type\":\"ListItem\",\"position\":1,\"name\":\"Home\",\"item\":\"https:\\\/\\\/www.kliinikum.ee\\\/stomatoloogia\\\/\"},{\"@type\":\"ListItem\",\"position\":2,\"name\":\"Patsiendile\",\"item\":\"https:\\\/\\\/www.kliinikum.ee\\\/stomatoloogia\\\/patsiendile\\\/\"},{\"@type\":\"ListItem\",\"position\":3,\"name\":\"M\u00fcofunktsionaalne teraapia\"}]},{\"@type\":\"WebSite\",\"@id\":\"https:\\\/\\\/www.kliinikum.ee\\\/stomatoloogia\\\/#website\",\"url\":\"https:\\\/\\\/www.kliinikum.ee\\\/stomatoloogia\\\/\",\"name\":\"Stomatoloogia kliinik\",\"description\":\"Hoolivus, Uuendusmeelsus, P\u00e4devus ja Usaldusv\u00e4\u00e4rsus\",\"potentialAction\":[{\"@type\":\"SearchAction\",\"target\":{\"@type\":\"EntryPoint\",\"urlTemplate\":\"https:\\\/\\\/www.kliinikum.ee\\\/stomatoloogia\\\/?s={search_term_string}\"},\"query-input\":{\"@type\":\"PropertyValueSpecification\",\"valueRequired\":true,\"valueName\":\"search_term_string\"}}],\"inLanguage\":\"et\"}]}<\/script>\n<!-- \/ Yoast SEO plugin. -->","yoast_head_json":{"title":"M\u00fcofunktsionaalne teraapia - Stomatoloogia kliinik","robots":{"index":"index","follow":"follow","max-snippet":"max-snippet:-1","max-image-preview":"max-image-preview:large","max-video-preview":"max-video-preview:-1"},"canonical":"https:\/\/www.kliinikum.ee\/stomatoloogia\/patsiendile\/muofunktsionaalne-teraapia\/","og_locale":"et_EE","og_type":"article","og_title":"M\u00fcofunktsionaalne teraapia - Stomatoloogia kliinik","og_description":"Stomatoloogia kliinikus diagnoositakse m\u00fcofunktsionaalseid h\u00e4ireid ja osutatakse teraapiat lastele, noorukitele ja t\u00e4iskasvanutele. Vastuv\u00f5tule saab p\u00f6\u00f6rduda j\u00e4rgnevatel juhtudel: &nbsp;M\u00fcofunktsionaalne terapeut Liis Linde,&nbsp;kontakt:&nbsp;liis.linde@kliinikum.ee M\u00fcofunktsionaalne terapeut Kelly P\u00e4rnalaas, kontakt kelly.parnalaas@kliinikum.ee Registreerimine vastuv\u00f5tule telefonil 731 9282. Tasulise vastuv\u00f5tu korral saatekirja n\u00f5uet ei ole. M\u00fcofuntsionaalsesse teraapiasse saab last suunata hambaarst ja ortodont. Tervisekassa kompenseerib m\u00fcofunktsionaalse teraapia teenuse osutamise, kui hambaarst [&hellip;]","og_url":"https:\/\/www.kliinikum.ee\/stomatoloogia\/patsiendile\/muofunktsionaalne-teraapia\/","og_site_name":"Stomatoloogia kliinik","article_modified_time":"2024-11-14T13:17:49+00:00","twitter_card":"summary_large_image","twitter_misc":{"Est. reading time":"1 minut"},"schema":{"@context":"https:\/\/schema.org","@graph":[{"@type":"WebPage","@id":"https:\/\/www.kliinikum.ee\/stomatoloogia\/patsiendile\/muofunktsionaalne-teraapia\/","url":"https:\/\/www.kliinikum.ee\/stomatoloogia\/patsiendile\/muofunktsionaalne-teraapia\/","name":"M\u00fcofunktsionaalne teraapia - Stomatoloogia kliinik","isPartOf":{"@id":"https:\/\/www.kliinikum.ee\/stomatoloogia\/#website"},"datePublished":"2023-03-30T08:37:40+00:00","dateModified":"2024-11-14T13:17:49+00:00","breadcrumb":{"@id":"https:\/\/www.kliinikum.ee\/stomatoloogia\/patsiendile\/muofunktsionaalne-teraapia\/#breadcrumb"},"inLanguage":"et","potentialAction":[{"@type":"ReadAction","target":["https:\/\/www.kliinikum.ee\/stomatoloogia\/patsiendile\/muofunktsionaalne-teraapia\/"]}]},{"@type":"BreadcrumbList","@id":"https:\/\/www.kliinikum.ee\/stomatoloogia\/patsiendile\/muofunktsionaalne-teraapia\/#breadcrumb","itemListElement":[{"@type":"ListItem","position":1,"name":"Home","item":"https:\/\/www.kliinikum.ee\/stomatoloogia\/"},{"@type":"ListItem","position":2,"name":"Patsiendile","item":"https:\/\/www.kliinikum.ee\/stomatoloogia\/patsiendile\/"},{"@type":"ListItem","position":3,"name":"M\u00fcofunktsionaalne teraapia"}]},{"@type":"WebSite","@id":"https:\/\/www.kliinikum.ee\/stomatoloogia\/#website","url":"https:\/\/www.kliinikum.ee\/stomatoloogia\/","name":"Stomatoloogia kliinik","description":"Hoolivus, Uuendusmeelsus, P\u00e4devus ja Usaldusv\u00e4\u00e4rsus","potentialAction":[{"@type":"SearchAction","target":{"@type":"EntryPoint","urlTemplate":"https:\/\/www.kliinikum.ee\/stomatoloogia\/?s={search_term_string}"},"query-input":{"@type":"PropertyValueSpecification","valueRequired":true,"valueName":"search_term_string"}}],"inLanguage":"et"}]}},"uagb_featured_image_src":{"full":false,"thumbnail":false,"medium":false,"medium_large":false,"large":false,"1536x1536":false,"2048x2048":false},"uagb_author_info":{"display_name":"Jane Freimann","author_link":"https:\/\/www.kliinikum.ee\/stomatoloogia\/author\/janef\/"},"uagb_comment_info":0,"uagb_excerpt":"Stomatoloogia kliinikus diagnoositakse m\u00fcofunktsionaalseid h\u00e4ireid ja osutatakse teraapiat lastele, noorukitele ja t\u00e4iskasvanutele. Vastuv\u00f5tule saab p\u00f6\u00f6rduda j\u00e4rgnevatel juhtudel: &nbsp;M\u00fcofunktsionaalne terapeut Liis Linde,&nbsp;kontakt:&nbsp;liis.linde@kliinikum.ee M\u00fcofunktsionaalne terapeut Kelly P\u00e4rnalaas, kontakt kelly.parnalaas@kliinikum.ee Registreerimine vastuv\u00f5tule telefonil 731 9282. Tasulise vastuv\u00f5tu korral saatekirja n\u00f5uet ei ole. M\u00fcofuntsionaalsesse teraapiasse saab last suunata hambaarst ja ortodont. Tervisekassa kompenseerib m\u00fcofunktsionaalse teraapia teenuse osutamise, kui hambaarst&hellip;","_links":{"self":[{"href":"https:\/\/www.kliinikum.ee\/stomatoloogia\/wp-json\/wp\/v2\/pages\/6250","targetHints":{"allow":["GET"]}}],"collection":[{"href":"https:\/\/www.kliinikum.ee\/stomatoloogia\/wp-json\/wp\/v2\/pages"}],"about":[{"href":"https:\/\/www.kliinikum.ee\/stomatoloogia\/wp-json\/wp\/v2\/types\/page"}],"author":[{"embeddable":true,"href":"https:\/\/www.kliinikum.ee\/stomatoloogia\/wp-json\/wp\/v2\/users\/34"}],"replies":[{"embeddable":true,"href":"https:\/\/www.kliinikum.ee\/stomatoloogia\/wp-json\/wp\/v2\/comments?post=6250"}],"version-history":[{"count":0,"href":"https:\/\/www.kliinikum.ee\/stomatoloogia\/wp-json\/wp\/v2\/pages\/6250\/revisions"}],"up":[{"embeddable":true,"href":"https:\/\/www.kliinikum.ee\/stomatoloogia\/wp-json\/wp\/v2\/pages\/15"}],"wp:attachment":[{"href":"https:\/\/www.kliinikum.ee\/stomatoloogia\/wp-json\/wp\/v2\/media?parent=6250"}],"curies":[{"name":"wp","href":"https:\/\/api.w.org\/{rel}","templated":true}]}}