{"id":6266,"date":"2023-03-30T11:06:57","date_gmt":"2023-03-30T09:06:57","guid":{"rendered":"https:\/\/www.kliinikum.ee\/stomatoloogia\/?page_id=6266"},"modified":"2026-04-17T11:06:12","modified_gmt":"2026-04-17T09:06:12","slug":"lastestomatoloogia-osakond","status":"publish","type":"page","link":"https:\/\/www.kliinikum.ee\/stomatoloogia\/kliinikust\/lastestomatoloogia-osakond\/","title":{"rendered":"Lastestomatoloogia osakond"},"content":{"rendered":"\n<p class=\"has-medium-font-size\"><\/p>\n\n\n\n<p class=\"has-medium-font-size\">Lastestomatoloogia osakond pakub kuni 19-aastastele lastele p\u00f5hiliselt kaariese ning selle t\u00fcsistuste ravi, sealhulgas v\u00e4ltimatut hambaravi, endodontilist ja ortodontilist ravi,&nbsp; lisaks v\u00e4iksemaid kirurgilisi protseduure, hammaste ekstraktsioone. Teostatakse ka narkoosis hambaravi erivajadustega lastele, plaanilist ja erakorralist hambaravi t\u00e4iskasvanutele ja ortodontilist ravi t\u00e4iskasvanutele ning&nbsp; laste hammaste ravi koolikabinettides.<\/p>\n\n\n\n<p class=\"has-medium-font-size\"><strong>Eelregistreerimine arsti vastuv\u00f5tule<\/strong><\/p>\n\n\n\n<ul class=\"wp-block-list\">\n<li class=\"has-medium-font-size\">Lastestomatoloogi vastuv\u00f5tule saab p\u00f6\u00f6rduda ilma saatekirjata. Eelnevalt registreerida\u00a0Kliinikumi k\u00f5nekeskuse \u00a0telefonil\u00a0<strong>731 9100<\/strong>,  stom.registratuuri telefonil  <strong>731 9282.<\/strong> <\/li>\n\n\n\n<li class=\"has-medium-font-size\"> Ortodondi (hambumuse korrigeerija) vastuv\u00f5tule saab tulla ainult l\u00e4bi e-konsultatsiooni Ortodontilist ravi osutatakse ainult meditsiinilisel n\u00e4idustusel.<\/li>\n\n\n\n<li class=\"has-medium-font-size\">Valutava hambaga laps saab esmaabi (kokkuleppel hambaarstiga) helistades samal p\u00e4eval registratuuri telefonil&nbsp;<strong> 731 9282.<\/strong><\/li>\n<\/ul>\n\n\n\n<p class=\"has-medium-font-size\"><strong>Vastuv\u00f5tule tulles palume kaasa v\u00f5tta isikutt\u00f5endava dokumendi.<\/strong><\/p>\n\n\n\n<p class=\"has-medium-font-size\"><strong>Eriarstide teenused<\/strong><\/p>\n\n\n\n<ul class=\"wp-block-list\">\n<li class=\"has-medium-font-size\">Hambaravi on tasuta kuni 19-aastastele lastele ja p\u00e4evases \u00f5ppevormis \u00f5ppivatele \u00f5pilastele.<\/li>\n\n\n\n<li class=\"has-medium-font-size\">Hambahaiguste ennetust ehk prof\u00fclaktilist t\u00f6\u00f6d teevad meie osakonna arstid nendes koolides, millised on meie teenindada vastavalt kokkuleppele Tervisekassaga.<\/li>\n\n\n\n<li class=\"has-medium-font-size\">Kui lapsevanem ei soovi, et tema lapse hambaid ravib kooli hambaarst, palume lapsevanemal sellest kooli&nbsp;hambaarstile teatada.<\/li>\n\n\n\n<li class=\"has-medium-font-size\">Ortodontilise ravi tasub Tervisekassa lastele 19-nda eluaastani j\u00e4rgmiste diagnooside korral:<br>1) prognaatne hambumus sagitaalse lahiga 9 mm ja enam;<br>2) progeenne hambumus;<br>3) lahihambumus, kui kontaktis on ainult molaarid;<br>4) peetunud j\u00e4\u00e4vintsisiivid v\u00f5i kaniinid;<br>5) kui puudub intsisiiv, kaniin v\u00f5i rohkem kui \u00fcks hammas l\u00f5ualuu kummalgi poolel;<br>6) huule-suulael\u00f5he ja muud n\u00e4o-l\u00f5ualuus\u00fcsteemi kaasas\u00fcndinud v\u00e4\u00e4rarengud;<br>7) hambumusanomaalia raske v\u00f5i keskmise raskusastmega obstruktiivse uneapnoe korral, juhul kui adenotonsillektoomia ja positiivne \u00f5hur\u00f5huravi (CPAP) on osutunud ebaefektiivseks;<br>8) s\u00fcgav traumeeriv hambumus, mille korral alumised l\u00f5ikehambad on otseses kontaktis limaskestaga;<br>9) k\u00fclgmine risthambumus kolme ja enama hamba ulatuses l\u00f5ualuu \u00fchel poolel, mille korral on oluliselt h\u00e4iritud n\u00e4o s\u00fcmmeetria ning l\u00f5ualuude areng ja kasv. &nbsp; &nbsp; &nbsp;<br>Teiste, kergemate hambumusanomaaliatega laste ravi on tasuline.<\/li>\n<\/ul>\n\n\n\n<div class=\"wp-block-uagb-container uagb-block-d0aa5326 alignfull uagb-is-root-container\"><div class=\"uagb-container-inner-blocks-wrap\">\n<div class=\"wp-block-uagb-container uagb-block-e5889722\">\n<figure class=\"wp-block-image size-large\"><img loading=\"lazy\" decoding=\"async\" width=\"1024\" height=\"683\" src=\"https:\/\/www.kliinikum.ee\/stomatoloogia\/wp-content\/uploads\/2023\/04\/IMG_4456-2-1024x683.jpg\" alt=\"\" class=\"wp-image-6593\" srcset=\"https:\/\/www.kliinikum.ee\/stomatoloogia\/wp-content\/uploads\/2023\/04\/IMG_4456-2-1024x683.jpg 1024w, https:\/\/www.kliinikum.ee\/stomatoloogia\/wp-content\/uploads\/2023\/04\/IMG_4456-2-300x200.jpg 300w, https:\/\/www.kliinikum.ee\/stomatoloogia\/wp-content\/uploads\/2023\/04\/IMG_4456-2-768x512.jpg 768w, https:\/\/www.kliinikum.ee\/stomatoloogia\/wp-content\/uploads\/2023\/04\/IMG_4456-2-1536x1024.jpg 1536w, https:\/\/www.kliinikum.ee\/stomatoloogia\/wp-content\/uploads\/2023\/04\/IMG_4456-2-2048x1365.jpg 2048w, https:\/\/www.kliinikum.ee\/stomatoloogia\/wp-content\/uploads\/2023\/04\/IMG_4456-2-scaled.jpg 2560w\" sizes=\"auto, (max-width: 1024px) 100vw, 1024px\" \/><\/figure>\n<\/div>\n\n\n\n<div class=\"wp-block-uagb-container uagb-block-23f2096b\">\n<figure class=\"wp-block-image size-large\"><img loading=\"lazy\" decoding=\"async\" width=\"1024\" height=\"683\" src=\"https:\/\/www.kliinikum.ee\/stomatoloogia\/wp-content\/uploads\/2023\/04\/IMG_4507-3-1024x683.jpg\" alt=\"\" class=\"wp-image-6596\" srcset=\"https:\/\/www.kliinikum.ee\/stomatoloogia\/wp-content\/uploads\/2023\/04\/IMG_4507-3-1024x683.jpg 1024w, https:\/\/www.kliinikum.ee\/stomatoloogia\/wp-content\/uploads\/2023\/04\/IMG_4507-3-300x200.jpg 300w, https:\/\/www.kliinikum.ee\/stomatoloogia\/wp-content\/uploads\/2023\/04\/IMG_4507-3-768x512.jpg 768w, https:\/\/www.kliinikum.ee\/stomatoloogia\/wp-content\/uploads\/2023\/04\/IMG_4507-3-1536x1024.jpg 1536w, https:\/\/www.kliinikum.ee\/stomatoloogia\/wp-content\/uploads\/2023\/04\/IMG_4507-3-2048x1365.jpg 2048w, https:\/\/www.kliinikum.ee\/stomatoloogia\/wp-content\/uploads\/2023\/04\/IMG_4507-3-scaled.jpg 2560w\" sizes=\"auto, (max-width: 1024px) 100vw, 1024px\" \/><\/figure>\n<\/div>\n\n\n\n<div class=\"wp-block-uagb-container uagb-block-d36d023e\">\n<figure class=\"wp-block-image size-large\"><img loading=\"lazy\" decoding=\"async\" width=\"1024\" height=\"683\" src=\"https:\/\/www.kliinikum.ee\/stomatoloogia\/wp-content\/uploads\/2023\/04\/IMG_4431-1-3-1024x683.jpg\" alt=\"\" class=\"wp-image-6602\" srcset=\"https:\/\/www.kliinikum.ee\/stomatoloogia\/wp-content\/uploads\/2023\/04\/IMG_4431-1-3-1024x683.jpg 1024w, https:\/\/www.kliinikum.ee\/stomatoloogia\/wp-content\/uploads\/2023\/04\/IMG_4431-1-3-300x200.jpg 300w, https:\/\/www.kliinikum.ee\/stomatoloogia\/wp-content\/uploads\/2023\/04\/IMG_4431-1-3-768x512.jpg 768w, https:\/\/www.kliinikum.ee\/stomatoloogia\/wp-content\/uploads\/2023\/04\/IMG_4431-1-3-1536x1024.jpg 1536w, https:\/\/www.kliinikum.ee\/stomatoloogia\/wp-content\/uploads\/2023\/04\/IMG_4431-1-3-2048x1365.jpg 2048w, https:\/\/www.kliinikum.ee\/stomatoloogia\/wp-content\/uploads\/2023\/04\/IMG_4431-1-3-scaled.jpg 2560w\" sizes=\"auto, (max-width: 1024px) 100vw, 1024px\" \/><\/figure>\n<\/div>\n\n\n\n<div class=\"wp-block-uagb-container uagb-block-7e504959\">\n<figure class=\"wp-block-image size-large\"><img loading=\"lazy\" decoding=\"async\" width=\"1024\" height=\"683\" src=\"https:\/\/www.kliinikum.ee\/stomatoloogia\/wp-content\/uploads\/2023\/04\/IMG_4422-3-1024x683.jpg\" alt=\"\" class=\"wp-image-6605\" srcset=\"https:\/\/www.kliinikum.ee\/stomatoloogia\/wp-content\/uploads\/2023\/04\/IMG_4422-3-1024x683.jpg 1024w, https:\/\/www.kliinikum.ee\/stomatoloogia\/wp-content\/uploads\/2023\/04\/IMG_4422-3-300x200.jpg 300w, https:\/\/www.kliinikum.ee\/stomatoloogia\/wp-content\/uploads\/2023\/04\/IMG_4422-3-768x512.jpg 768w, https:\/\/www.kliinikum.ee\/stomatoloogia\/wp-content\/uploads\/2023\/04\/IMG_4422-3-1536x1024.jpg 1536w, https:\/\/www.kliinikum.ee\/stomatoloogia\/wp-content\/uploads\/2023\/04\/IMG_4422-3-2048x1365.jpg 2048w, https:\/\/www.kliinikum.ee\/stomatoloogia\/wp-content\/uploads\/2023\/04\/IMG_4422-3-scaled.jpg 2560w\" sizes=\"auto, (max-width: 1024px) 100vw, 1024px\" \/><\/figure>\n<\/div>\n<\/div><\/div>\n","protected":false},"excerpt":{"rendered":"<p>Lastestomatoloogia osakond pakub kuni 19-aastastele lastele p\u00f5hiliselt kaariese ning selle t\u00fcsistuste ravi, sealhulgas v\u00e4ltimatut hambaravi, endodontilist ja ortodontilist ravi,&nbsp; lisaks v\u00e4iksemaid kirurgilisi protseduure, hammaste ekstraktsioone. Teostatakse ka narkoosis hambaravi erivajadustega lastele, plaanilist ja erakorralist hambaravi t\u00e4iskasvanutele ja ortodontilist ravi t\u00e4iskasvanutele ning&nbsp; laste hammaste ravi koolikabinettides. Eelregistreerimine arsti vastuv\u00f5tule Vastuv\u00f5tule tulles palume kaasa v\u00f5tta isikutt\u00f5endava dokumendi. [&hellip;]<\/p>\n","protected":false},"author":34,"featured_media":0,"parent":17,"menu_order":5,"comment_status":"closed","ping_status":"closed","template":"","meta":{"_acf_changed":false,"_uag_custom_page_level_css":"","footnotes":""},"class_list":["post-6266","page","type-page","status-publish","hentry"],"acf":[],"yoast_head":"<!-- This site is optimized with the Yoast SEO plugin v27.3 - https:\/\/yoast.com\/product\/yoast-seo-wordpress\/ -->\n<title>Lastestomatoloogia osakond - Stomatoloogia kliinik<\/title>\n<meta name=\"robots\" content=\"index, follow, max-snippet:-1, max-image-preview:large, max-video-preview:-1\" \/>\n<link rel=\"canonical\" href=\"https:\/\/www.kliinikum.ee\/stomatoloogia\/kliinikust\/lastestomatoloogia-osakond\/\" \/>\n<meta property=\"og:locale\" content=\"et_EE\" \/>\n<meta property=\"og:type\" content=\"article\" \/>\n<meta property=\"og:title\" content=\"Lastestomatoloogia osakond - Stomatoloogia kliinik\" \/>\n<meta property=\"og:description\" content=\"Lastestomatoloogia osakond pakub kuni 19-aastastele lastele p\u00f5hiliselt kaariese ning selle t\u00fcsistuste ravi, sealhulgas v\u00e4ltimatut hambaravi, endodontilist ja ortodontilist ravi,&nbsp; lisaks v\u00e4iksemaid kirurgilisi protseduure, hammaste ekstraktsioone. Teostatakse ka narkoosis hambaravi erivajadustega lastele, plaanilist ja erakorralist hambaravi t\u00e4iskasvanutele ja ortodontilist ravi t\u00e4iskasvanutele ning&nbsp; laste hammaste ravi koolikabinettides. Eelregistreerimine arsti vastuv\u00f5tule Vastuv\u00f5tule tulles palume kaasa v\u00f5tta isikutt\u00f5endava dokumendi. [&hellip;]\" \/>\n<meta property=\"og:url\" content=\"https:\/\/www.kliinikum.ee\/stomatoloogia\/kliinikust\/lastestomatoloogia-osakond\/\" \/>\n<meta property=\"og:site_name\" content=\"Stomatoloogia kliinik\" \/>\n<meta property=\"article:modified_time\" content=\"2026-04-17T09:06:12+00:00\" \/>\n<meta property=\"og:image\" content=\"https:\/\/www.kliinikum.ee\/stomatoloogia\/wp-content\/uploads\/2023\/04\/IMG_4456-2-scaled.jpg\" \/>\n\t<meta property=\"og:image:width\" content=\"2560\" \/>\n\t<meta property=\"og:image:height\" content=\"1706\" \/>\n\t<meta property=\"og:image:type\" content=\"image\/jpeg\" \/>\n<meta name=\"twitter:card\" content=\"summary_large_image\" \/>\n<meta name=\"twitter:label1\" content=\"Est. reading time\" \/>\n\t<meta name=\"twitter:data1\" content=\"3 minutit\" \/>\n<script type=\"application\/ld+json\" class=\"yoast-schema-graph\">{\"@context\":\"https:\\\/\\\/schema.org\",\"@graph\":[{\"@type\":\"WebPage\",\"@id\":\"https:\\\/\\\/www.kliinikum.ee\\\/stomatoloogia\\\/kliinikust\\\/lastestomatoloogia-osakond\\\/\",\"url\":\"https:\\\/\\\/www.kliinikum.ee\\\/stomatoloogia\\\/kliinikust\\\/lastestomatoloogia-osakond\\\/\",\"name\":\"Lastestomatoloogia osakond - Stomatoloogia kliinik\",\"isPartOf\":{\"@id\":\"https:\\\/\\\/www.kliinikum.ee\\\/stomatoloogia\\\/#website\"},\"primaryImageOfPage\":{\"@id\":\"https:\\\/\\\/www.kliinikum.ee\\\/stomatoloogia\\\/kliinikust\\\/lastestomatoloogia-osakond\\\/#primaryimage\"},\"image\":{\"@id\":\"https:\\\/\\\/www.kliinikum.ee\\\/stomatoloogia\\\/kliinikust\\\/lastestomatoloogia-osakond\\\/#primaryimage\"},\"thumbnailUrl\":\"https:\\\/\\\/www.kliinikum.ee\\\/stomatoloogia\\\/wp-content\\\/uploads\\\/2023\\\/04\\\/IMG_4456-2-1024x683.jpg\",\"datePublished\":\"2023-03-30T09:06:57+00:00\",\"dateModified\":\"2026-04-17T09:06:12+00:00\",\"breadcrumb\":{\"@id\":\"https:\\\/\\\/www.kliinikum.ee\\\/stomatoloogia\\\/kliinikust\\\/lastestomatoloogia-osakond\\\/#breadcrumb\"},\"inLanguage\":\"et\",\"potentialAction\":[{\"@type\":\"ReadAction\",\"target\":[\"https:\\\/\\\/www.kliinikum.ee\\\/stomatoloogia\\\/kliinikust\\\/lastestomatoloogia-osakond\\\/\"]}]},{\"@type\":\"ImageObject\",\"inLanguage\":\"et\",\"@id\":\"https:\\\/\\\/www.kliinikum.ee\\\/stomatoloogia\\\/kliinikust\\\/lastestomatoloogia-osakond\\\/#primaryimage\",\"url\":\"https:\\\/\\\/www.kliinikum.ee\\\/stomatoloogia\\\/wp-content\\\/uploads\\\/2023\\\/04\\\/IMG_4456-2-scaled.jpg\",\"contentUrl\":\"https:\\\/\\\/www.kliinikum.ee\\\/stomatoloogia\\\/wp-content\\\/uploads\\\/2023\\\/04\\\/IMG_4456-2-scaled.jpg\",\"width\":2560,\"height\":1706},{\"@type\":\"BreadcrumbList\",\"@id\":\"https:\\\/\\\/www.kliinikum.ee\\\/stomatoloogia\\\/kliinikust\\\/lastestomatoloogia-osakond\\\/#breadcrumb\",\"itemListElement\":[{\"@type\":\"ListItem\",\"position\":1,\"name\":\"Home\",\"item\":\"https:\\\/\\\/www.kliinikum.ee\\\/stomatoloogia\\\/\"},{\"@type\":\"ListItem\",\"position\":2,\"name\":\"Kliinikust\",\"item\":\"https:\\\/\\\/www.kliinikum.ee\\\/stomatoloogia\\\/kliinikust\\\/\"},{\"@type\":\"ListItem\",\"position\":3,\"name\":\"Lastestomatoloogia osakond\"}]},{\"@type\":\"WebSite\",\"@id\":\"https:\\\/\\\/www.kliinikum.ee\\\/stomatoloogia\\\/#website\",\"url\":\"https:\\\/\\\/www.kliinikum.ee\\\/stomatoloogia\\\/\",\"name\":\"Stomatoloogia kliinik\",\"description\":\"Hoolivus, Uuendusmeelsus, P\u00e4devus ja Usaldusv\u00e4\u00e4rsus\",\"potentialAction\":[{\"@type\":\"SearchAction\",\"target\":{\"@type\":\"EntryPoint\",\"urlTemplate\":\"https:\\\/\\\/www.kliinikum.ee\\\/stomatoloogia\\\/?s={search_term_string}\"},\"query-input\":{\"@type\":\"PropertyValueSpecification\",\"valueRequired\":true,\"valueName\":\"search_term_string\"}}],\"inLanguage\":\"et\"}]}<\/script>\n<!-- \/ Yoast SEO plugin. -->","yoast_head_json":{"title":"Lastestomatoloogia osakond - Stomatoloogia kliinik","robots":{"index":"index","follow":"follow","max-snippet":"max-snippet:-1","max-image-preview":"max-image-preview:large","max-video-preview":"max-video-preview:-1"},"canonical":"https:\/\/www.kliinikum.ee\/stomatoloogia\/kliinikust\/lastestomatoloogia-osakond\/","og_locale":"et_EE","og_type":"article","og_title":"Lastestomatoloogia osakond - Stomatoloogia kliinik","og_description":"Lastestomatoloogia osakond pakub kuni 19-aastastele lastele p\u00f5hiliselt kaariese ning selle t\u00fcsistuste ravi, sealhulgas v\u00e4ltimatut hambaravi, endodontilist ja ortodontilist ravi,&nbsp; lisaks v\u00e4iksemaid kirurgilisi protseduure, hammaste ekstraktsioone. Teostatakse ka narkoosis hambaravi erivajadustega lastele, plaanilist ja erakorralist hambaravi t\u00e4iskasvanutele ja ortodontilist ravi t\u00e4iskasvanutele ning&nbsp; laste hammaste ravi koolikabinettides. Eelregistreerimine arsti vastuv\u00f5tule Vastuv\u00f5tule tulles palume kaasa v\u00f5tta isikutt\u00f5endava dokumendi. [&hellip;]","og_url":"https:\/\/www.kliinikum.ee\/stomatoloogia\/kliinikust\/lastestomatoloogia-osakond\/","og_site_name":"Stomatoloogia kliinik","article_modified_time":"2026-04-17T09:06:12+00:00","og_image":[{"width":2560,"height":1706,"url":"https:\/\/www.kliinikum.ee\/stomatoloogia\/wp-content\/uploads\/2023\/04\/IMG_4456-2-scaled.jpg","type":"image\/jpeg"}],"twitter_card":"summary_large_image","twitter_misc":{"Est. reading time":"3 minutit"},"schema":{"@context":"https:\/\/schema.org","@graph":[{"@type":"WebPage","@id":"https:\/\/www.kliinikum.ee\/stomatoloogia\/kliinikust\/lastestomatoloogia-osakond\/","url":"https:\/\/www.kliinikum.ee\/stomatoloogia\/kliinikust\/lastestomatoloogia-osakond\/","name":"Lastestomatoloogia osakond - Stomatoloogia kliinik","isPartOf":{"@id":"https:\/\/www.kliinikum.ee\/stomatoloogia\/#website"},"primaryImageOfPage":{"@id":"https:\/\/www.kliinikum.ee\/stomatoloogia\/kliinikust\/lastestomatoloogia-osakond\/#primaryimage"},"image":{"@id":"https:\/\/www.kliinikum.ee\/stomatoloogia\/kliinikust\/lastestomatoloogia-osakond\/#primaryimage"},"thumbnailUrl":"https:\/\/www.kliinikum.ee\/stomatoloogia\/wp-content\/uploads\/2023\/04\/IMG_4456-2-1024x683.jpg","datePublished":"2023-03-30T09:06:57+00:00","dateModified":"2026-04-17T09:06:12+00:00","breadcrumb":{"@id":"https:\/\/www.kliinikum.ee\/stomatoloogia\/kliinikust\/lastestomatoloogia-osakond\/#breadcrumb"},"inLanguage":"et","potentialAction":[{"@type":"ReadAction","target":["https:\/\/www.kliinikum.ee\/stomatoloogia\/kliinikust\/lastestomatoloogia-osakond\/"]}]},{"@type":"ImageObject","inLanguage":"et","@id":"https:\/\/www.kliinikum.ee\/stomatoloogia\/kliinikust\/lastestomatoloogia-osakond\/#primaryimage","url":"https:\/\/www.kliinikum.ee\/stomatoloogia\/wp-content\/uploads\/2023\/04\/IMG_4456-2-scaled.jpg","contentUrl":"https:\/\/www.kliinikum.ee\/stomatoloogia\/wp-content\/uploads\/2023\/04\/IMG_4456-2-scaled.jpg","width":2560,"height":1706},{"@type":"BreadcrumbList","@id":"https:\/\/www.kliinikum.ee\/stomatoloogia\/kliinikust\/lastestomatoloogia-osakond\/#breadcrumb","itemListElement":[{"@type":"ListItem","position":1,"name":"Home","item":"https:\/\/www.kliinikum.ee\/stomatoloogia\/"},{"@type":"ListItem","position":2,"name":"Kliinikust","item":"https:\/\/www.kliinikum.ee\/stomatoloogia\/kliinikust\/"},{"@type":"ListItem","position":3,"name":"Lastestomatoloogia osakond"}]},{"@type":"WebSite","@id":"https:\/\/www.kliinikum.ee\/stomatoloogia\/#website","url":"https:\/\/www.kliinikum.ee\/stomatoloogia\/","name":"Stomatoloogia kliinik","description":"Hoolivus, Uuendusmeelsus, P\u00e4devus ja Usaldusv\u00e4\u00e4rsus","potentialAction":[{"@type":"SearchAction","target":{"@type":"EntryPoint","urlTemplate":"https:\/\/www.kliinikum.ee\/stomatoloogia\/?s={search_term_string}"},"query-input":{"@type":"PropertyValueSpecification","valueRequired":true,"valueName":"search_term_string"}}],"inLanguage":"et"}]}},"uagb_featured_image_src":{"full":false,"thumbnail":false,"medium":false,"medium_large":false,"large":false,"1536x1536":false,"2048x2048":false},"uagb_author_info":{"display_name":"Jane Freimann","author_link":"https:\/\/www.kliinikum.ee\/stomatoloogia\/author\/janef\/"},"uagb_comment_info":0,"uagb_excerpt":"Lastestomatoloogia osakond pakub kuni 19-aastastele lastele p\u00f5hiliselt kaariese ning selle t\u00fcsistuste ravi, sealhulgas v\u00e4ltimatut hambaravi, endodontilist ja ortodontilist ravi,&nbsp; lisaks v\u00e4iksemaid kirurgilisi protseduure, hammaste ekstraktsioone. Teostatakse ka narkoosis hambaravi erivajadustega lastele, plaanilist ja erakorralist hambaravi t\u00e4iskasvanutele ja ortodontilist ravi t\u00e4iskasvanutele ning&nbsp; laste hammaste ravi koolikabinettides. Eelregistreerimine arsti vastuv\u00f5tule Vastuv\u00f5tule tulles palume kaasa v\u00f5tta isikutt\u00f5endava dokumendi.&hellip;","_links":{"self":[{"href":"https:\/\/www.kliinikum.ee\/stomatoloogia\/wp-json\/wp\/v2\/pages\/6266","targetHints":{"allow":["GET"]}}],"collection":[{"href":"https:\/\/www.kliinikum.ee\/stomatoloogia\/wp-json\/wp\/v2\/pages"}],"about":[{"href":"https:\/\/www.kliinikum.ee\/stomatoloogia\/wp-json\/wp\/v2\/types\/page"}],"author":[{"embeddable":true,"href":"https:\/\/www.kliinikum.ee\/stomatoloogia\/wp-json\/wp\/v2\/users\/34"}],"replies":[{"embeddable":true,"href":"https:\/\/www.kliinikum.ee\/stomatoloogia\/wp-json\/wp\/v2\/comments?post=6266"}],"version-history":[{"count":2,"href":"https:\/\/www.kliinikum.ee\/stomatoloogia\/wp-json\/wp\/v2\/pages\/6266\/revisions"}],"predecessor-version":[{"id":17302,"href":"https:\/\/www.kliinikum.ee\/stomatoloogia\/wp-json\/wp\/v2\/pages\/6266\/revisions\/17302"}],"up":[{"embeddable":true,"href":"https:\/\/www.kliinikum.ee\/stomatoloogia\/wp-json\/wp\/v2\/pages\/17"}],"wp:attachment":[{"href":"https:\/\/www.kliinikum.ee\/stomatoloogia\/wp-json\/wp\/v2\/media?parent=6266"}],"curies":[{"name":"wp","href":"https:\/\/api.w.org\/{rel}","templated":true}]}}