{"id":6276,"date":"2023-03-30T11:14:39","date_gmt":"2023-03-30T09:14:39","guid":{"rendered":"https:\/\/www.kliinikum.ee\/stomatoloogia\/?page_id=6276"},"modified":"2024-04-30T09:41:00","modified_gmt":"2024-04-30T07:41:00","slug":"hambalabor","status":"publish","type":"page","link":"https:\/\/www.kliinikum.ee\/stomatoloogia\/partnerile\/hambalabor\/","title":{"rendered":"Hambatehniline labor"},"content":{"rendered":"\n<p class=\"has-medium-font-size\"> Hambatehnilises laboris valmistatakse erinevaid liike hambaproteese \u2013 nii suust eemaldatavaid kui ka mitte mitte-eemaldatavaid. Hambatehniline labor valmistab erinevaid tooteid kogu stomatoloogia kliinikule, Tartu \u00dclikooli Hambaarstiteaduste Instituudile ja k\u00f5rvakliinikule.<\/p>\n\n\n\n<p class=\"has-medium-font-size\">Tellimusel valmistatakse&nbsp; hambaproteese ka teistele asutustele ja erafirmadele Tartu piires. Soovi korral saadame Teile hinnakirja ja labori saatelehed kas emailile v\u00f5i paberkandjal.<\/p>\n\n\n\n<p class=\"has-medium-font-size\"><strong>Valmistame j\u00e4rgmisi t\u00f6\u00f6liike:<\/strong><\/p>\n\n\n\n<ul class=\"wp-block-list\">\n<li class=\"has-medium-font-size\">Kaped: hambumuskaped, valgenduskaped, spordikaped, operatsioonikaped<\/li>\n\n\n\n<li class=\"has-medium-font-size\">Totaal- ja partsiaalproteesid<\/li>\n\n\n\n<li class=\"has-medium-font-size\">Implantaatidele kinnituvad kroonid ja sillad<\/li>\n\n\n\n<li class=\"has-medium-font-size\">Tsirkooniumkroonid ja sillad<\/li>\n\n\n\n<li class=\"has-medium-font-size\">Metallokeraamilised kroonid ja sillad<\/li>\n\n\n\n<li class=\"has-medium-font-size\">Keraamilised hambakroonid<\/li>\n\n\n\n<li class=\"has-medium-font-size\">B\u00fc\u00fcgelproteesid<\/li>\n\n\n\n<li class=\"has-medium-font-size\">Ortodontilised t\u00f6\u00f6d<\/li>\n\n\n\n<li class=\"has-medium-font-size\">Proteesiparandused<\/li>\n\n\n\n<li class=\"has-medium-font-size\">Individuaalsed k\u00f5rvaotsikud<\/li>\n\n\n\n<li class=\"has-medium-font-size\">Skaneeritud t\u00f6\u00f6de (kroonid, implantaadi kroonid, sillad, mudelid)vastuv\u00f5tmine 3Shape ja Medit programmidega, printimine ja freesimine.<\/li>\n<\/ul>\n\n\n\n<p class=\"has-medium-font-size\"><strong>NB! Tellides v\u00e4ljastpoolt Kliinikumi, tuleb arvestada k\u00f5ikide t\u00f6\u00f6de puhul transpordi ajaga.<\/strong> <strong>Transporti saab tellida telefonidel: 731 9381 v\u00f5i 731 9385<\/strong> <strong>kell 8.00-15.00. Peale kella 15.00 saab transpordi tellida j\u00e4rgmise p\u00e4eva hommikuks.<\/strong><\/p>\n\n\n\n<figure class=\"wp-block-image size-large is-resized\"><img loading=\"lazy\" decoding=\"async\" width=\"1024\" height=\"683\" src=\"https:\/\/www.kliinikum.ee\/stomatoloogia\/wp-content\/uploads\/2023\/08\/Hannele-1-1024x683.jpg\" alt=\"\" class=\"wp-image-9040\" style=\"aspect-ratio:4\/3;object-fit:cover;width:841px;height:undefinedpx\" srcset=\"https:\/\/www.kliinikum.ee\/stomatoloogia\/wp-content\/uploads\/2023\/08\/Hannele-1-1024x683.jpg 1024w, https:\/\/www.kliinikum.ee\/stomatoloogia\/wp-content\/uploads\/2023\/08\/Hannele-1-300x200.jpg 300w, https:\/\/www.kliinikum.ee\/stomatoloogia\/wp-content\/uploads\/2023\/08\/Hannele-1-768x512.jpg 768w, https:\/\/www.kliinikum.ee\/stomatoloogia\/wp-content\/uploads\/2023\/08\/Hannele-1-1536x1024.jpg 1536w, https:\/\/www.kliinikum.ee\/stomatoloogia\/wp-content\/uploads\/2023\/08\/Hannele-1-2048x1365.jpg 2048w, https:\/\/www.kliinikum.ee\/stomatoloogia\/wp-content\/uploads\/2023\/08\/Hannele-1-scaled.jpg 2560w\" sizes=\"auto, (max-width: 1024px) 100vw, 1024px\" \/><\/figure>\n\n\n\n<p><\/p>\n","protected":false},"excerpt":{"rendered":"<p>Hambatehnilises laboris valmistatakse erinevaid liike hambaproteese \u2013 nii suust eemaldatavaid kui ka mitte mitte-eemaldatavaid. Hambatehniline labor valmistab erinevaid tooteid kogu stomatoloogia kliinikule, Tartu \u00dclikooli Hambaarstiteaduste Instituudile ja k\u00f5rvakliinikule. Tellimusel valmistatakse&nbsp; hambaproteese ka teistele asutustele ja erafirmadele Tartu piires. Soovi korral saadame Teile hinnakirja ja labori saatelehed kas emailile v\u00f5i paberkandjal. Valmistame j\u00e4rgmisi t\u00f6\u00f6liike: NB! Tellides [&hellip;]<\/p>\n","protected":false},"author":34,"featured_media":0,"parent":6234,"menu_order":1,"comment_status":"closed","ping_status":"closed","template":"","meta":{"_acf_changed":false,"_uag_custom_page_level_css":"","footnotes":""},"class_list":["post-6276","page","type-page","status-publish","hentry"],"acf":[],"yoast_head":"<!-- This site is optimized with the Yoast SEO plugin v27.5 - https:\/\/yoast.com\/product\/yoast-seo-wordpress\/ -->\n<title>Hambatehniline labor - Stomatoloogia kliinik<\/title>\n<meta name=\"robots\" content=\"index, follow, max-snippet:-1, max-image-preview:large, max-video-preview:-1\" \/>\n<link rel=\"canonical\" href=\"https:\/\/www.kliinikum.ee\/stomatoloogia\/partnerile\/hambalabor\/\" \/>\n<meta property=\"og:locale\" content=\"et_EE\" \/>\n<meta property=\"og:type\" content=\"article\" \/>\n<meta property=\"og:title\" content=\"Hambatehniline labor - Stomatoloogia kliinik\" \/>\n<meta property=\"og:description\" content=\"Hambatehnilises laboris valmistatakse erinevaid liike hambaproteese \u2013 nii suust eemaldatavaid kui ka mitte mitte-eemaldatavaid. Hambatehniline labor valmistab erinevaid tooteid kogu stomatoloogia kliinikule, Tartu \u00dclikooli Hambaarstiteaduste Instituudile ja k\u00f5rvakliinikule. Tellimusel valmistatakse&nbsp; hambaproteese ka teistele asutustele ja erafirmadele Tartu piires. Soovi korral saadame Teile hinnakirja ja labori saatelehed kas emailile v\u00f5i paberkandjal. Valmistame j\u00e4rgmisi t\u00f6\u00f6liike: NB! Tellides [&hellip;]\" \/>\n<meta property=\"og:url\" content=\"https:\/\/www.kliinikum.ee\/stomatoloogia\/partnerile\/hambalabor\/\" \/>\n<meta property=\"og:site_name\" content=\"Stomatoloogia kliinik\" \/>\n<meta property=\"article:modified_time\" content=\"2024-04-30T07:41:00+00:00\" \/>\n<meta property=\"og:image\" content=\"https:\/\/www.kliinikum.ee\/stomatoloogia\/wp-content\/uploads\/2023\/08\/Hannele-1-1024x683.jpg\" \/>\n<meta name=\"twitter:card\" content=\"summary_large_image\" \/>\n<meta name=\"twitter:label1\" content=\"Est. reading time\" \/>\n\t<meta name=\"twitter:data1\" content=\"1 minut\" \/>\n<script type=\"application\/ld+json\" class=\"yoast-schema-graph\">{\"@context\":\"https:\\\/\\\/schema.org\",\"@graph\":[{\"@type\":\"WebPage\",\"@id\":\"https:\\\/\\\/www.kliinikum.ee\\\/stomatoloogia\\\/partnerile\\\/hambalabor\\\/\",\"url\":\"https:\\\/\\\/www.kliinikum.ee\\\/stomatoloogia\\\/partnerile\\\/hambalabor\\\/\",\"name\":\"Hambatehniline labor - Stomatoloogia kliinik\",\"isPartOf\":{\"@id\":\"https:\\\/\\\/www.kliinikum.ee\\\/stomatoloogia\\\/#website\"},\"primaryImageOfPage\":{\"@id\":\"https:\\\/\\\/www.kliinikum.ee\\\/stomatoloogia\\\/partnerile\\\/hambalabor\\\/#primaryimage\"},\"image\":{\"@id\":\"https:\\\/\\\/www.kliinikum.ee\\\/stomatoloogia\\\/partnerile\\\/hambalabor\\\/#primaryimage\"},\"thumbnailUrl\":\"https:\\\/\\\/www.kliinikum.ee\\\/stomatoloogia\\\/wp-content\\\/uploads\\\/2023\\\/08\\\/Hannele-1-1024x683.jpg\",\"datePublished\":\"2023-03-30T09:14:39+00:00\",\"dateModified\":\"2024-04-30T07:41:00+00:00\",\"breadcrumb\":{\"@id\":\"https:\\\/\\\/www.kliinikum.ee\\\/stomatoloogia\\\/partnerile\\\/hambalabor\\\/#breadcrumb\"},\"inLanguage\":\"et\",\"potentialAction\":[{\"@type\":\"ReadAction\",\"target\":[\"https:\\\/\\\/www.kliinikum.ee\\\/stomatoloogia\\\/partnerile\\\/hambalabor\\\/\"]}]},{\"@type\":\"ImageObject\",\"inLanguage\":\"et\",\"@id\":\"https:\\\/\\\/www.kliinikum.ee\\\/stomatoloogia\\\/partnerile\\\/hambalabor\\\/#primaryimage\",\"url\":\"https:\\\/\\\/www.kliinikum.ee\\\/stomatoloogia\\\/wp-content\\\/uploads\\\/2023\\\/08\\\/Hannele-1-scaled.jpg\",\"contentUrl\":\"https:\\\/\\\/www.kliinikum.ee\\\/stomatoloogia\\\/wp-content\\\/uploads\\\/2023\\\/08\\\/Hannele-1-scaled.jpg\",\"width\":2560,\"height\":1706},{\"@type\":\"BreadcrumbList\",\"@id\":\"https:\\\/\\\/www.kliinikum.ee\\\/stomatoloogia\\\/partnerile\\\/hambalabor\\\/#breadcrumb\",\"itemListElement\":[{\"@type\":\"ListItem\",\"position\":1,\"name\":\"Home\",\"item\":\"https:\\\/\\\/www.kliinikum.ee\\\/stomatoloogia\\\/\"},{\"@type\":\"ListItem\",\"position\":2,\"name\":\"Partnerile\",\"item\":\"https:\\\/\\\/www.kliinikum.ee\\\/stomatoloogia\\\/partnerile\\\/\"},{\"@type\":\"ListItem\",\"position\":3,\"name\":\"Hambatehniline labor\"}]},{\"@type\":\"WebSite\",\"@id\":\"https:\\\/\\\/www.kliinikum.ee\\\/stomatoloogia\\\/#website\",\"url\":\"https:\\\/\\\/www.kliinikum.ee\\\/stomatoloogia\\\/\",\"name\":\"Stomatoloogia kliinik\",\"description\":\"Hoolivus, Uuendusmeelsus, P\u00e4devus ja Usaldusv\u00e4\u00e4rsus\",\"potentialAction\":[{\"@type\":\"SearchAction\",\"target\":{\"@type\":\"EntryPoint\",\"urlTemplate\":\"https:\\\/\\\/www.kliinikum.ee\\\/stomatoloogia\\\/?s={search_term_string}\"},\"query-input\":{\"@type\":\"PropertyValueSpecification\",\"valueRequired\":true,\"valueName\":\"search_term_string\"}}],\"inLanguage\":\"et\"}]}<\/script>\n<!-- \/ Yoast SEO plugin. -->","yoast_head_json":{"title":"Hambatehniline labor - Stomatoloogia kliinik","robots":{"index":"index","follow":"follow","max-snippet":"max-snippet:-1","max-image-preview":"max-image-preview:large","max-video-preview":"max-video-preview:-1"},"canonical":"https:\/\/www.kliinikum.ee\/stomatoloogia\/partnerile\/hambalabor\/","og_locale":"et_EE","og_type":"article","og_title":"Hambatehniline labor - Stomatoloogia kliinik","og_description":"Hambatehnilises laboris valmistatakse erinevaid liike hambaproteese \u2013 nii suust eemaldatavaid kui ka mitte mitte-eemaldatavaid. Hambatehniline labor valmistab erinevaid tooteid kogu stomatoloogia kliinikule, Tartu \u00dclikooli Hambaarstiteaduste Instituudile ja k\u00f5rvakliinikule. Tellimusel valmistatakse&nbsp; hambaproteese ka teistele asutustele ja erafirmadele Tartu piires. Soovi korral saadame Teile hinnakirja ja labori saatelehed kas emailile v\u00f5i paberkandjal. Valmistame j\u00e4rgmisi t\u00f6\u00f6liike: NB! Tellides [&hellip;]","og_url":"https:\/\/www.kliinikum.ee\/stomatoloogia\/partnerile\/hambalabor\/","og_site_name":"Stomatoloogia kliinik","article_modified_time":"2024-04-30T07:41:00+00:00","og_image":[{"url":"https:\/\/www.kliinikum.ee\/stomatoloogia\/wp-content\/uploads\/2023\/08\/Hannele-1-1024x683.jpg","type":"","width":"","height":""}],"twitter_card":"summary_large_image","twitter_misc":{"Est. reading time":"1 minut"},"schema":{"@context":"https:\/\/schema.org","@graph":[{"@type":"WebPage","@id":"https:\/\/www.kliinikum.ee\/stomatoloogia\/partnerile\/hambalabor\/","url":"https:\/\/www.kliinikum.ee\/stomatoloogia\/partnerile\/hambalabor\/","name":"Hambatehniline labor - Stomatoloogia kliinik","isPartOf":{"@id":"https:\/\/www.kliinikum.ee\/stomatoloogia\/#website"},"primaryImageOfPage":{"@id":"https:\/\/www.kliinikum.ee\/stomatoloogia\/partnerile\/hambalabor\/#primaryimage"},"image":{"@id":"https:\/\/www.kliinikum.ee\/stomatoloogia\/partnerile\/hambalabor\/#primaryimage"},"thumbnailUrl":"https:\/\/www.kliinikum.ee\/stomatoloogia\/wp-content\/uploads\/2023\/08\/Hannele-1-1024x683.jpg","datePublished":"2023-03-30T09:14:39+00:00","dateModified":"2024-04-30T07:41:00+00:00","breadcrumb":{"@id":"https:\/\/www.kliinikum.ee\/stomatoloogia\/partnerile\/hambalabor\/#breadcrumb"},"inLanguage":"et","potentialAction":[{"@type":"ReadAction","target":["https:\/\/www.kliinikum.ee\/stomatoloogia\/partnerile\/hambalabor\/"]}]},{"@type":"ImageObject","inLanguage":"et","@id":"https:\/\/www.kliinikum.ee\/stomatoloogia\/partnerile\/hambalabor\/#primaryimage","url":"https:\/\/www.kliinikum.ee\/stomatoloogia\/wp-content\/uploads\/2023\/08\/Hannele-1-scaled.jpg","contentUrl":"https:\/\/www.kliinikum.ee\/stomatoloogia\/wp-content\/uploads\/2023\/08\/Hannele-1-scaled.jpg","width":2560,"height":1706},{"@type":"BreadcrumbList","@id":"https:\/\/www.kliinikum.ee\/stomatoloogia\/partnerile\/hambalabor\/#breadcrumb","itemListElement":[{"@type":"ListItem","position":1,"name":"Home","item":"https:\/\/www.kliinikum.ee\/stomatoloogia\/"},{"@type":"ListItem","position":2,"name":"Partnerile","item":"https:\/\/www.kliinikum.ee\/stomatoloogia\/partnerile\/"},{"@type":"ListItem","position":3,"name":"Hambatehniline labor"}]},{"@type":"WebSite","@id":"https:\/\/www.kliinikum.ee\/stomatoloogia\/#website","url":"https:\/\/www.kliinikum.ee\/stomatoloogia\/","name":"Stomatoloogia kliinik","description":"Hoolivus, Uuendusmeelsus, P\u00e4devus ja Usaldusv\u00e4\u00e4rsus","potentialAction":[{"@type":"SearchAction","target":{"@type":"EntryPoint","urlTemplate":"https:\/\/www.kliinikum.ee\/stomatoloogia\/?s={search_term_string}"},"query-input":{"@type":"PropertyValueSpecification","valueRequired":true,"valueName":"search_term_string"}}],"inLanguage":"et"}]}},"uagb_featured_image_src":{"full":false,"thumbnail":false,"medium":false,"medium_large":false,"large":false,"1536x1536":false,"2048x2048":false},"uagb_author_info":{"display_name":"Jane Freimann","author_link":"https:\/\/www.kliinikum.ee\/stomatoloogia\/author\/janef\/"},"uagb_comment_info":0,"uagb_excerpt":"Hambatehnilises laboris valmistatakse erinevaid liike hambaproteese \u2013 nii suust eemaldatavaid kui ka mitte mitte-eemaldatavaid. Hambatehniline labor valmistab erinevaid tooteid kogu stomatoloogia kliinikule, Tartu \u00dclikooli Hambaarstiteaduste Instituudile ja k\u00f5rvakliinikule. Tellimusel valmistatakse&nbsp; hambaproteese ka teistele asutustele ja erafirmadele Tartu piires. Soovi korral saadame Teile hinnakirja ja labori saatelehed kas emailile v\u00f5i paberkandjal. Valmistame j\u00e4rgmisi t\u00f6\u00f6liike: NB! Tellides&hellip;","_links":{"self":[{"href":"https:\/\/www.kliinikum.ee\/stomatoloogia\/wp-json\/wp\/v2\/pages\/6276","targetHints":{"allow":["GET"]}}],"collection":[{"href":"https:\/\/www.kliinikum.ee\/stomatoloogia\/wp-json\/wp\/v2\/pages"}],"about":[{"href":"https:\/\/www.kliinikum.ee\/stomatoloogia\/wp-json\/wp\/v2\/types\/page"}],"author":[{"embeddable":true,"href":"https:\/\/www.kliinikum.ee\/stomatoloogia\/wp-json\/wp\/v2\/users\/34"}],"replies":[{"embeddable":true,"href":"https:\/\/www.kliinikum.ee\/stomatoloogia\/wp-json\/wp\/v2\/comments?post=6276"}],"version-history":[{"count":0,"href":"https:\/\/www.kliinikum.ee\/stomatoloogia\/wp-json\/wp\/v2\/pages\/6276\/revisions"}],"up":[{"embeddable":true,"href":"https:\/\/www.kliinikum.ee\/stomatoloogia\/wp-json\/wp\/v2\/pages\/6234"}],"wp:attachment":[{"href":"https:\/\/www.kliinikum.ee\/stomatoloogia\/wp-json\/wp\/v2\/media?parent=6276"}],"curies":[{"name":"wp","href":"https:\/\/api.w.org\/{rel}","templated":true}]}}