{"id":6470,"date":"2023-10-18T08:25:10","date_gmt":"2023-10-18T06:25:10","guid":{"rendered":"https:\/\/www.kliinikum.ee\/taastusravi\/?page_id=6470"},"modified":"2026-05-06T08:45:03","modified_gmt":"2026-05-06T06:45:03","slug":"noorsportlase-tervisekontroll","status":"publish","type":"page","link":"https:\/\/www.kliinikum.ee\/taastusravi\/kliinikust\/spordimeditsiini-osakond\/noorsportlase-tervisekontroll\/","title":{"rendered":"Noorsportlase tervisekontroll"},"content":{"rendered":"\n<p><strong>Spordiarsti vastuv\u00f5tule (noorsportlase tervisekontroll) registreerimine: <\/strong>E-R 9.00-16.00 numbril 7 319 221 v\u00f5i <a href=\"mailto:ragne.madison@kliinikum.ee\">ragne.madison@kliinikum.ee<\/a><\/p>\n\n\n\n<div class=\"wp-block-group has-global-padding\"><div class=\"wp-block-group__inner-container is-layout-constrained wp-block-group-is-layout-constrained\">\n<div class=\"wp-block-group has-global-padding\"><div class=\"wp-block-group__inner-container is-layout-constrained wp-block-group-is-layout-constrained\">\n<p><strong>Noorsportlaste tervisekontrolli eest tasub Tervisekassa.<\/strong> Spordimeditsiinilisele terviseuuringule ootame&nbsp;<strong>k\u00f5iki kuni 19-aastaseid (k.a) noori,<\/strong>&nbsp;kes treenivad ja v\u00f5istlevad regulaarselt v\u00e4hemalt kuus akadeemilist tundi (1 akadeemiline tund = 45 min) n\u00e4dalas lisaks kooli kehalise kasvatuse tundidele.<\/p>\n\n\n\n<p>Spordimeditsiiniliste terviseuuringute laiem eesm\u00e4rk on kaitsta sportlase tervist ja tagada tervisele ohutu treenimine. Terviseuuringul hinnatakse noorsportlase kehalist arengut ja tervislikku seisundit ning antakse soovitusi tervisele ohutuks eakohaseks treenimiseks. Terviseuuring on oluline sportimisega seotud terviseprobleemide, vigastuste ja \u00fclekoormuse tekkeriskide v\u00e4hendamisel.<\/p>\n<\/div><\/div>\n\n\n\n<div class=\"wp-block-group has-global-padding\"><div class=\"wp-block-group__inner-container is-layout-constrained wp-block-group-is-layout-constrained\">\n<p><strong>Noorsportlase terviseuuring sisaldab:<\/strong><\/p>\n\n\n\n<ul class=\"wp-block-list\">\n<li>Spordiarsti vastuv\u00f5tt ja arstlik l\u00e4bivaatus<\/li>\n\n\n\n<li>S\u00fcdame-veresoonkonna funktsionaalne uuring \u2013 elektrokardiograafia ja s\u00f5ltuvalt treeningkoormustest v\u00f5i\/ja n\u00e4idustusel koormustest<\/li>\n\n\n\n<li>Hingamise funktsiooni uuring ehk spirograafia<\/li>\n\n\n\n<li>Vajadusel lisauuringud ja erialaarstide konsultatsioonid<\/li>\n\n\n\n<li>Arstlik otsus ja soovitused \u2013 v\u00e4ljastatakse terviseuuringu protokoll ja t\u00f5end arstliku otsuse kohta<br><br><\/li>\n<\/ul>\n<\/div><\/div>\n<\/div><\/div>\n\n\n\n<div class=\"wp-block-group has-global-padding\"><div class=\"wp-block-group__inner-container is-layout-constrained wp-block-group-is-layout-constrained\">\n<p>Noorsportlaste terviseuuringuid tehakse&nbsp;<strong>Tartus ja Tallinnas. <\/strong><\/p>\n\n\n\n<p><br><strong>Tartus toimuvad uuringud Maarjam\u00f5isa Polikliinikus (L. Puusepa 1a) ja Tartu \u00dclikooli Spordihoones (Ujula 4, kab 2037). <\/strong><br><br><strong>Tallinnas toimuvad uuringud aadressil Sepapaja 12\/1 (Tervisemaja 2), 5. korrus. <\/strong><\/p>\n\n\n\n<p><strong>Noorsportlastel palume e<strong>nne spordimeditsiinilisele terviseuuringule tulekut<\/strong> t\u00e4ita ja allkirjastada \u00e4ra k\u00fcsimustik:<\/strong><\/p>\n\n\n\n<p><a href=\"https:\/\/www.kliinikum.ee\/taastusravi\/wp-content\/uploads\/2023\/10\/Kusimustik_eesti_2021.pdf\">Spordimeditsiiniline terviseuuringu k\u00fcsimustik<\/a><\/p>\n\n\n<div class=\"wp-block-uagb-faq uagb-faq__outer-wrap uagb-block-b21d17ce uagb-faq-icon-row-reverse uagb-faq-layout-accordion uagb-faq-expand-first-false uagb-faq-inactive-other-true uagb-faq__wrap uagb-buttons-layout-wrap uagb-faq-equal-height     \" data-faqtoggle=\"true\" role=\"tablist\"><div class=\"wp-block-uagb-faq-child uagb-faq-child__outer-wrap uagb-faq-item uagb-block-c3445384 \" role=\"tab\" tabindex=\"0\"><div class=\"uagb-faq-questions-button uagb-faq-questions\">\t\t\t<span class=\"uagb-icon uagb-faq-icon-wrap\">\n\t\t\t\t\t\t\t\t<svg xmlns=\"https:\/\/www.w3.org\/2000\/svg\" viewBox= \"0 0 384 512\"><path d=\"M192 384c-8.188 0-16.38-3.125-22.62-9.375l-160-160c-12.5-12.5-12.5-32.75 0-45.25s32.75-12.5 45.25 0L192 306.8l137.4-137.4c12.5-12.5 32.75-12.5 45.25 0s12.5 32.75 0 45.25l-160 160C208.4 380.9 200.2 384 192 384z\"><\/path><\/svg>\n\t\t\t\t\t\t\t<\/span>\n\t\t\t\t\t\t<span class=\"uagb-icon-active uagb-faq-icon-wrap\">\n\t\t\t\t\t\t\t\t<svg xmlns=\"https:\/\/www.w3.org\/2000\/svg\" viewBox= \"0 0 384 512\"><path d=\"M352 352c-8.188 0-16.38-3.125-22.62-9.375L192 205.3l-137.4 137.4c-12.5 12.5-32.75 12.5-45.25 0s-12.5-32.75 0-45.25l160-160c12.5-12.5 32.75-12.5 45.25 0l160 160c12.5 12.5 12.5 32.75 0 45.25C368.4 348.9 360.2 352 352 352z\"><\/path><\/svg>\n\t\t\t\t\t\t\t<\/span>\n\t\t\t<span class=\"uagb-question\"><strong>Spordivigastuste ennetus<\/strong><\/span><\/div><div class=\"uagb-faq-content\"><p><strong>Spordimeditsiini osakonnas pakume noorsportlastele suunatud f\u00fcsioteraapia teenust, mille eesm\u00e4rk on ennetada spordivigastusi ning hinnata individuaalseid riskitegureid.\u00a0<\/strong>F\u00fcsioteraapiateenus koosneb spetsiaalsetest testidest, mida viib l\u00e4bi f\u00fcsioterapeut. Tulemuste p\u00f5hjal koostab f\u00fcsioterapeut vajadusel individuaalse harjutuste kava, mis aitab tulevikus vigastuste tekkeriske v\u00e4hendada ja seel\u00e4bi parandada sportlikku sooritusv\u00f5imet. F\u00fcsioterapeudi vastuv\u00f5tule on v\u00f5imallik tulla ka spordiarsti visiidiga samal p\u00e4eval.<br><strong>Aja broneerimine ja lisainfo: <\/strong>E-R 9.00-16.00 numbril 7 319 221 v\u00f5i\u00a0<a href=\"mailto:ragne.madison@kliinikum.ee\">ragne.madison@kliinikum.ee<\/a>.<\/p><\/div><\/div><\/div><\/div><\/div>\n\n\n\n<div class=\"wp-block-group has-global-padding\"><div class=\"wp-block-group__inner-container is-layout-constrained wp-block-group-is-layout-constrained\">\n<p><\/p>\n\n\n\n<p><\/p>\n<\/div><\/div>\n\n\n\n<p><\/p>\n","protected":false},"excerpt":{"rendered":"<p>Spordiarsti vastuv\u00f5tule (noorsportlase tervisekontroll) registreerimine: E-R 9.00-16.00 numbril 7 319 221 v\u00f5i ragne.madison@kliinikum.ee Noorsportlaste tervisekontrolli eest tasub Tervisekassa. Spordimeditsiinilisele terviseuuringule ootame&nbsp;k\u00f5iki kuni 19-aastaseid (k.a) noori,&nbsp;kes treenivad ja v\u00f5istlevad regulaarselt v\u00e4hemalt kuus akadeemilist tundi (1 akadeemiline tund = 45 min) n\u00e4dalas lisaks kooli kehalise kasvatuse tundidele. Spordimeditsiiniliste terviseuuringute laiem eesm\u00e4rk on kaitsta sportlase tervist ja tagada [&hellip;]<\/p>\n","protected":false},"author":30,"featured_media":0,"parent":6391,"menu_order":2,"comment_status":"closed","ping_status":"closed","template":"","meta":{"_acf_changed":false,"_uag_custom_page_level_css":"","footnotes":""},"class_list":["post-6470","page","type-page","status-publish","hentry"],"acf":[],"yoast_head":"<!-- This site is optimized with the Yoast SEO plugin v27.3 - https:\/\/yoast.com\/product\/yoast-seo-wordpress\/ -->\n<title>Noorsportlase tervisekontroll - Spordimeditsiini ja taastusravi kliinik<\/title>\n<meta name=\"robots\" content=\"index, follow, max-snippet:-1, max-image-preview:large, max-video-preview:-1\" \/>\n<link rel=\"canonical\" href=\"https:\/\/www.kliinikum.ee\/taastusravi\/kliinikust\/spordimeditsiini-osakond\/noorsportlase-tervisekontroll\/\" \/>\n<meta property=\"og:locale\" content=\"et_EE\" \/>\n<meta property=\"og:type\" content=\"article\" \/>\n<meta property=\"og:title\" content=\"Noorsportlase tervisekontroll - Spordimeditsiini ja taastusravi kliinik\" \/>\n<meta property=\"og:description\" content=\"Spordiarsti vastuv\u00f5tule (noorsportlase tervisekontroll) registreerimine: E-R 9.00-16.00 numbril 7 319 221 v\u00f5i ragne.madison@kliinikum.ee Noorsportlaste tervisekontrolli eest tasub Tervisekassa. Spordimeditsiinilisele terviseuuringule ootame&nbsp;k\u00f5iki kuni 19-aastaseid (k.a) noori,&nbsp;kes treenivad ja v\u00f5istlevad regulaarselt v\u00e4hemalt kuus akadeemilist tundi (1 akadeemiline tund = 45 min) n\u00e4dalas lisaks kooli kehalise kasvatuse tundidele. Spordimeditsiiniliste terviseuuringute laiem eesm\u00e4rk on kaitsta sportlase tervist ja tagada [&hellip;]\" \/>\n<meta property=\"og:url\" content=\"https:\/\/www.kliinikum.ee\/taastusravi\/kliinikust\/spordimeditsiini-osakond\/noorsportlase-tervisekontroll\/\" \/>\n<meta property=\"og:site_name\" content=\"Spordimeditsiini ja taastusravi kliinik\" \/>\n<meta property=\"article:modified_time\" content=\"2026-05-06T06:45:03+00:00\" \/>\n<meta name=\"twitter:card\" content=\"summary_large_image\" \/>\n<meta name=\"twitter:label1\" content=\"Est. reading time\" \/>\n\t<meta name=\"twitter:data1\" content=\"1 minut\" \/>\n<script type=\"application\/ld+json\" class=\"yoast-schema-graph\">{\"@context\":\"https:\\\/\\\/schema.org\",\"@graph\":[{\"@type\":\"WebPage\",\"@id\":\"https:\\\/\\\/www.kliinikum.ee\\\/taastusravi\\\/kliinikust\\\/spordimeditsiini-osakond\\\/noorsportlase-tervisekontroll\\\/\",\"url\":\"https:\\\/\\\/www.kliinikum.ee\\\/taastusravi\\\/kliinikust\\\/spordimeditsiini-osakond\\\/noorsportlase-tervisekontroll\\\/\",\"name\":\"Noorsportlase tervisekontroll - Spordimeditsiini ja taastusravi kliinik\",\"isPartOf\":{\"@id\":\"https:\\\/\\\/www.kliinikum.ee\\\/taastusravi\\\/#website\"},\"datePublished\":\"2023-10-18T06:25:10+00:00\",\"dateModified\":\"2026-05-06T06:45:03+00:00\",\"breadcrumb\":{\"@id\":\"https:\\\/\\\/www.kliinikum.ee\\\/taastusravi\\\/kliinikust\\\/spordimeditsiini-osakond\\\/noorsportlase-tervisekontroll\\\/#breadcrumb\"},\"inLanguage\":\"et\",\"potentialAction\":[{\"@type\":\"ReadAction\",\"target\":[\"https:\\\/\\\/www.kliinikum.ee\\\/taastusravi\\\/kliinikust\\\/spordimeditsiini-osakond\\\/noorsportlase-tervisekontroll\\\/\"]}]},{\"@type\":\"BreadcrumbList\",\"@id\":\"https:\\\/\\\/www.kliinikum.ee\\\/taastusravi\\\/kliinikust\\\/spordimeditsiini-osakond\\\/noorsportlase-tervisekontroll\\\/#breadcrumb\",\"itemListElement\":[{\"@type\":\"ListItem\",\"position\":1,\"name\":\"Home\",\"item\":\"https:\\\/\\\/www.kliinikum.ee\\\/taastusravi\\\/\"},{\"@type\":\"ListItem\",\"position\":2,\"name\":\"Osakonnad\",\"item\":\"https:\\\/\\\/www.kliinikum.ee\\\/taastusravi\\\/kliinikust\\\/\"},{\"@type\":\"ListItem\",\"position\":3,\"name\":\"Spordimeditsiini osakond\",\"item\":\"https:\\\/\\\/www.kliinikum.ee\\\/taastusravi\\\/kliinikust\\\/spordimeditsiini-osakond\\\/\"},{\"@type\":\"ListItem\",\"position\":4,\"name\":\"Noorsportlase tervisekontroll\"}]},{\"@type\":\"WebSite\",\"@id\":\"https:\\\/\\\/www.kliinikum.ee\\\/taastusravi\\\/#website\",\"url\":\"https:\\\/\\\/www.kliinikum.ee\\\/taastusravi\\\/\",\"name\":\"Spordimeditsiini ja taastusravi kliinik\",\"description\":\"Hoolivus, Uuendusmeelsus, P\u00e4devus ja Usaldusv\u00e4\u00e4rsus\",\"potentialAction\":[{\"@type\":\"SearchAction\",\"target\":{\"@type\":\"EntryPoint\",\"urlTemplate\":\"https:\\\/\\\/www.kliinikum.ee\\\/taastusravi\\\/?s={search_term_string}\"},\"query-input\":{\"@type\":\"PropertyValueSpecification\",\"valueRequired\":true,\"valueName\":\"search_term_string\"}}],\"inLanguage\":\"et\"}]}<\/script>\n<!-- \/ Yoast SEO plugin. -->","yoast_head_json":{"title":"Noorsportlase tervisekontroll - Spordimeditsiini ja taastusravi kliinik","robots":{"index":"index","follow":"follow","max-snippet":"max-snippet:-1","max-image-preview":"max-image-preview:large","max-video-preview":"max-video-preview:-1"},"canonical":"https:\/\/www.kliinikum.ee\/taastusravi\/kliinikust\/spordimeditsiini-osakond\/noorsportlase-tervisekontroll\/","og_locale":"et_EE","og_type":"article","og_title":"Noorsportlase tervisekontroll - Spordimeditsiini ja taastusravi kliinik","og_description":"Spordiarsti vastuv\u00f5tule (noorsportlase tervisekontroll) registreerimine: E-R 9.00-16.00 numbril 7 319 221 v\u00f5i ragne.madison@kliinikum.ee Noorsportlaste tervisekontrolli eest tasub Tervisekassa. Spordimeditsiinilisele terviseuuringule ootame&nbsp;k\u00f5iki kuni 19-aastaseid (k.a) noori,&nbsp;kes treenivad ja v\u00f5istlevad regulaarselt v\u00e4hemalt kuus akadeemilist tundi (1 akadeemiline tund = 45 min) n\u00e4dalas lisaks kooli kehalise kasvatuse tundidele. Spordimeditsiiniliste terviseuuringute laiem eesm\u00e4rk on kaitsta sportlase tervist ja tagada [&hellip;]","og_url":"https:\/\/www.kliinikum.ee\/taastusravi\/kliinikust\/spordimeditsiini-osakond\/noorsportlase-tervisekontroll\/","og_site_name":"Spordimeditsiini ja taastusravi kliinik","article_modified_time":"2026-05-06T06:45:03+00:00","twitter_card":"summary_large_image","twitter_misc":{"Est. reading time":"1 minut"},"schema":{"@context":"https:\/\/schema.org","@graph":[{"@type":"WebPage","@id":"https:\/\/www.kliinikum.ee\/taastusravi\/kliinikust\/spordimeditsiini-osakond\/noorsportlase-tervisekontroll\/","url":"https:\/\/www.kliinikum.ee\/taastusravi\/kliinikust\/spordimeditsiini-osakond\/noorsportlase-tervisekontroll\/","name":"Noorsportlase tervisekontroll - Spordimeditsiini ja taastusravi kliinik","isPartOf":{"@id":"https:\/\/www.kliinikum.ee\/taastusravi\/#website"},"datePublished":"2023-10-18T06:25:10+00:00","dateModified":"2026-05-06T06:45:03+00:00","breadcrumb":{"@id":"https:\/\/www.kliinikum.ee\/taastusravi\/kliinikust\/spordimeditsiini-osakond\/noorsportlase-tervisekontroll\/#breadcrumb"},"inLanguage":"et","potentialAction":[{"@type":"ReadAction","target":["https:\/\/www.kliinikum.ee\/taastusravi\/kliinikust\/spordimeditsiini-osakond\/noorsportlase-tervisekontroll\/"]}]},{"@type":"BreadcrumbList","@id":"https:\/\/www.kliinikum.ee\/taastusravi\/kliinikust\/spordimeditsiini-osakond\/noorsportlase-tervisekontroll\/#breadcrumb","itemListElement":[{"@type":"ListItem","position":1,"name":"Home","item":"https:\/\/www.kliinikum.ee\/taastusravi\/"},{"@type":"ListItem","position":2,"name":"Osakonnad","item":"https:\/\/www.kliinikum.ee\/taastusravi\/kliinikust\/"},{"@type":"ListItem","position":3,"name":"Spordimeditsiini osakond","item":"https:\/\/www.kliinikum.ee\/taastusravi\/kliinikust\/spordimeditsiini-osakond\/"},{"@type":"ListItem","position":4,"name":"Noorsportlase tervisekontroll"}]},{"@type":"WebSite","@id":"https:\/\/www.kliinikum.ee\/taastusravi\/#website","url":"https:\/\/www.kliinikum.ee\/taastusravi\/","name":"Spordimeditsiini ja taastusravi kliinik","description":"Hoolivus, Uuendusmeelsus, P\u00e4devus ja Usaldusv\u00e4\u00e4rsus","potentialAction":[{"@type":"SearchAction","target":{"@type":"EntryPoint","urlTemplate":"https:\/\/www.kliinikum.ee\/taastusravi\/?s={search_term_string}"},"query-input":{"@type":"PropertyValueSpecification","valueRequired":true,"valueName":"search_term_string"}}],"inLanguage":"et"}]}},"uagb_featured_image_src":{"full":false,"thumbnail":false,"medium":false,"medium_large":false,"large":false,"1536x1536":false,"2048x2048":false},"uagb_author_info":{"display_name":"Mari S\u00f6\u00f6t","author_link":"https:\/\/www.kliinikum.ee\/taastusravi\/author\/maritar\/"},"uagb_comment_info":0,"uagb_excerpt":"Spordiarsti vastuv\u00f5tule (noorsportlase tervisekontroll) registreerimine: E-R 9.00-16.00 numbril 7 319 221 v\u00f5i ragne.madison@kliinikum.ee Noorsportlaste tervisekontrolli eest tasub Tervisekassa. Spordimeditsiinilisele terviseuuringule ootame&nbsp;k\u00f5iki kuni 19-aastaseid (k.a) noori,&nbsp;kes treenivad ja v\u00f5istlevad regulaarselt v\u00e4hemalt kuus akadeemilist tundi (1 akadeemiline tund = 45 min) n\u00e4dalas lisaks kooli kehalise kasvatuse tundidele. Spordimeditsiiniliste terviseuuringute laiem eesm\u00e4rk on kaitsta sportlase tervist ja tagada&hellip;","_links":{"self":[{"href":"https:\/\/www.kliinikum.ee\/taastusravi\/wp-json\/wp\/v2\/pages\/6470","targetHints":{"allow":["GET"]}}],"collection":[{"href":"https:\/\/www.kliinikum.ee\/taastusravi\/wp-json\/wp\/v2\/pages"}],"about":[{"href":"https:\/\/www.kliinikum.ee\/taastusravi\/wp-json\/wp\/v2\/types\/page"}],"author":[{"embeddable":true,"href":"https:\/\/www.kliinikum.ee\/taastusravi\/wp-json\/wp\/v2\/users\/30"}],"replies":[{"embeddable":true,"href":"https:\/\/www.kliinikum.ee\/taastusravi\/wp-json\/wp\/v2\/comments?post=6470"}],"version-history":[{"count":10,"href":"https:\/\/www.kliinikum.ee\/taastusravi\/wp-json\/wp\/v2\/pages\/6470\/revisions"}],"predecessor-version":[{"id":8487,"href":"https:\/\/www.kliinikum.ee\/taastusravi\/wp-json\/wp\/v2\/pages\/6470\/revisions\/8487"}],"up":[{"embeddable":true,"href":"https:\/\/www.kliinikum.ee\/taastusravi\/wp-json\/wp\/v2\/pages\/6391"}],"wp:attachment":[{"href":"https:\/\/www.kliinikum.ee\/taastusravi\/wp-json\/wp\/v2\/media?parent=6470"}],"curies":[{"name":"wp","href":"https:\/\/api.w.org\/{rel}","templated":true}]}}