{"id":6478,"date":"2023-10-18T08:37:46","date_gmt":"2023-10-18T06:37:46","guid":{"rendered":"https:\/\/www.kliinikum.ee\/taastusravi\/?page_id=6478"},"modified":"2026-01-15T14:54:49","modified_gmt":"2026-01-15T12:54:49","slug":"suunavale-raviarstile-stats-oendus","status":"publish","type":"page","link":"https:\/\/www.kliinikum.ee\/taastusravi\/suunavaleraviarstile\/suunavale-raviarstile-stats-oendus\/","title":{"rendered":"Statsionaarsele \u00f5endusabiteenusele"},"content":{"rendered":"\n<p>Patsiente saab iseseisva statsionaarse \u00f5endusabi teenusele suunata <strong>eri- v\u00f5i perearsti digitaalse saatekirjaga<\/strong>, milles sisaldub oluline informatsioon patsiendi tervislikust seisundist ja \u00f5endusabi toimingute vajadusest \u00f5endusabi osakonna \u00f5endust\u00f6\u00f6tajale.<\/p>\n\n\n\n<p>Patsienti haiglav\u00e4liselt suunates peab olema <strong>k\u00f5ige rohkem 2 n\u00e4dala taguse eriarsti v\u00f5i perearsti visiidi kirjeldus<\/strong> koos patsiendi \u00fcldseisundi, f\u00fc\u00fcsilise ja vaimse v\u00f5imekuse kirjeldusega. Lisatud kehtiv raviskeem, m\u00e4rgitud isolatsiooni- ja abivahendite vajadus, viimased uuringud ja vereanal\u00fc\u00fcsid ning haavandite kirjeldus koos haavaraviga.<\/p>\n\n\n\n<p><strong>Saatekirjal on vajalik m\u00e4rkida j\u00e4rgmised andmed:<\/strong><\/p>\n\n\n\n<ul class=\"wp-block-list\">\n<li>raviprotseduuride teostamise vajadus ja sagedus;<\/li>\n\n\n\n<li>patsiendi n\u00f5ustamise vajadus;<\/li>\n\n\n\n<li>\u00f5endustoimingute vajadus ja sagedus;<\/li>\n\n\n\n<li>patsiendi anamneesis terviseseisundi \u00fclevaade.<\/li>\n<\/ul>\n\n\n\n<p>Digitaalselt vormistatud saatekiri <strong>tuleb edastada Tervise infos\u00fcsteemi<\/strong> v\u00f5i t\u00e4ita<a href=\"https:\/\/www.kliinikum.ee\/taastusravi\/wp-content\/uploads\/2025\/08\/SA_TUK_SAATEKIRI-ISESEISVALE-STATSIONAARSELE-OENDUSABILE-JA-KODUOENDUSTEENUSELE-vorm-1.pdf\"> Saatekiri iseseisvale statsionaarsele \u00f5endusabile<\/a> (t\u00e4idetud ja digitaalselt allkirjastatud saatekiri \u00f5endusabi teenusele saata palun meiliaadressil <a href=\"mailto:stats.oendus@kliinikum.ee\">stats.oendus@kliinikum.ee<\/a>)<\/p>\n\n\n\n<p>Broneeringusoovi kohta<strong> edastada teavitus digitaalse saatekirja vormistamisest meiliaadressile <a href=\"mailto:stats.oendus@kliinikum.ee\">stats.oendus@kliinikum.ee<\/a><\/strong>. Broneeringusoovile vastame teate saatnud meiliaadressile. Telefoni teel patsiente ei registreerita.<br>Tervise infos\u00fcsteemist v\u00f5i eHealth haigla infos\u00fcsteemist leitav saatekiri on aluseks patsiendi j\u00e4rjekorda registreerimisel<\/p>\n\n\n\n<p><strong>Kliinikumi sisesel suunamisel on vajalik eHL-saatekiri <\/strong>(Raviarstil vormistada eHL-saatekiri -> valides patsiendi haigusjuhu sees: Tellimused-> Saatekirjad ja vastused-> statsionaarsele ravile suunamise saatekiri -> suunatud: haiglaravi teenus:-> H222T- \u00f5endusabi statsionaarne ravi -> kui k\u00f5ik andmev\u00e4ljad t\u00e4idetud vajuta saatekirja kinnitamiseks-> VALMIS!<br>Raviarstil vormistada patsiendi hgl V\u00e4ljalubamine -> suunamine TEISE HAIGLASSE -> sihtasutus Tartu \u00dclikooli Kliinikum -> ravit\u00fc\u00fcbile \u00d5ENDUSABI.<\/p>\n\n\n\n<p>Statsionaarse \u00f5endusabi teenusel kehtib omaosalustasu 10%, mis on kehtestatud Vabariigi Valitsuse m\u00e4\u00e4rusega \u201eTervisekassa tervishoiuteenuste loetelu \u00a715. Voodip\u00e4eva arvestus haiglas\u201c. O<strong>maosalustasu summa on alatest 2025. aastast 14,18\u20ac \u00fche voodip\u00e4eva kohta.<\/strong> Tavap\u00e4raselt koostatakse arved iga 10 - 14 p\u00e4eva j\u00e4rel. Arvete tasumise kohta t\u00e4psem info osakonna sekret\u00e4rilt telefonil 731 8956.<\/p>\n\n\n\n<p><strong>Hospitaliseerimisele ei kuulu<\/strong><\/p>\n\n\n\n<ul class=\"wp-block-list\">\n<li>kindlustamata ja saatekirjata isikud;<\/li>\n\n\n\n<li>ainult hooldust ja j\u00e4relevalvet vajavad isikud;<\/li>\n\n\n\n<li>rahutud, agressiivsed ja ps\u00fchhiaatrilist ravi vajavad patsiendid.<\/li>\n<\/ul>\n\n\n\n<p><\/p>\n","protected":false},"excerpt":{"rendered":"<p>Patsiente saab iseseisva statsionaarse \u00f5endusabi teenusele suunata eri- v\u00f5i perearsti digitaalse saatekirjaga, milles sisaldub oluline informatsioon patsiendi tervislikust seisundist ja \u00f5endusabi toimingute vajadusest \u00f5endusabi osakonna \u00f5endust\u00f6\u00f6tajale. Patsienti haiglav\u00e4liselt suunates peab olema k\u00f5ige rohkem 2 n\u00e4dala taguse eriarsti v\u00f5i perearsti visiidi kirjeldus koos patsiendi \u00fcldseisundi, f\u00fc\u00fcsilise ja vaimse v\u00f5imekuse kirjeldusega. Lisatud kehtiv raviskeem, m\u00e4rgitud isolatsiooni- ja [&hellip;]<\/p>\n","protected":false},"author":30,"featured_media":0,"parent":19,"menu_order":6,"comment_status":"closed","ping_status":"closed","template":"","meta":{"_acf_changed":false,"_uag_custom_page_level_css":"","footnotes":""},"class_list":["post-6478","page","type-page","status-publish","hentry"],"acf":[],"yoast_head":"<!-- This site is optimized with the Yoast SEO plugin v27.3 - https:\/\/yoast.com\/product\/yoast-seo-wordpress\/ -->\n<title>Statsionaarsele \u00f5endusabiteenusele - Spordimeditsiini ja taastusravi kliinik<\/title>\n<meta name=\"robots\" content=\"index, follow, max-snippet:-1, max-image-preview:large, max-video-preview:-1\" \/>\n<link rel=\"canonical\" href=\"https:\/\/www.kliinikum.ee\/taastusravi\/suunavaleraviarstile\/suunavale-raviarstile-stats-oendus\/\" \/>\n<meta property=\"og:locale\" content=\"et_EE\" \/>\n<meta property=\"og:type\" content=\"article\" \/>\n<meta property=\"og:title\" content=\"Statsionaarsele \u00f5endusabiteenusele - Spordimeditsiini ja taastusravi kliinik\" \/>\n<meta property=\"og:description\" content=\"Patsiente saab iseseisva statsionaarse \u00f5endusabi teenusele suunata eri- v\u00f5i perearsti digitaalse saatekirjaga, milles sisaldub oluline informatsioon patsiendi tervislikust seisundist ja \u00f5endusabi toimingute vajadusest \u00f5endusabi osakonna \u00f5endust\u00f6\u00f6tajale. Patsienti haiglav\u00e4liselt suunates peab olema k\u00f5ige rohkem 2 n\u00e4dala taguse eriarsti v\u00f5i perearsti visiidi kirjeldus koos patsiendi \u00fcldseisundi, f\u00fc\u00fcsilise ja vaimse v\u00f5imekuse kirjeldusega. Lisatud kehtiv raviskeem, m\u00e4rgitud isolatsiooni- ja [&hellip;]\" \/>\n<meta property=\"og:url\" content=\"https:\/\/www.kliinikum.ee\/taastusravi\/suunavaleraviarstile\/suunavale-raviarstile-stats-oendus\/\" \/>\n<meta property=\"og:site_name\" content=\"Spordimeditsiini ja taastusravi kliinik\" \/>\n<meta property=\"article:modified_time\" content=\"2026-01-15T12:54:49+00:00\" \/>\n<meta name=\"twitter:card\" content=\"summary_large_image\" \/>\n<meta name=\"twitter:label1\" content=\"Est. reading time\" \/>\n\t<meta name=\"twitter:data1\" content=\"2 minutit\" \/>\n<script type=\"application\/ld+json\" class=\"yoast-schema-graph\">{\"@context\":\"https:\\\/\\\/schema.org\",\"@graph\":[{\"@type\":\"WebPage\",\"@id\":\"https:\\\/\\\/www.kliinikum.ee\\\/taastusravi\\\/suunavaleraviarstile\\\/suunavale-raviarstile-stats-oendus\\\/\",\"url\":\"https:\\\/\\\/www.kliinikum.ee\\\/taastusravi\\\/suunavaleraviarstile\\\/suunavale-raviarstile-stats-oendus\\\/\",\"name\":\"Statsionaarsele \u00f5endusabiteenusele - Spordimeditsiini ja taastusravi kliinik\",\"isPartOf\":{\"@id\":\"https:\\\/\\\/www.kliinikum.ee\\\/taastusravi\\\/#website\"},\"datePublished\":\"2023-10-18T06:37:46+00:00\",\"dateModified\":\"2026-01-15T12:54:49+00:00\",\"breadcrumb\":{\"@id\":\"https:\\\/\\\/www.kliinikum.ee\\\/taastusravi\\\/suunavaleraviarstile\\\/suunavale-raviarstile-stats-oendus\\\/#breadcrumb\"},\"inLanguage\":\"et\",\"potentialAction\":[{\"@type\":\"ReadAction\",\"target\":[\"https:\\\/\\\/www.kliinikum.ee\\\/taastusravi\\\/suunavaleraviarstile\\\/suunavale-raviarstile-stats-oendus\\\/\"]}]},{\"@type\":\"BreadcrumbList\",\"@id\":\"https:\\\/\\\/www.kliinikum.ee\\\/taastusravi\\\/suunavaleraviarstile\\\/suunavale-raviarstile-stats-oendus\\\/#breadcrumb\",\"itemListElement\":[{\"@type\":\"ListItem\",\"position\":1,\"name\":\"Home\",\"item\":\"https:\\\/\\\/www.kliinikum.ee\\\/taastusravi\\\/\"},{\"@type\":\"ListItem\",\"position\":2,\"name\":\"Suunavale raviarstile\",\"item\":\"https:\\\/\\\/www.kliinikum.ee\\\/taastusravi\\\/suunavaleraviarstile\\\/\"},{\"@type\":\"ListItem\",\"position\":3,\"name\":\"Statsionaarsele \u00f5endusabiteenusele\"}]},{\"@type\":\"WebSite\",\"@id\":\"https:\\\/\\\/www.kliinikum.ee\\\/taastusravi\\\/#website\",\"url\":\"https:\\\/\\\/www.kliinikum.ee\\\/taastusravi\\\/\",\"name\":\"Spordimeditsiini ja taastusravi kliinik\",\"description\":\"Hoolivus, Uuendusmeelsus, P\u00e4devus ja Usaldusv\u00e4\u00e4rsus\",\"potentialAction\":[{\"@type\":\"SearchAction\",\"target\":{\"@type\":\"EntryPoint\",\"urlTemplate\":\"https:\\\/\\\/www.kliinikum.ee\\\/taastusravi\\\/?s={search_term_string}\"},\"query-input\":{\"@type\":\"PropertyValueSpecification\",\"valueRequired\":true,\"valueName\":\"search_term_string\"}}],\"inLanguage\":\"et\"}]}<\/script>\n<!-- \/ Yoast SEO plugin. -->","yoast_head_json":{"title":"Statsionaarsele \u00f5endusabiteenusele - Spordimeditsiini ja taastusravi kliinik","robots":{"index":"index","follow":"follow","max-snippet":"max-snippet:-1","max-image-preview":"max-image-preview:large","max-video-preview":"max-video-preview:-1"},"canonical":"https:\/\/www.kliinikum.ee\/taastusravi\/suunavaleraviarstile\/suunavale-raviarstile-stats-oendus\/","og_locale":"et_EE","og_type":"article","og_title":"Statsionaarsele \u00f5endusabiteenusele - Spordimeditsiini ja taastusravi kliinik","og_description":"Patsiente saab iseseisva statsionaarse \u00f5endusabi teenusele suunata eri- v\u00f5i perearsti digitaalse saatekirjaga, milles sisaldub oluline informatsioon patsiendi tervislikust seisundist ja \u00f5endusabi toimingute vajadusest \u00f5endusabi osakonna \u00f5endust\u00f6\u00f6tajale. Patsienti haiglav\u00e4liselt suunates peab olema k\u00f5ige rohkem 2 n\u00e4dala taguse eriarsti v\u00f5i perearsti visiidi kirjeldus koos patsiendi \u00fcldseisundi, f\u00fc\u00fcsilise ja vaimse v\u00f5imekuse kirjeldusega. Lisatud kehtiv raviskeem, m\u00e4rgitud isolatsiooni- ja [&hellip;]","og_url":"https:\/\/www.kliinikum.ee\/taastusravi\/suunavaleraviarstile\/suunavale-raviarstile-stats-oendus\/","og_site_name":"Spordimeditsiini ja taastusravi kliinik","article_modified_time":"2026-01-15T12:54:49+00:00","twitter_card":"summary_large_image","twitter_misc":{"Est. reading time":"2 minutit"},"schema":{"@context":"https:\/\/schema.org","@graph":[{"@type":"WebPage","@id":"https:\/\/www.kliinikum.ee\/taastusravi\/suunavaleraviarstile\/suunavale-raviarstile-stats-oendus\/","url":"https:\/\/www.kliinikum.ee\/taastusravi\/suunavaleraviarstile\/suunavale-raviarstile-stats-oendus\/","name":"Statsionaarsele \u00f5endusabiteenusele - Spordimeditsiini ja taastusravi kliinik","isPartOf":{"@id":"https:\/\/www.kliinikum.ee\/taastusravi\/#website"},"datePublished":"2023-10-18T06:37:46+00:00","dateModified":"2026-01-15T12:54:49+00:00","breadcrumb":{"@id":"https:\/\/www.kliinikum.ee\/taastusravi\/suunavaleraviarstile\/suunavale-raviarstile-stats-oendus\/#breadcrumb"},"inLanguage":"et","potentialAction":[{"@type":"ReadAction","target":["https:\/\/www.kliinikum.ee\/taastusravi\/suunavaleraviarstile\/suunavale-raviarstile-stats-oendus\/"]}]},{"@type":"BreadcrumbList","@id":"https:\/\/www.kliinikum.ee\/taastusravi\/suunavaleraviarstile\/suunavale-raviarstile-stats-oendus\/#breadcrumb","itemListElement":[{"@type":"ListItem","position":1,"name":"Home","item":"https:\/\/www.kliinikum.ee\/taastusravi\/"},{"@type":"ListItem","position":2,"name":"Suunavale raviarstile","item":"https:\/\/www.kliinikum.ee\/taastusravi\/suunavaleraviarstile\/"},{"@type":"ListItem","position":3,"name":"Statsionaarsele \u00f5endusabiteenusele"}]},{"@type":"WebSite","@id":"https:\/\/www.kliinikum.ee\/taastusravi\/#website","url":"https:\/\/www.kliinikum.ee\/taastusravi\/","name":"Spordimeditsiini ja taastusravi kliinik","description":"Hoolivus, Uuendusmeelsus, P\u00e4devus ja Usaldusv\u00e4\u00e4rsus","potentialAction":[{"@type":"SearchAction","target":{"@type":"EntryPoint","urlTemplate":"https:\/\/www.kliinikum.ee\/taastusravi\/?s={search_term_string}"},"query-input":{"@type":"PropertyValueSpecification","valueRequired":true,"valueName":"search_term_string"}}],"inLanguage":"et"}]}},"uagb_featured_image_src":{"full":false,"thumbnail":false,"medium":false,"medium_large":false,"large":false,"1536x1536":false,"2048x2048":false},"uagb_author_info":{"display_name":"Mari S\u00f6\u00f6t","author_link":"https:\/\/www.kliinikum.ee\/taastusravi\/author\/maritar\/"},"uagb_comment_info":0,"uagb_excerpt":"Patsiente saab iseseisva statsionaarse \u00f5endusabi teenusele suunata eri- v\u00f5i perearsti digitaalse saatekirjaga, milles sisaldub oluline informatsioon patsiendi tervislikust seisundist ja \u00f5endusabi toimingute vajadusest \u00f5endusabi osakonna \u00f5endust\u00f6\u00f6tajale. Patsienti haiglav\u00e4liselt suunates peab olema k\u00f5ige rohkem 2 n\u00e4dala taguse eriarsti v\u00f5i perearsti visiidi kirjeldus koos patsiendi \u00fcldseisundi, f\u00fc\u00fcsilise ja vaimse v\u00f5imekuse kirjeldusega. Lisatud kehtiv raviskeem, m\u00e4rgitud isolatsiooni- ja&hellip;","_links":{"self":[{"href":"https:\/\/www.kliinikum.ee\/taastusravi\/wp-json\/wp\/v2\/pages\/6478","targetHints":{"allow":["GET"]}}],"collection":[{"href":"https:\/\/www.kliinikum.ee\/taastusravi\/wp-json\/wp\/v2\/pages"}],"about":[{"href":"https:\/\/www.kliinikum.ee\/taastusravi\/wp-json\/wp\/v2\/types\/page"}],"author":[{"embeddable":true,"href":"https:\/\/www.kliinikum.ee\/taastusravi\/wp-json\/wp\/v2\/users\/30"}],"replies":[{"embeddable":true,"href":"https:\/\/www.kliinikum.ee\/taastusravi\/wp-json\/wp\/v2\/comments?post=6478"}],"version-history":[{"count":0,"href":"https:\/\/www.kliinikum.ee\/taastusravi\/wp-json\/wp\/v2\/pages\/6478\/revisions"}],"up":[{"embeddable":true,"href":"https:\/\/www.kliinikum.ee\/taastusravi\/wp-json\/wp\/v2\/pages\/19"}],"wp:attachment":[{"href":"https:\/\/www.kliinikum.ee\/taastusravi\/wp-json\/wp\/v2\/media?parent=6478"}],"curies":[{"name":"wp","href":"https:\/\/api.w.org\/{rel}","templated":true}]}}