{"id":6494,"date":"2023-10-18T08:50:16","date_gmt":"2023-10-18T06:50:16","guid":{"rendered":"https:\/\/www.kliinikum.ee\/taastusravi\/?page_id=6494"},"modified":"2025-09-03T09:43:00","modified_gmt":"2025-09-03T07:43:00","slug":"suunavale-raviarstile-kone","status":"publish","type":"page","link":"https:\/\/www.kliinikum.ee\/taastusravi\/suunavaleraviarstile\/suunavale-raviarstile-kone\/","title":{"rendered":"K\u00f5ne-ja neelamish\u00e4irete taastusravile"},"content":{"rendered":"\n<div class=\"wp-block-group has-global-padding\"><div class=\"wp-block-group__inner-container is-layout-constrained wp-block-group-is-layout-constrained\">\n<p>K\u00f5ne- ja neelamish\u00e4iretega patsientide k\u00e4sitluseks palun koostada saatekiri&nbsp;logopeedile\/f\u00fcsioterapeudile.<\/p>\n\n\n\n<p>Logopeedi vastuv\u00f5tule saab registreeruda \u00fcldregistratuuri telefonil <strong>731 9100<\/strong>, f\u00fcsioterapeudi vastuv\u00f5tule registreerumiseks vajalik saata kiri <a href=\"mailto:johanna.traks@kliinikum.ee\">johanna.traks@kliinikum.ee<\/a> v\u00f5i helistada <strong>731 9153<\/strong>.<\/p>\n\n\n\n<p>Kiiret lahendust n\u00f5udvate probleemide v\u00f5i k\u00fcsimuste korral palun kontakteeruda meili v\u00f5i telefoni teel:<br>Keskuse juht: Lagle lehes: 7318976, 53319062\u00a0<a href=\"mailto:Lagle.Lehes@kliinikum.ee\">Lagle.Lehes@kliinikum.ee<\/a><\/p>\n<\/div><\/div>\n","protected":false},"excerpt":{"rendered":"<p>K\u00f5ne- ja neelamish\u00e4iretega patsientide k\u00e4sitluseks palun koostada saatekiri&nbsp;logopeedile\/f\u00fcsioterapeudile. Logopeedi vastuv\u00f5tule saab registreeruda \u00fcldregistratuuri telefonil 731 9100, f\u00fcsioterapeudi vastuv\u00f5tule registreerumiseks vajalik saata kiri johanna.traks@kliinikum.ee v\u00f5i helistada 731 9153. Kiiret lahendust n\u00f5udvate probleemide v\u00f5i k\u00fcsimuste korral palun kontakteeruda meili v\u00f5i telefoni teel:Keskuse juht: Lagle lehes: 7318976, 53319062\u00a0Lagle.Lehes@kliinikum.ee<\/p>\n","protected":false},"author":30,"featured_media":0,"parent":19,"menu_order":3,"comment_status":"closed","ping_status":"closed","template":"","meta":{"_acf_changed":false,"_uag_custom_page_level_css":"","footnotes":""},"class_list":["post-6494","page","type-page","status-publish","hentry"],"acf":[],"yoast_head":"<!-- This site is optimized with the Yoast SEO plugin v27.3 - https:\/\/yoast.com\/product\/yoast-seo-wordpress\/ -->\n<title>K\u00f5ne-ja neelamish\u00e4irete taastusravile - Spordimeditsiini ja taastusravi kliinik<\/title>\n<meta name=\"robots\" content=\"index, follow, max-snippet:-1, max-image-preview:large, max-video-preview:-1\" \/>\n<link rel=\"canonical\" href=\"https:\/\/www.kliinikum.ee\/taastusravi\/suunavaleraviarstile\/suunavale-raviarstile-kone\/\" \/>\n<meta property=\"og:locale\" content=\"et_EE\" \/>\n<meta property=\"og:type\" content=\"article\" \/>\n<meta property=\"og:title\" content=\"K\u00f5ne-ja neelamish\u00e4irete taastusravile - Spordimeditsiini ja taastusravi kliinik\" \/>\n<meta property=\"og:description\" content=\"K\u00f5ne- ja neelamish\u00e4iretega patsientide k\u00e4sitluseks palun koostada saatekiri&nbsp;logopeedile\/f\u00fcsioterapeudile. Logopeedi vastuv\u00f5tule saab registreeruda \u00fcldregistratuuri telefonil 731 9100, f\u00fcsioterapeudi vastuv\u00f5tule registreerumiseks vajalik saata kiri johanna.traks@kliinikum.ee v\u00f5i helistada 731 9153. Kiiret lahendust n\u00f5udvate probleemide v\u00f5i k\u00fcsimuste korral palun kontakteeruda meili v\u00f5i telefoni teel:Keskuse juht: Lagle lehes: 7318976, 53319062\u00a0Lagle.Lehes@kliinikum.ee\" \/>\n<meta property=\"og:url\" content=\"https:\/\/www.kliinikum.ee\/taastusravi\/suunavaleraviarstile\/suunavale-raviarstile-kone\/\" \/>\n<meta property=\"og:site_name\" content=\"Spordimeditsiini ja taastusravi kliinik\" \/>\n<meta property=\"article:modified_time\" content=\"2025-09-03T07:43:00+00:00\" \/>\n<meta name=\"twitter:card\" content=\"summary_large_image\" \/>\n<meta name=\"twitter:label1\" content=\"Est. reading time\" \/>\n\t<meta name=\"twitter:data1\" content=\"1 minut\" \/>\n<script type=\"application\/ld+json\" class=\"yoast-schema-graph\">{\"@context\":\"https:\\\/\\\/schema.org\",\"@graph\":[{\"@type\":\"WebPage\",\"@id\":\"https:\\\/\\\/www.kliinikum.ee\\\/taastusravi\\\/suunavaleraviarstile\\\/suunavale-raviarstile-kone\\\/\",\"url\":\"https:\\\/\\\/www.kliinikum.ee\\\/taastusravi\\\/suunavaleraviarstile\\\/suunavale-raviarstile-kone\\\/\",\"name\":\"K\u00f5ne-ja neelamish\u00e4irete taastusravile - Spordimeditsiini ja taastusravi kliinik\",\"isPartOf\":{\"@id\":\"https:\\\/\\\/www.kliinikum.ee\\\/taastusravi\\\/#website\"},\"datePublished\":\"2023-10-18T06:50:16+00:00\",\"dateModified\":\"2025-09-03T07:43:00+00:00\",\"breadcrumb\":{\"@id\":\"https:\\\/\\\/www.kliinikum.ee\\\/taastusravi\\\/suunavaleraviarstile\\\/suunavale-raviarstile-kone\\\/#breadcrumb\"},\"inLanguage\":\"et\",\"potentialAction\":[{\"@type\":\"ReadAction\",\"target\":[\"https:\\\/\\\/www.kliinikum.ee\\\/taastusravi\\\/suunavaleraviarstile\\\/suunavale-raviarstile-kone\\\/\"]}]},{\"@type\":\"BreadcrumbList\",\"@id\":\"https:\\\/\\\/www.kliinikum.ee\\\/taastusravi\\\/suunavaleraviarstile\\\/suunavale-raviarstile-kone\\\/#breadcrumb\",\"itemListElement\":[{\"@type\":\"ListItem\",\"position\":1,\"name\":\"Home\",\"item\":\"https:\\\/\\\/www.kliinikum.ee\\\/taastusravi\\\/\"},{\"@type\":\"ListItem\",\"position\":2,\"name\":\"Suunavale raviarstile\",\"item\":\"https:\\\/\\\/www.kliinikum.ee\\\/taastusravi\\\/suunavaleraviarstile\\\/\"},{\"@type\":\"ListItem\",\"position\":3,\"name\":\"K\u00f5ne-ja neelamish\u00e4irete taastusravile\"}]},{\"@type\":\"WebSite\",\"@id\":\"https:\\\/\\\/www.kliinikum.ee\\\/taastusravi\\\/#website\",\"url\":\"https:\\\/\\\/www.kliinikum.ee\\\/taastusravi\\\/\",\"name\":\"Spordimeditsiini ja taastusravi kliinik\",\"description\":\"Hoolivus, Uuendusmeelsus, P\u00e4devus ja Usaldusv\u00e4\u00e4rsus\",\"potentialAction\":[{\"@type\":\"SearchAction\",\"target\":{\"@type\":\"EntryPoint\",\"urlTemplate\":\"https:\\\/\\\/www.kliinikum.ee\\\/taastusravi\\\/?s={search_term_string}\"},\"query-input\":{\"@type\":\"PropertyValueSpecification\",\"valueRequired\":true,\"valueName\":\"search_term_string\"}}],\"inLanguage\":\"et\"}]}<\/script>\n<!-- \/ Yoast SEO plugin. -->","yoast_head_json":{"title":"K\u00f5ne-ja neelamish\u00e4irete taastusravile - Spordimeditsiini ja taastusravi kliinik","robots":{"index":"index","follow":"follow","max-snippet":"max-snippet:-1","max-image-preview":"max-image-preview:large","max-video-preview":"max-video-preview:-1"},"canonical":"https:\/\/www.kliinikum.ee\/taastusravi\/suunavaleraviarstile\/suunavale-raviarstile-kone\/","og_locale":"et_EE","og_type":"article","og_title":"K\u00f5ne-ja neelamish\u00e4irete taastusravile - Spordimeditsiini ja taastusravi kliinik","og_description":"K\u00f5ne- ja neelamish\u00e4iretega patsientide k\u00e4sitluseks palun koostada saatekiri&nbsp;logopeedile\/f\u00fcsioterapeudile. Logopeedi vastuv\u00f5tule saab registreeruda \u00fcldregistratuuri telefonil 731 9100, f\u00fcsioterapeudi vastuv\u00f5tule registreerumiseks vajalik saata kiri johanna.traks@kliinikum.ee v\u00f5i helistada 731 9153. Kiiret lahendust n\u00f5udvate probleemide v\u00f5i k\u00fcsimuste korral palun kontakteeruda meili v\u00f5i telefoni teel:Keskuse juht: Lagle lehes: 7318976, 53319062\u00a0Lagle.Lehes@kliinikum.ee","og_url":"https:\/\/www.kliinikum.ee\/taastusravi\/suunavaleraviarstile\/suunavale-raviarstile-kone\/","og_site_name":"Spordimeditsiini ja taastusravi kliinik","article_modified_time":"2025-09-03T07:43:00+00:00","twitter_card":"summary_large_image","twitter_misc":{"Est. reading time":"1 minut"},"schema":{"@context":"https:\/\/schema.org","@graph":[{"@type":"WebPage","@id":"https:\/\/www.kliinikum.ee\/taastusravi\/suunavaleraviarstile\/suunavale-raviarstile-kone\/","url":"https:\/\/www.kliinikum.ee\/taastusravi\/suunavaleraviarstile\/suunavale-raviarstile-kone\/","name":"K\u00f5ne-ja neelamish\u00e4irete taastusravile - Spordimeditsiini ja taastusravi kliinik","isPartOf":{"@id":"https:\/\/www.kliinikum.ee\/taastusravi\/#website"},"datePublished":"2023-10-18T06:50:16+00:00","dateModified":"2025-09-03T07:43:00+00:00","breadcrumb":{"@id":"https:\/\/www.kliinikum.ee\/taastusravi\/suunavaleraviarstile\/suunavale-raviarstile-kone\/#breadcrumb"},"inLanguage":"et","potentialAction":[{"@type":"ReadAction","target":["https:\/\/www.kliinikum.ee\/taastusravi\/suunavaleraviarstile\/suunavale-raviarstile-kone\/"]}]},{"@type":"BreadcrumbList","@id":"https:\/\/www.kliinikum.ee\/taastusravi\/suunavaleraviarstile\/suunavale-raviarstile-kone\/#breadcrumb","itemListElement":[{"@type":"ListItem","position":1,"name":"Home","item":"https:\/\/www.kliinikum.ee\/taastusravi\/"},{"@type":"ListItem","position":2,"name":"Suunavale raviarstile","item":"https:\/\/www.kliinikum.ee\/taastusravi\/suunavaleraviarstile\/"},{"@type":"ListItem","position":3,"name":"K\u00f5ne-ja neelamish\u00e4irete taastusravile"}]},{"@type":"WebSite","@id":"https:\/\/www.kliinikum.ee\/taastusravi\/#website","url":"https:\/\/www.kliinikum.ee\/taastusravi\/","name":"Spordimeditsiini ja taastusravi kliinik","description":"Hoolivus, Uuendusmeelsus, P\u00e4devus ja Usaldusv\u00e4\u00e4rsus","potentialAction":[{"@type":"SearchAction","target":{"@type":"EntryPoint","urlTemplate":"https:\/\/www.kliinikum.ee\/taastusravi\/?s={search_term_string}"},"query-input":{"@type":"PropertyValueSpecification","valueRequired":true,"valueName":"search_term_string"}}],"inLanguage":"et"}]}},"uagb_featured_image_src":{"full":false,"thumbnail":false,"medium":false,"medium_large":false,"large":false,"1536x1536":false,"2048x2048":false},"uagb_author_info":{"display_name":"Mari S\u00f6\u00f6t","author_link":"https:\/\/www.kliinikum.ee\/taastusravi\/author\/maritar\/"},"uagb_comment_info":0,"uagb_excerpt":"K\u00f5ne- ja neelamish\u00e4iretega patsientide k\u00e4sitluseks palun koostada saatekiri&nbsp;logopeedile\/f\u00fcsioterapeudile. Logopeedi vastuv\u00f5tule saab registreeruda \u00fcldregistratuuri telefonil 731 9100, f\u00fcsioterapeudi vastuv\u00f5tule registreerumiseks vajalik saata kiri johanna.traks@kliinikum.ee v\u00f5i helistada 731 9153. Kiiret lahendust n\u00f5udvate probleemide v\u00f5i k\u00fcsimuste korral palun kontakteeruda meili v\u00f5i telefoni teel:Keskuse juht: Lagle lehes: 7318976, 53319062\u00a0Lagle.Lehes@kliinikum.ee","_links":{"self":[{"href":"https:\/\/www.kliinikum.ee\/taastusravi\/wp-json\/wp\/v2\/pages\/6494","targetHints":{"allow":["GET"]}}],"collection":[{"href":"https:\/\/www.kliinikum.ee\/taastusravi\/wp-json\/wp\/v2\/pages"}],"about":[{"href":"https:\/\/www.kliinikum.ee\/taastusravi\/wp-json\/wp\/v2\/types\/page"}],"author":[{"embeddable":true,"href":"https:\/\/www.kliinikum.ee\/taastusravi\/wp-json\/wp\/v2\/users\/30"}],"replies":[{"embeddable":true,"href":"https:\/\/www.kliinikum.ee\/taastusravi\/wp-json\/wp\/v2\/comments?post=6494"}],"version-history":[{"count":0,"href":"https:\/\/www.kliinikum.ee\/taastusravi\/wp-json\/wp\/v2\/pages\/6494\/revisions"}],"up":[{"embeddable":true,"href":"https:\/\/www.kliinikum.ee\/taastusravi\/wp-json\/wp\/v2\/pages\/19"}],"wp:attachment":[{"href":"https:\/\/www.kliinikum.ee\/taastusravi\/wp-json\/wp\/v2\/media?parent=6494"}],"curies":[{"name":"wp","href":"https:\/\/api.w.org\/{rel}","templated":true}]}}