{"id":6503,"date":"2023-10-18T09:08:06","date_gmt":"2023-10-18T07:08:06","guid":{"rendered":"https:\/\/www.kliinikum.ee\/taastusravi\/?page_id=6503"},"modified":"2025-09-03T09:38:00","modified_gmt":"2025-09-03T07:38:00","slug":"suunavale-raviarstile-palliatiiv","status":"publish","type":"page","link":"https:\/\/www.kliinikum.ee\/taastusravi\/suunavaleraviarstile\/suunavale-raviarstile-palliatiiv\/","title":{"rendered":"Palliatiivravile"},"content":{"rendered":"\n<div class=\"wp-block-group has-global-padding\"><div class=\"wp-block-group__inner-container is-layout-constrained wp-block-group-is-layout-constrained\">\n<p><strong>Broneerimine toimub aadressil&nbsp;<a href=\"mailto:palliatiivravi@kliinikum.ee\">palliatiivravi@kliinikum.ee<\/a><\/strong><br>Informatsiooni saamiseks v\u00f5tke palun \u00fchendust palliatiivravi koordinaatoriga 731 7113; 5321 7113.<\/p>\n\n\n\n<p><strong>Kliinikumi siseselt:<\/strong><\/p>\n\n\n\n<ul class=\"wp-block-list\">\n<li>palliatiivravile \u2013 vajalik EHL-is suunamine teise all\u00fcksusesse;<\/li>\n\n\n\n<li>hospiitsi \u2013 vajalik haiguslugu l\u00f5petada (EHL-is v\u00e4ljakirjutamine), EHL-is peab olema fikseeritud parima toetava ravi otsus.<\/li>\n<\/ul>\n\n\n\n<p><strong>Patsiendi suunamisel palliatiivsele ravile v\u00f5i hospiitsi peab olema diagnoositud \u00fcks krooniline haigusseisund ning t\u00e4idetud v\u00e4hemalt kaks lisakriteeriumit:<\/strong><\/p>\n<\/div><\/div>\n\n\n\n<p><\/p>\n\n\n\n<figure class=\"wp-block-table\"><table><tbody><tr><td>&nbsp;<strong>KROONILINE HAIGUSSEISUND<\/strong><\/td><td>&nbsp;<strong>LISAKRITEERIUM<\/strong><\/td><\/tr><tr><td>&nbsp;pahaloomuline kasvaja<\/td><td>&nbsp;haigusest v\u00f5i ravist p\u00f5hjustatud vaevuste ebapiisav leevendamine<\/td><\/tr><tr><td>kaugelearenenud s\u00fcdame- ja veresoonkonna haigus<\/td><td>informatsiooni ja n\u00f5ustamise vajadus elu ohustava diagnoosi korral<\/td><\/tr><tr><td>insult<\/td><td>haigusest tingitud halvenenud toimetulek igap\u00e4evaelu toimingutega ja langenud elukvaliteet<\/td><\/tr><tr><td>kaugelearenenud diabeet<\/td><td>sagedased hospitaliseerimised, erakorralise meditsiini osakonna k\u00fclastused v\u00f5i kiirabi v\u00e4ljakutsed viimase kolme kuu jooksul<\/td><\/tr><tr><td>kaugelearenenud kopsuhaigus<\/td><td>patsiendi ja\/v\u00f5i l\u00e4hedaste ps\u00fchholoogiline v\u00f5i spirituaalne\/eksistentsiaalne d\u00fcstress (enesev\u00e4\u00e4rikuse ja enesem\u00e4\u00e4ramise k\u00fcsimused, t\u00e4henduslikkuse ja lootuse kaotus, suitsidaalne k\u00e4itumine)<\/td><\/tr><tr><td>kaugelearenenud neeruhaigus<\/td><td>patsiendi, l\u00e4hedaste v\u00f5i ravimeeskonna k\u00fcsimused erinevate palliatiivse ravi v\u00f5imaluste osas, keerulised raviotsused (nt ravist keeldumine, ebam\u00f5istlike uuringute ja ravi n\u00f5udmine)<\/td><\/tr><tr><td>kaugelearenenud maksahaigus<\/td><td>ebapiisav tugiv\u00f5rgustik (puuduvad l\u00e4hedased, puudub elukoht)<\/td><\/tr><tr><td>kaugelearenenud neurodegeneratiivne haigus (dementsus, SM, Parkinsoni t\u00f5bi)<\/td><td>l\u00e4hedaste ja lastega seotud mured, majandusliku toimetulekuga seotud probleemid<\/td><\/tr><tr><td>hulgitraumaj\u00e4rgne seisund<\/td><td>&nbsp;<\/td><\/tr><tr><td>HIV\/AIDS<\/td><td>&nbsp;<\/td><\/tr><\/tbody><\/table><\/figure>\n\n\n\n<p><\/p>\n\n\n\n<ol class=\"wp-block-list\">\n<li>Saatekirjale lisada j\u00e4rgnev informatsioon:\n<ul class=\"wp-block-list\">\n<li>patsiendi p\u00f5hiprobleem;<\/li>\n\n\n\n<li>k\u00e4esoleva haiguse l\u00fchianamnees;<\/li>\n\n\n\n<li>kaasuvad haigused;<\/li>\n\n\n\n<li>raviskeem.<\/li>\n<\/ul>\n<\/li>\n\n\n\n<li>Informatsiooni olemasolul lisada:\n<ul class=\"wp-block-list\">\n<li>patsiendi \u00fcldine toimetulek (sh sotsiaalne toimetulek), tugiv\u00f5rgustik (l\u00e4hedaste kontaktandmed), lapsed, hooldatavad, elamistingimused;<\/li>\n\n\n\n<li>muu antud kontekstis oluline informatsioon (nt eelnevalt tehtud laborianal\u00fc\u00fcside, uuringute tulemused.<\/li>\n<\/ul>\n<\/li>\n\n\n\n<li>COVID-19 vaktsineerimise\/l\u00e4bip\u00f5demise info ja v\u00f5imalusel PCR-testi vastus, mis pole vanem, kui 72 h.<\/li>\n<\/ol>\n","protected":false},"excerpt":{"rendered":"<p>Broneerimine toimub aadressil&nbsp;palliatiivravi@kliinikum.eeInformatsiooni saamiseks v\u00f5tke palun \u00fchendust palliatiivravi koordinaatoriga 731 7113; 5321 7113. Kliinikumi siseselt: Patsiendi suunamisel palliatiivsele ravile v\u00f5i hospiitsi peab olema diagnoositud \u00fcks krooniline haigusseisund ning t\u00e4idetud v\u00e4hemalt kaks lisakriteeriumit: &nbsp;KROONILINE HAIGUSSEISUND &nbsp;LISAKRITEERIUM &nbsp;pahaloomuline kasvaja &nbsp;haigusest v\u00f5i ravist p\u00f5hjustatud vaevuste ebapiisav leevendamine kaugelearenenud s\u00fcdame- ja veresoonkonna haigus informatsiooni ja n\u00f5ustamise vajadus elu ohustava [&hellip;]<\/p>\n","protected":false},"author":30,"featured_media":0,"parent":19,"menu_order":4,"comment_status":"closed","ping_status":"closed","template":"","meta":{"_acf_changed":false,"_uag_custom_page_level_css":"","footnotes":""},"class_list":["post-6503","page","type-page","status-publish","hentry"],"acf":[],"yoast_head":"<!-- This site is optimized with the Yoast SEO plugin v27.3 - https:\/\/yoast.com\/product\/yoast-seo-wordpress\/ -->\n<title>Palliatiivravile - Spordimeditsiini ja taastusravi kliinik<\/title>\n<meta name=\"robots\" content=\"index, follow, max-snippet:-1, max-image-preview:large, max-video-preview:-1\" \/>\n<link rel=\"canonical\" href=\"https:\/\/www.kliinikum.ee\/taastusravi\/suunavaleraviarstile\/suunavale-raviarstile-palliatiiv\/\" \/>\n<meta property=\"og:locale\" content=\"et_EE\" \/>\n<meta property=\"og:type\" content=\"article\" \/>\n<meta property=\"og:title\" content=\"Palliatiivravile - Spordimeditsiini ja taastusravi kliinik\" \/>\n<meta property=\"og:description\" content=\"Broneerimine toimub aadressil&nbsp;palliatiivravi@kliinikum.eeInformatsiooni saamiseks v\u00f5tke palun \u00fchendust palliatiivravi koordinaatoriga 731 7113; 5321 7113. Kliinikumi siseselt: Patsiendi suunamisel palliatiivsele ravile v\u00f5i hospiitsi peab olema diagnoositud \u00fcks krooniline haigusseisund ning t\u00e4idetud v\u00e4hemalt kaks lisakriteeriumit: &nbsp;KROONILINE HAIGUSSEISUND &nbsp;LISAKRITEERIUM &nbsp;pahaloomuline kasvaja &nbsp;haigusest v\u00f5i ravist p\u00f5hjustatud vaevuste ebapiisav leevendamine kaugelearenenud s\u00fcdame- ja veresoonkonna haigus informatsiooni ja n\u00f5ustamise vajadus elu ohustava [&hellip;]\" \/>\n<meta property=\"og:url\" content=\"https:\/\/www.kliinikum.ee\/taastusravi\/suunavaleraviarstile\/suunavale-raviarstile-palliatiiv\/\" \/>\n<meta property=\"og:site_name\" content=\"Spordimeditsiini ja taastusravi kliinik\" \/>\n<meta property=\"article:modified_time\" content=\"2025-09-03T07:38:00+00:00\" \/>\n<meta name=\"twitter:card\" content=\"summary_large_image\" \/>\n<meta name=\"twitter:label1\" content=\"Est. reading time\" \/>\n\t<meta name=\"twitter:data1\" content=\"2 minutit\" \/>\n<script type=\"application\/ld+json\" class=\"yoast-schema-graph\">{\"@context\":\"https:\\\/\\\/schema.org\",\"@graph\":[{\"@type\":\"WebPage\",\"@id\":\"https:\\\/\\\/www.kliinikum.ee\\\/taastusravi\\\/suunavaleraviarstile\\\/suunavale-raviarstile-palliatiiv\\\/\",\"url\":\"https:\\\/\\\/www.kliinikum.ee\\\/taastusravi\\\/suunavaleraviarstile\\\/suunavale-raviarstile-palliatiiv\\\/\",\"name\":\"Palliatiivravile - Spordimeditsiini ja taastusravi kliinik\",\"isPartOf\":{\"@id\":\"https:\\\/\\\/www.kliinikum.ee\\\/taastusravi\\\/#website\"},\"datePublished\":\"2023-10-18T07:08:06+00:00\",\"dateModified\":\"2025-09-03T07:38:00+00:00\",\"breadcrumb\":{\"@id\":\"https:\\\/\\\/www.kliinikum.ee\\\/taastusravi\\\/suunavaleraviarstile\\\/suunavale-raviarstile-palliatiiv\\\/#breadcrumb\"},\"inLanguage\":\"et\",\"potentialAction\":[{\"@type\":\"ReadAction\",\"target\":[\"https:\\\/\\\/www.kliinikum.ee\\\/taastusravi\\\/suunavaleraviarstile\\\/suunavale-raviarstile-palliatiiv\\\/\"]}]},{\"@type\":\"BreadcrumbList\",\"@id\":\"https:\\\/\\\/www.kliinikum.ee\\\/taastusravi\\\/suunavaleraviarstile\\\/suunavale-raviarstile-palliatiiv\\\/#breadcrumb\",\"itemListElement\":[{\"@type\":\"ListItem\",\"position\":1,\"name\":\"Home\",\"item\":\"https:\\\/\\\/www.kliinikum.ee\\\/taastusravi\\\/\"},{\"@type\":\"ListItem\",\"position\":2,\"name\":\"Suunavale raviarstile\",\"item\":\"https:\\\/\\\/www.kliinikum.ee\\\/taastusravi\\\/suunavaleraviarstile\\\/\"},{\"@type\":\"ListItem\",\"position\":3,\"name\":\"Palliatiivravile\"}]},{\"@type\":\"WebSite\",\"@id\":\"https:\\\/\\\/www.kliinikum.ee\\\/taastusravi\\\/#website\",\"url\":\"https:\\\/\\\/www.kliinikum.ee\\\/taastusravi\\\/\",\"name\":\"Spordimeditsiini ja taastusravi kliinik\",\"description\":\"Hoolivus, Uuendusmeelsus, P\u00e4devus ja Usaldusv\u00e4\u00e4rsus\",\"potentialAction\":[{\"@type\":\"SearchAction\",\"target\":{\"@type\":\"EntryPoint\",\"urlTemplate\":\"https:\\\/\\\/www.kliinikum.ee\\\/taastusravi\\\/?s={search_term_string}\"},\"query-input\":{\"@type\":\"PropertyValueSpecification\",\"valueRequired\":true,\"valueName\":\"search_term_string\"}}],\"inLanguage\":\"et\"}]}<\/script>\n<!-- \/ Yoast SEO plugin. -->","yoast_head_json":{"title":"Palliatiivravile - Spordimeditsiini ja taastusravi kliinik","robots":{"index":"index","follow":"follow","max-snippet":"max-snippet:-1","max-image-preview":"max-image-preview:large","max-video-preview":"max-video-preview:-1"},"canonical":"https:\/\/www.kliinikum.ee\/taastusravi\/suunavaleraviarstile\/suunavale-raviarstile-palliatiiv\/","og_locale":"et_EE","og_type":"article","og_title":"Palliatiivravile - Spordimeditsiini ja taastusravi kliinik","og_description":"Broneerimine toimub aadressil&nbsp;palliatiivravi@kliinikum.eeInformatsiooni saamiseks v\u00f5tke palun \u00fchendust palliatiivravi koordinaatoriga 731 7113; 5321 7113. Kliinikumi siseselt: Patsiendi suunamisel palliatiivsele ravile v\u00f5i hospiitsi peab olema diagnoositud \u00fcks krooniline haigusseisund ning t\u00e4idetud v\u00e4hemalt kaks lisakriteeriumit: &nbsp;KROONILINE HAIGUSSEISUND &nbsp;LISAKRITEERIUM &nbsp;pahaloomuline kasvaja &nbsp;haigusest v\u00f5i ravist p\u00f5hjustatud vaevuste ebapiisav leevendamine kaugelearenenud s\u00fcdame- ja veresoonkonna haigus informatsiooni ja n\u00f5ustamise vajadus elu ohustava [&hellip;]","og_url":"https:\/\/www.kliinikum.ee\/taastusravi\/suunavaleraviarstile\/suunavale-raviarstile-palliatiiv\/","og_site_name":"Spordimeditsiini ja taastusravi kliinik","article_modified_time":"2025-09-03T07:38:00+00:00","twitter_card":"summary_large_image","twitter_misc":{"Est. reading time":"2 minutit"},"schema":{"@context":"https:\/\/schema.org","@graph":[{"@type":"WebPage","@id":"https:\/\/www.kliinikum.ee\/taastusravi\/suunavaleraviarstile\/suunavale-raviarstile-palliatiiv\/","url":"https:\/\/www.kliinikum.ee\/taastusravi\/suunavaleraviarstile\/suunavale-raviarstile-palliatiiv\/","name":"Palliatiivravile - Spordimeditsiini ja taastusravi kliinik","isPartOf":{"@id":"https:\/\/www.kliinikum.ee\/taastusravi\/#website"},"datePublished":"2023-10-18T07:08:06+00:00","dateModified":"2025-09-03T07:38:00+00:00","breadcrumb":{"@id":"https:\/\/www.kliinikum.ee\/taastusravi\/suunavaleraviarstile\/suunavale-raviarstile-palliatiiv\/#breadcrumb"},"inLanguage":"et","potentialAction":[{"@type":"ReadAction","target":["https:\/\/www.kliinikum.ee\/taastusravi\/suunavaleraviarstile\/suunavale-raviarstile-palliatiiv\/"]}]},{"@type":"BreadcrumbList","@id":"https:\/\/www.kliinikum.ee\/taastusravi\/suunavaleraviarstile\/suunavale-raviarstile-palliatiiv\/#breadcrumb","itemListElement":[{"@type":"ListItem","position":1,"name":"Home","item":"https:\/\/www.kliinikum.ee\/taastusravi\/"},{"@type":"ListItem","position":2,"name":"Suunavale raviarstile","item":"https:\/\/www.kliinikum.ee\/taastusravi\/suunavaleraviarstile\/"},{"@type":"ListItem","position":3,"name":"Palliatiivravile"}]},{"@type":"WebSite","@id":"https:\/\/www.kliinikum.ee\/taastusravi\/#website","url":"https:\/\/www.kliinikum.ee\/taastusravi\/","name":"Spordimeditsiini ja taastusravi kliinik","description":"Hoolivus, Uuendusmeelsus, P\u00e4devus ja Usaldusv\u00e4\u00e4rsus","potentialAction":[{"@type":"SearchAction","target":{"@type":"EntryPoint","urlTemplate":"https:\/\/www.kliinikum.ee\/taastusravi\/?s={search_term_string}"},"query-input":{"@type":"PropertyValueSpecification","valueRequired":true,"valueName":"search_term_string"}}],"inLanguage":"et"}]}},"uagb_featured_image_src":{"full":false,"thumbnail":false,"medium":false,"medium_large":false,"large":false,"1536x1536":false,"2048x2048":false},"uagb_author_info":{"display_name":"Mari S\u00f6\u00f6t","author_link":"https:\/\/www.kliinikum.ee\/taastusravi\/author\/maritar\/"},"uagb_comment_info":0,"uagb_excerpt":"Broneerimine toimub aadressil&nbsp;palliatiivravi@kliinikum.eeInformatsiooni saamiseks v\u00f5tke palun \u00fchendust palliatiivravi koordinaatoriga 731 7113; 5321 7113. Kliinikumi siseselt: Patsiendi suunamisel palliatiivsele ravile v\u00f5i hospiitsi peab olema diagnoositud \u00fcks krooniline haigusseisund ning t\u00e4idetud v\u00e4hemalt kaks lisakriteeriumit: &nbsp;KROONILINE HAIGUSSEISUND &nbsp;LISAKRITEERIUM &nbsp;pahaloomuline kasvaja &nbsp;haigusest v\u00f5i ravist p\u00f5hjustatud vaevuste ebapiisav leevendamine kaugelearenenud s\u00fcdame- ja veresoonkonna haigus informatsiooni ja n\u00f5ustamise vajadus elu ohustava&hellip;","_links":{"self":[{"href":"https:\/\/www.kliinikum.ee\/taastusravi\/wp-json\/wp\/v2\/pages\/6503","targetHints":{"allow":["GET"]}}],"collection":[{"href":"https:\/\/www.kliinikum.ee\/taastusravi\/wp-json\/wp\/v2\/pages"}],"about":[{"href":"https:\/\/www.kliinikum.ee\/taastusravi\/wp-json\/wp\/v2\/types\/page"}],"author":[{"embeddable":true,"href":"https:\/\/www.kliinikum.ee\/taastusravi\/wp-json\/wp\/v2\/users\/30"}],"replies":[{"embeddable":true,"href":"https:\/\/www.kliinikum.ee\/taastusravi\/wp-json\/wp\/v2\/comments?post=6503"}],"version-history":[{"count":0,"href":"https:\/\/www.kliinikum.ee\/taastusravi\/wp-json\/wp\/v2\/pages\/6503\/revisions"}],"up":[{"embeddable":true,"href":"https:\/\/www.kliinikum.ee\/taastusravi\/wp-json\/wp\/v2\/pages\/19"}],"wp:attachment":[{"href":"https:\/\/www.kliinikum.ee\/taastusravi\/wp-json\/wp\/v2\/media?parent=6503"}],"curies":[{"name":"wp","href":"https:\/\/api.w.org\/{rel}","templated":true}]}}