{"id":6640,"date":"2023-10-24T12:58:27","date_gmt":"2023-10-24T10:58:27","guid":{"rendered":"https:\/\/www.kliinikum.ee\/taastusravi\/?page_id=6640"},"modified":"2025-04-09T13:02:36","modified_gmt":"2025-04-09T11:02:36","slug":"kliiniline-logopeed","status":"publish","type":"page","link":"https:\/\/www.kliinikum.ee\/taastusravi\/kliiniline-logopeed\/","title":{"rendered":"Logopeed"},"content":{"rendered":"\n<div class=\"wp-block-group has-global-padding\"><div class=\"wp-block-group__inner-container is-layout-constrained wp-block-group-is-layout-constrained\">\n<div class=\"wp-block-group has-global-padding\"><div class=\"wp-block-group__inner-container is-layout-constrained wp-block-group-is-layout-constrained\">\n<p><strong>K\u00d5NEH\u00c4IRED:<\/strong><\/p>\n\n\n\n<p><br>Meie keskuse logopeedid teostavad patsiendi k\u00f5ne kompleksset hindamist ning vajadusel ravi. \u00a0J\u00e4lgime k\u00f5ne arengu\/taastumise d\u00fcnaamikat. Meie logopeedid on spetsialiseerunud allj\u00e4rgnevate k\u00f5neh\u00e4irete raviks:<\/p>\n<\/div><\/div>\n\n\n\n<div class=\"wp-block-group has-global-padding\"><div class=\"wp-block-group__inner-container is-layout-constrained wp-block-group-is-layout-constrained\">\n<p><strong>T\u00e4iskasvanud:<\/strong><\/p>\n\n\n\n<ul class=\"wp-block-list\">\n<li>\u00c4gedate\/ krooniliste haiguste tagaj\u00e4rjel tekkinud afaasia, d\u00fcsartria ja\/ v\u00f5i apraksia;<\/li>\n\n\n\n<li>kogelus<\/li>\n\n\n\n<li>h\u00e4\u00e4leh\u00e4ired (k\u00e4heh\u00e4\u00e4lsus, liiga n\u00f5rk ja\/v\u00f5i pinges h\u00e4\u00e4l, h\u00e4\u00e4le katkemine ja v\u00e4simine, respiratoorse\/ artikulatoorse funktsiooni probleemid seoses h\u00e4\u00e4le tekitamisega ning teised h\u00e4\u00e4lega seotud probleemid<\/li>\n\n\n\n<li>tsentraalse v\u00f5i perifeerse tekkega n\u00e4on\u00e4rvi halvatus<\/li>\n<\/ul>\n<\/div><\/div>\n\n\n\n<p><strong>Lapsed:<\/strong><\/p>\n\n\n\n<ul class=\"wp-block-list\">\n<li><strong>0-3-aastaste laste k\u00f5ne-eelse ja k\u00f5ne arengu hilistumine\/patoloogiline areng ning suhtlemisoskused (arengu hindamine, j\u00e4lgimine d\u00fcnaamikas ja lapsevanemate n\u00f5ustamine)<\/strong><\/li>\n\n\n\n<li>rinolaalia ja rinofoonia (huule- ja\/v\u00f5i suulael\u00f5hest tingitud k\u00f5nekahjustuse hindamine ja ravi)<\/li>\n\n\n\n<li>kogelus<\/li>\n\n\n\n<li>ekspressiivne k\u00f5neh\u00e4ire (lapse v\u00e4ljendusoskus on m\u00e4rkimisv\u00e4\u00e4rselt madalam ealisest normtasemest, v\u00f5ib lisanduda artikulatsioonih\u00e4ire)<\/li>\n\n\n\n<li>retseptiivne k\u00f5neh\u00e4ire (kannatab k\u00f5ne m\u00f5istmine, tavaliselt lisandub ekspressiivne k\u00f5neh\u00e4ire)<\/li>\n\n\n\n<li>d\u00fcsartria<\/li>\n\n\n\n<li>m\u00fcofunktsionaalsed puuded (n\u00e4opiirkonna lihaste funktsioneerimise ja lihastoonuse kahjustus)<\/li>\n<\/ul>\n<\/div><\/div>\n\n\n\n<div class=\"wp-block-group has-global-padding\"><div class=\"wp-block-group__inner-container is-layout-constrained wp-block-group-is-layout-constrained\">\n<p><strong>NEELAMISH\u00c4IRED:<\/strong><\/p>\n\n\n\n<p><strong>T\u00e4iskasvanud:<\/strong><\/p>\n\n\n\n<p>Logopeedid tegelevad t\u00f5endusp\u00f5hise neelamish\u00e4irete diagnostikaga (videofluoroskoopiline uuring), n\u00f5ustamisega ja raviga. Neelamish\u00e4ire p\u00f5hjalik diagnostika, l\u00e4htudes patsiendi kaebustest ning objektiivsest leiust, annab parima v\u00f5imaluse edasise ravitaktika valikuks.<\/p>\n\n\n\n<p>Neelamish\u00e4irete&nbsp; ravimeetoditena on kasutusel erinevad neelamistehnikad ning vajadusel abistavad meetodid (neuromuskulatuurne elektriline stimulatsioon ning elektrom\u00fcograafia).<\/p>\n\n\n\n<p>Lisaks kasutatakse&nbsp; DPNS\u00ae-tehnikat neelupiirkonna m\u00f5jutamiseks.<\/p>\n\n\n\n<p>Neelamish\u00e4irega patsientidel on sageli tekkinud kaalukaotus. Koost\u00f6\u00f6s taastusravi arstiga on v\u00f5imalik patsiendi toitumusliku seisundi hindamine ja n\u00f5ustamine.<\/p>\n\n\n\n<p><strong>Lapsed:<\/strong><\/p>\n\n\n\n<p>Logopeedide \u00fcheks oluliseks tegevuseks on pakkuda ravi neelamisprobleemidega imikutele ja (v\u00e4ike)lastele ning n\u00f5ustada nende laste vanemaid. Imikute neelamish\u00e4irete diagnoosimise ja teraapiaga on Eestis senini tegeletud v\u00e4he ja vajadus teenuse j\u00e4rele on suur.<\/p>\n\n\n\n<p>&nbsp;&nbsp; &nbsp;Lapse s\u00f6\u00f6misoskuste areng on tihedas vastastikuses seoses lapse oraalmotoorsete oskustega, mis omakorda on aluseks h\u00e4\u00e4likute kujunemisele. Keskuses toimub v\u00e4ikelapse toitmissituatsiooni j\u00e4lgimine, toidukonsistentsi sobivuse hindamine arvestades lapse vanust ja tema oraalmotoorseid oskusi. Rakendatakse erinevaid meetmeid oraalmotoorsete oskuste parandamiseks.<\/p>\n\n\n\n<p>&nbsp;&nbsp; Teraapia k\u00e4igus toimub lapsevanema \u00f5petamine \u2013 imikute ja v\u00e4ikelaste neelamish\u00e4irete teraapias on oluline roll meeskonnat\u00f6\u00f6l, kus \u00fcheks meeskonna liikmeks on lapsevanem. Neelamisteraapias kasutatakse oraalse piirkonna stimuleerimist ning asendite korrigeerimist koost\u00f6\u00f6s f\u00fcsioterapeudiga. Neelamish\u00e4ired lastel on sagedased enneaegsuse, neuroloogiliste h\u00e4irete ning lihas- ja kromosoomihaiguste korral.<\/p>\n<\/div><\/div>\n\n\n\n<div class=\"wp-block-group has-global-padding\"><div class=\"wp-block-group__inner-container is-layout-constrained wp-block-group-is-layout-constrained\">\n<p><strong>I<\/strong><strong>nfantiilne neelamine lastel ja t\u00e4iskasvanutel:<\/strong><\/p>\n\n\n\n<p>Normaalse neelamise ajal toetub keeleots \u00a0k\u00f5vale suulaele \u00fclemiste esihammaste taha. Infantiilne neelamismustri puhul on tegemist valesti omandatud neelamismustriga, mille korral asetseb keel neelamise momendil hammaste vahel\/surub tugevasti \u00fclemisi esihambaid. Neelamise ajal t\u00e4heldatakse alahuule ja l\u00f5uatsi lihaste pinget. M\u00f5ningatel juhtudel on pingul k\u00f5ik miimilised lihased ja kaelalihased. Teraapia k\u00e4igus \u00f5petab logopeed patsiendile \u00f5ige neelamismustri.\u00a0 Alati kaasame teraapiasse f\u00fcsioterapeudi, kes spetsiaalsete harjutustega v\u00e4hendab lihaspingeid. Teraapia n\u00f5uab lapsevanema kaasamist igap\u00e4evaselt harjutuste sooritamisel. Vale neelamismustri korral kujuneb v\u00e4lja lahihambumus, kus \u00fclemised ja alumised hambad ei kattu ja \u00fclemised esihambad v\u00f5ivad olla liigse kaldega.<\/p>\n<\/div><\/div>\n","protected":false},"excerpt":{"rendered":"<p>K\u00d5NEH\u00c4IRED: Meie keskuse logopeedid teostavad patsiendi k\u00f5ne kompleksset hindamist ning vajadusel ravi. \u00a0J\u00e4lgime k\u00f5ne arengu\/taastumise d\u00fcnaamikat. Meie logopeedid on spetsialiseerunud allj\u00e4rgnevate k\u00f5neh\u00e4irete raviks: T\u00e4iskasvanud: Lapsed: NEELAMISH\u00c4IRED: T\u00e4iskasvanud: Logopeedid tegelevad t\u00f5endusp\u00f5hise neelamish\u00e4irete diagnostikaga (videofluoroskoopiline uuring), n\u00f5ustamisega ja raviga. Neelamish\u00e4ire p\u00f5hjalik diagnostika, l\u00e4htudes patsiendi kaebustest ning objektiivsest leiust, annab parima v\u00f5imaluse edasise ravitaktika valikuks. Neelamish\u00e4irete&nbsp; ravimeetoditena on [&hellip;]<\/p>\n","protected":false},"author":30,"featured_media":0,"parent":0,"menu_order":0,"comment_status":"closed","ping_status":"closed","template":"","meta":{"_acf_changed":false,"_uag_custom_page_level_css":"","footnotes":""},"class_list":["post-6640","page","type-page","status-publish","hentry"],"acf":[],"yoast_head":"<!-- This site is optimized with the Yoast SEO plugin v27.3 - https:\/\/yoast.com\/product\/yoast-seo-wordpress\/ -->\n<title>Logopeed - Spordimeditsiini ja taastusravi kliinik<\/title>\n<meta name=\"robots\" content=\"index, follow, max-snippet:-1, max-image-preview:large, max-video-preview:-1\" \/>\n<link rel=\"canonical\" href=\"https:\/\/www.kliinikum.ee\/taastusravi\/kliiniline-logopeed\/\" \/>\n<meta property=\"og:locale\" content=\"et_EE\" \/>\n<meta property=\"og:type\" content=\"article\" \/>\n<meta property=\"og:title\" content=\"Logopeed - Spordimeditsiini ja taastusravi kliinik\" \/>\n<meta property=\"og:description\" content=\"K\u00d5NEH\u00c4IRED: Meie keskuse logopeedid teostavad patsiendi k\u00f5ne kompleksset hindamist ning vajadusel ravi. \u00a0J\u00e4lgime k\u00f5ne arengu\/taastumise d\u00fcnaamikat. Meie logopeedid on spetsialiseerunud allj\u00e4rgnevate k\u00f5neh\u00e4irete raviks: T\u00e4iskasvanud: Lapsed: NEELAMISH\u00c4IRED: T\u00e4iskasvanud: Logopeedid tegelevad t\u00f5endusp\u00f5hise neelamish\u00e4irete diagnostikaga (videofluoroskoopiline uuring), n\u00f5ustamisega ja raviga. Neelamish\u00e4ire p\u00f5hjalik diagnostika, l\u00e4htudes patsiendi kaebustest ning objektiivsest leiust, annab parima v\u00f5imaluse edasise ravitaktika valikuks. Neelamish\u00e4irete&nbsp; ravimeetoditena on [&hellip;]\" \/>\n<meta property=\"og:url\" content=\"https:\/\/www.kliinikum.ee\/taastusravi\/kliiniline-logopeed\/\" \/>\n<meta property=\"og:site_name\" content=\"Spordimeditsiini ja taastusravi kliinik\" \/>\n<meta property=\"article:modified_time\" content=\"2025-04-09T11:02:36+00:00\" \/>\n<meta name=\"twitter:card\" content=\"summary_large_image\" \/>\n<meta name=\"twitter:label1\" content=\"Est. reading time\" \/>\n\t<meta name=\"twitter:data1\" content=\"3 minutit\" \/>\n<script type=\"application\/ld+json\" class=\"yoast-schema-graph\">{\"@context\":\"https:\\\/\\\/schema.org\",\"@graph\":[{\"@type\":\"WebPage\",\"@id\":\"https:\\\/\\\/www.kliinikum.ee\\\/taastusravi\\\/kliiniline-logopeed\\\/\",\"url\":\"https:\\\/\\\/www.kliinikum.ee\\\/taastusravi\\\/kliiniline-logopeed\\\/\",\"name\":\"Logopeed - Spordimeditsiini ja taastusravi kliinik\",\"isPartOf\":{\"@id\":\"https:\\\/\\\/www.kliinikum.ee\\\/taastusravi\\\/#website\"},\"datePublished\":\"2023-10-24T10:58:27+00:00\",\"dateModified\":\"2025-04-09T11:02:36+00:00\",\"breadcrumb\":{\"@id\":\"https:\\\/\\\/www.kliinikum.ee\\\/taastusravi\\\/kliiniline-logopeed\\\/#breadcrumb\"},\"inLanguage\":\"et\",\"potentialAction\":[{\"@type\":\"ReadAction\",\"target\":[\"https:\\\/\\\/www.kliinikum.ee\\\/taastusravi\\\/kliiniline-logopeed\\\/\"]}]},{\"@type\":\"BreadcrumbList\",\"@id\":\"https:\\\/\\\/www.kliinikum.ee\\\/taastusravi\\\/kliiniline-logopeed\\\/#breadcrumb\",\"itemListElement\":[{\"@type\":\"ListItem\",\"position\":1,\"name\":\"Home\",\"item\":\"https:\\\/\\\/www.kliinikum.ee\\\/taastusravi\\\/\"},{\"@type\":\"ListItem\",\"position\":2,\"name\":\"Logopeed\"}]},{\"@type\":\"WebSite\",\"@id\":\"https:\\\/\\\/www.kliinikum.ee\\\/taastusravi\\\/#website\",\"url\":\"https:\\\/\\\/www.kliinikum.ee\\\/taastusravi\\\/\",\"name\":\"Spordimeditsiini ja taastusravi kliinik\",\"description\":\"Hoolivus, Uuendusmeelsus, P\u00e4devus ja Usaldusv\u00e4\u00e4rsus\",\"potentialAction\":[{\"@type\":\"SearchAction\",\"target\":{\"@type\":\"EntryPoint\",\"urlTemplate\":\"https:\\\/\\\/www.kliinikum.ee\\\/taastusravi\\\/?s={search_term_string}\"},\"query-input\":{\"@type\":\"PropertyValueSpecification\",\"valueRequired\":true,\"valueName\":\"search_term_string\"}}],\"inLanguage\":\"et\"}]}<\/script>\n<!-- \/ Yoast SEO plugin. -->","yoast_head_json":{"title":"Logopeed - Spordimeditsiini ja taastusravi kliinik","robots":{"index":"index","follow":"follow","max-snippet":"max-snippet:-1","max-image-preview":"max-image-preview:large","max-video-preview":"max-video-preview:-1"},"canonical":"https:\/\/www.kliinikum.ee\/taastusravi\/kliiniline-logopeed\/","og_locale":"et_EE","og_type":"article","og_title":"Logopeed - Spordimeditsiini ja taastusravi kliinik","og_description":"K\u00d5NEH\u00c4IRED: Meie keskuse logopeedid teostavad patsiendi k\u00f5ne kompleksset hindamist ning vajadusel ravi. \u00a0J\u00e4lgime k\u00f5ne arengu\/taastumise d\u00fcnaamikat. Meie logopeedid on spetsialiseerunud allj\u00e4rgnevate k\u00f5neh\u00e4irete raviks: T\u00e4iskasvanud: Lapsed: NEELAMISH\u00c4IRED: T\u00e4iskasvanud: Logopeedid tegelevad t\u00f5endusp\u00f5hise neelamish\u00e4irete diagnostikaga (videofluoroskoopiline uuring), n\u00f5ustamisega ja raviga. Neelamish\u00e4ire p\u00f5hjalik diagnostika, l\u00e4htudes patsiendi kaebustest ning objektiivsest leiust, annab parima v\u00f5imaluse edasise ravitaktika valikuks. Neelamish\u00e4irete&nbsp; ravimeetoditena on [&hellip;]","og_url":"https:\/\/www.kliinikum.ee\/taastusravi\/kliiniline-logopeed\/","og_site_name":"Spordimeditsiini ja taastusravi kliinik","article_modified_time":"2025-04-09T11:02:36+00:00","twitter_card":"summary_large_image","twitter_misc":{"Est. reading time":"3 minutit"},"schema":{"@context":"https:\/\/schema.org","@graph":[{"@type":"WebPage","@id":"https:\/\/www.kliinikum.ee\/taastusravi\/kliiniline-logopeed\/","url":"https:\/\/www.kliinikum.ee\/taastusravi\/kliiniline-logopeed\/","name":"Logopeed - Spordimeditsiini ja taastusravi kliinik","isPartOf":{"@id":"https:\/\/www.kliinikum.ee\/taastusravi\/#website"},"datePublished":"2023-10-24T10:58:27+00:00","dateModified":"2025-04-09T11:02:36+00:00","breadcrumb":{"@id":"https:\/\/www.kliinikum.ee\/taastusravi\/kliiniline-logopeed\/#breadcrumb"},"inLanguage":"et","potentialAction":[{"@type":"ReadAction","target":["https:\/\/www.kliinikum.ee\/taastusravi\/kliiniline-logopeed\/"]}]},{"@type":"BreadcrumbList","@id":"https:\/\/www.kliinikum.ee\/taastusravi\/kliiniline-logopeed\/#breadcrumb","itemListElement":[{"@type":"ListItem","position":1,"name":"Home","item":"https:\/\/www.kliinikum.ee\/taastusravi\/"},{"@type":"ListItem","position":2,"name":"Logopeed"}]},{"@type":"WebSite","@id":"https:\/\/www.kliinikum.ee\/taastusravi\/#website","url":"https:\/\/www.kliinikum.ee\/taastusravi\/","name":"Spordimeditsiini ja taastusravi kliinik","description":"Hoolivus, Uuendusmeelsus, P\u00e4devus ja Usaldusv\u00e4\u00e4rsus","potentialAction":[{"@type":"SearchAction","target":{"@type":"EntryPoint","urlTemplate":"https:\/\/www.kliinikum.ee\/taastusravi\/?s={search_term_string}"},"query-input":{"@type":"PropertyValueSpecification","valueRequired":true,"valueName":"search_term_string"}}],"inLanguage":"et"}]}},"uagb_featured_image_src":{"full":false,"thumbnail":false,"medium":false,"medium_large":false,"large":false,"1536x1536":false,"2048x2048":false},"uagb_author_info":{"display_name":"Mari S\u00f6\u00f6t","author_link":"https:\/\/www.kliinikum.ee\/taastusravi\/author\/maritar\/"},"uagb_comment_info":0,"uagb_excerpt":"K\u00d5NEH\u00c4IRED: Meie keskuse logopeedid teostavad patsiendi k\u00f5ne kompleksset hindamist ning vajadusel ravi. \u00a0J\u00e4lgime k\u00f5ne arengu\/taastumise d\u00fcnaamikat. Meie logopeedid on spetsialiseerunud allj\u00e4rgnevate k\u00f5neh\u00e4irete raviks: T\u00e4iskasvanud: Lapsed: NEELAMISH\u00c4IRED: T\u00e4iskasvanud: Logopeedid tegelevad t\u00f5endusp\u00f5hise neelamish\u00e4irete diagnostikaga (videofluoroskoopiline uuring), n\u00f5ustamisega ja raviga. Neelamish\u00e4ire p\u00f5hjalik diagnostika, l\u00e4htudes patsiendi kaebustest ning objektiivsest leiust, annab parima v\u00f5imaluse edasise ravitaktika valikuks. Neelamish\u00e4irete&nbsp; ravimeetoditena on&hellip;","_links":{"self":[{"href":"https:\/\/www.kliinikum.ee\/taastusravi\/wp-json\/wp\/v2\/pages\/6640","targetHints":{"allow":["GET"]}}],"collection":[{"href":"https:\/\/www.kliinikum.ee\/taastusravi\/wp-json\/wp\/v2\/pages"}],"about":[{"href":"https:\/\/www.kliinikum.ee\/taastusravi\/wp-json\/wp\/v2\/types\/page"}],"author":[{"embeddable":true,"href":"https:\/\/www.kliinikum.ee\/taastusravi\/wp-json\/wp\/v2\/users\/30"}],"replies":[{"embeddable":true,"href":"https:\/\/www.kliinikum.ee\/taastusravi\/wp-json\/wp\/v2\/comments?post=6640"}],"version-history":[{"count":0,"href":"https:\/\/www.kliinikum.ee\/taastusravi\/wp-json\/wp\/v2\/pages\/6640\/revisions"}],"wp:attachment":[{"href":"https:\/\/www.kliinikum.ee\/taastusravi\/wp-json\/wp\/v2\/media?parent=6640"}],"curies":[{"name":"wp","href":"https:\/\/api.w.org\/{rel}","templated":true}]}}