{"id":7544,"date":"2024-06-14T08:11:45","date_gmt":"2024-06-14T06:11:45","guid":{"rendered":"https:\/\/www.kliinikum.ee\/taastusravi\/?page_id=7544"},"modified":"2025-01-20T10:45:54","modified_gmt":"2025-01-20T08:45:54","slug":"sudamelihase-infarkt","status":"publish","type":"page","link":"https:\/\/www.kliinikum.ee\/taastusravi\/kliinikust\/ambulatoorse-taastusravi-osakond\/kardioloogiline-taastusravi\/sudamelihase-infarkt\/","title":{"rendered":"S\u00fcdamelihase infarkt"},"content":{"rendered":"\n<p><strong>Mis on s\u00fcdamelihase infarkt?<\/strong><\/p>\n\n\n\n<p>S\u00fcdamelihase infarkt on eluohtlik terviserike, kus s\u00fcdamelihas ei saa piisavalt verega transporditavat hapnikku. Selle sagedasem p\u00f5hjus on s\u00fcdame veresoonte ateroskleroos ehk lupjumine, mis on oma olemuselt krooniline, elu jooksul s\u00fcvenev protsess. Veresoonte lupjumist saab oluliselt v\u00e4hendada tervislike eluviisidega \u2013 mitte suitsetada, anda kehale regulaarselt koormust ning hoida verer\u00f5hk, veresuhkur ja kolesterool normis. <br><br>S\u00fcdamelihase infarkt tekib siis, kui s\u00fcdame veresoon on veresoonte lupjumise t\u00f5ttu ahenenud ja selles kohas tekib vereh\u00fc\u00fcve ehk tromb, mis suleb verevoolu t\u00e4ielikult. Vahel ei peagi veresooned olema h\u00fc\u00fcbe tekkimiseks v\u00e4ga lupjunud, kuna oluline roll on ka veresoonte seina haavandumisel ja haprusel. <br><br>Haiglas kuulub s\u00fcdamelihase infarkti ravi hulka verevoolu taastamine koronaarangioplastika (nn s\u00fcdame sondeerimise) abil, kus s\u00fcdame veresoontesse pannakse metallv\u00f5rk ehk stent. Vahel on veresooned nii t\u00f5siselt kahjustunud, et tuleb teha s\u00fcdame veresoonte operatsioon \u2013 aortokoronaarne \u0161unteerimine. Ravis on \u00fclioluline roll verd vedeldavatel, s\u00fcdame t\u00f6\u00f6d reguleerivatel ja kolesteroolitaset m\u00f5jutavatel ravimitel, millest suuremat osa tuleb v\u00f5tta kogu elu, aga samuti varasel taastusravil.<\/p>\n\n\n<div class=\"wp-block-image\">\n<figure class=\"aligncenter size-full\"><img loading=\"lazy\" decoding=\"async\" width=\"466\" height=\"441\" src=\"https:\/\/www.kliinikum.ee\/taastusravi\/wp-content\/uploads\/2025\/01\/Joonis-1.-Sudamelihase-infarkt.png\" alt=\"\" class=\"wp-image-7799\" srcset=\"https:\/\/www.kliinikum.ee\/taastusravi\/wp-content\/uploads\/2025\/01\/Joonis-1.-Sudamelihase-infarkt.png 466w, https:\/\/www.kliinikum.ee\/taastusravi\/wp-content\/uploads\/2025\/01\/Joonis-1.-Sudamelihase-infarkt-300x284.png 300w\" sizes=\"auto, (max-width: 466px) 100vw, 466px\" \/><\/figure>\n<\/div>\n\n\n<p><strong>S\u00fcdame veresoonte laiendamine<\/strong><br><br>S\u00fcdame veresoonte laiendamine ehk koronaarballoonangioplastika v\u00f5i stentimine tehakse kubeme- v\u00f5i randmearteri kaudu. Veresoone kaudu viiakse kateetrid s\u00fcdame p\u00e4rgarteriteni ja hinnatakse p\u00e4rgarterite kahjustust. Vajaduse korral laiendatakse veresooni kas t\u00e4ispuhutava ballooniga v\u00f5i paigaldatakse veresoone sisse tugiv\u00f5rk.<\/p>\n\n\n<div class=\"wp-block-image\">\n<figure class=\"aligncenter size-full\"><img loading=\"lazy\" decoding=\"async\" width=\"462\" height=\"453\" src=\"https:\/\/www.kliinikum.ee\/taastusravi\/wp-content\/uploads\/2025\/01\/Joonis-2.-Sudame-pargarterisse-paigaldatakse-stent.png\" alt=\"\" class=\"wp-image-7802\" srcset=\"https:\/\/www.kliinikum.ee\/taastusravi\/wp-content\/uploads\/2025\/01\/Joonis-2.-Sudame-pargarterisse-paigaldatakse-stent.png 462w, https:\/\/www.kliinikum.ee\/taastusravi\/wp-content\/uploads\/2025\/01\/Joonis-2.-Sudame-pargarterisse-paigaldatakse-stent-300x294.png 300w\" sizes=\"auto, (max-width: 462px) 100vw, 462px\" \/><\/figure>\n<\/div>\n\n\n<p><strong>Aortokoronaarne \u0161unteerimine<\/strong><br><br>Aortokoronaarne \u0161unteerimine (\u0161undil\u00f5ikus) on k\u00f5ige sagedasem s\u00fcdameoperatsioon, mida tehakse isheemiat\u00f5ve korral s\u00fcdame verevarustuse parandamiseks. Operatsioon seisneb ahenenud v\u00f5i umbunud arteriosale k\u00f5rvaltee moodustamises, mille k\u00e4igus patsiendilt v\u00f5etud transplantaat (arter v\u00f5i veen) \u00fchendatakse \u00fchest otsast aordiga ning teine ots \u00f5mmeldakse p\u00e4rgarterile kahjustunud segmendist kaugemal. Sel viisil korrigeeritakse verevarustust k\u00f5ikides kahjustatud arterites.<\/p>\n\n\n<div class=\"wp-block-image\">\n<figure class=\"aligncenter size-full\"><img loading=\"lazy\" decoding=\"async\" width=\"492\" height=\"437\" src=\"https:\/\/www.kliinikum.ee\/taastusravi\/wp-content\/uploads\/2025\/01\/Joonis-3.-Aortokoronaarne-sunteerimine.png\" alt=\"\" class=\"wp-image-7804\" srcset=\"https:\/\/www.kliinikum.ee\/taastusravi\/wp-content\/uploads\/2025\/01\/Joonis-3.-Aortokoronaarne-sunteerimine.png 492w, https:\/\/www.kliinikum.ee\/taastusravi\/wp-content\/uploads\/2025\/01\/Joonis-3.-Aortokoronaarne-sunteerimine-300x266.png 300w\" sizes=\"auto, (max-width: 492px) 100vw, 492px\" \/><\/figure>\n<\/div>","protected":false},"excerpt":{"rendered":"<p>Mis on s\u00fcdamelihase infarkt? S\u00fcdamelihase infarkt on eluohtlik terviserike, kus s\u00fcdamelihas ei saa piisavalt verega transporditavat hapnikku. Selle sagedasem p\u00f5hjus on s\u00fcdame veresoonte ateroskleroos ehk lupjumine, mis on oma olemuselt krooniline, elu jooksul s\u00fcvenev protsess. Veresoonte lupjumist saab oluliselt v\u00e4hendada tervislike eluviisidega \u2013 mitte suitsetada, anda kehale regulaarselt koormust ning hoida verer\u00f5hk, veresuhkur ja kolesterool [&hellip;]<\/p>\n","protected":false},"author":30,"featured_media":0,"parent":6434,"menu_order":1,"comment_status":"closed","ping_status":"closed","template":"","meta":{"_acf_changed":false,"_uag_custom_page_level_css":"","footnotes":""},"class_list":["post-7544","page","type-page","status-publish","hentry"],"acf":[],"yoast_head":"<!-- This site is optimized with the Yoast SEO plugin v27.3 - https:\/\/yoast.com\/product\/yoast-seo-wordpress\/ -->\n<title>S\u00fcdamelihase infarkt - Spordimeditsiini ja taastusravi kliinik<\/title>\n<meta name=\"robots\" content=\"index, follow, max-snippet:-1, max-image-preview:large, max-video-preview:-1\" \/>\n<link rel=\"canonical\" href=\"https:\/\/www.kliinikum.ee\/taastusravi\/kliinikust\/ambulatoorse-taastusravi-osakond\/kardioloogiline-taastusravi\/sudamelihase-infarkt\/\" \/>\n<meta property=\"og:locale\" content=\"et_EE\" \/>\n<meta property=\"og:type\" content=\"article\" \/>\n<meta property=\"og:title\" content=\"S\u00fcdamelihase infarkt - Spordimeditsiini ja taastusravi kliinik\" \/>\n<meta property=\"og:description\" content=\"Mis on s\u00fcdamelihase infarkt? S\u00fcdamelihase infarkt on eluohtlik terviserike, kus s\u00fcdamelihas ei saa piisavalt verega transporditavat hapnikku. Selle sagedasem p\u00f5hjus on s\u00fcdame veresoonte ateroskleroos ehk lupjumine, mis on oma olemuselt krooniline, elu jooksul s\u00fcvenev protsess. Veresoonte lupjumist saab oluliselt v\u00e4hendada tervislike eluviisidega \u2013 mitte suitsetada, anda kehale regulaarselt koormust ning hoida verer\u00f5hk, veresuhkur ja kolesterool [&hellip;]\" \/>\n<meta property=\"og:url\" content=\"https:\/\/www.kliinikum.ee\/taastusravi\/kliinikust\/ambulatoorse-taastusravi-osakond\/kardioloogiline-taastusravi\/sudamelihase-infarkt\/\" \/>\n<meta property=\"og:site_name\" content=\"Spordimeditsiini ja taastusravi kliinik\" \/>\n<meta property=\"article:modified_time\" content=\"2025-01-20T08:45:54+00:00\" \/>\n<meta property=\"og:image\" content=\"https:\/\/www.kliinikum.ee\/taastusravi\/wp-content\/uploads\/2025\/01\/Joonis-1.-Sudamelihase-infarkt.png\" \/>\n\t<meta property=\"og:image:width\" content=\"466\" \/>\n\t<meta property=\"og:image:height\" content=\"441\" \/>\n\t<meta property=\"og:image:type\" content=\"image\/png\" \/>\n<meta name=\"twitter:card\" content=\"summary_large_image\" \/>\n<meta name=\"twitter:label1\" content=\"Est. reading time\" \/>\n\t<meta name=\"twitter:data1\" content=\"2 minutit\" \/>\n<script type=\"application\/ld+json\" class=\"yoast-schema-graph\">{\"@context\":\"https:\\\/\\\/schema.org\",\"@graph\":[{\"@type\":\"WebPage\",\"@id\":\"https:\\\/\\\/www.kliinikum.ee\\\/taastusravi\\\/kliinikust\\\/ambulatoorse-taastusravi-osakond\\\/kardioloogiline-taastusravi\\\/sudamelihase-infarkt\\\/\",\"url\":\"https:\\\/\\\/www.kliinikum.ee\\\/taastusravi\\\/kliinikust\\\/ambulatoorse-taastusravi-osakond\\\/kardioloogiline-taastusravi\\\/sudamelihase-infarkt\\\/\",\"name\":\"S\u00fcdamelihase infarkt - Spordimeditsiini ja taastusravi kliinik\",\"isPartOf\":{\"@id\":\"https:\\\/\\\/www.kliinikum.ee\\\/taastusravi\\\/#website\"},\"primaryImageOfPage\":{\"@id\":\"https:\\\/\\\/www.kliinikum.ee\\\/taastusravi\\\/kliinikust\\\/ambulatoorse-taastusravi-osakond\\\/kardioloogiline-taastusravi\\\/sudamelihase-infarkt\\\/#primaryimage\"},\"image\":{\"@id\":\"https:\\\/\\\/www.kliinikum.ee\\\/taastusravi\\\/kliinikust\\\/ambulatoorse-taastusravi-osakond\\\/kardioloogiline-taastusravi\\\/sudamelihase-infarkt\\\/#primaryimage\"},\"thumbnailUrl\":\"https:\\\/\\\/www.kliinikum.ee\\\/taastusravi\\\/wp-content\\\/uploads\\\/2025\\\/01\\\/Joonis-1.-Sudamelihase-infarkt.png\",\"datePublished\":\"2024-06-14T06:11:45+00:00\",\"dateModified\":\"2025-01-20T08:45:54+00:00\",\"breadcrumb\":{\"@id\":\"https:\\\/\\\/www.kliinikum.ee\\\/taastusravi\\\/kliinikust\\\/ambulatoorse-taastusravi-osakond\\\/kardioloogiline-taastusravi\\\/sudamelihase-infarkt\\\/#breadcrumb\"},\"inLanguage\":\"et\",\"potentialAction\":[{\"@type\":\"ReadAction\",\"target\":[\"https:\\\/\\\/www.kliinikum.ee\\\/taastusravi\\\/kliinikust\\\/ambulatoorse-taastusravi-osakond\\\/kardioloogiline-taastusravi\\\/sudamelihase-infarkt\\\/\"]}]},{\"@type\":\"ImageObject\",\"inLanguage\":\"et\",\"@id\":\"https:\\\/\\\/www.kliinikum.ee\\\/taastusravi\\\/kliinikust\\\/ambulatoorse-taastusravi-osakond\\\/kardioloogiline-taastusravi\\\/sudamelihase-infarkt\\\/#primaryimage\",\"url\":\"https:\\\/\\\/www.kliinikum.ee\\\/taastusravi\\\/wp-content\\\/uploads\\\/2025\\\/01\\\/Joonis-1.-Sudamelihase-infarkt.png\",\"contentUrl\":\"https:\\\/\\\/www.kliinikum.ee\\\/taastusravi\\\/wp-content\\\/uploads\\\/2025\\\/01\\\/Joonis-1.-Sudamelihase-infarkt.png\",\"width\":466,\"height\":441},{\"@type\":\"BreadcrumbList\",\"@id\":\"https:\\\/\\\/www.kliinikum.ee\\\/taastusravi\\\/kliinikust\\\/ambulatoorse-taastusravi-osakond\\\/kardioloogiline-taastusravi\\\/sudamelihase-infarkt\\\/#breadcrumb\",\"itemListElement\":[{\"@type\":\"ListItem\",\"position\":1,\"name\":\"Home\",\"item\":\"https:\\\/\\\/www.kliinikum.ee\\\/taastusravi\\\/\"},{\"@type\":\"ListItem\",\"position\":2,\"name\":\"Osakonnad\",\"item\":\"https:\\\/\\\/www.kliinikum.ee\\\/taastusravi\\\/kliinikust\\\/\"},{\"@type\":\"ListItem\",\"position\":3,\"name\":\"Ambulatoorse taastusravi osakond\",\"item\":\"https:\\\/\\\/www.kliinikum.ee\\\/taastusravi\\\/kliinikust\\\/ambulatoorse-taastusravi-osakond\\\/\"},{\"@type\":\"ListItem\",\"position\":4,\"name\":\"Kardioloogiline taastusravi\",\"item\":\"https:\\\/\\\/www.kliinikum.ee\\\/taastusravi\\\/kliinikust\\\/ambulatoorse-taastusravi-osakond\\\/kardioloogiline-taastusravi\\\/\"},{\"@type\":\"ListItem\",\"position\":5,\"name\":\"S\u00fcdamelihase infarkt\"}]},{\"@type\":\"WebSite\",\"@id\":\"https:\\\/\\\/www.kliinikum.ee\\\/taastusravi\\\/#website\",\"url\":\"https:\\\/\\\/www.kliinikum.ee\\\/taastusravi\\\/\",\"name\":\"Spordimeditsiini ja taastusravi kliinik\",\"description\":\"Hoolivus, Uuendusmeelsus, P\u00e4devus ja Usaldusv\u00e4\u00e4rsus\",\"potentialAction\":[{\"@type\":\"SearchAction\",\"target\":{\"@type\":\"EntryPoint\",\"urlTemplate\":\"https:\\\/\\\/www.kliinikum.ee\\\/taastusravi\\\/?s={search_term_string}\"},\"query-input\":{\"@type\":\"PropertyValueSpecification\",\"valueRequired\":true,\"valueName\":\"search_term_string\"}}],\"inLanguage\":\"et\"}]}<\/script>\n<!-- \/ Yoast SEO plugin. -->","yoast_head_json":{"title":"S\u00fcdamelihase infarkt - Spordimeditsiini ja taastusravi kliinik","robots":{"index":"index","follow":"follow","max-snippet":"max-snippet:-1","max-image-preview":"max-image-preview:large","max-video-preview":"max-video-preview:-1"},"canonical":"https:\/\/www.kliinikum.ee\/taastusravi\/kliinikust\/ambulatoorse-taastusravi-osakond\/kardioloogiline-taastusravi\/sudamelihase-infarkt\/","og_locale":"et_EE","og_type":"article","og_title":"S\u00fcdamelihase infarkt - Spordimeditsiini ja taastusravi kliinik","og_description":"Mis on s\u00fcdamelihase infarkt? S\u00fcdamelihase infarkt on eluohtlik terviserike, kus s\u00fcdamelihas ei saa piisavalt verega transporditavat hapnikku. Selle sagedasem p\u00f5hjus on s\u00fcdame veresoonte ateroskleroos ehk lupjumine, mis on oma olemuselt krooniline, elu jooksul s\u00fcvenev protsess. Veresoonte lupjumist saab oluliselt v\u00e4hendada tervislike eluviisidega \u2013 mitte suitsetada, anda kehale regulaarselt koormust ning hoida verer\u00f5hk, veresuhkur ja kolesterool [&hellip;]","og_url":"https:\/\/www.kliinikum.ee\/taastusravi\/kliinikust\/ambulatoorse-taastusravi-osakond\/kardioloogiline-taastusravi\/sudamelihase-infarkt\/","og_site_name":"Spordimeditsiini ja taastusravi kliinik","article_modified_time":"2025-01-20T08:45:54+00:00","og_image":[{"width":466,"height":441,"url":"https:\/\/www.kliinikum.ee\/taastusravi\/wp-content\/uploads\/2025\/01\/Joonis-1.-Sudamelihase-infarkt.png","type":"image\/png"}],"twitter_card":"summary_large_image","twitter_misc":{"Est. reading time":"2 minutit"},"schema":{"@context":"https:\/\/schema.org","@graph":[{"@type":"WebPage","@id":"https:\/\/www.kliinikum.ee\/taastusravi\/kliinikust\/ambulatoorse-taastusravi-osakond\/kardioloogiline-taastusravi\/sudamelihase-infarkt\/","url":"https:\/\/www.kliinikum.ee\/taastusravi\/kliinikust\/ambulatoorse-taastusravi-osakond\/kardioloogiline-taastusravi\/sudamelihase-infarkt\/","name":"S\u00fcdamelihase infarkt - Spordimeditsiini ja taastusravi kliinik","isPartOf":{"@id":"https:\/\/www.kliinikum.ee\/taastusravi\/#website"},"primaryImageOfPage":{"@id":"https:\/\/www.kliinikum.ee\/taastusravi\/kliinikust\/ambulatoorse-taastusravi-osakond\/kardioloogiline-taastusravi\/sudamelihase-infarkt\/#primaryimage"},"image":{"@id":"https:\/\/www.kliinikum.ee\/taastusravi\/kliinikust\/ambulatoorse-taastusravi-osakond\/kardioloogiline-taastusravi\/sudamelihase-infarkt\/#primaryimage"},"thumbnailUrl":"https:\/\/www.kliinikum.ee\/taastusravi\/wp-content\/uploads\/2025\/01\/Joonis-1.-Sudamelihase-infarkt.png","datePublished":"2024-06-14T06:11:45+00:00","dateModified":"2025-01-20T08:45:54+00:00","breadcrumb":{"@id":"https:\/\/www.kliinikum.ee\/taastusravi\/kliinikust\/ambulatoorse-taastusravi-osakond\/kardioloogiline-taastusravi\/sudamelihase-infarkt\/#breadcrumb"},"inLanguage":"et","potentialAction":[{"@type":"ReadAction","target":["https:\/\/www.kliinikum.ee\/taastusravi\/kliinikust\/ambulatoorse-taastusravi-osakond\/kardioloogiline-taastusravi\/sudamelihase-infarkt\/"]}]},{"@type":"ImageObject","inLanguage":"et","@id":"https:\/\/www.kliinikum.ee\/taastusravi\/kliinikust\/ambulatoorse-taastusravi-osakond\/kardioloogiline-taastusravi\/sudamelihase-infarkt\/#primaryimage","url":"https:\/\/www.kliinikum.ee\/taastusravi\/wp-content\/uploads\/2025\/01\/Joonis-1.-Sudamelihase-infarkt.png","contentUrl":"https:\/\/www.kliinikum.ee\/taastusravi\/wp-content\/uploads\/2025\/01\/Joonis-1.-Sudamelihase-infarkt.png","width":466,"height":441},{"@type":"BreadcrumbList","@id":"https:\/\/www.kliinikum.ee\/taastusravi\/kliinikust\/ambulatoorse-taastusravi-osakond\/kardioloogiline-taastusravi\/sudamelihase-infarkt\/#breadcrumb","itemListElement":[{"@type":"ListItem","position":1,"name":"Home","item":"https:\/\/www.kliinikum.ee\/taastusravi\/"},{"@type":"ListItem","position":2,"name":"Osakonnad","item":"https:\/\/www.kliinikum.ee\/taastusravi\/kliinikust\/"},{"@type":"ListItem","position":3,"name":"Ambulatoorse taastusravi osakond","item":"https:\/\/www.kliinikum.ee\/taastusravi\/kliinikust\/ambulatoorse-taastusravi-osakond\/"},{"@type":"ListItem","position":4,"name":"Kardioloogiline taastusravi","item":"https:\/\/www.kliinikum.ee\/taastusravi\/kliinikust\/ambulatoorse-taastusravi-osakond\/kardioloogiline-taastusravi\/"},{"@type":"ListItem","position":5,"name":"S\u00fcdamelihase infarkt"}]},{"@type":"WebSite","@id":"https:\/\/www.kliinikum.ee\/taastusravi\/#website","url":"https:\/\/www.kliinikum.ee\/taastusravi\/","name":"Spordimeditsiini ja taastusravi kliinik","description":"Hoolivus, Uuendusmeelsus, P\u00e4devus ja Usaldusv\u00e4\u00e4rsus","potentialAction":[{"@type":"SearchAction","target":{"@type":"EntryPoint","urlTemplate":"https:\/\/www.kliinikum.ee\/taastusravi\/?s={search_term_string}"},"query-input":{"@type":"PropertyValueSpecification","valueRequired":true,"valueName":"search_term_string"}}],"inLanguage":"et"}]}},"uagb_featured_image_src":{"full":false,"thumbnail":false,"medium":false,"medium_large":false,"large":false,"1536x1536":false,"2048x2048":false},"uagb_author_info":{"display_name":"Mari S\u00f6\u00f6t","author_link":"https:\/\/www.kliinikum.ee\/taastusravi\/author\/maritar\/"},"uagb_comment_info":0,"uagb_excerpt":"Mis on s\u00fcdamelihase infarkt? S\u00fcdamelihase infarkt on eluohtlik terviserike, kus s\u00fcdamelihas ei saa piisavalt verega transporditavat hapnikku. Selle sagedasem p\u00f5hjus on s\u00fcdame veresoonte ateroskleroos ehk lupjumine, mis on oma olemuselt krooniline, elu jooksul s\u00fcvenev protsess. Veresoonte lupjumist saab oluliselt v\u00e4hendada tervislike eluviisidega \u2013 mitte suitsetada, anda kehale regulaarselt koormust ning hoida verer\u00f5hk, veresuhkur ja kolesterool&hellip;","_links":{"self":[{"href":"https:\/\/www.kliinikum.ee\/taastusravi\/wp-json\/wp\/v2\/pages\/7544","targetHints":{"allow":["GET"]}}],"collection":[{"href":"https:\/\/www.kliinikum.ee\/taastusravi\/wp-json\/wp\/v2\/pages"}],"about":[{"href":"https:\/\/www.kliinikum.ee\/taastusravi\/wp-json\/wp\/v2\/types\/page"}],"author":[{"embeddable":true,"href":"https:\/\/www.kliinikum.ee\/taastusravi\/wp-json\/wp\/v2\/users\/30"}],"replies":[{"embeddable":true,"href":"https:\/\/www.kliinikum.ee\/taastusravi\/wp-json\/wp\/v2\/comments?post=7544"}],"version-history":[{"count":0,"href":"https:\/\/www.kliinikum.ee\/taastusravi\/wp-json\/wp\/v2\/pages\/7544\/revisions"}],"up":[{"embeddable":true,"href":"https:\/\/www.kliinikum.ee\/taastusravi\/wp-json\/wp\/v2\/pages\/6434"}],"wp:attachment":[{"href":"https:\/\/www.kliinikum.ee\/taastusravi\/wp-json\/wp\/v2\/media?parent=7544"}],"curies":[{"name":"wp","href":"https:\/\/api.w.org\/{rel}","templated":true}]}}