{"id":7842,"date":"2025-03-12T09:06:25","date_gmt":"2025-03-12T07:06:25","guid":{"rendered":"https:\/\/www.kliinikum.ee\/taastusravi\/?page_id=7842"},"modified":"2026-04-21T13:31:07","modified_gmt":"2026-04-21T11:31:07","slug":"vastuvotud-tallinnas","status":"publish","type":"page","link":"https:\/\/www.kliinikum.ee\/taastusravi\/patsiendile\/vastuvotud-tallinnas\/","title":{"rendered":"Vastuv\u00f5tud Tallinnas"},"content":{"rendered":"\n<p><strong>Asukoht<\/strong>: Sepapaja 12\/1 (Tervisemaja 2), 5. korrus; Tallinn 11415<\/p>\n\n\n\n<ul class=\"wp-block-list\">\n<li><strong>\u00dchistranspordi&nbsp;bussid<\/strong>&nbsp;7, 15, 45, 49, 64, 65. V\u00e4ljuda Valukoja bussipeatuses.<\/li>\n\n\n\n<li><strong>Rongiga<\/strong>&nbsp;tulles v\u00e4ljuda \u00dclemiste jaamas.<\/li>\n\n\n\n<li><strong>S\u00f5iduautoga<\/strong>&nbsp;tulles s\u00f5iduki registreerimisel Tervisemaja fuajees paiknevas&nbsp;parkimisautomaadis&nbsp;teatud  aladel 2 tundi parkimist tasuta.<\/li>\n\n\n\n<li>Hoone vahetus l\u00e4hedusel asuvad ka mitmed <strong>rattaparklad.<\/strong><\/li>\n<\/ul>\n\n\n\n<div class=\"wp-block-group has-global-padding\"><div class=\"wp-block-group__inner-container is-layout-constrained wp-block-group-is-layout-constrained\">\n<div class=\"wp-block-group has-global-padding\"><div class=\"wp-block-group__inner-container is-layout-constrained wp-block-group-is-layout-constrained\">\n<p><strong>Ambulatoorne taastusravi:<\/strong><\/p>\n<\/div><\/div>\n\n\n\n<ul class=\"wp-block-list\">\n<li>Taastusarsti ja f\u00fcsioterapeudi vastuv\u00f5tt<\/li>\n\n\n\n<li>K\u00f5\u00f5luste, liigeste ja lihaste ultraheliuuringud<\/li>\n\n\n\n<li>L\u00f6\u00f6klaineravi<\/li>\n\n\n\n<li>K\u00e4e f\u00fcsioteraapia<\/li>\n\n\n\n<li>Vaagnap\u00f5hja f\u00fcsioteraapia<\/li>\n\n\n\n<li>Ortopeedilise patsiendi f\u00fcsioteraapia<\/li>\n\n\n\n<li>Vastuv\u00f5tud on tasulised, saatekiri ei ole vajalik<\/li>\n\n\n\n<li><strong>Vastuv\u00f5tule registreerimine telefonidel 731 9233 (E-R 09.00-16.00) v\u00f5i 731 9100 (E-R 07.30-18.00)<\/strong><\/li>\n<\/ul>\n\n\n\n<p><\/p>\n<\/div><\/div>\n\n\n\n<div class=\"wp-block-group has-global-padding\"><div class=\"wp-block-group__inner-container is-layout-constrained wp-block-group-is-layout-constrained\">\n<p><strong>Spordimeditsiin:<\/strong><\/p>\n\n\n\n<ul class=\"wp-block-list\">\n<li>Spordiarsti vastuv\u00f5tt<\/li>\n\n\n\n<li>N\u00f5ustamine kehalise koormuse osas<\/li>\n\n\n\n<li>Sportimisega seotud terviseprobleemide diagnostika ja ravi<\/li>\n\n\n\n<li>Harrastus- ja v\u00f5istlussportlaste terviseuuringud<\/li>\n\n\n\n<li>Noorsportlaste (kuni 19-aastased k.a) tervisekontrollid<\/li>\n\n\n\n<li>Vastuv\u00f5tud on tasulised (v.a noorsportlaste tervisekontrollid), saatekiri ei ole vajalik<\/li>\n\n\n\n<li><strong>Vastuv\u00f5tule registreerimine telefonil 731 9221 (E-R 09.00-16.00)<\/strong><\/li>\n<\/ul>\n\n\n\n<p><\/p>\n<\/div><\/div>\n\n\n\n<div class=\"wp-block-group has-global-padding\"><div class=\"wp-block-group__inner-container is-layout-constrained wp-block-group-is-layout-constrained\">\n<p><strong>Sporditraumatoloogia<\/strong><\/p>\n\n\n\n<ul class=\"wp-block-list\">\n<li>Ortopeed-sporditraumatoloogi vastuv\u00f5tt (saatekiri ortopeed-sporditraumatoloogile)<\/li>\n\n\n\n<li>Ortopeed-k\u00e4ekirurgi vastuv\u00f5tt (saatekiri ortopeed-k\u00e4ekirurgile)<\/li>\n\n\n\n<li>Sportlikult aktiivsete inimeste ortopeediliste probleemide diagnoosimine ja ravi<\/li>\n\n\n\n<li>Kirurgiline ravi<\/li>\n\n\n\n<li>Liigeste ja k\u00f5\u00f5luste s\u00fcsteravi (h\u00fcaluroonhappe s\u00fcstid ja autoloogse vereplasma ravi)<\/li>\n\n\n\n<li>Sporditraumatoloogiline f\u00fcsioteraapia<\/li>\n\n\n\n<li>Saatekirja puudumisel saate p\u00f6\u00f6rduda tasulisele vastuv\u00f5tule<\/li>\n\n\n\n<li><strong>Vastuv\u00f5tule registreerimine telefonidel 731 9124 (E-R 09.00-16.00) v\u00f5i 731 9100 (E-R 07.30-18.00) v\u00f5i Terviseportaali kaudu<\/strong><\/li>\n<\/ul>\n<\/div><\/div>\n\n\n\n<p><\/p>\n","protected":false},"excerpt":{"rendered":"<p>Asukoht: Sepapaja 12\/1 (Tervisemaja 2), 5. korrus; Tallinn 11415 Ambulatoorne taastusravi: Spordimeditsiin: Sporditraumatoloogia<\/p>\n","protected":false},"author":30,"featured_media":0,"parent":15,"menu_order":7,"comment_status":"closed","ping_status":"closed","template":"","meta":{"_acf_changed":false,"_uag_custom_page_level_css":"","footnotes":""},"class_list":["post-7842","page","type-page","status-publish","hentry"],"acf":[],"yoast_head":"<!-- This site is optimized with the Yoast SEO plugin v27.3 - https:\/\/yoast.com\/product\/yoast-seo-wordpress\/ -->\n<title>Vastuv\u00f5tud Tallinnas - Spordimeditsiini ja taastusravi kliinik<\/title>\n<meta name=\"robots\" content=\"index, follow, max-snippet:-1, max-image-preview:large, max-video-preview:-1\" \/>\n<link rel=\"canonical\" href=\"https:\/\/www.kliinikum.ee\/taastusravi\/patsiendile\/vastuvotud-tallinnas\/\" \/>\n<meta property=\"og:locale\" content=\"et_EE\" \/>\n<meta property=\"og:type\" content=\"article\" \/>\n<meta property=\"og:title\" content=\"Vastuv\u00f5tud Tallinnas - Spordimeditsiini ja taastusravi kliinik\" \/>\n<meta property=\"og:description\" content=\"Asukoht: Sepapaja 12\/1 (Tervisemaja 2), 5. korrus; Tallinn 11415 Ambulatoorne taastusravi: Spordimeditsiin: Sporditraumatoloogia\" \/>\n<meta property=\"og:url\" content=\"https:\/\/www.kliinikum.ee\/taastusravi\/patsiendile\/vastuvotud-tallinnas\/\" \/>\n<meta property=\"og:site_name\" content=\"Spordimeditsiini ja taastusravi kliinik\" \/>\n<meta property=\"article:modified_time\" content=\"2026-04-21T11:31:07+00:00\" \/>\n<meta name=\"twitter:card\" content=\"summary_large_image\" \/>\n<meta name=\"twitter:label1\" content=\"Est. reading time\" \/>\n\t<meta name=\"twitter:data1\" content=\"1 minut\" \/>\n<script type=\"application\/ld+json\" class=\"yoast-schema-graph\">{\"@context\":\"https:\\\/\\\/schema.org\",\"@graph\":[{\"@type\":\"WebPage\",\"@id\":\"https:\\\/\\\/www.kliinikum.ee\\\/taastusravi\\\/patsiendile\\\/vastuvotud-tallinnas\\\/\",\"url\":\"https:\\\/\\\/www.kliinikum.ee\\\/taastusravi\\\/patsiendile\\\/vastuvotud-tallinnas\\\/\",\"name\":\"Vastuv\u00f5tud Tallinnas - Spordimeditsiini ja taastusravi kliinik\",\"isPartOf\":{\"@id\":\"https:\\\/\\\/www.kliinikum.ee\\\/taastusravi\\\/#website\"},\"datePublished\":\"2025-03-12T07:06:25+00:00\",\"dateModified\":\"2026-04-21T11:31:07+00:00\",\"breadcrumb\":{\"@id\":\"https:\\\/\\\/www.kliinikum.ee\\\/taastusravi\\\/patsiendile\\\/vastuvotud-tallinnas\\\/#breadcrumb\"},\"inLanguage\":\"et\",\"potentialAction\":[{\"@type\":\"ReadAction\",\"target\":[\"https:\\\/\\\/www.kliinikum.ee\\\/taastusravi\\\/patsiendile\\\/vastuvotud-tallinnas\\\/\"]}]},{\"@type\":\"BreadcrumbList\",\"@id\":\"https:\\\/\\\/www.kliinikum.ee\\\/taastusravi\\\/patsiendile\\\/vastuvotud-tallinnas\\\/#breadcrumb\",\"itemListElement\":[{\"@type\":\"ListItem\",\"position\":1,\"name\":\"Home\",\"item\":\"https:\\\/\\\/www.kliinikum.ee\\\/taastusravi\\\/\"},{\"@type\":\"ListItem\",\"position\":2,\"name\":\"Patsiendile\",\"item\":\"https:\\\/\\\/www.kliinikum.ee\\\/taastusravi\\\/patsiendile\\\/\"},{\"@type\":\"ListItem\",\"position\":3,\"name\":\"Vastuv\u00f5tud Tallinnas\"}]},{\"@type\":\"WebSite\",\"@id\":\"https:\\\/\\\/www.kliinikum.ee\\\/taastusravi\\\/#website\",\"url\":\"https:\\\/\\\/www.kliinikum.ee\\\/taastusravi\\\/\",\"name\":\"Spordimeditsiini ja taastusravi kliinik\",\"description\":\"Hoolivus, Uuendusmeelsus, P\u00e4devus ja Usaldusv\u00e4\u00e4rsus\",\"potentialAction\":[{\"@type\":\"SearchAction\",\"target\":{\"@type\":\"EntryPoint\",\"urlTemplate\":\"https:\\\/\\\/www.kliinikum.ee\\\/taastusravi\\\/?s={search_term_string}\"},\"query-input\":{\"@type\":\"PropertyValueSpecification\",\"valueRequired\":true,\"valueName\":\"search_term_string\"}}],\"inLanguage\":\"et\"}]}<\/script>\n<!-- \/ Yoast SEO plugin. -->","yoast_head_json":{"title":"Vastuv\u00f5tud Tallinnas - Spordimeditsiini ja taastusravi kliinik","robots":{"index":"index","follow":"follow","max-snippet":"max-snippet:-1","max-image-preview":"max-image-preview:large","max-video-preview":"max-video-preview:-1"},"canonical":"https:\/\/www.kliinikum.ee\/taastusravi\/patsiendile\/vastuvotud-tallinnas\/","og_locale":"et_EE","og_type":"article","og_title":"Vastuv\u00f5tud Tallinnas - Spordimeditsiini ja taastusravi kliinik","og_description":"Asukoht: Sepapaja 12\/1 (Tervisemaja 2), 5. korrus; Tallinn 11415 Ambulatoorne taastusravi: Spordimeditsiin: Sporditraumatoloogia","og_url":"https:\/\/www.kliinikum.ee\/taastusravi\/patsiendile\/vastuvotud-tallinnas\/","og_site_name":"Spordimeditsiini ja taastusravi kliinik","article_modified_time":"2026-04-21T11:31:07+00:00","twitter_card":"summary_large_image","twitter_misc":{"Est. reading time":"1 minut"},"schema":{"@context":"https:\/\/schema.org","@graph":[{"@type":"WebPage","@id":"https:\/\/www.kliinikum.ee\/taastusravi\/patsiendile\/vastuvotud-tallinnas\/","url":"https:\/\/www.kliinikum.ee\/taastusravi\/patsiendile\/vastuvotud-tallinnas\/","name":"Vastuv\u00f5tud Tallinnas - Spordimeditsiini ja taastusravi kliinik","isPartOf":{"@id":"https:\/\/www.kliinikum.ee\/taastusravi\/#website"},"datePublished":"2025-03-12T07:06:25+00:00","dateModified":"2026-04-21T11:31:07+00:00","breadcrumb":{"@id":"https:\/\/www.kliinikum.ee\/taastusravi\/patsiendile\/vastuvotud-tallinnas\/#breadcrumb"},"inLanguage":"et","potentialAction":[{"@type":"ReadAction","target":["https:\/\/www.kliinikum.ee\/taastusravi\/patsiendile\/vastuvotud-tallinnas\/"]}]},{"@type":"BreadcrumbList","@id":"https:\/\/www.kliinikum.ee\/taastusravi\/patsiendile\/vastuvotud-tallinnas\/#breadcrumb","itemListElement":[{"@type":"ListItem","position":1,"name":"Home","item":"https:\/\/www.kliinikum.ee\/taastusravi\/"},{"@type":"ListItem","position":2,"name":"Patsiendile","item":"https:\/\/www.kliinikum.ee\/taastusravi\/patsiendile\/"},{"@type":"ListItem","position":3,"name":"Vastuv\u00f5tud Tallinnas"}]},{"@type":"WebSite","@id":"https:\/\/www.kliinikum.ee\/taastusravi\/#website","url":"https:\/\/www.kliinikum.ee\/taastusravi\/","name":"Spordimeditsiini ja taastusravi kliinik","description":"Hoolivus, Uuendusmeelsus, P\u00e4devus ja Usaldusv\u00e4\u00e4rsus","potentialAction":[{"@type":"SearchAction","target":{"@type":"EntryPoint","urlTemplate":"https:\/\/www.kliinikum.ee\/taastusravi\/?s={search_term_string}"},"query-input":{"@type":"PropertyValueSpecification","valueRequired":true,"valueName":"search_term_string"}}],"inLanguage":"et"}]}},"uagb_featured_image_src":{"full":false,"thumbnail":false,"medium":false,"medium_large":false,"large":false,"1536x1536":false,"2048x2048":false},"uagb_author_info":{"display_name":"Mari S\u00f6\u00f6t","author_link":"https:\/\/www.kliinikum.ee\/taastusravi\/author\/maritar\/"},"uagb_comment_info":0,"uagb_excerpt":"Asukoht: Sepapaja 12\/1 (Tervisemaja 2), 5. korrus; Tallinn 11415 Ambulatoorne taastusravi: Spordimeditsiin: Sporditraumatoloogia","_links":{"self":[{"href":"https:\/\/www.kliinikum.ee\/taastusravi\/wp-json\/wp\/v2\/pages\/7842","targetHints":{"allow":["GET"]}}],"collection":[{"href":"https:\/\/www.kliinikum.ee\/taastusravi\/wp-json\/wp\/v2\/pages"}],"about":[{"href":"https:\/\/www.kliinikum.ee\/taastusravi\/wp-json\/wp\/v2\/types\/page"}],"author":[{"embeddable":true,"href":"https:\/\/www.kliinikum.ee\/taastusravi\/wp-json\/wp\/v2\/users\/30"}],"replies":[{"embeddable":true,"href":"https:\/\/www.kliinikum.ee\/taastusravi\/wp-json\/wp\/v2\/comments?post=7842"}],"version-history":[{"count":1,"href":"https:\/\/www.kliinikum.ee\/taastusravi\/wp-json\/wp\/v2\/pages\/7842\/revisions"}],"predecessor-version":[{"id":8432,"href":"https:\/\/www.kliinikum.ee\/taastusravi\/wp-json\/wp\/v2\/pages\/7842\/revisions\/8432"}],"up":[{"embeddable":true,"href":"https:\/\/www.kliinikum.ee\/taastusravi\/wp-json\/wp\/v2\/pages\/15"}],"wp:attachment":[{"href":"https:\/\/www.kliinikum.ee\/taastusravi\/wp-json\/wp\/v2\/media?parent=7842"}],"curies":[{"name":"wp","href":"https:\/\/api.w.org\/{rel}","templated":true}]}}